[INFO] fetching crate s2n-quic 1.31.0...
[INFO] testing s2n-quic-1.31.0 against 1.75.0 for beta-1.76-1
[INFO] extracting crate s2n-quic 1.31.0 into /workspace/builds/worker-3-tc1/source
[INFO] validating manifest of crates.io crate s2n-quic 1.31.0 on toolchain 1.75.0
[INFO] running `Command { std: CARGO_HOME="/workspace/cargo-home" RUSTUP_HOME="/workspace/rustup-home" "/workspace/cargo-home/bin/cargo" "+1.75.0" "metadata" "--manifest-path" "Cargo.toml" "--no-deps", kill_on_drop: false }`
[INFO] started tweaking crates.io crate s2n-quic 1.31.0
[INFO] finished tweaking crates.io crate s2n-quic 1.31.0
[INFO] tweaked toml for crates.io crate s2n-quic 1.31.0 written to /workspace/builds/worker-3-tc1/source/Cargo.toml
[INFO] running `Command { std: CARGO_HOME="/workspace/cargo-home" RUSTUP_HOME="/workspace/rustup-home" "/workspace/cargo-home/bin/cargo" "+1.75.0" "generate-lockfile" "--manifest-path" "Cargo.toml", kill_on_drop: false }`
[INFO] [stderr]     Updating crates.io index
[INFO] running `Command { std: CARGO_HOME="/workspace/cargo-home" RUSTUP_HOME="/workspace/rustup-home" "/workspace/cargo-home/bin/cargo" "+1.75.0" "fetch" "--manifest-path" "Cargo.toml", kill_on_drop: false }`
[INFO] [stderr]  Downloading crates ...
[INFO] [stderr]   Downloaded s2n-quic-rustls v0.31.0
[INFO] [stderr]   Downloaded s2n-quic-tls v0.31.0
[INFO] [stderr]   Downloaded mirai-annotations v1.12.0
[INFO] [stderr]   Downloaded bolero-kani v0.10.0
[INFO] [stderr]   Downloaded s2n-quic-tls-default v0.31.0
[INFO] [stderr]   Downloaded bolero-generator-derive v0.10.0
[INFO] [stderr]   Downloaded bolero-generator v0.10.1
[INFO] [stderr]   Downloaded bolero-engine v0.10.0
[INFO] [stderr]   Downloaded s2n-codec v0.31.0
[INFO] [stderr]   Downloaded s2n-quic-crypto v0.31.0
[INFO] [stderr]   Downloaded aws-lc-rs v1.5.2
[INFO] [stderr]   Downloaded s2n-quic-core v0.31.0
[INFO] [stderr]   Downloaded bolero-honggfuzz v0.10.0
[INFO] [stderr]   Downloaded bolero-libfuzzer v0.10.0
[INFO] [stderr]   Downloaded bolero-afl v0.10.0
[INFO] [stderr]   Downloaded aws-lc-sys v0.12.1
[INFO] [stderr]   Downloaded s2n-tls v0.0.39
[INFO] [stderr]   Downloaded s2n-tls-sys v0.0.39
[INFO] [stderr]   Downloaded s2n-quic-transport v0.31.0
[INFO] [stderr]   Downloaded aya v0.11.0
[INFO] [stderr]   Downloaded turmoil v0.5.8
[INFO] [stderr]   Downloaded s2n-quic-platform v0.31.0
[INFO] [stderr]   Downloaded bolero v0.10.0
[INFO] [stderr]   Downloaded cuckoofilter v0.5.0
[INFO] [stderr]   Downloaded bach v0.0.6
[INFO] [stderr]   Downloaded s2n-quic-xdp v0.31.0
[INFO] running `Command { std: "docker" "create" "-v" "/var/lib/crater-agent-workspace/builds/worker-3-tc1/target:/opt/rustwide/target:rw,Z" "-v" "/var/lib/crater-agent-workspace/builds/worker-3-tc1/source:/opt/rustwide/workdir:ro,Z" "-v" "/var/lib/crater-agent-workspace/cargo-home:/opt/rustwide/cargo-home:ro,Z" "-v" "/var/lib/crater-agent-workspace/rustup-home:/opt/rustwide/rustup-home:ro,Z" "-e" "SOURCE_DIR=/opt/rustwide/workdir" "-e" "CARGO_TARGET_DIR=/opt/rustwide/target" "-e" "CARGO_HOME=/opt/rustwide/cargo-home" "-e" "RUSTUP_HOME=/opt/rustwide/rustup-home" "-w" "/opt/rustwide/workdir" "-m" "1610612736" "--user" "0:0" "--network" "none" "ghcr.io/rust-lang/crates-build-env/linux@sha256:2788e3201cd34a07e3172128adcd8b3090168a8e3bcc40d7c032b9dda1df7d1c" "/opt/rustwide/cargo-home/bin/cargo" "+1.75.0" "metadata" "--no-deps" "--format-version=1", kill_on_drop: false }`
[INFO] [stdout] 424e66655e02865dc8408de9ca4008df853bec481dca09bec6da046097323123
[INFO] running `Command { std: "docker" "start" "-a" "424e66655e02865dc8408de9ca4008df853bec481dca09bec6da046097323123", kill_on_drop: false }`
[INFO] running `Command { std: "docker" "inspect" "424e66655e02865dc8408de9ca4008df853bec481dca09bec6da046097323123", kill_on_drop: false }`
[INFO] running `Command { std: "docker" "rm" "-f" "424e66655e02865dc8408de9ca4008df853bec481dca09bec6da046097323123", kill_on_drop: false }`
[INFO] [stdout] 424e66655e02865dc8408de9ca4008df853bec481dca09bec6da046097323123
[INFO] running `Command { std: "docker" "create" "-v" "/var/lib/crater-agent-workspace/builds/worker-3-tc1/target:/opt/rustwide/target:rw,Z" "-v" "/var/lib/crater-agent-workspace/builds/worker-3-tc1/source:/opt/rustwide/workdir:ro,Z" "-v" "/var/lib/crater-agent-workspace/cargo-home:/opt/rustwide/cargo-home:ro,Z" "-v" "/var/lib/crater-agent-workspace/rustup-home:/opt/rustwide/rustup-home:ro,Z" "-e" "SOURCE_DIR=/opt/rustwide/workdir" "-e" "CARGO_TARGET_DIR=/opt/rustwide/target" "-e" "CARGO_INCREMENTAL=0" "-e" "RUST_BACKTRACE=full" "-e" "RUSTFLAGS=--cap-lints=warn" "-e" "RUSTDOCFLAGS=--cap-lints=warn" "-e" "CARGO_HOME=/opt/rustwide/cargo-home" "-e" "RUSTUP_HOME=/opt/rustwide/rustup-home" "-w" "/opt/rustwide/workdir" "-m" "1610612736" "--user" "0:0" "--network" "none" "ghcr.io/rust-lang/crates-build-env/linux@sha256:2788e3201cd34a07e3172128adcd8b3090168a8e3bcc40d7c032b9dda1df7d1c" "/opt/rustwide/cargo-home/bin/cargo" "+1.75.0" "build" "--frozen" "--message-format=json", kill_on_drop: false }`
[INFO] [stdout] 724e3600b2b0fb2161a150dd6b7a26b108cea7da8cf6f4c370b87cc596efcfe1
[INFO] running `Command { std: "docker" "start" "-a" "724e3600b2b0fb2161a150dd6b7a26b108cea7da8cf6f4c370b87cc596efcfe1", kill_on_drop: false }`
[INFO] [stderr]    Compiling jobserver v0.1.26
[INFO] [stderr]    Compiling libm v0.2.8
[INFO] [stderr]    Compiling num-traits v0.2.17
[INFO] [stderr]    Compiling num-integer v0.1.45
[INFO] [stderr]    Compiling num-rational v0.4.1
[INFO] [stderr]    Compiling dunce v1.0.4
[INFO] [stderr]    Compiling vcpkg v0.2.15
[INFO] [stderr]    Compiling syn v2.0.48
[INFO] [stderr]    Compiling crossbeam-utils v0.8.18
[INFO] [stderr]    Compiling cc v1.0.83
[INFO] [stderr]    Compiling fs_extra v1.3.0
[INFO] [stderr]    Compiling bytes v1.5.0
[INFO] [stderr]    Compiling atomic-waker v1.1.2
[INFO] [stderr]    Compiling hex-literal v0.4.1
[INFO] [stderr]    Compiling subtle v2.5.0
[INFO] [stderr]    Compiling getrandom v0.1.16
[INFO] [stderr]    Compiling cmake v0.1.50
[INFO] [stderr]    Compiling aws-lc-rs v1.5.2
[INFO] [stderr]    Compiling futures-channel v0.3.30
[INFO] [stderr]    Compiling ahash v0.8.7
[INFO] [stderr]    Compiling memoffset v0.9.0
[INFO] [stderr]    Compiling mirai-annotations v1.12.0
[INFO] [stderr]    Compiling rand_core v0.5.1
[INFO] [stderr]    Compiling getrandom v0.2.11
[INFO] [stderr]    Compiling errno v0.3.8
[INFO] [stderr]    Compiling zerocopy v0.7.32
[INFO] [stderr]    Compiling rand_chacha v0.2.2
[INFO] [stderr]    Compiling rand_core v0.6.4
[INFO] [stderr]    Compiling s2n-quic-platform v0.31.0
[INFO] [stderr]    Compiling intrusive-collections v0.9.6
[INFO] [stderr]    Compiling aws-lc-sys v0.12.1
[INFO] [stderr]    Compiling openssl-sys v0.9.98
[INFO] [stderr]    Compiling s2n-tls-sys v0.0.39
[INFO] [stderr]    Compiling rand v0.7.3
[INFO] [stderr]    Compiling hashbrown v0.13.2
[INFO] [stderr]    Compiling rand_chacha v0.3.1
[INFO] [stderr]    Compiling smallvec v1.11.2
[INFO] [stderr]    Compiling siphasher v1.0.0
[INFO] [stderr]    Compiling cuckoofilter v0.5.0
[INFO] [stderr]    Compiling rand v0.8.5
[INFO] [stderr]    Compiling hash_hasher v2.0.3
[INFO] [stderr]    Compiling zerocopy-derive v0.6.6
[INFO] [stderr]    Compiling zeroize_derive v1.4.2
[INFO] [stderr]    Compiling futures-macro v0.3.30
[INFO] [stderr]    Compiling tokio-macros v2.2.0
[INFO] [stderr]    Compiling zeroize v1.7.0
[INFO] [stderr]    Compiling tokio v1.35.1
[INFO] [stderr]    Compiling zerocopy v0.6.6
[INFO] [stderr]    Compiling futures-util v0.3.30
[INFO] [stderr]    Compiling s2n-codec v0.31.0
[INFO] [stderr]    Compiling s2n-quic-core v0.31.0
[INFO] [stderr]    Compiling futures v0.3.30
[INFO] [stderr]    Compiling s2n-quic-transport v0.31.0
[INFO] [stderr]    Compiling s2n-quic-crypto v0.31.0
[INFO] [stderr]    Compiling s2n-tls v0.0.39
[INFO] [stderr]    Compiling s2n-quic-tls v0.31.0
[INFO] [stderr]    Compiling s2n-quic-tls-default v0.31.0
[INFO] [stderr]    Compiling s2n-quic v1.31.0 (/opt/rustwide/workdir)
[INFO] [stdout] warning: unused imports: `Attempt`, `Outcome`, `disabled`, `self`
[INFO] [stdout]  --> src/provider/path_migration.rs:5:15
[INFO] [stdout]   |
[INFO] [stdout] 5 |     default::{self, Validator as Default},
[INFO] [stdout]   |               ^^^^
[INFO] [stdout] 6 |     disabled, Attempt, Outcome, Validator,
[INFO] [stdout]   |     ^^^^^^^^  ^^^^^^^  ^^^^^^^
[INFO] [stdout]   |
[INFO] [stdout]   = note: `#[warn(unused_imports)]` on by default
[INFO] [stdout] 
[INFO] [stdout] 
[INFO] [stdout] warning: unused imports: `Havoc`, `Loss`, `loss`
[INFO] [stdout]  --> src/provider/packet_interceptor.rs:5:5
[INFO] [stdout]   |
[INFO] [stdout] 5 |     loss, Disabled, Havoc, Interceptor as PacketInterceptor, Loss,
[INFO] [stdout]   |     ^^^^            ^^^^^                                    ^^^^
[INFO] [stdout] 
[INFO] [stdout] 
[INFO] [stdout] warning: unused imports: `ConnectionInfo`, `Packet`, `PreConnectionInfo`, `ReceiveContext`, `Receiver`, `Sender`, `WriteError`, `default`
[INFO] [stdout]   --> src/provider/datagram.rs:8:5
[INFO] [stdout]    |
[INFO] [stdout] 8  |     default,
[INFO] [stdout]    |     ^^^^^^^
[INFO] [stdout] 9  |     traits::{
[INFO] [stdout] 10 |         ConnectionInfo, Endpoint, Packet, PreConnectionInfo, ReceiveContext, Receiver, Sender,
[INFO] [stdout]    |         ^^^^^^^^^^^^^^            ^^^^^^  ^^^^^^^^^^^^^^^^^  ^^^^^^^^^^^^^^  ^^^^^^^^  ^^^^^^
[INFO] [stdout] 11 |         WriteError,
[INFO] [stdout]    |         ^^^^^^^^^^
[INFO] [stdout] 
[INFO] [stdout] 
[INFO] [stdout] warning: 3 warnings emitted
[INFO] [stdout] 
[INFO] [stdout] 
[INFO] [stderr]     Finished dev [unoptimized + debuginfo] target(s) in 29.78s
[INFO] running `Command { std: "docker" "inspect" "724e3600b2b0fb2161a150dd6b7a26b108cea7da8cf6f4c370b87cc596efcfe1", kill_on_drop: false }`
[INFO] running `Command { std: "docker" "rm" "-f" "724e3600b2b0fb2161a150dd6b7a26b108cea7da8cf6f4c370b87cc596efcfe1", kill_on_drop: false }`
[INFO] [stdout] 724e3600b2b0fb2161a150dd6b7a26b108cea7da8cf6f4c370b87cc596efcfe1
[INFO] running `Command { std: "docker" "create" "-v" "/var/lib/crater-agent-workspace/builds/worker-3-tc1/target:/opt/rustwide/target:rw,Z" "-v" "/var/lib/crater-agent-workspace/builds/worker-3-tc1/source:/opt/rustwide/workdir:ro,Z" "-v" "/var/lib/crater-agent-workspace/cargo-home:/opt/rustwide/cargo-home:ro,Z" "-v" "/var/lib/crater-agent-workspace/rustup-home:/opt/rustwide/rustup-home:ro,Z" "-e" "SOURCE_DIR=/opt/rustwide/workdir" "-e" "CARGO_TARGET_DIR=/opt/rustwide/target" "-e" "CARGO_INCREMENTAL=0" "-e" "RUST_BACKTRACE=full" "-e" "RUSTFLAGS=--cap-lints=warn" "-e" "RUSTDOCFLAGS=--cap-lints=warn" "-e" "CARGO_HOME=/opt/rustwide/cargo-home" "-e" "RUSTUP_HOME=/opt/rustwide/rustup-home" "-w" "/opt/rustwide/workdir" "-m" "1610612736" "--user" "0:0" "--network" "none" "ghcr.io/rust-lang/crates-build-env/linux@sha256:2788e3201cd34a07e3172128adcd8b3090168a8e3bcc40d7c032b9dda1df7d1c" "/opt/rustwide/cargo-home/bin/cargo" "+1.75.0" "test" "--frozen" "--no-run" "--message-format=json", kill_on_drop: false }`
[INFO] [stdout] ac0f92857d2300244664bc8f60d57b25d0b8097a12fd349c8489081064fd5162
[INFO] running `Command { std: "docker" "start" "-a" "ac0f92857d2300244664bc8f60d57b25d0b8097a12fd349c8489081064fd5162", kill_on_drop: false }`
[INFO] [stderr]    Compiling jobserver v0.1.26
[INFO] [stderr]    Compiling syn v2.0.48
[INFO] [stderr]    Compiling equivalent v1.0.1
[INFO] [stderr]    Compiling hashbrown v0.14.3
[INFO] [stderr]    Compiling lock_api v0.4.11
[INFO] [stderr]    Compiling parking_lot_core v0.9.9
[INFO] [stderr]    Compiling winnow v0.5.32
[INFO] [stderr]    Compiling toml_datetime v0.6.5
[INFO] [stderr]    Compiling scopeguard v1.2.0
[INFO] [stderr]    Compiling syn v1.0.109
[INFO] [stderr]    Compiling cc v1.0.83
[INFO] [stderr]    Compiling gimli v0.27.3
[INFO] [stderr]    Compiling adler v1.0.2
[INFO] [stderr]    Compiling parking_lot v0.12.1
[INFO] [stderr]    Compiling indexmap v2.1.0
[INFO] [stderr]    Compiling miniz_oxide v0.7.1
[INFO] [stderr]    Compiling cmake v0.1.50
[INFO] [stderr]    Compiling object v0.31.1
[INFO] [stderr]    Compiling tracing-core v0.1.32
[INFO] [stderr]    Compiling either v1.9.0
[INFO] [stderr]    Compiling regex-syntax v0.6.29
[INFO] [stderr]    Compiling openssl-sys v0.9.98
[INFO] [stderr]    Compiling aws-lc-sys v0.12.1
[INFO] [stderr]    Compiling s2n-tls-sys v0.0.39
[INFO] [stderr]    Compiling toml_edit v0.19.15
[INFO] [stderr]    Compiling backtrace v0.3.68
[INFO] [stderr]    Compiling addr2line v0.20.0
[INFO] [stderr]    Compiling regex-syntax v0.7.5
[INFO] [stderr]    Compiling rustc-demangle v0.1.23
[INFO] [stderr]    Compiling proc-macro-crate v1.3.1
[INFO] [stderr]    Compiling regex-automata v0.1.10
[INFO] [stderr]    Compiling pretty-hex v0.3.0
[INFO] [stderr]    Compiling log v0.4.20
[INFO] [stderr]    Compiling overload v0.1.1
[INFO] [stderr]    Compiling nu-ansi-term v0.46.0
[INFO] [stderr]    Compiling zerocopy-derive v0.6.6
[INFO] [stderr]    Compiling zeroize_derive v1.4.2
[INFO] [stderr]    Compiling futures-macro v0.3.30
[INFO] [stderr]    Compiling bolero-generator-derive v0.10.0
[INFO] [stderr]    Compiling zerocopy v0.6.6
[INFO] [stderr]    Compiling zeroize v1.7.0
[INFO] [stderr]    Compiling s2n-codec v0.31.0
[INFO] [stderr]    Compiling tokio-macros v2.2.0
[INFO] [stderr]    Compiling regex-automata v0.3.9
[INFO] [stderr]    Compiling s2n-quic-core v0.31.0
[INFO] [stderr]    Compiling futures-util v0.3.30
[INFO] [stderr]    Compiling bolero-generator v0.10.1
[INFO] [stderr]    Compiling tracing-attributes v0.1.27
[INFO] [stderr]    Compiling tokio v1.35.1
[INFO] [stderr]    Compiling tracing v0.1.40
[INFO] [stderr]    Compiling regex v1.9.6
[INFO] [stderr]    Compiling bolero-engine v0.10.0
[INFO] [stderr]    Compiling matchers v0.1.0
[INFO] [stderr]    Compiling tracing-log v0.2.0
[INFO] [stderr]    Compiling sharded-slab v0.1.7
[INFO] [stderr]    Compiling thread_local v1.1.7
[INFO] [stderr]    Compiling futures v0.3.30
[INFO] [stderr]    Compiling s2n-quic-transport v0.31.0
[INFO] [stderr]    Compiling tracing-subscriber v0.3.18
[INFO] [stderr]    Compiling bolero v0.10.0
[INFO] [stderr]    Compiling s2n-quic-platform v0.31.0
[INFO] [stderr]    Compiling aws-lc-rs v1.5.2
[INFO] [stderr]    Compiling s2n-quic-crypto v0.31.0
[INFO] [stderr]    Compiling s2n-tls v0.0.39
[INFO] [stderr]    Compiling s2n-quic-tls v0.31.0
[INFO] [stderr]    Compiling s2n-quic-tls-default v0.31.0
[INFO] [stderr]    Compiling s2n-quic v1.31.0 (/opt/rustwide/workdir)
[INFO] [stdout] warning: unused imports: `Attempt`, `Outcome`, `disabled`, `self`
[INFO] [stdout]  --> src/provider/path_migration.rs:5:15
[INFO] [stdout]   |
[INFO] [stdout] 5 |     default::{self, Validator as Default},
[INFO] [stdout]   |               ^^^^
[INFO] [stdout] 6 |     disabled, Attempt, Outcome, Validator,
[INFO] [stdout]   |     ^^^^^^^^  ^^^^^^^  ^^^^^^^
[INFO] [stdout]   |
[INFO] [stdout]   = note: `#[warn(unused_imports)]` on by default
[INFO] [stdout] 
[INFO] [stdout] 
[INFO] [stdout] warning: unused imports: `Havoc`, `Loss`, `loss`
[INFO] [stdout]  --> src/provider/packet_interceptor.rs:5:5
[INFO] [stdout]   |
[INFO] [stdout] 5 |     loss, Disabled, Havoc, Interceptor as PacketInterceptor, Loss,
[INFO] [stdout]   |     ^^^^            ^^^^^                                    ^^^^
[INFO] [stdout] 
[INFO] [stdout] 
[INFO] [stdout] warning: unused imports: `ConnectionInfo`, `Packet`, `PreConnectionInfo`, `ReceiveContext`, `Receiver`, `Sender`, `WriteError`, `default`
[INFO] [stdout]   --> src/provider/datagram.rs:8:5
[INFO] [stdout]    |
[INFO] [stdout] 8  |     default,
[INFO] [stdout]    |     ^^^^^^^
[INFO] [stdout] 9  |     traits::{
[INFO] [stdout] 10 |         ConnectionInfo, Endpoint, Packet, PreConnectionInfo, ReceiveContext, Receiver, Sender,
[INFO] [stdout]    |         ^^^^^^^^^^^^^^            ^^^^^^  ^^^^^^^^^^^^^^^^^  ^^^^^^^^^^^^^^  ^^^^^^^^  ^^^^^^
[INFO] [stdout] 11 |         WriteError,
[INFO] [stdout]    |         ^^^^^^^^^^
[INFO] [stdout] 
[INFO] [stdout] 
[INFO] [stdout] error[E0432]: unresolved import `s2n_quic_core::time::testing`
[INFO] [stdout]   --> src/provider/endpoint_limits.rs:98:16
[INFO] [stdout]    |
[INFO] [stdout] 98 |         time::{testing::Clock as MockClock, Clock},
[INFO] [stdout]    |                ^^^^^^^ could not find `testing` in `time`
[INFO] [stdout] 
[INFO] [stdout] 
[INFO] [stdout] error[E0432]: unresolved import `s2n_quic_core::event::tracing`
[INFO] [stdout]  --> src/provider/event/tracing.rs:4:31
[INFO] [stdout]   |
[INFO] [stdout] 4 | pub use s2n_quic_core::event::tracing::Subscriber;
[INFO] [stdout]   |                               ^^^^^^^ could not find `tracing` in `event`
[INFO] [stdout] 
[INFO] [stdout] 
[INFO] [stdout] error[E0432]: unresolved import `s2n_quic_platform::io::testing`
[INFO] [stdout]  --> src/provider/io/testing.rs:6:9
[INFO] [stdout]   |
[INFO] [stdout] 6 | pub use s2n_quic_platform::io::testing;
[INFO] [stdout]   |         ^^^^^^^^^^^^^^^^^^^^^^^^^^^^^^ no `testing` in `io`
[INFO] [stdout]   |
[INFO] [stdout] note: found an item that was configured out
[INFO] [stdout]  --> /opt/rustwide/cargo-home/registry/src/index.crates.io-6f17d22bba15001f/s2n-quic-platform-0.31.0/src/io.rs:8:9
[INFO] [stdout]   |
[INFO] [stdout] 8 | pub mod testing;
[INFO] [stdout]   |         ^^^^^^^
[INFO] [stdout] 
[INFO] [stdout] 
[INFO] [stdout] error[E0432]: unresolved imports `s2n_quic_core::crypto::tls::testing`, `s2n_quic_core::stream::testing`
[INFO] [stdout]   --> src/tests.rs:17:34
[INFO] [stdout]    |
[INFO] [stdout] 17 | use s2n_quic_core::{crypto::tls::testing::certificates, stream::testing::Data};
[INFO] [stdout]    |                                  ^^^^^^^                        ^^^^^^^ could not find `testing` in `stream`
[INFO] [stdout]    |                                  |
[INFO] [stdout]    |                                  could not find `testing` in `tls`
[INFO] [stdout] 
[INFO] [stdout] 
[INFO] [stdout] error[E0432]: unresolved imports `s2n_quic_core::crypto::tls::testing`, `s2n_quic_core::stream::testing`
[INFO] [stdout]   --> src/tests/setup.rs:14:34
[INFO] [stdout]    |
[INFO] [stdout] 14 | use s2n_quic_core::{crypto::tls::testing::certificates, havoc, stream::testing::Data};
[INFO] [stdout]    |                                  ^^^^^^^                               ^^^^^^^ could not find `testing` in `stream`
[INFO] [stdout]    |                                  |
[INFO] [stdout]    |                                  could not find `testing` in `tls`
[INFO] [stdout] 
[INFO] [stdout] 
[INFO] [stdout] error[E0432]: unresolved import `s2n_quic_core::crypto::tls::null`
[INFO] [stdout]   --> src/tests/no_tls.rs:6:5
[INFO] [stdout]    |
[INFO] [stdout] 6  | use s2n_quic_core::crypto::tls::null;
[INFO] [stdout]    |     ^^^^^^^^^^^^^^^^^^^^^^^^^^^^^^^^ no `null` in `crypto::tls`
[INFO] [stdout]    |
[INFO] [stdout] note: found an item that was configured out
[INFO] [stdout]   --> /opt/rustwide/cargo-home/registry/src/index.crates.io-6f17d22bba15001f/s2n-quic-core-0.31.0/src/crypto/tls.rs:13:9
[INFO] [stdout]    |
[INFO] [stdout] 13 | pub mod null;
[INFO] [stdout]    |         ^^^^
[INFO] [stdout] 
[INFO] [stdout] 
[INFO] [stdout] error[E0432]: unresolved import `s2n_quic_core::time::testing`
[INFO] [stdout]    --> src/provider/endpoint_limits.rs:265:20
[INFO] [stdout]     |
[INFO] [stdout] 265 |             time::{testing::Clock as MockClock, Clock},
[INFO] [stdout]     |                    ^^^^^^^ could not find `testing` in `time`
[INFO] [stdout] 
[INFO] [stdout] 
[INFO] [stdout] error[E0432]: unresolved imports `crate::provider::io::testing::network`, `crate::provider::io::testing::primary`, `crate::provider::io::testing::rand`, `crate::provider::io::testing::spawn`, `crate::provider::io::testing::time`, `crate::provider::io::testing::Model`
[INFO] [stdout]   --> src/tests.rs:10:25
[INFO] [stdout]    |
[INFO] [stdout] 10 |             self as io, network::Packet, primary, rand, spawn, test, time::delay, Model,
[INFO] [stdout]    |                         ^^^^^^^          ^^^^^^^  ^^^^  ^^^^^        ^^^^         ^^^^^ no `Model` in `provider::io::testing`
[INFO] [stdout]    |                         |                |        |     |            |
[INFO] [stdout]    |                         |                |        |     |            could not find `time` in `testing`
[INFO] [stdout]    |                         |                |        |     no `spawn` in `provider::io::testing`
[INFO] [stdout]    |                         |                |        no `rand` in `provider::io::testing`
[INFO] [stdout]    |                         |                no `primary` in `provider::io::testing`
[INFO] [stdout]    |                         could not find `network` in `testing`
[INFO] [stdout]    |
[INFO] [stdout] note: module `crate::server::providers::random::rand` exists but is inaccessible
[INFO] [stdout]   --> src/provider/random.rs:18:1
[INFO] [stdout]    |
[INFO] [stdout] 18 | mod rand {
[INFO] [stdout]    | ^^^^^^^^ not accessible
[INFO] [stdout] 
[INFO] [stdout] 
[INFO] [stdout] error[E0432]: unresolved imports `crate::provider::io::testing::primary`, `crate::provider::io::testing::spawn`, `crate::provider::io::testing::Handle`
[INFO] [stdout]  --> src/tests/setup.rs:8:23
[INFO] [stdout]   |
[INFO] [stdout] 8 |         io::testing::{primary, spawn, Handle, Result},
[INFO] [stdout]   |                       ^^^^^^^  ^^^^^  ^^^^^^ no `Handle` in `provider::io::testing`
[INFO] [stdout]   |                       |        |
[INFO] [stdout]   |                       |        no `spawn` in `provider::io::testing`
[INFO] [stdout]   |                       no `primary` in `provider::io::testing`
[INFO] [stdout]   |
[INFO] [stdout]   = help: consider importing this unresolved item through its public re-export instead:
[INFO] [stdout]           crate::tests::primary
[INFO] [stdout]   = help: consider importing this unresolved item through its public re-export instead:
[INFO] [stdout]           crate::tests::spawn
[INFO] [stdout]   = help: consider importing one of these items instead:
[INFO] [stdout]           crate::connection::Handle
[INFO] [stdout]           s2n_quic_core::path::Handle
[INFO] [stdout]           s2n_quic_core::sync::atomic_waker::Handle
[INFO] [stdout]           s2n_quic_platform::message::default::Handle
[INFO] [stdout]           s2n_quic_platform::message::msg::Handle
[INFO] [stdout]           s2n_quic_platform::message::simple::Handle
[INFO] [stdout]           s2n_quic_transport::path::Handle
[INFO] [stdout]           tokio::runtime::Handle
[INFO] [stdout]           tracing_subscriber::reload::Handle
[INFO] [stdout] 
[INFO] [stdout] 
[INFO] [stdout] error[E0433]: failed to resolve: could not find `testing` in `time`
[INFO] [stdout]    --> src/provider/address_token/default.rs:510:36
[INFO] [stdout]     |
[INFO] [stdout] 510 |         let clock = Arc::new(time::testing::MockClock::new());
[INFO] [stdout]     |                                    ^^^^^^^ could not find `testing` in `time`
[INFO] [stdout] 
[INFO] [stdout] 
[INFO] [stdout] error[E0433]: failed to resolve: could not find `testing` in `time`
[INFO] [stdout]    --> src/provider/address_token/default.rs:511:15
[INFO] [stdout]     |
[INFO] [stdout] 511 |         time::testing::set_local_clock(clock.clone());
[INFO] [stdout]     |               ^^^^^^^ could not find `testing` in `time`
[INFO] [stdout] 
[INFO] [stdout] 
[INFO] [stdout] error[E0433]: failed to resolve: could not find `testing` in `random`
[INFO] [stdout]    --> src/provider/address_token/default.rs:521:34
[INFO] [stdout]     |
[INFO] [stdout] 521 |         let mut random = random::testing::Generator(5);
[INFO] [stdout]     |                                  ^^^^^^^ could not find `testing` in `random`
[INFO] [stdout] 
[INFO] [stdout] 
[INFO] [stdout] error[E0433]: failed to resolve: could not find `testing` in `random`
[INFO] [stdout]    --> src/provider/address_token/default.rs:566:34
[INFO] [stdout]     |
[INFO] [stdout] 566 |         let mut random = random::testing::Generator(5);
[INFO] [stdout]     |                                  ^^^^^^^ could not find `testing` in `random`
[INFO] [stdout] 
[INFO] [stdout] 
[INFO] [stdout] error[E0433]: failed to resolve: could not find `testing` in `time`
[INFO] [stdout]    --> src/provider/address_token/default.rs:597:36
[INFO] [stdout]     |
[INFO] [stdout] 597 |         let clock = Arc::new(time::testing::MockClock::new());
[INFO] [stdout]     |                                    ^^^^^^^ could not find `testing` in `time`
[INFO] [stdout] 
[INFO] [stdout] 
[INFO] [stdout] error[E0433]: failed to resolve: could not find `testing` in `time`
[INFO] [stdout]    --> src/provider/address_token/default.rs:598:15
[INFO] [stdout]     |
[INFO] [stdout] 598 |         time::testing::set_local_clock(clock.clone());
[INFO] [stdout]     |               ^^^^^^^ could not find `testing` in `time`
[INFO] [stdout] 
[INFO] [stdout] 
[INFO] [stdout] error[E0433]: failed to resolve: could not find `testing` in `random`
[INFO] [stdout]    --> src/provider/address_token/default.rs:605:34
[INFO] [stdout]     |
[INFO] [stdout] 605 |         let mut random = random::testing::Generator(5);
[INFO] [stdout]     |                                  ^^^^^^^ could not find `testing` in `random`
[INFO] [stdout] 
[INFO] [stdout] 
[INFO] [stdout] error[E0433]: failed to resolve: could not find `testing` in `time`
[INFO] [stdout]    --> src/provider/address_token/default.rs:627:36
[INFO] [stdout]     |
[INFO] [stdout] 627 |         let clock = Arc::new(time::testing::MockClock::new());
[INFO] [stdout]     |                                    ^^^^^^^ could not find `testing` in `time`
[INFO] [stdout] 
[INFO] [stdout] 
[INFO] [stdout] error[E0433]: failed to resolve: could not find `testing` in `time`
[INFO] [stdout]    --> src/provider/address_token/default.rs:628:15
[INFO] [stdout]     |
[INFO] [stdout] 628 |         time::testing::set_local_clock(clock.clone());
[INFO] [stdout]     |               ^^^^^^^ could not find `testing` in `time`
[INFO] [stdout] 
[INFO] [stdout] 
[INFO] [stdout] error[E0433]: failed to resolve: could not find `testing` in `random`
[INFO] [stdout]    --> src/provider/address_token/default.rs:635:34
[INFO] [stdout]     |
[INFO] [stdout] 635 |         let mut random = random::testing::Generator(5);
[INFO] [stdout]     |                                  ^^^^^^^ could not find `testing` in `random`
[INFO] [stdout] 
[INFO] [stdout] 
[INFO] [stdout] error[E0433]: failed to resolve: could not find `testing` in `time`
[INFO] [stdout]    --> src/provider/address_token/default.rs:652:36
[INFO] [stdout]     |
[INFO] [stdout] 652 |         let clock = Arc::new(time::testing::MockClock::new());
[INFO] [stdout]     |                                    ^^^^^^^ could not find `testing` in `time`
[INFO] [stdout] 
[INFO] [stdout] 
[INFO] [stdout] error[E0433]: failed to resolve: could not find `testing` in `time`
[INFO] [stdout]    --> src/provider/address_token/default.rs:653:15
[INFO] [stdout]     |
[INFO] [stdout] 653 |         time::testing::set_local_clock(clock);
[INFO] [stdout]     |               ^^^^^^^ could not find `testing` in `time`
[INFO] [stdout] 
[INFO] [stdout] 
[INFO] [stdout] error[E0433]: failed to resolve: could not find `testing` in `random`
[INFO] [stdout]    --> src/provider/address_token/default.rs:660:34
[INFO] [stdout]     |
[INFO] [stdout] 660 |         let mut random = random::testing::Generator(5);
[INFO] [stdout]     |                                  ^^^^^^^ could not find `testing` in `random`
[INFO] [stdout] 
[INFO] [stdout] 
[INFO] [stdout] error[E0433]: failed to resolve: could not find `testing` in `random`
[INFO] [stdout]    --> src/provider/address_token/default.rs:684:34
[INFO] [stdout]     |
[INFO] [stdout] 684 |         let mut random = random::testing::Generator(5);
[INFO] [stdout]     |                                  ^^^^^^^ could not find `testing` in `random`
[INFO] [stdout] 
[INFO] [stdout] 
[INFO] [stdout] error[E0433]: failed to resolve: could not find `testing` in `random`
[INFO] [stdout]    --> src/provider/address_token/default.rs:710:34
[INFO] [stdout]     |
[INFO] [stdout] 710 |         let mut random = random::testing::Generator(5);
[INFO] [stdout]     |                                  ^^^^^^^ could not find `testing` in `random`
[INFO] [stdout] 
[INFO] [stdout] 
[INFO] [stdout] error[E0433]: failed to resolve: could not find `testing` in `random`
[INFO] [stdout]    --> src/provider/address_token/default.rs:718:30
[INFO] [stdout]     |
[INFO] [stdout] 718 |             random = random::testing::Generator(5);
[INFO] [stdout]     |                              ^^^^^^^ could not find `testing` in `random`
[INFO] [stdout] 
[INFO] [stdout] 
[INFO] [stdout] error[E0433]: failed to resolve: could not find `testing` in `random`
[INFO] [stdout]    --> src/provider/address_token/default.rs:733:38
[INFO] [stdout]     |
[INFO] [stdout] 733 |             let mut random = random::testing::Generator(5);
[INFO] [stdout]     |                                      ^^^^^^^ could not find `testing` in `random`
[INFO] [stdout] 
[INFO] [stdout] 
[INFO] [stdout] error[E0433]: failed to resolve: could not find `testing` in `random`
[INFO] [stdout]    --> src/provider/address_token/default.rs:756:42
[INFO] [stdout]     |
[INFO] [stdout] 756 |                 let mut random = random::testing::Generator(5);
[INFO] [stdout]     |                                          ^^^^^^^ could not find `testing` in `random`
[INFO] [stdout] 
[INFO] [stdout] 
[INFO] [stdout] error[E0433]: failed to resolve: could not find `TxRecorder` in `io`
[INFO] [stdout]   --> src/tests/self_test.rs:17:24
[INFO] [stdout]    |
[INFO] [stdout] 17 |     let recorder = io::TxRecorder::default();
[INFO] [stdout]    |                        ^^^^^^^^^^ could not find `TxRecorder` in `io`
[INFO] [stdout] 
[INFO] [stdout] 
[INFO] [stdout] error[E0412]: cannot find type `Io` in this scope
[INFO] [stdout]   --> src/provider/io/testing.rs:14:26
[INFO] [stdout]    |
[INFO] [stdout] 14 | impl super::Provider for Io {
[INFO] [stdout]    |                          ^^ not found in this scope
[INFO] [stdout]    |
[INFO] [stdout] help: consider importing this struct
[INFO] [stdout]    |
[INFO] [stdout] 4  + use s2n_quic_platform::io::tokio::Io;
[INFO] [stdout]    |
[INFO] [stdout] 
[INFO] [stdout] 
[INFO] [stdout] error[E0412]: cannot find type `PathHandle` in this scope
[INFO] [stdout]   --> src/provider/io/testing.rs:15:23
[INFO] [stdout]    |
[INFO] [stdout] 15 |     type PathHandle = PathHandle;
[INFO] [stdout]    |                       ^^^^^^^^^^
[INFO] [stdout]    |
[INFO] [stdout] help: you might have meant to use the associated type
[INFO] [stdout]    |
[INFO] [stdout] 15 |     type PathHandle = Self::PathHandle;
[INFO] [stdout]    |                       ++++++
[INFO] [stdout] help: consider importing this type alias
[INFO] [stdout]    |
[INFO] [stdout] 4  + use s2n_quic_platform::io::tokio::PathHandle;
[INFO] [stdout]    |
[INFO] [stdout] 
[INFO] [stdout] 
[INFO] [stdout] error[E0433]: failed to resolve: use of undeclared type `Io`
[INFO] [stdout]   --> src/provider/io/testing.rs:22:42
[INFO] [stdout]    |
[INFO] [stdout] 22 |         let (_join_handle, local_addr) = Io::start(self, endpoint)?;
[INFO] [stdout]    |                                          ^^ use of undeclared type `Io`
[INFO] [stdout]    |
[INFO] [stdout] help: consider importing this struct
[INFO] [stdout]    |
[INFO] [stdout] 4  + use s2n_quic_platform::io::tokio::Io;
[INFO] [stdout]    |
[INFO] [stdout] 
[INFO] [stdout] 
[INFO] [stdout] error[E0405]: cannot find trait `Network` in this scope
[INFO] [stdout]   --> src/provider/io/testing.rs:30:16
[INFO] [stdout]    |
[INFO] [stdout] 30 | pub fn test<N: Network, F: FnOnce(&Handle) -> Result<O>, O>(network: N, f: F) -> Result<Duration> {
[INFO] [stdout]    |                ^^^^^^^ not found in this scope
[INFO] [stdout] 
[INFO] [stdout] 
[INFO] [stdout] error[E0412]: cannot find type `Handle` in this scope
[INFO] [stdout]   --> src/provider/io/testing.rs:30:36
[INFO] [stdout]    |
[INFO] [stdout] 30 | pub fn test<N: Network, F: FnOnce(&Handle) -> Result<O>, O>(network: N, f: F) -> Result<Duration> {
[INFO] [stdout]    |                                    ^^^^^^ not found in this scope
[INFO] [stdout]    |
[INFO] [stdout] help: consider importing one of these items
[INFO] [stdout]    |
[INFO] [stdout] 4  + use crate::connection::Handle;
[INFO] [stdout]    |
[INFO] [stdout] 4  + use s2n_quic_core::path::Handle;
[INFO] [stdout]    |
[INFO] [stdout] 4  + use s2n_quic_core::sync::atomic_waker::Handle;
[INFO] [stdout]    |
[INFO] [stdout] 4  + use s2n_quic_platform::message::default::Handle;
[INFO] [stdout]    |
[INFO] [stdout]      and 5 other candidates
[INFO] [stdout] 
[INFO] [stdout] 
[INFO] [stdout] error[E0405]: cannot find trait `Network` in this scope
[INFO] [stdout]   --> src/provider/io/testing.rs:37:21
[INFO] [stdout]    |
[INFO] [stdout] 37 | pub fn test_seed<N: Network, F: FnOnce(&Handle) -> Result<O>, O>(
[INFO] [stdout]    |                     ^^^^^^^ not found in this scope
[INFO] [stdout] 
[INFO] [stdout] 
[INFO] [stdout] error[E0412]: cannot find type `Handle` in this scope
[INFO] [stdout]   --> src/provider/io/testing.rs:37:41
[INFO] [stdout]    |
[INFO] [stdout] 37 | pub fn test_seed<N: Network, F: FnOnce(&Handle) -> Result<O>, O>(
[INFO] [stdout]    |                                         ^^^^^^ not found in this scope
[INFO] [stdout]    |
[INFO] [stdout] help: consider importing one of these items
[INFO] [stdout]    |
[INFO] [stdout] 4  + use crate::connection::Handle;
[INFO] [stdout]    |
[INFO] [stdout] 4  + use s2n_quic_core::path::Handle;
[INFO] [stdout]    |
[INFO] [stdout] 4  + use s2n_quic_core::sync::atomic_waker::Handle;
[INFO] [stdout]    |
[INFO] [stdout] 4  + use s2n_quic_platform::message::default::Handle;
[INFO] [stdout]    |
[INFO] [stdout]      and 5 other candidates
[INFO] [stdout] 
[INFO] [stdout] 
[INFO] [stdout] error[E0433]: failed to resolve: use of undeclared crate or module `time`
[INFO] [stdout]   --> src/provider/io/testing.rs:50:30
[INFO] [stdout]    |
[INFO] [stdout] 50 |     let now = executor.enter(time::now);
[INFO] [stdout]    |                              ^^^^ use of undeclared crate or module `time`
[INFO] [stdout]    |
[INFO] [stdout] help: consider importing this module
[INFO] [stdout]    |
[INFO] [stdout] 4  + use s2n_quic_platform::time;
[INFO] [stdout]    |
[INFO] [stdout] 
[INFO] [stdout] 
[INFO] [stdout] error[E0425]: cannot find function `now` in module `crate::provider::io::testing`
[INFO] [stdout]   --> src/tests/setup.rs:40:63
[INFO] [stdout]    |
[INFO] [stdout] 40 |                 write!(w, "{}", crate::provider::io::testing::now())
[INFO] [stdout]    |                                                               ^^^ not found in `crate::provider::io::testing`
[INFO] [stdout]    |
[INFO] [stdout] help: consider importing this function
[INFO] [stdout]    |
[INFO] [stdout] 4  + use s2n_quic_platform::time::now;
[INFO] [stdout]    |
[INFO] [stdout] help: if you import `now`, refer to it directly
[INFO] [stdout]    |
[INFO] [stdout] 40 -                 write!(w, "{}", crate::provider::io::testing::now())
[INFO] [stdout] 40 +                 write!(w, "{}", now())
[INFO] [stdout]    |
[INFO] [stdout] 
[INFO] [stdout] 
[INFO] [stdout] error[E0412]: cannot find type `Socket` in module `io`
[INFO] [stdout]   --> src/tests/connection_migration.rs:26:39
[INFO] [stdout]    |
[INFO] [stdout] 26 |     let on_socket = move |socket: io::Socket| {
[INFO] [stdout]    |                                       ^^^^^^ not found in `io`
[INFO] [stdout]    |
[INFO] [stdout] help: consider importing one of these items
[INFO] [stdout]    |
[INFO] [stdout] 4  + use s2n_quic_platform::socket::task::rx::Socket;
[INFO] [stdout]    |
[INFO] [stdout] 4  + use s2n_quic_platform::socket::task::tx::Socket;
[INFO] [stdout]    |
[INFO] [stdout] help: if you import `Socket`, refer to it directly
[INFO] [stdout]    |
[INFO] [stdout] 26 -     let on_socket = move |socket: io::Socket| {
[INFO] [stdout] 26 +     let on_socket = move |socket: Socket| {
[INFO] [stdout]    |
[INFO] [stdout] 
[INFO] [stdout] 
[INFO] [stdout] error[E0659]: `test` is ambiguous
[INFO] [stdout]   --> src/tests/blackhole.rs:24:3
[INFO] [stdout]    |
[INFO] [stdout] 24 | #[test]
[INFO] [stdout]    |   ^^^^ ambiguous name
[INFO] [stdout]    |
[INFO] [stdout]    = note: ambiguous because of a conflict between a name from a glob import and an outer scope during import or macro resolution
[INFO] [stdout] note: `test` could refer to the unresolved item imported here
[INFO] [stdout]   --> src/tests/blackhole.rs:4:5
[INFO] [stdout]    |
[INFO] [stdout] 4  | use super::*;
[INFO] [stdout]    |     ^^^^^^^^
[INFO] [stdout]    = help: consider adding an explicit import of `test` to disambiguate
[INFO] [stdout]    = help: or use `self::test` to refer to this unresolved item unambiguously
[INFO] [stdout] note: `test` could also refer to an attribute macro from prelude
[INFO] [stdout]   --> /rustc/82e1608dfa6e0b5569232559e3d385fea5a93112/library/std/src/prelude/mod.rs:125:13
[INFO] [stdout] 
[INFO] [stdout] 
[INFO] [stdout] error[E0659]: `test` is ambiguous
[INFO] [stdout]   --> src/tests/blackhole.rs:37:3
[INFO] [stdout]    |
[INFO] [stdout] 37 | #[test]
[INFO] [stdout]    |   ^^^^ ambiguous name
[INFO] [stdout]    |
[INFO] [stdout]    = note: ambiguous because of a conflict between a name from a glob import and an outer scope during import or macro resolution
[INFO] [stdout] note: `test` could refer to the unresolved item imported here
[INFO] [stdout]   --> src/tests/blackhole.rs:4:5
[INFO] [stdout]    |
[INFO] [stdout] 4  | use super::*;
[INFO] [stdout]    |     ^^^^^^^^
[INFO] [stdout]    = help: consider adding an explicit import of `test` to disambiguate
[INFO] [stdout]    = help: or use `self::test` to refer to this unresolved item unambiguously
[INFO] [stdout] note: `test` could also refer to an attribute macro from prelude
[INFO] [stdout]   --> /rustc/82e1608dfa6e0b5569232559e3d385fea5a93112/library/std/src/prelude/mod.rs:125:13
[INFO] [stdout] 
[INFO] [stdout] 
[INFO] [stdout] error[E0659]: `test` is ambiguous
[INFO] [stdout]    --> src/tests/connection_migration.rs:102:3
[INFO] [stdout]     |
[INFO] [stdout] 102 | #[test]
[INFO] [stdout]     |   ^^^^ ambiguous name
[INFO] [stdout]     |
[INFO] [stdout]     = note: ambiguous because of a conflict between a name from a glob import and an outer scope during import or macro resolution
[INFO] [stdout] note: `test` could refer to the unresolved item imported here
[INFO] [stdout]    --> src/tests/connection_migration.rs:4:5
[INFO] [stdout]     |
[INFO] [stdout] 4   | use super::*;
[INFO] [stdout]     |     ^^^^^^^^
[INFO] [stdout]     = help: consider adding an explicit import of `test` to disambiguate
[INFO] [stdout]     = help: or use `self::test` to refer to this unresolved item unambiguously
[INFO] [stdout] note: `test` could also refer to an attribute macro from prelude
[INFO] [stdout]    --> /rustc/82e1608dfa6e0b5569232559e3d385fea5a93112/library/std/src/prelude/mod.rs:125:13
[INFO] [stdout] 
[INFO] [stdout] 
[INFO] [stdout] error[E0659]: `test` is ambiguous
[INFO] [stdout]    --> src/tests/connection_migration.rs:207:3
[INFO] [stdout]     |
[INFO] [stdout] 207 | #[test]
[INFO] [stdout]     |   ^^^^ ambiguous name
[INFO] [stdout]     |
[INFO] [stdout]     = note: ambiguous because of a conflict between a name from a glob import and an outer scope during import or macro resolution
[INFO] [stdout] note: `test` could refer to the unresolved item imported here
[INFO] [stdout]    --> src/tests/connection_migration.rs:4:5
[INFO] [stdout]     |
[INFO] [stdout] 4   | use super::*;
[INFO] [stdout]     |     ^^^^^^^^
[INFO] [stdout]     = help: consider adding an explicit import of `test` to disambiguate
[INFO] [stdout]     = help: or use `self::test` to refer to this unresolved item unambiguously
[INFO] [stdout] note: `test` could also refer to an attribute macro from prelude
[INFO] [stdout]    --> /rustc/82e1608dfa6e0b5569232559e3d385fea5a93112/library/std/src/prelude/mod.rs:125:13
[INFO] [stdout] 
[INFO] [stdout] 
[INFO] [stdout] error[E0659]: `test` is ambiguous
[INFO] [stdout]    --> src/tests/connection_migration.rs:212:3
[INFO] [stdout]     |
[INFO] [stdout] 212 | #[test]
[INFO] [stdout]     |   ^^^^ ambiguous name
[INFO] [stdout]     |
[INFO] [stdout]     = note: ambiguous because of a conflict between a name from a glob import and an outer scope during import or macro resolution
[INFO] [stdout] note: `test` could refer to the unresolved item imported here
[INFO] [stdout]    --> src/tests/connection_migration.rs:4:5
[INFO] [stdout]     |
[INFO] [stdout] 4   | use super::*;
[INFO] [stdout]     |     ^^^^^^^^
[INFO] [stdout]     = help: consider adding an explicit import of `test` to disambiguate
[INFO] [stdout]     = help: or use `self::test` to refer to this unresolved item unambiguously
[INFO] [stdout] note: `test` could also refer to an attribute macro from prelude
[INFO] [stdout]    --> /rustc/82e1608dfa6e0b5569232559e3d385fea5a93112/library/std/src/prelude/mod.rs:125:13
[INFO] [stdout] 
[INFO] [stdout] 
[INFO] [stdout] error[E0659]: `test` is ambiguous
[INFO] [stdout]    --> src/tests/connection_migration.rs:217:3
[INFO] [stdout]     |
[INFO] [stdout] 217 | #[test]
[INFO] [stdout]     |   ^^^^ ambiguous name
[INFO] [stdout]     |
[INFO] [stdout]     = note: ambiguous because of a conflict between a name from a glob import and an outer scope during import or macro resolution
[INFO] [stdout] note: `test` could refer to the unresolved item imported here
[INFO] [stdout]    --> src/tests/connection_migration.rs:4:5
[INFO] [stdout]     |
[INFO] [stdout] 4   | use super::*;
[INFO] [stdout]     |     ^^^^^^^^
[INFO] [stdout]     = help: consider adding an explicit import of `test` to disambiguate
[INFO] [stdout]     = help: or use `self::test` to refer to this unresolved item unambiguously
[INFO] [stdout] note: `test` could also refer to an attribute macro from prelude
[INFO] [stdout]    --> /rustc/82e1608dfa6e0b5569232559e3d385fea5a93112/library/std/src/prelude/mod.rs:125:13
[INFO] [stdout] 
[INFO] [stdout] 
[INFO] [stdout] error[E0659]: `test` is ambiguous
[INFO] [stdout]   --> src/tests/interceptor.rs:23:3
[INFO] [stdout]    |
[INFO] [stdout] 23 | #[test]
[INFO] [stdout]    |   ^^^^ ambiguous name
[INFO] [stdout]    |
[INFO] [stdout]    = note: ambiguous because of a conflict between a name from a glob import and an outer scope during import or macro resolution
[INFO] [stdout] note: `test` could refer to the unresolved item imported here
[INFO] [stdout]   --> src/tests/interceptor.rs:4:5
[INFO] [stdout]    |
[INFO] [stdout] 4  | use super::*;
[INFO] [stdout]    |     ^^^^^^^^
[INFO] [stdout]    = help: consider adding an explicit import of `test` to disambiguate
[INFO] [stdout]    = help: or use `self::test` to refer to this unresolved item unambiguously
[INFO] [stdout] note: `test` could also refer to an attribute macro from prelude
[INFO] [stdout]   --> /rustc/82e1608dfa6e0b5569232559e3d385fea5a93112/library/std/src/prelude/mod.rs:125:13
[INFO] [stdout] 
[INFO] [stdout] 
[INFO] [stdout] error[E0659]: `test` is ambiguous
[INFO] [stdout]   --> src/tests/interceptor.rs:33:3
[INFO] [stdout]    |
[INFO] [stdout] 33 | #[test]
[INFO] [stdout]    |   ^^^^ ambiguous name
[INFO] [stdout]    |
[INFO] [stdout]    = note: ambiguous because of a conflict between a name from a glob import and an outer scope during import or macro resolution
[INFO] [stdout] note: `test` could refer to the unresolved item imported here
[INFO] [stdout]   --> src/tests/interceptor.rs:4:5
[INFO] [stdout]    |
[INFO] [stdout] 4  | use super::*;
[INFO] [stdout]    |     ^^^^^^^^
[INFO] [stdout]    = help: consider adding an explicit import of `test` to disambiguate
[INFO] [stdout]    = help: or use `self::test` to refer to this unresolved item unambiguously
[INFO] [stdout] note: `test` could also refer to an attribute macro from prelude
[INFO] [stdout]   --> /rustc/82e1608dfa6e0b5569232559e3d385fea5a93112/library/std/src/prelude/mod.rs:125:13
[INFO] [stdout] 
[INFO] [stdout] 
[INFO] [stdout] error[E0659]: `test` is ambiguous
[INFO] [stdout]   --> src/tests/mtu.rs:47:3
[INFO] [stdout]    |
[INFO] [stdout] 47 | #[test]
[INFO] [stdout]    |   ^^^^ ambiguous name
[INFO] [stdout]    |
[INFO] [stdout]    = note: ambiguous because of a conflict between a name from a glob import and an outer scope during import or macro resolution
[INFO] [stdout] note: `test` could refer to the unresolved item imported here
[INFO] [stdout]   --> src/tests/mtu.rs:4:5
[INFO] [stdout]    |
[INFO] [stdout] 4  | use super::*;
[INFO] [stdout]    |     ^^^^^^^^
[INFO] [stdout]    = help: consider adding an explicit import of `test` to disambiguate
[INFO] [stdout]    = help: or use `self::test` to refer to this unresolved item unambiguously
[INFO] [stdout] note: `test` could also refer to an attribute macro from prelude
[INFO] [stdout]   --> /rustc/82e1608dfa6e0b5569232559e3d385fea5a93112/library/std/src/prelude/mod.rs:125:13
[INFO] [stdout] 
[INFO] [stdout] 
[INFO] [stdout] error[E0659]: `test` is ambiguous
[INFO] [stdout]   --> src/tests/mtu.rs:73:3
[INFO] [stdout]    |
[INFO] [stdout] 73 | #[test]
[INFO] [stdout]    |   ^^^^ ambiguous name
[INFO] [stdout]    |
[INFO] [stdout]    = note: ambiguous because of a conflict between a name from a glob import and an outer scope during import or macro resolution
[INFO] [stdout] note: `test` could refer to the unresolved item imported here
[INFO] [stdout]   --> src/tests/mtu.rs:4:5
[INFO] [stdout]    |
[INFO] [stdout] 4  | use super::*;
[INFO] [stdout]    |     ^^^^^^^^
[INFO] [stdout]    = help: consider adding an explicit import of `test` to disambiguate
[INFO] [stdout]    = help: or use `self::test` to refer to this unresolved item unambiguously
[INFO] [stdout] note: `test` could also refer to an attribute macro from prelude
[INFO] [stdout]   --> /rustc/82e1608dfa6e0b5569232559e3d385fea5a93112/library/std/src/prelude/mod.rs:125:13
[INFO] [stdout] 
[INFO] [stdout] 
[INFO] [stdout] error[E0659]: `test` is ambiguous
[INFO] [stdout]   --> src/tests/mtu.rs:83:3
[INFO] [stdout]    |
[INFO] [stdout] 83 | #[test]
[INFO] [stdout]    |   ^^^^ ambiguous name
[INFO] [stdout]    |
[INFO] [stdout]    = note: ambiguous because of a conflict between a name from a glob import and an outer scope during import or macro resolution
[INFO] [stdout] note: `test` could refer to the unresolved item imported here
[INFO] [stdout]   --> src/tests/mtu.rs:4:5
[INFO] [stdout]    |
[INFO] [stdout] 4  | use super::*;
[INFO] [stdout]    |     ^^^^^^^^
[INFO] [stdout]    = help: consider adding an explicit import of `test` to disambiguate
[INFO] [stdout]    = help: or use `self::test` to refer to this unresolved item unambiguously
[INFO] [stdout] note: `test` could also refer to an attribute macro from prelude
[INFO] [stdout]   --> /rustc/82e1608dfa6e0b5569232559e3d385fea5a93112/library/std/src/prelude/mod.rs:125:13
[INFO] [stdout] 
[INFO] [stdout] 
[INFO] [stdout] error[E0659]: `test` is ambiguous
[INFO] [stdout]    --> src/tests/mtu.rs:134:3
[INFO] [stdout]     |
[INFO] [stdout] 134 | #[test]
[INFO] [stdout]     |   ^^^^ ambiguous name
[INFO] [stdout]     |
[INFO] [stdout]     = note: ambiguous because of a conflict between a name from a glob import and an outer scope during import or macro resolution
[INFO] [stdout] note: `test` could refer to the unresolved item imported here
[INFO] [stdout]    --> src/tests/mtu.rs:4:5
[INFO] [stdout]     |
[INFO] [stdout] 4   | use super::*;
[INFO] [stdout]     |     ^^^^^^^^
[INFO] [stdout]     = help: consider adding an explicit import of `test` to disambiguate
[INFO] [stdout]     = help: or use `self::test` to refer to this unresolved item unambiguously
[INFO] [stdout] note: `test` could also refer to an attribute macro from prelude
[INFO] [stdout]    --> /rustc/82e1608dfa6e0b5569232559e3d385fea5a93112/library/std/src/prelude/mod.rs:125:13
[INFO] [stdout] 
[INFO] [stdout] 
[INFO] [stdout] error[E0659]: `test` is ambiguous
[INFO] [stdout]    --> src/tests/mtu.rs:180:3
[INFO] [stdout]     |
[INFO] [stdout] 180 | #[test]
[INFO] [stdout]     |   ^^^^ ambiguous name
[INFO] [stdout]     |
[INFO] [stdout]     = note: ambiguous because of a conflict between a name from a glob import and an outer scope during import or macro resolution
[INFO] [stdout] note: `test` could refer to the unresolved item imported here
[INFO] [stdout]    --> src/tests/mtu.rs:4:5
[INFO] [stdout]     |
[INFO] [stdout] 4   | use super::*;
[INFO] [stdout]     |     ^^^^^^^^
[INFO] [stdout]     = help: consider adding an explicit import of `test` to disambiguate
[INFO] [stdout]     = help: or use `self::test` to refer to this unresolved item unambiguously
[INFO] [stdout] note: `test` could also refer to an attribute macro from prelude
[INFO] [stdout]    --> /rustc/82e1608dfa6e0b5569232559e3d385fea5a93112/library/std/src/prelude/mod.rs:125:13
[INFO] [stdout] 
[INFO] [stdout] 
[INFO] [stdout] error[E0659]: `test` is ambiguous
[INFO] [stdout]   --> src/tests/no_tls.rs:25:3
[INFO] [stdout]    |
[INFO] [stdout] 25 | #[test]
[INFO] [stdout]    |   ^^^^ ambiguous name
[INFO] [stdout]    |
[INFO] [stdout]    = note: ambiguous because of a conflict between a name from a glob import and an outer scope during import or macro resolution
[INFO] [stdout] note: `test` could refer to the unresolved item imported here
[INFO] [stdout]   --> src/tests/no_tls.rs:4:5
[INFO] [stdout]    |
[INFO] [stdout] 4  | use super::*;
[INFO] [stdout]    |     ^^^^^^^^
[INFO] [stdout]    = help: consider adding an explicit import of `test` to disambiguate
[INFO] [stdout]    = help: or use `self::test` to refer to this unresolved item unambiguously
[INFO] [stdout] note: `test` could also refer to an attribute macro from prelude
[INFO] [stdout]   --> /rustc/82e1608dfa6e0b5569232559e3d385fea5a93112/library/std/src/prelude/mod.rs:125:13
[INFO] [stdout] 
[INFO] [stdout] 
[INFO] [stdout] error[E0659]: `test` is ambiguous
[INFO] [stdout]   --> src/tests/pto.rs:14:3
[INFO] [stdout]    |
[INFO] [stdout] 14 | #[test]
[INFO] [stdout]    |   ^^^^ ambiguous name
[INFO] [stdout]    |
[INFO] [stdout]    = note: ambiguous because of a conflict between a name from a glob import and an outer scope during import or macro resolution
[INFO] [stdout] note: `test` could refer to the unresolved item imported here
[INFO] [stdout]   --> src/tests/pto.rs:4:5
[INFO] [stdout]    |
[INFO] [stdout] 4  | use super::*;
[INFO] [stdout]    |     ^^^^^^^^
[INFO] [stdout]    = help: consider adding an explicit import of `test` to disambiguate
[INFO] [stdout]    = help: or use `self::test` to refer to this unresolved item unambiguously
[INFO] [stdout] note: `test` could also refer to an attribute macro from prelude
[INFO] [stdout]   --> /rustc/82e1608dfa6e0b5569232559e3d385fea5a93112/library/std/src/prelude/mod.rs:125:13
[INFO] [stdout] 
[INFO] [stdout] 
[INFO] [stdout] error[E0659]: `test` is ambiguous
[INFO] [stdout]  --> src/tests/self_test.rs:9:3
[INFO] [stdout]   |
[INFO] [stdout] 9 | #[test]
[INFO] [stdout]   |   ^^^^ ambiguous name
[INFO] [stdout]   |
[INFO] [stdout]   = note: ambiguous because of a conflict between a name from a glob import and an outer scope during import or macro resolution
[INFO] [stdout] note: `test` could refer to the unresolved item imported here
[INFO] [stdout]  --> src/tests/self_test.rs:6:5
[INFO] [stdout]   |
[INFO] [stdout] 6 | use super::*;
[INFO] [stdout]   |     ^^^^^^^^
[INFO] [stdout]   = help: consider adding an explicit import of `test` to disambiguate
[INFO] [stdout]   = help: or use `self::test` to refer to this unresolved item unambiguously
[INFO] [stdout] note: `test` could also refer to an attribute macro from prelude
[INFO] [stdout]  --> /rustc/82e1608dfa6e0b5569232559e3d385fea5a93112/library/std/src/prelude/mod.rs:125:13
[INFO] [stdout] 
[INFO] [stdout] 
[INFO] [stdout] error[E0659]: `test` is ambiguous
[INFO] [stdout]   --> src/tests/self_test.rs:15:3
[INFO] [stdout]    |
[INFO] [stdout] 15 | #[test]
[INFO] [stdout]    |   ^^^^ ambiguous name
[INFO] [stdout]    |
[INFO] [stdout]    = note: ambiguous because of a conflict between a name from a glob import and an outer scope during import or macro resolution
[INFO] [stdout] note: `test` could refer to the unresolved item imported here
[INFO] [stdout]   --> src/tests/self_test.rs:6:5
[INFO] [stdout]    |
[INFO] [stdout] 6  | use super::*;
[INFO] [stdout]    |     ^^^^^^^^
[INFO] [stdout]    = help: consider adding an explicit import of `test` to disambiguate
[INFO] [stdout]    = help: or use `self::test` to refer to this unresolved item unambiguously
[INFO] [stdout] note: `test` could also refer to an attribute macro from prelude
[INFO] [stdout]   --> /rustc/82e1608dfa6e0b5569232559e3d385fea5a93112/library/std/src/prelude/mod.rs:125:13
[INFO] [stdout] 
[INFO] [stdout] 
[INFO] [stdout] error[E0659]: `test` is ambiguous
[INFO] [stdout]  --> src/tests/skip_packets.rs:6:3
[INFO] [stdout]   |
[INFO] [stdout] 6 | #[test]
[INFO] [stdout]   |   ^^^^ ambiguous name
[INFO] [stdout]   |
[INFO] [stdout]   = note: ambiguous because of a conflict between a name from a glob import and an outer scope during import or macro resolution
[INFO] [stdout] note: `test` could refer to the unresolved item imported here
[INFO] [stdout]  --> src/tests/skip_packets.rs:4:5
[INFO] [stdout]   |
[INFO] [stdout] 4 | use super::*;
[INFO] [stdout]   |     ^^^^^^^^
[INFO] [stdout]   = help: consider adding an explicit import of `test` to disambiguate
[INFO] [stdout]   = help: or use `self::test` to refer to this unresolved item unambiguously
[INFO] [stdout] note: `test` could also refer to an attribute macro from prelude
[INFO] [stdout]  --> /rustc/82e1608dfa6e0b5569232559e3d385fea5a93112/library/std/src/prelude/mod.rs:125:13
[INFO] [stdout] 
[INFO] [stdout] 
[INFO] [stdout] error[E0659]: `test` is ambiguous
[INFO] [stdout]    --> src/tests/client_handshake_confirm.rs:173:3
[INFO] [stdout]     |
[INFO] [stdout] 173 | #[test]
[INFO] [stdout]     |   ^^^^ ambiguous name
[INFO] [stdout]     |
[INFO] [stdout]     = note: ambiguous because of a conflict between a name from a glob import and an outer scope during import or macro resolution
[INFO] [stdout] note: `test` could refer to the unresolved item imported here
[INFO] [stdout]    --> src/tests/client_handshake_confirm.rs:25:5
[INFO] [stdout]     |
[INFO] [stdout] 25  | use super::*;
[INFO] [stdout]     |     ^^^^^^^^
[INFO] [stdout]     = help: consider adding an explicit import of `test` to disambiguate
[INFO] [stdout]     = help: or use `self::test` to refer to this unresolved item unambiguously
[INFO] [stdout] note: `test` could also refer to an attribute macro from prelude
[INFO] [stdout]    --> /rustc/82e1608dfa6e0b5569232559e3d385fea5a93112/library/std/src/prelude/mod.rs:125:13
[INFO] [stdout] 
[INFO] [stdout] 
[INFO] [stdout] error[E0659]: `test` is ambiguous
[INFO] [stdout]    --> src/tests/client_handshake_confirm.rs:197:3
[INFO] [stdout]     |
[INFO] [stdout] 197 | #[test]
[INFO] [stdout]     |   ^^^^ ambiguous name
[INFO] [stdout]     |
[INFO] [stdout]     = note: ambiguous because of a conflict between a name from a glob import and an outer scope during import or macro resolution
[INFO] [stdout] note: `test` could refer to the unresolved item imported here
[INFO] [stdout]    --> src/tests/client_handshake_confirm.rs:25:5
[INFO] [stdout]     |
[INFO] [stdout] 25  | use super::*;
[INFO] [stdout]     |     ^^^^^^^^
[INFO] [stdout]     = help: consider adding an explicit import of `test` to disambiguate
[INFO] [stdout]     = help: or use `self::test` to refer to this unresolved item unambiguously
[INFO] [stdout] note: `test` could also refer to an attribute macro from prelude
[INFO] [stdout]    --> /rustc/82e1608dfa6e0b5569232559e3d385fea5a93112/library/std/src/prelude/mod.rs:125:13
[INFO] [stdout] 
[INFO] [stdout] 
[INFO] [stdout] error[E0659]: `test` is ambiguous
[INFO] [stdout]    --> src/tests/client_handshake_confirm.rs:217:3
[INFO] [stdout]     |
[INFO] [stdout] 217 | #[test]
[INFO] [stdout]     |   ^^^^ ambiguous name
[INFO] [stdout]     |
[INFO] [stdout]     = note: ambiguous because of a conflict between a name from a glob import and an outer scope during import or macro resolution
[INFO] [stdout] note: `test` could refer to the unresolved item imported here
[INFO] [stdout]    --> src/tests/client_handshake_confirm.rs:25:5
[INFO] [stdout]     |
[INFO] [stdout] 25  | use super::*;
[INFO] [stdout]     |     ^^^^^^^^
[INFO] [stdout]     = help: consider adding an explicit import of `test` to disambiguate
[INFO] [stdout]     = help: or use `self::test` to refer to this unresolved item unambiguously
[INFO] [stdout] note: `test` could also refer to an attribute macro from prelude
[INFO] [stdout]    --> /rustc/82e1608dfa6e0b5569232559e3d385fea5a93112/library/std/src/prelude/mod.rs:125:13
[INFO] [stdout] 
[INFO] [stdout] 
[INFO] [stdout] error[E0659]: `test` is ambiguous
[INFO] [stdout]  --> src/tests/mtls.rs:8:3
[INFO] [stdout]   |
[INFO] [stdout] 8 | #[test]
[INFO] [stdout]   |   ^^^^ ambiguous name
[INFO] [stdout]   |
[INFO] [stdout]   = note: ambiguous because of a conflict between a name from a glob import and an outer scope during import or macro resolution
[INFO] [stdout] note: `test` could refer to the unresolved item imported here
[INFO] [stdout]  --> src/tests/mtls.rs:4:5
[INFO] [stdout]   |
[INFO] [stdout] 4 | use super::*;
[INFO] [stdout]   |     ^^^^^^^^
[INFO] [stdout]   = help: consider adding an explicit import of `test` to disambiguate
[INFO] [stdout]   = help: or use `self::test` to refer to this unresolved item unambiguously
[INFO] [stdout] note: `test` could also refer to an attribute macro from prelude
[INFO] [stdout]  --> /rustc/82e1608dfa6e0b5569232559e3d385fea5a93112/library/std/src/prelude/mod.rs:125:13
[INFO] [stdout] 
[INFO] [stdout] 
[INFO] [stdout] error[E0659]: `test` is ambiguous
[INFO] [stdout]   --> src/tests/mtls.rs:76:3
[INFO] [stdout]    |
[INFO] [stdout] 76 | #[test]
[INFO] [stdout]    |   ^^^^ ambiguous name
[INFO] [stdout]    |
[INFO] [stdout]    = note: ambiguous because of a conflict between a name from a glob import and an outer scope during import or macro resolution
[INFO] [stdout] note: `test` could refer to the unresolved item imported here
[INFO] [stdout]   --> src/tests/mtls.rs:4:5
[INFO] [stdout]    |
[INFO] [stdout] 4  | use super::*;
[INFO] [stdout]    |     ^^^^^^^^
[INFO] [stdout]    = help: consider adding an explicit import of `test` to disambiguate
[INFO] [stdout]    = help: or use `self::test` to refer to this unresolved item unambiguously
[INFO] [stdout] note: `test` could also refer to an attribute macro from prelude
[INFO] [stdout]   --> /rustc/82e1608dfa6e0b5569232559e3d385fea5a93112/library/std/src/prelude/mod.rs:125:13
[INFO] [stdout] 
[INFO] [stdout] 
[INFO] [stdout] error[E0659]: `test` is ambiguous
[INFO] [stdout]    --> src/tests/exporter.rs:106:3
[INFO] [stdout]     |
[INFO] [stdout] 106 | #[test]
[INFO] [stdout]     |   ^^^^ ambiguous name
[INFO] [stdout]     |
[INFO] [stdout]     = note: ambiguous because of a conflict between a name from a glob import and an outer scope during import or macro resolution
[INFO] [stdout] note: `test` could refer to the unresolved item imported here
[INFO] [stdout]    --> src/tests/exporter.rs:7:5
[INFO] [stdout]     |
[INFO] [stdout] 7   | use super::*;
[INFO] [stdout]     |     ^^^^^^^^
[INFO] [stdout]     = help: consider adding an explicit import of `test` to disambiguate
[INFO] [stdout]     = help: or use `self::test` to refer to this unresolved item unambiguously
[INFO] [stdout] note: `test` could also refer to an attribute macro from prelude
[INFO] [stdout]    --> /rustc/82e1608dfa6e0b5569232559e3d385fea5a93112/library/std/src/prelude/mod.rs:125:13
[INFO] [stdout] 
[INFO] [stdout] 
[INFO] [stdout] error[E0659]: `test` is ambiguous
[INFO] [stdout]  --> src/tests/issue_1361.rs:9:3
[INFO] [stdout]   |
[INFO] [stdout] 9 | #[test]
[INFO] [stdout]   |   ^^^^ ambiguous name
[INFO] [stdout]   |
[INFO] [stdout]   = note: ambiguous because of a conflict between a name from a glob import and an outer scope during import or macro resolution
[INFO] [stdout] note: `test` could refer to the unresolved item imported here
[INFO] [stdout]  --> src/tests/issue_1361.rs:4:5
[INFO] [stdout]   |
[INFO] [stdout] 4 | use super::*;
[INFO] [stdout]   |     ^^^^^^^^
[INFO] [stdout]   = help: consider adding an explicit import of `test` to disambiguate
[INFO] [stdout]   = help: or use `self::test` to refer to this unresolved item unambiguously
[INFO] [stdout] note: `test` could also refer to an attribute macro from prelude
[INFO] [stdout]  --> /rustc/82e1608dfa6e0b5569232559e3d385fea5a93112/library/std/src/prelude/mod.rs:125:13
[INFO] [stdout] 
[INFO] [stdout] 
[INFO] [stdout] error[E0659]: `test` is ambiguous
[INFO] [stdout]   --> src/tests/issue_1427.rs:10:3
[INFO] [stdout]    |
[INFO] [stdout] 10 | #[test]
[INFO] [stdout]    |   ^^^^ ambiguous name
[INFO] [stdout]    |
[INFO] [stdout]    = note: ambiguous because of a conflict between a name from a glob import and an outer scope during import or macro resolution
[INFO] [stdout] note: `test` could refer to the unresolved item imported here
[INFO] [stdout]   --> src/tests/issue_1427.rs:4:5
[INFO] [stdout]    |
[INFO] [stdout] 4  | use super::*;
[INFO] [stdout]    |     ^^^^^^^^
[INFO] [stdout]    = help: consider adding an explicit import of `test` to disambiguate
[INFO] [stdout]    = help: or use `self::test` to refer to this unresolved item unambiguously
[INFO] [stdout] note: `test` could also refer to an attribute macro from prelude
[INFO] [stdout]   --> /rustc/82e1608dfa6e0b5569232559e3d385fea5a93112/library/std/src/prelude/mod.rs:125:13
[INFO] [stdout] 
[INFO] [stdout] 
[INFO] [stdout] error[E0659]: `test` is ambiguous
[INFO] [stdout]   --> src/tests/issue_1464.rs:22:3
[INFO] [stdout]    |
[INFO] [stdout] 22 | #[test]
[INFO] [stdout]    |   ^^^^ ambiguous name
[INFO] [stdout]    |
[INFO] [stdout]    = note: ambiguous because of a conflict between a name from a glob import and an outer scope during import or macro resolution
[INFO] [stdout] note: `test` could refer to the unresolved item imported here
[INFO] [stdout]   --> src/tests/issue_1464.rs:4:5
[INFO] [stdout]    |
[INFO] [stdout] 4  | use super::*;
[INFO] [stdout]    |     ^^^^^^^^
[INFO] [stdout]    = help: consider adding an explicit import of `test` to disambiguate
[INFO] [stdout]    = help: or use `self::test` to refer to this unresolved item unambiguously
[INFO] [stdout] note: `test` could also refer to an attribute macro from prelude
[INFO] [stdout]   --> /rustc/82e1608dfa6e0b5569232559e3d385fea5a93112/library/std/src/prelude/mod.rs:125:13
[INFO] [stdout] 
[INFO] [stdout] 
[INFO] [stdout] error[E0659]: `test` is ambiguous
[INFO] [stdout]  --> src/tests/issue_1717.rs:9:3
[INFO] [stdout]   |
[INFO] [stdout] 9 | #[test]
[INFO] [stdout]   |   ^^^^ ambiguous name
[INFO] [stdout]   |
[INFO] [stdout]   = note: ambiguous because of a conflict between a name from a glob import and an outer scope during import or macro resolution
[INFO] [stdout] note: `test` could refer to the unresolved item imported here
[INFO] [stdout]  --> src/tests/issue_1717.rs:4:5
[INFO] [stdout]   |
[INFO] [stdout] 4 | use super::*;
[INFO] [stdout]   |     ^^^^^^^^
[INFO] [stdout]   = help: consider adding an explicit import of `test` to disambiguate
[INFO] [stdout]   = help: or use `self::test` to refer to this unresolved item unambiguously
[INFO] [stdout] note: `test` could also refer to an attribute macro from prelude
[INFO] [stdout]  --> /rustc/82e1608dfa6e0b5569232559e3d385fea5a93112/library/std/src/prelude/mod.rs:125:13
[INFO] [stdout] 
[INFO] [stdout] 
[INFO] [stdout] error[E0659]: `test` is ambiguous
[INFO] [stdout]   --> src/tests/issue_954.rs:10:3
[INFO] [stdout]    |
[INFO] [stdout] 10 | #[test]
[INFO] [stdout]    |   ^^^^ ambiguous name
[INFO] [stdout]    |
[INFO] [stdout]    = note: ambiguous because of a conflict between a name from a glob import and an outer scope during import or macro resolution
[INFO] [stdout] note: `test` could refer to the unresolved item imported here
[INFO] [stdout]   --> src/tests/issue_954.rs:4:5
[INFO] [stdout]    |
[INFO] [stdout] 4  | use super::*;
[INFO] [stdout]    |     ^^^^^^^^
[INFO] [stdout]    = help: consider adding an explicit import of `test` to disambiguate
[INFO] [stdout]    = help: or use `self::test` to refer to this unresolved item unambiguously
[INFO] [stdout] note: `test` could also refer to an attribute macro from prelude
[INFO] [stdout]   --> /rustc/82e1608dfa6e0b5569232559e3d385fea5a93112/library/std/src/prelude/mod.rs:125:13
[INFO] [stdout] 
[INFO] [stdout] 
[INFO] [stdout] warning: unused imports: `Attempt`, `Outcome`, `disabled`, `self`
[INFO] [stdout]  --> src/provider/path_migration.rs:5:15
[INFO] [stdout]   |
[INFO] [stdout] 5 |     default::{self, Validator as Default},
[INFO] [stdout]   |               ^^^^
[INFO] [stdout] 6 |     disabled, Attempt, Outcome, Validator,
[INFO] [stdout]   |     ^^^^^^^^  ^^^^^^^  ^^^^^^^
[INFO] [stdout]   |
[INFO] [stdout]   = note: `#[warn(unused_imports)]` on by default
[INFO] [stdout] 
[INFO] [stdout] 
[INFO] [stdout] error[E0433]: failed to resolve: use of undeclared type `Executor`
[INFO] [stdout]   --> src/provider/io/testing.rs:42:24
[INFO] [stdout]    |
[INFO] [stdout] 42 |     let mut executor = Executor::new(network, seed);
[INFO] [stdout]    |                        ^^^^^^^^ use of undeclared type `Executor`
[INFO] [stdout] 
[INFO] [stdout] 
[INFO] [stdout] error: aborting due to 68 previous errors; 1 warning emitted
[INFO] [stdout] 
[INFO] [stdout] 
[INFO] [stdout] Some errors have detailed explanations: E0405, E0412, E0425, E0432, E0433, E0659.
[INFO] [stdout] 
[INFO] [stdout] For more information about an error, try `rustc --explain E0405`.
[INFO] [stdout] 
[INFO] [stderr] error: could not compile `s2n-quic` (lib test) due to 69 previous errors; 1 warning emitted
[INFO] [stderr] warning: build failed, waiting for other jobs to finish...
[INFO] [stdout] warning: 3 warnings emitted
[INFO] [stdout] 
[INFO] [stdout] 
[INFO] running `Command { std: "docker" "inspect" "ac0f92857d2300244664bc8f60d57b25d0b8097a12fd349c8489081064fd5162", kill_on_drop: false }`
[INFO] running `Command { std: "docker" "rm" "-f" "ac0f92857d2300244664bc8f60d57b25d0b8097a12fd349c8489081064fd5162", kill_on_drop: false }`
[INFO] [stdout] ac0f92857d2300244664bc8f60d57b25d0b8097a12fd349c8489081064fd5162
