[INFO] fetching crate s2n-quic-platform 0.31.0...
[INFO] testing s2n-quic-platform-0.31.0 against 1.75.0 for beta-1.76-1
[INFO] extracting crate s2n-quic-platform 0.31.0 into /workspace/builds/worker-0-tc1/source
[INFO] validating manifest of crates.io crate s2n-quic-platform 0.31.0 on toolchain 1.75.0
[INFO] running `Command { std: CARGO_HOME="/workspace/cargo-home" RUSTUP_HOME="/workspace/rustup-home" "/workspace/cargo-home/bin/cargo" "+1.75.0" "metadata" "--manifest-path" "Cargo.toml" "--no-deps", kill_on_drop: false }`
[INFO] started tweaking crates.io crate s2n-quic-platform 0.31.0
[INFO] finished tweaking crates.io crate s2n-quic-platform 0.31.0
[INFO] tweaked toml for crates.io crate s2n-quic-platform 0.31.0 written to /workspace/builds/worker-0-tc1/source/Cargo.toml
[INFO] running `Command { std: CARGO_HOME="/workspace/cargo-home" RUSTUP_HOME="/workspace/rustup-home" "/workspace/cargo-home/bin/cargo" "+1.75.0" "generate-lockfile" "--manifest-path" "Cargo.toml", kill_on_drop: false }`
[INFO] [stderr]     Updating crates.io index
[INFO] running `Command { std: CARGO_HOME="/workspace/cargo-home" RUSTUP_HOME="/workspace/rustup-home" "/workspace/cargo-home/bin/cargo" "+1.75.0" "fetch" "--manifest-path" "Cargo.toml", kill_on_drop: false }`
[INFO] [stderr]  Downloading crates ...
[INFO] [stderr]   Downloaded arr_macro v0.1.3
[INFO] [stderr]   Downloaded s2n-codec v0.31.0
[INFO] [stderr]   Downloaded arr_macro_impl v0.1.3
[INFO] [stderr]   Downloaded bolero-kani v0.10.0
[INFO] [stderr]   Downloaded bolero-generator-derive v0.10.0
[INFO] [stderr]   Downloaded bolero v0.10.0
[INFO] [stderr]   Downloaded bolero-afl v0.10.0
[INFO] [stderr]   Downloaded bolero-engine v0.10.0
[INFO] [stderr]   Downloaded bach v0.0.6
[INFO] [stderr]   Downloaded zerocopy v0.6.6
[INFO] [stderr]   Downloaded bolero-generator v0.10.1
[INFO] [stderr]   Downloaded aya v0.11.0
[INFO] [stderr]   Downloaded zerocopy-derive v0.6.6
[INFO] [stderr]   Downloaded bolero-honggfuzz v0.10.0
[INFO] [stderr]   Downloaded s2n-quic-core v0.31.0
[INFO] [stderr]   Downloaded turmoil v0.5.8
[INFO] [stderr]   Downloaded bolero-libfuzzer v0.10.0
[INFO] [stderr]   Downloaded s2n-quic-xdp v0.31.0
[INFO] running `Command { std: "docker" "create" "-v" "/var/lib/crater-agent-workspace/builds/worker-0-tc1/target:/opt/rustwide/target:rw,Z" "-v" "/var/lib/crater-agent-workspace/builds/worker-0-tc1/source:/opt/rustwide/workdir:ro,Z" "-v" "/var/lib/crater-agent-workspace/cargo-home:/opt/rustwide/cargo-home:ro,Z" "-v" "/var/lib/crater-agent-workspace/rustup-home:/opt/rustwide/rustup-home:ro,Z" "-e" "SOURCE_DIR=/opt/rustwide/workdir" "-e" "CARGO_TARGET_DIR=/opt/rustwide/target" "-e" "CARGO_HOME=/opt/rustwide/cargo-home" "-e" "RUSTUP_HOME=/opt/rustwide/rustup-home" "-w" "/opt/rustwide/workdir" "-m" "1610612736" "--user" "0:0" "--network" "none" "ghcr.io/rust-lang/crates-build-env/linux@sha256:2788e3201cd34a07e3172128adcd8b3090168a8e3bcc40d7c032b9dda1df7d1c" "/opt/rustwide/cargo-home/bin/cargo" "+1.75.0" "metadata" "--no-deps" "--format-version=1", kill_on_drop: false }`
[INFO] [stdout] 1fd1944decf655826a92c66fed391bb128b67c67909de4489b6e78cc4f00bf19
[INFO] running `Command { std: "docker" "start" "-a" "1fd1944decf655826a92c66fed391bb128b67c67909de4489b6e78cc4f00bf19", kill_on_drop: false }`
[INFO] running `Command { std: "docker" "inspect" "1fd1944decf655826a92c66fed391bb128b67c67909de4489b6e78cc4f00bf19", kill_on_drop: false }`
[INFO] running `Command { std: "docker" "rm" "-f" "1fd1944decf655826a92c66fed391bb128b67c67909de4489b6e78cc4f00bf19", kill_on_drop: false }`
[INFO] [stdout] 1fd1944decf655826a92c66fed391bb128b67c67909de4489b6e78cc4f00bf19
[INFO] running `Command { std: "docker" "create" "-v" "/var/lib/crater-agent-workspace/builds/worker-0-tc1/target:/opt/rustwide/target:rw,Z" "-v" "/var/lib/crater-agent-workspace/builds/worker-0-tc1/source:/opt/rustwide/workdir:ro,Z" "-v" "/var/lib/crater-agent-workspace/cargo-home:/opt/rustwide/cargo-home:ro,Z" "-v" "/var/lib/crater-agent-workspace/rustup-home:/opt/rustwide/rustup-home:ro,Z" "-e" "SOURCE_DIR=/opt/rustwide/workdir" "-e" "CARGO_TARGET_DIR=/opt/rustwide/target" "-e" "CARGO_INCREMENTAL=0" "-e" "RUST_BACKTRACE=full" "-e" "RUSTFLAGS=--cap-lints=warn" "-e" "RUSTDOCFLAGS=--cap-lints=warn" "-e" "CARGO_HOME=/opt/rustwide/cargo-home" "-e" "RUSTUP_HOME=/opt/rustwide/rustup-home" "-w" "/opt/rustwide/workdir" "-m" "1610612736" "--user" "0:0" "--network" "none" "ghcr.io/rust-lang/crates-build-env/linux@sha256:2788e3201cd34a07e3172128adcd8b3090168a8e3bcc40d7c032b9dda1df7d1c" "/opt/rustwide/cargo-home/bin/cargo" "+1.75.0" "build" "--frozen" "--message-format=json", kill_on_drop: false }`
[INFO] [stdout] 5ae5dd2450d87ab5ffb670eb41f1718a179f6776f156a33eab48bd38a1464640
[INFO] running `Command { std: "docker" "start" "-a" "5ae5dd2450d87ab5ffb670eb41f1718a179f6776f156a33eab48bd38a1464640", kill_on_drop: false }`
[INFO] [stderr]    Compiling proc-macro2 v1.0.75
[INFO] [stderr]    Compiling unicode-ident v1.0.12
[INFO] [stderr]    Compiling autocfg v1.1.0
[INFO] [stderr]    Compiling libm v0.2.8
[INFO] [stderr]    Compiling libc v0.2.151
[INFO] [stderr]    Compiling pin-project-lite v0.2.13
[INFO] [stderr]    Compiling futures-core v0.3.30
[INFO] [stderr]    Compiling byteorder v1.5.0
[INFO] [stderr]    Compiling futures-sink v0.3.30
[INFO] [stderr]    Compiling crossbeam-utils v0.8.18
[INFO] [stderr]    Compiling cfg-if v1.0.0
[INFO] [stderr]    Compiling pin-utils v0.1.0
[INFO] [stderr]    Compiling futures-task v0.3.30
[INFO] [stderr]    Compiling s2n-quic-platform v0.31.0 (/opt/rustwide/workdir)
[INFO] [stderr]    Compiling futures-io v0.3.30
[INFO] [stderr]    Compiling atomic-waker v1.1.2
[INFO] [stderr]    Compiling bytes v1.5.0
[INFO] [stderr]    Compiling hex-literal v0.4.1
[INFO] [stderr]    Compiling subtle v2.5.0
[INFO] [stderr]    Compiling futures-channel v0.3.30
[INFO] [stderr]    Compiling once_cell v1.19.0
[INFO] [stderr]    Compiling lazy_static v1.4.0
[INFO] [stderr]    Compiling num-traits v0.2.17
[INFO] [stderr]    Compiling num-integer v0.1.45
[INFO] [stderr]    Compiling num-rational v0.4.1
[INFO] [stderr]    Compiling quote v1.0.35
[INFO] [stderr]    Compiling syn v2.0.48
[INFO] [stderr]    Compiling mio v0.8.10
[INFO] [stderr]    Compiling socket2 v0.5.5
[INFO] [stderr]    Compiling zerocopy-derive v0.6.6
[INFO] [stderr]    Compiling futures-macro v0.3.30
[INFO] [stderr]    Compiling tokio-macros v2.2.0
[INFO] [stderr]    Compiling tokio v1.35.1
[INFO] [stderr]    Compiling zerocopy v0.6.6
[INFO] [stderr]    Compiling futures-util v0.3.30
[INFO] [stderr]    Compiling s2n-codec v0.31.0
[INFO] [stderr]    Compiling s2n-quic-core v0.31.0
[INFO] [stderr]    Compiling futures v0.3.30
[INFO] [stderr]     Finished dev [unoptimized + debuginfo] target(s) in 6.94s
[INFO] running `Command { std: "docker" "inspect" "5ae5dd2450d87ab5ffb670eb41f1718a179f6776f156a33eab48bd38a1464640", kill_on_drop: false }`
[INFO] running `Command { std: "docker" "rm" "-f" "5ae5dd2450d87ab5ffb670eb41f1718a179f6776f156a33eab48bd38a1464640", kill_on_drop: false }`
[INFO] [stdout] 5ae5dd2450d87ab5ffb670eb41f1718a179f6776f156a33eab48bd38a1464640
[INFO] running `Command { std: "docker" "create" "-v" "/var/lib/crater-agent-workspace/builds/worker-0-tc1/target:/opt/rustwide/target:rw,Z" "-v" "/var/lib/crater-agent-workspace/builds/worker-0-tc1/source:/opt/rustwide/workdir:ro,Z" "-v" "/var/lib/crater-agent-workspace/cargo-home:/opt/rustwide/cargo-home:ro,Z" "-v" "/var/lib/crater-agent-workspace/rustup-home:/opt/rustwide/rustup-home:ro,Z" "-e" "SOURCE_DIR=/opt/rustwide/workdir" "-e" "CARGO_TARGET_DIR=/opt/rustwide/target" "-e" "CARGO_INCREMENTAL=0" "-e" "RUST_BACKTRACE=full" "-e" "RUSTFLAGS=--cap-lints=warn" "-e" "RUSTDOCFLAGS=--cap-lints=warn" "-e" "CARGO_HOME=/opt/rustwide/cargo-home" "-e" "RUSTUP_HOME=/opt/rustwide/rustup-home" "-w" "/opt/rustwide/workdir" "-m" "1610612736" "--user" "0:0" "--network" "none" "ghcr.io/rust-lang/crates-build-env/linux@sha256:2788e3201cd34a07e3172128adcd8b3090168a8e3bcc40d7c032b9dda1df7d1c" "/opt/rustwide/cargo-home/bin/cargo" "+1.75.0" "test" "--frozen" "--no-run" "--message-format=json", kill_on_drop: false }`
[INFO] [stdout] b07bfde3c09dfe37b3cae2fb9b4aa8afd2e61e1d2aab23158e52cd67841e8fb6
[INFO] running `Command { std: "docker" "start" "-a" "b07bfde3c09dfe37b3cae2fb9b4aa8afd2e61e1d2aab23158e52cd67841e8fb6", kill_on_drop: false }`
[INFO] [stderr]    Compiling memchr v2.7.1
[INFO] [stderr]    Compiling syn v1.0.109
[INFO] [stderr]    Compiling libc v0.2.151
[INFO] [stderr]    Compiling slab v0.4.9
[INFO] [stderr]    Compiling equivalent v1.0.1
[INFO] [stderr]    Compiling hashbrown v0.14.3
[INFO] [stderr]    Compiling lock_api v0.4.11
[INFO] [stderr]    Compiling futures-core v0.3.30
[INFO] [stderr]    Compiling toml_datetime v0.6.5
[INFO] [stderr]    Compiling futures-sink v0.3.30
[INFO] [stderr]    Compiling parking_lot_core v0.9.9
[INFO] [stderr]    Compiling winnow v0.5.32
[INFO] [stderr]    Compiling syn v2.0.48
[INFO] [stderr]    Compiling getrandom v0.2.11
[INFO] [stderr]    Compiling proc-macro-hack v0.5.20+deprecated
[INFO] [stderr]    Compiling futures-task v0.3.30
[INFO] [stderr]    Compiling scopeguard v1.2.0
[INFO] [stderr]    Compiling futures-io v0.3.30
[INFO] [stderr]    Compiling futures-channel v0.3.30
[INFO] [stderr]    Compiling ppv-lite86 v0.2.17
[INFO] [stderr]    Compiling rand_core v0.6.4
[INFO] [stderr]    Compiling smallvec v1.11.2
[INFO] [stderr]    Compiling memoffset v0.9.0
[INFO] [stderr]    Compiling gimli v0.28.1
[INFO] [stderr]    Compiling adler v1.0.2
[INFO] [stderr]    Compiling anyhow v1.0.79
[INFO] [stderr]    Compiling miniz_oxide v0.7.1
[INFO] [stderr]    Compiling serde v1.0.194
[INFO] [stderr]    Compiling either v1.9.0
[INFO] [stderr]    Compiling rand_chacha v0.3.1
[INFO] [stderr]    Compiling rustc-demangle v0.1.23
[INFO] [stderr]    Compiling object v0.32.2
[INFO] [stderr]    Compiling parking_lot v0.12.1
[INFO] [stderr]    Compiling indexmap v2.1.0
[INFO] [stderr]    Compiling rand v0.8.5
[INFO] [stderr]    Compiling bytes v1.5.0
[INFO] [stderr]    Compiling signal-hook-registry v1.4.1
[INFO] [stderr]    Compiling num_cpus v1.16.0
[INFO] [stderr]    Compiling cc v1.0.83
[INFO] [stderr]    Compiling linked-hash-map v0.5.6
[INFO] [stderr]    Compiling pretty-hex v0.3.0
[INFO] [stderr]    Compiling intrusive-collections v0.9.6
[INFO] [stderr]    Compiling rand_xoshiro v0.6.0
[INFO] [stderr]    Compiling console v0.15.7
[INFO] [stderr]    Compiling similar v2.4.0
[INFO] [stderr]    Compiling yaml-rust v0.4.5
[INFO] [stderr]    Compiling async-task v4.7.0
[INFO] [stderr]    Compiling backtrace v0.3.69
[INFO] [stderr]    Compiling toml_edit v0.19.15
[INFO] [stderr]    Compiling addr2line v0.21.0
[INFO] [stderr]    Compiling proc-macro-crate v1.3.1
[INFO] [stderr]    Compiling futures-macro v0.3.30
[INFO] [stderr]    Compiling zerocopy-derive v0.6.6
[INFO] [stderr]    Compiling pin-project-internal v1.1.3
[INFO] [stderr]    Compiling tokio-macros v2.2.0
[INFO] [stderr]    Compiling arr_macro_impl v0.1.3
[INFO] [stderr]    Compiling bolero-generator-derive v0.10.0
[INFO] [stderr]    Compiling arr_macro v0.1.3
[INFO] [stderr]    Compiling insta v1.34.0
[INFO] [stderr]    Compiling tokio v1.35.1
[INFO] [stderr]    Compiling zerocopy v0.6.6
[INFO] [stderr]    Compiling futures-util v0.3.30
[INFO] [stderr]    Compiling pin-project v1.1.3
[INFO] [stderr]    Compiling s2n-codec v0.31.0
[INFO] [stderr]    Compiling bolero-generator v0.10.1
[INFO] [stderr]    Compiling s2n-quic-core v0.31.0
[INFO] [stderr]    Compiling futures-executor v0.3.30
[INFO] [stderr]    Compiling futures v0.3.30
[INFO] [stderr]    Compiling bach v0.0.6
[INFO] [stderr]    Compiling bolero-engine v0.10.0
[INFO] [stderr]    Compiling bolero v0.10.0
[INFO] [stderr]    Compiling s2n-quic-platform v0.31.0 (/opt/rustwide/workdir)
[INFO] [stdout] error[E0277]: the trait bound `s2n_quic_core::path::RemoteAddress: bolero::TypeGenerator` is not satisfied
[INFO] [stdout]   --> src/message/msg/handle.rs:16:53
[INFO] [stdout]    |
[INFO] [stdout] 16 | #[cfg_attr(any(test, feature = "generator"), derive(TypeGenerator))]
[INFO] [stdout]    |                                                     ^^^^^^^^^^^^^ the trait `bolero::TypeGenerator` is not implemented for `s2n_quic_core::path::RemoteAddress`
[INFO] [stdout]    |
[INFO] [stdout]    = help: the following other types implement trait `bolero::TypeGenerator`:
[INFO] [stdout]              bool
[INFO] [stdout]              char
[INFO] [stdout]              isize
[INFO] [stdout]              i8
[INFO] [stdout]              i16
[INFO] [stdout]              i32
[INFO] [stdout]              i64
[INFO] [stdout]              i128
[INFO] [stdout]            and 93 others
[INFO] [stdout]    = note: required for `TypeValueGenerator<s2n_quic_core::path::RemoteAddress>` to implement `ValueGenerator`
[INFO] [stdout]    = note: this error originates in the derive macro `TypeGenerator` (in Nightly builds, run with -Z macro-backtrace for more info)
[INFO] [stdout] 
[INFO] [stdout] 
[INFO] [stdout] error[E0277]: the trait bound `s2n_quic_core::path::LocalAddress: bolero::TypeGenerator` is not satisfied
[INFO] [stdout]   --> src/message/msg/handle.rs:16:53
[INFO] [stdout]    |
[INFO] [stdout] 16 | #[cfg_attr(any(test, feature = "generator"), derive(TypeGenerator))]
[INFO] [stdout]    |                                                     ^^^^^^^^^^^^^ the trait `bolero::TypeGenerator` is not implemented for `s2n_quic_core::path::LocalAddress`
[INFO] [stdout]    |
[INFO] [stdout]    = help: the following other types implement trait `bolero::TypeGenerator`:
[INFO] [stdout]              bool
[INFO] [stdout]              char
[INFO] [stdout]              isize
[INFO] [stdout]              i8
[INFO] [stdout]              i16
[INFO] [stdout]              i32
[INFO] [stdout]              i64
[INFO] [stdout]              i128
[INFO] [stdout]            and 93 others
[INFO] [stdout]    = note: required for `TypeValueGenerator<s2n_quic_core::path::LocalAddress>` to implement `ValueGenerator`
[INFO] [stdout]    = note: this error originates in the derive macro `TypeGenerator` (in Nightly builds, run with -Z macro-backtrace for more info)
[INFO] [stdout] 
[INFO] [stdout] 
[INFO] [stdout] error[E0277]: the trait bound `s2n_quic_core::path::RemoteAddress: bolero::TypeGenerator` is not satisfied
[INFO] [stdout]   --> src/message/msg/handle.rs:18:9
[INFO] [stdout]    |
[INFO] [stdout] 18 |     pub remote_address: RemoteAddress,
[INFO] [stdout]    |         ^^^^^^^^^^^^^^ the trait `bolero::TypeGenerator` is not implemented for `s2n_quic_core::path::RemoteAddress`
[INFO] [stdout]    |
[INFO] [stdout]    = help: the following other types implement trait `bolero::TypeGenerator`:
[INFO] [stdout]              bool
[INFO] [stdout]              char
[INFO] [stdout]              isize
[INFO] [stdout]              i8
[INFO] [stdout]              i16
[INFO] [stdout]              i32
[INFO] [stdout]              i64
[INFO] [stdout]              i128
[INFO] [stdout]            and 93 others
[INFO] [stdout]    = note: required for `TypeValueGenerator<s2n_quic_core::path::RemoteAddress>` to implement `ValueGenerator`
[INFO] [stdout] 
[INFO] [stdout] 
[INFO] [stdout] error[E0277]: the trait bound `s2n_quic_core::path::LocalAddress: bolero::TypeGenerator` is not satisfied
[INFO] [stdout]   --> src/message/msg/handle.rs:19:9
[INFO] [stdout]    |
[INFO] [stdout] 19 |     pub local_address: LocalAddress,
[INFO] [stdout]    |         ^^^^^^^^^^^^^ the trait `bolero::TypeGenerator` is not implemented for `s2n_quic_core::path::LocalAddress`
[INFO] [stdout]    |
[INFO] [stdout]    = help: the following other types implement trait `bolero::TypeGenerator`:
[INFO] [stdout]              bool
[INFO] [stdout]              char
[INFO] [stdout]              isize
[INFO] [stdout]              i8
[INFO] [stdout]              i16
[INFO] [stdout]              i32
[INFO] [stdout]              i64
[INFO] [stdout]              i128
[INFO] [stdout]            and 93 others
[INFO] [stdout]    = note: required for `TypeValueGenerator<s2n_quic_core::path::LocalAddress>` to implement `ValueGenerator`
[INFO] [stdout] 
[INFO] [stdout] 
[INFO] [stdout] error[E0277]: the trait bound `s2n_quic_core::inet::SocketAddress: bolero::TypeGenerator` is not satisfied
[INFO] [stdout]    --> src/message/msg/tests.rs:53:22
[INFO] [stdout]     |
[INFO] [stdout] 52  |     check!()
[INFO] [stdout]     |     -------- this tail expression is of type `TestTarget<ByteSliceGenerator, DefaultEngine, BorrowedInput>`
[INFO] [stdout] 53  |         .with_type::<SocketAddress>()
[INFO] [stdout]     |          ---------   ^^^^^^^^^^^^^ the trait `bolero::TypeGenerator` is not implemented for `s2n_quic_core::inet::SocketAddress`
[INFO] [stdout]     |          |
[INFO] [stdout]     |          required by a bound introduced by this call
[INFO] [stdout]     |
[INFO] [stdout]     = help: the following other types implement trait `bolero::TypeGenerator`:
[INFO] [stdout]               bool
[INFO] [stdout]               char
[INFO] [stdout]               isize
[INFO] [stdout]               i8
[INFO] [stdout]               i16
[INFO] [stdout]               i32
[INFO] [stdout]               i64
[INFO] [stdout]               i128
[INFO] [stdout]             and 93 others
[INFO] [stdout] note: required by a bound in `TestTarget::<G, Engine, InputOwnership>::with_type`
[INFO] [stdout]    --> /opt/rustwide/cargo-home/registry/src/index.crates.io-6f17d22bba15001f/bolero-0.10.0/src/lib.rs:241:33
[INFO] [stdout]     |
[INFO] [stdout] 241 |     pub fn with_type<T: Debug + generator::TypeGenerator>(
[INFO] [stdout]     |                                 ^^^^^^^^^^^^^^^^^^^^^^^^ required by this bound in `TestTarget::<G, Engine, InputOwnership>::with_type`
[INFO] [stdout] 
[INFO] [stdout] 
[INFO] [stdout] error[E0599]: the method `cloned` exists for struct `TestTarget<TypeValueGenerator<SocketAddress>, DefaultEngine, BorrowedInput>`, but its trait bounds were not satisfied
[INFO] [stdout]    --> src/message/msg/tests.rs:54:10
[INFO] [stdout]     |
[INFO] [stdout] 52  | /     check!()
[INFO] [stdout] 53  | |         .with_type::<SocketAddress>()
[INFO] [stdout] 54  | |         .cloned()
[INFO] [stdout]     | |         -^^^^^^ method cannot be called due to unsatisfied trait bounds
[INFO] [stdout]     | |_________|
[INFO] [stdout]     | 
[INFO] [stdout]     |
[INFO] [stdout]    ::: /opt/rustwide/cargo-home/registry/src/index.crates.io-6f17d22bba15001f/s2n-quic-core-0.31.0/src/inet/ip.rs:115:1
[INFO] [stdout]     |
[INFO] [stdout] 115 |   pub enum SocketAddress {
[INFO] [stdout]     |   ---------------------- doesn't satisfy `_: TypeGenerator`
[INFO] [stdout]     |
[INFO] [stdout]    ::: /opt/rustwide/cargo-home/registry/src/index.crates.io-6f17d22bba15001f/bolero-0.10.0/src/lib.rs:171:1
[INFO] [stdout]     |
[INFO] [stdout] 171 |   pub struct TestTarget<Generator, Engine, InputOwnership> {
[INFO] [stdout]     |   -------------------------------------------------------- doesn't satisfy `_: Iterator`
[INFO] [stdout]     |
[INFO] [stdout]    ::: /opt/rustwide/cargo-home/registry/src/index.crates.io-6f17d22bba15001f/bolero-generator-0.10.1/src/lib.rs:144:1
[INFO] [stdout]     |
[INFO] [stdout] 144 |   pub struct TypeValueGenerator<T: TypeGenerator>(PhantomData<T>);
[INFO] [stdout]     |   ----------------------------------------------- doesn't satisfy `_: ValueGenerator`
[INFO] [stdout]     |
[INFO] [stdout]     = note: the following trait bounds were not satisfied:
[INFO] [stdout]             `TypeValueGenerator<s2n_quic_core::inet::SocketAddress>: ValueGenerator`
[INFO] [stdout]             `s2n_quic_core::inet::SocketAddress: bolero::TypeGenerator`
[INFO] [stdout]             `TestTarget<TypeValueGenerator<s2n_quic_core::inet::SocketAddress>, DefaultEngine, BorrowedInput>: Iterator`
[INFO] [stdout]             which is required by `&mut TestTarget<TypeValueGenerator<s2n_quic_core::inet::SocketAddress>, DefaultEngine, BorrowedInput>: Iterator`
[INFO] [stdout] 
[INFO] [stdout] 
[INFO] [stdout] error[E0277]: the trait bound `s2n_quic_core::path::RemoteAddress: bolero::TypeGenerator` is not satisfied
[INFO] [stdout]    --> src/message.rs:165:34
[INFO] [stdout]     |
[INFO] [stdout] 165 |         let path = bolero::gen::<path::RemoteAddress>();
[INFO] [stdout]     |                                  ^^^^^^^^^^^^^^^^^^^ the trait `bolero::TypeGenerator` is not implemented for `s2n_quic_core::path::RemoteAddress`
[INFO] [stdout]     |
[INFO] [stdout]     = help: the following other types implement trait `bolero::TypeGenerator`:
[INFO] [stdout]               bool
[INFO] [stdout]               char
[INFO] [stdout]               isize
[INFO] [stdout]               i8
[INFO] [stdout]               i16
[INFO] [stdout]               i32
[INFO] [stdout]               i64
[INFO] [stdout]               i128
[INFO] [stdout]             and 93 others
[INFO] [stdout] note: required by a bound in `bolero::gen`
[INFO] [stdout]    --> /opt/rustwide/cargo-home/registry/src/index.crates.io-6f17d22bba15001f/bolero-generator-0.10.1/src/lib.rs:181:15
[INFO] [stdout]     |
[INFO] [stdout] 181 | pub fn gen<T: TypeGenerator>() -> TypeValueGenerator<T> {
[INFO] [stdout]     |               ^^^^^^^^^^^^^ required by this bound in `gen`
[INFO] [stdout] 
[INFO] [stdout] 
[INFO] [stdout] error[E0277]: the trait bound `s2n_quic_core::path::RemoteAddress: bolero::TypeGenerator` is not satisfied
[INFO] [stdout]    --> src/message.rs:165:20
[INFO] [stdout]     |
[INFO] [stdout] 165 |         let path = bolero::gen::<path::RemoteAddress>();
[INFO] [stdout]     |                    ^^^^^^^^^^^^^^^^^^^^^^^^^^^^^^^^^^^^ the trait `bolero::TypeGenerator` is not implemented for `s2n_quic_core::path::RemoteAddress`
[INFO] [stdout]     |
[INFO] [stdout]     = help: the following other types implement trait `bolero::TypeGenerator`:
[INFO] [stdout]               bool
[INFO] [stdout]               char
[INFO] [stdout]               isize
[INFO] [stdout]               i8
[INFO] [stdout]               i16
[INFO] [stdout]               i32
[INFO] [stdout]               i64
[INFO] [stdout]               i128
[INFO] [stdout]             and 93 others
[INFO] [stdout] note: required by a bound in `TypeValueGenerator`
[INFO] [stdout]    --> /opt/rustwide/cargo-home/registry/src/index.crates.io-6f17d22bba15001f/bolero-generator-0.10.1/src/lib.rs:144:34
[INFO] [stdout]     |
[INFO] [stdout] 144 | pub struct TypeValueGenerator<T: TypeGenerator>(PhantomData<T>);
[INFO] [stdout]     |                                  ^^^^^^^^^^^^^ required by this bound in `TypeValueGenerator`
[INFO] [stdout] 
[INFO] [stdout] 
[INFO] [stdout] error[E0277]: the trait bound `s2n_quic_core::path::RemoteAddress: bolero::TypeGenerator` is not satisfied
[INFO] [stdout]    --> src/message.rs:172:14
[INFO] [stdout]     |
[INFO] [stdout] 172 |             .with_generator((path, ecn, segment_size, payload_len))
[INFO] [stdout]     |              ^^^^^^^^^^^^^^ the trait `bolero::TypeGenerator` is not implemented for `s2n_quic_core::path::RemoteAddress`
[INFO] [stdout]     |
[INFO] [stdout]     = help: the following other types implement trait `bolero::TypeGenerator`:
[INFO] [stdout]               bool
[INFO] [stdout]               char
[INFO] [stdout]               isize
[INFO] [stdout]               i8
[INFO] [stdout]               i16
[INFO] [stdout]               i32
[INFO] [stdout]               i64
[INFO] [stdout]               i128
[INFO] [stdout]             and 93 others
[INFO] [stdout]     = note: required for `TypeValueGenerator<s2n_quic_core::path::RemoteAddress>` to implement `ValueGenerator`
[INFO] [stdout] 
[INFO] [stdout] 
[INFO] [stdout] error[E0599]: the method `cloned` exists for struct `TestTarget<(TypeValueGenerator<RemoteAddress>, TypeValueGenerator<_>, TypeValueGenerator<_>, ...), ..., ...>`, but its trait bounds were not satisfied
[INFO] [stdout]    --> src/message.rs:173:14
[INFO] [stdout]     |
[INFO] [stdout] 171 | /         check!()
[INFO] [stdout] 172 | |             .with_generator((path, ecn, segment_size, payload_len))
[INFO] [stdout] 173 | |             .cloned()
[INFO] [stdout]     | |             -^^^^^^ method cannot be called due to unsatisfied trait bounds
[INFO] [stdout]     | |_____________|
[INFO] [stdout]     | 
[INFO] [stdout]     |
[INFO] [stdout]    ::: /opt/rustwide/cargo-home/registry/src/index.crates.io-6f17d22bba15001f/s2n-quic-core-0.31.0/src/path/mod.rs:184:1
[INFO] [stdout]     |
[INFO] [stdout] 184 |   impl_addr!(RemoteAddress);
[INFO] [stdout]     |   ------------------------- doesn't satisfy `_: TypeGenerator`
[INFO] [stdout]     |
[INFO] [stdout]    ::: /opt/rustwide/cargo-home/registry/src/index.crates.io-6f17d22bba15001f/bolero-0.10.0/src/lib.rs:171:1
[INFO] [stdout]     |
[INFO] [stdout] 171 |   pub struct TestTarget<Generator, Engine, InputOwnership> {
[INFO] [stdout]     |   -------------------------------------------------------- doesn't satisfy `_: Iterator`
[INFO] [stdout]     |
[INFO] [stdout]    ::: /opt/rustwide/cargo-home/registry/src/index.crates.io-6f17d22bba15001f/bolero-generator-0.10.1/src/lib.rs:144:1
[INFO] [stdout]     |
[INFO] [stdout] 144 |   pub struct TypeValueGenerator<T: TypeGenerator>(PhantomData<T>);
[INFO] [stdout]     |   ----------------------------------------------- doesn't satisfy `_: ValueGenerator`
[INFO] [stdout]     |
[INFO] [stdout]     = note: the full type name has been written to '/opt/rustwide/target/debug/deps/s2n_quic_platform-c9b6dc80a81f6998.long-type-3371472857484541702.txt'
[INFO] [stdout]     = note: the following trait bounds were not satisfied:
[INFO] [stdout]             `(TypeValueGenerator<s2n_quic_core::path::RemoteAddress>, TypeValueGenerator<_>, TypeValueGenerator<_>, RangeInclusive<usize>): ValueGenerator`
[INFO] [stdout]             `TypeValueGenerator<s2n_quic_core::path::RemoteAddress>: ValueGenerator`
[INFO] [stdout]             `s2n_quic_core::path::RemoteAddress: bolero::TypeGenerator`
[INFO] [stdout]             `TestTarget<(TypeValueGenerator<s2n_quic_core::path::RemoteAddress>, TypeValueGenerator<_>, TypeValueGenerator<_>, RangeInclusive<usize>), DefaultEngine, BorrowedInput>: Iterator`
[INFO] [stdout]             which is required by `&mut TestTarget<(TypeValueGenerator<s2n_quic_core::path::RemoteAddress>, TypeValueGenerator<_>, TypeValueGenerator<_>, RangeInclusive<usize>), DefaultEngine, BorrowedInput>: Iterator`
[INFO] [stdout] 
[INFO] [stdout] 
[INFO] [stdout] error: aborting due to 10 previous errors
[INFO] [stdout] 
[INFO] [stdout] 
[INFO] [stdout] Some errors have detailed explanations: E0277, E0599.
[INFO] [stdout] 
[INFO] [stdout] For more information about an error, try `rustc --explain E0277`.
[INFO] [stdout] 
[INFO] [stderr] error: could not compile `s2n-quic-platform` (lib test) due to 11 previous errors
[INFO] running `Command { std: "docker" "inspect" "b07bfde3c09dfe37b3cae2fb9b4aa8afd2e61e1d2aab23158e52cd67841e8fb6", kill_on_drop: false }`
[INFO] running `Command { std: "docker" "rm" "-f" "b07bfde3c09dfe37b3cae2fb9b4aa8afd2e61e1d2aab23158e52cd67841e8fb6", kill_on_drop: false }`
[INFO] [stdout] b07bfde3c09dfe37b3cae2fb9b4aa8afd2e61e1d2aab23158e52cd67841e8fb6
[INFO] testing s2n-quic-platform-0.31.0 against beta-2023-12-22 for beta-1.76-1
[INFO] extracting crate s2n-quic-platform 0.31.0 into /workspace/builds/worker-0-tc2/source
[INFO] validating manifest of crates.io crate s2n-quic-platform 0.31.0 on toolchain beta-2023-12-22
[INFO] running `Command { std: CARGO_HOME="/workspace/cargo-home" RUSTUP_HOME="/workspace/rustup-home" "/workspace/cargo-home/bin/cargo" "+beta-2023-12-22" "metadata" "--manifest-path" "Cargo.toml" "--no-deps", kill_on_drop: false }`
[INFO] started tweaking crates.io crate s2n-quic-platform 0.31.0
[INFO] finished tweaking crates.io crate s2n-quic-platform 0.31.0
[INFO] tweaked toml for crates.io crate s2n-quic-platform 0.31.0 written to /workspace/builds/worker-0-tc2/source/Cargo.toml
[INFO] running `Command { std: CARGO_HOME="/workspace/cargo-home" RUSTUP_HOME="/workspace/rustup-home" "/workspace/cargo-home/bin/cargo" "+beta-2023-12-22" "generate-lockfile" "--manifest-path" "Cargo.toml", kill_on_drop: false }`
[INFO] [stderr]     Updating crates.io index
[INFO] running `Command { std: CARGO_HOME="/workspace/cargo-home" RUSTUP_HOME="/workspace/rustup-home" "/workspace/cargo-home/bin/cargo" "+beta-2023-12-22" "fetch" "--manifest-path" "Cargo.toml", kill_on_drop: false }`
[INFO] running `Command { std: "docker" "create" "-v" "/var/lib/crater-agent-workspace/builds/worker-0-tc2/target:/opt/rustwide/target:rw,Z" "-v" "/var/lib/crater-agent-workspace/builds/worker-0-tc2/source:/opt/rustwide/workdir:ro,Z" "-v" "/var/lib/crater-agent-workspace/cargo-home:/opt/rustwide/cargo-home:ro,Z" "-v" "/var/lib/crater-agent-workspace/rustup-home:/opt/rustwide/rustup-home:ro,Z" "-e" "SOURCE_DIR=/opt/rustwide/workdir" "-e" "CARGO_TARGET_DIR=/opt/rustwide/target" "-e" "CARGO_HOME=/opt/rustwide/cargo-home" "-e" "RUSTUP_HOME=/opt/rustwide/rustup-home" "-w" "/opt/rustwide/workdir" "-m" "1610612736" "--user" "0:0" "--network" "none" "ghcr.io/rust-lang/crates-build-env/linux@sha256:2788e3201cd34a07e3172128adcd8b3090168a8e3bcc40d7c032b9dda1df7d1c" "/opt/rustwide/cargo-home/bin/cargo" "+beta-2023-12-22" "metadata" "--no-deps" "--format-version=1", kill_on_drop: false }`
[INFO] [stdout] ed4c411801b5091b2d976d5289e03b0f9b45d5e832fac37a66c18c693c95e989
[INFO] running `Command { std: "docker" "start" "-a" "ed4c411801b5091b2d976d5289e03b0f9b45d5e832fac37a66c18c693c95e989", kill_on_drop: false }`
[INFO] running `Command { std: "docker" "inspect" "ed4c411801b5091b2d976d5289e03b0f9b45d5e832fac37a66c18c693c95e989", kill_on_drop: false }`
[INFO] running `Command { std: "docker" "rm" "-f" "ed4c411801b5091b2d976d5289e03b0f9b45d5e832fac37a66c18c693c95e989", kill_on_drop: false }`
[INFO] [stdout] ed4c411801b5091b2d976d5289e03b0f9b45d5e832fac37a66c18c693c95e989
[INFO] running `Command { std: "docker" "create" "-v" "/var/lib/crater-agent-workspace/builds/worker-0-tc2/target:/opt/rustwide/target:rw,Z" "-v" "/var/lib/crater-agent-workspace/builds/worker-0-tc2/source:/opt/rustwide/workdir:ro,Z" "-v" "/var/lib/crater-agent-workspace/cargo-home:/opt/rustwide/cargo-home:ro,Z" "-v" "/var/lib/crater-agent-workspace/rustup-home:/opt/rustwide/rustup-home:ro,Z" "-e" "SOURCE_DIR=/opt/rustwide/workdir" "-e" "CARGO_TARGET_DIR=/opt/rustwide/target" "-e" "CARGO_INCREMENTAL=0" "-e" "RUST_BACKTRACE=full" "-e" "RUSTFLAGS=--cap-lints=warn" "-e" "RUSTDOCFLAGS=--cap-lints=warn" "-e" "CARGO_HOME=/opt/rustwide/cargo-home" "-e" "RUSTUP_HOME=/opt/rustwide/rustup-home" "-w" "/opt/rustwide/workdir" "-m" "1610612736" "--user" "0:0" "--network" "none" "ghcr.io/rust-lang/crates-build-env/linux@sha256:2788e3201cd34a07e3172128adcd8b3090168a8e3bcc40d7c032b9dda1df7d1c" "/opt/rustwide/cargo-home/bin/cargo" "+beta-2023-12-22" "build" "--frozen" "--message-format=json", kill_on_drop: false }`
[INFO] [stdout] e2986ceeac212baa9cc1113a398b0556669241510256c3a17c65194edc6d8aac
[INFO] running `Command { std: "docker" "start" "-a" "e2986ceeac212baa9cc1113a398b0556669241510256c3a17c65194edc6d8aac", kill_on_drop: false }`
[INFO] [stderr]    Compiling proc-macro2 v1.0.75
[INFO] [stderr]    Compiling unicode-ident v1.0.12
[INFO] [stderr]    Compiling autocfg v1.1.0
[INFO] [stderr]    Compiling libm v0.2.8
[INFO] [stderr]    Compiling libc v0.2.151
[INFO] [stderr]    Compiling pin-project-lite v0.2.13
[INFO] [stderr]    Compiling futures-core v0.3.30
[INFO] [stderr]    Compiling byteorder v1.5.0
[INFO] [stderr]    Compiling crossbeam-utils v0.8.18
[INFO] [stderr]    Compiling futures-sink v0.3.30
[INFO] [stderr]    Compiling futures-task v0.3.30
[INFO] [stderr]    Compiling cfg-if v1.0.0
[INFO] [stderr]    Compiling pin-utils v0.1.0
[INFO] [stderr]    Compiling hex-literal v0.4.1
[INFO] [stderr]    Compiling subtle v2.5.0
[INFO] [stderr]    Compiling atomic-waker v1.1.2
[INFO] [stderr]    Compiling futures-io v0.3.30
[INFO] [stderr]    Compiling once_cell v1.19.0
[INFO] [stderr]    Compiling s2n-quic-platform v0.31.0 (/opt/rustwide/workdir)
[INFO] [stderr]    Compiling bytes v1.5.0
[INFO] [stderr]    Compiling futures-channel v0.3.30
[INFO] [stderr]    Compiling lazy_static v1.4.0
[INFO] [stderr]    Compiling num-traits v0.2.17
[INFO] [stderr]    Compiling num-integer v0.1.45
[INFO] [stderr]    Compiling num-rational v0.4.1
[INFO] [stderr]    Compiling quote v1.0.35
[INFO] [stderr]    Compiling syn v2.0.48
[INFO] [stderr]    Compiling mio v0.8.10
[INFO] [stderr]    Compiling socket2 v0.5.5
[INFO] [stderr]    Compiling zerocopy-derive v0.6.6
[INFO] [stderr]    Compiling futures-macro v0.3.30
[INFO] [stderr]    Compiling tokio-macros v2.2.0
[INFO] [stderr]    Compiling tokio v1.35.1
[INFO] [stderr]    Compiling zerocopy v0.6.6
[INFO] [stderr]    Compiling futures-util v0.3.30
[INFO] [stderr]    Compiling s2n-codec v0.31.0
[INFO] [stderr]    Compiling s2n-quic-core v0.31.0
[INFO] [stderr]    Compiling futures v0.3.30
[INFO] [stderr]     Finished dev [unoptimized + debuginfo] target(s) in 6.84s
[INFO] running `Command { std: "docker" "inspect" "e2986ceeac212baa9cc1113a398b0556669241510256c3a17c65194edc6d8aac", kill_on_drop: false }`
[INFO] running `Command { std: "docker" "rm" "-f" "e2986ceeac212baa9cc1113a398b0556669241510256c3a17c65194edc6d8aac", kill_on_drop: false }`
[INFO] [stdout] e2986ceeac212baa9cc1113a398b0556669241510256c3a17c65194edc6d8aac
[INFO] running `Command { std: "docker" "create" "-v" "/var/lib/crater-agent-workspace/builds/worker-0-tc2/target:/opt/rustwide/target:rw,Z" "-v" "/var/lib/crater-agent-workspace/builds/worker-0-tc2/source:/opt/rustwide/workdir:ro,Z" "-v" "/var/lib/crater-agent-workspace/cargo-home:/opt/rustwide/cargo-home:ro,Z" "-v" "/var/lib/crater-agent-workspace/rustup-home:/opt/rustwide/rustup-home:ro,Z" "-e" "SOURCE_DIR=/opt/rustwide/workdir" "-e" "CARGO_TARGET_DIR=/opt/rustwide/target" "-e" "CARGO_INCREMENTAL=0" "-e" "RUST_BACKTRACE=full" "-e" "RUSTFLAGS=--cap-lints=warn" "-e" "RUSTDOCFLAGS=--cap-lints=warn" "-e" "CARGO_HOME=/opt/rustwide/cargo-home" "-e" "RUSTUP_HOME=/opt/rustwide/rustup-home" "-w" "/opt/rustwide/workdir" "-m" "1610612736" "--user" "0:0" "--network" "none" "ghcr.io/rust-lang/crates-build-env/linux@sha256:2788e3201cd34a07e3172128adcd8b3090168a8e3bcc40d7c032b9dda1df7d1c" "/opt/rustwide/cargo-home/bin/cargo" "+beta-2023-12-22" "test" "--frozen" "--no-run" "--message-format=json", kill_on_drop: false }`
[INFO] [stdout] 3873accd4558a3657e297e629f78fee7f962005d9aad4b741c38235469c39a93
[INFO] running `Command { std: "docker" "start" "-a" "3873accd4558a3657e297e629f78fee7f962005d9aad4b741c38235469c39a93", kill_on_drop: false }`
[INFO] [stderr]    Compiling memchr v2.7.1
[INFO] [stderr]    Compiling syn v1.0.109
[INFO] [stderr]    Compiling libc v0.2.151
[INFO] [stderr]    Compiling slab v0.4.9
[INFO] [stderr]    Compiling hashbrown v0.14.3
[INFO] [stderr]    Compiling equivalent v1.0.1
[INFO] [stderr]    Compiling lock_api v0.4.11
[INFO] [stderr]    Compiling parking_lot_core v0.9.9
[INFO] [stderr]    Compiling winnow v0.5.32
[INFO] [stderr]    Compiling futures-core v0.3.30
[INFO] [stderr]    Compiling futures-sink v0.3.30
[INFO] [stderr]    Compiling toml_datetime v0.6.5
[INFO] [stderr]    Compiling getrandom v0.2.11
[INFO] [stderr]    Compiling syn v2.0.48
[INFO] [stderr]    Compiling smallvec v1.11.2
[INFO] [stderr]    Compiling proc-macro-hack v0.5.20+deprecated
[INFO] [stderr]    Compiling futures-task v0.3.30
[INFO] [stderr]    Compiling scopeguard v1.2.0
[INFO] [stderr]    Compiling rand_core v0.6.4
[INFO] [stderr]    Compiling futures-channel v0.3.30
[INFO] [stderr]    Compiling ppv-lite86 v0.2.17
[INFO] [stderr]    Compiling futures-io v0.3.30
[INFO] [stderr]    Compiling memoffset v0.9.0
[INFO] [stderr]    Compiling adler v1.0.2
[INFO] [stderr]    Compiling anyhow v1.0.79
[INFO] [stderr]    Compiling gimli v0.28.1
[INFO] [stderr]    Compiling miniz_oxide v0.7.1
[INFO] [stderr]    Compiling bytes v1.5.0
[INFO] [stderr]    Compiling rustc-demangle v0.1.23
[INFO] [stderr]    Compiling parking_lot v0.12.1
[INFO] [stderr]    Compiling object v0.32.2
[INFO] [stderr]    Compiling rand_chacha v0.3.1
[INFO] [stderr]    Compiling either v1.9.0
[INFO] [stderr]    Compiling indexmap v2.1.0
[INFO] [stderr]    Compiling serde v1.0.194
[INFO] [stderr]    Compiling rand v0.8.5
[INFO] [stderr]    Compiling signal-hook-registry v1.4.1
[INFO] [stderr]    Compiling num_cpus v1.16.0
[INFO] [stderr]    Compiling pretty-hex v0.3.0
[INFO] [stderr]    Compiling linked-hash-map v0.5.6
[INFO] [stderr]    Compiling cc v1.0.83
[INFO] [stderr]    Compiling yaml-rust v0.4.5
[INFO] [stderr]    Compiling intrusive-collections v0.9.6
[INFO] [stderr]    Compiling rand_xoshiro v0.6.0
[INFO] [stderr]    Compiling console v0.15.7
[INFO] [stderr]    Compiling async-task v4.7.0
[INFO] [stderr]    Compiling similar v2.4.0
[INFO] [stderr]    Compiling toml_edit v0.19.15
[INFO] [stderr]    Compiling backtrace v0.3.69
[INFO] [stderr]    Compiling addr2line v0.21.0
[INFO] [stderr]    Compiling proc-macro-crate v1.3.1
[INFO] [stderr]    Compiling arr_macro_impl v0.1.3
[INFO] [stderr]    Compiling bolero-generator-derive v0.10.0
[INFO] [stderr]    Compiling futures-macro v0.3.30
[INFO] [stderr]    Compiling zerocopy-derive v0.6.6
[INFO] [stderr]    Compiling pin-project-internal v1.1.3
[INFO] [stderr]    Compiling tokio-macros v2.2.0
[INFO] [stderr]    Compiling insta v1.34.0
[INFO] [stderr]    Compiling arr_macro v0.1.3
[INFO] [stderr]    Compiling tokio v1.35.1
[INFO] [stderr]    Compiling zerocopy v0.6.6
[INFO] [stderr]    Compiling futures-util v0.3.30
[INFO] [stderr]    Compiling bolero-generator v0.10.1
[INFO] [stderr]    Compiling s2n-codec v0.31.0
[INFO] [stderr]    Compiling pin-project v1.1.3
[INFO] [stderr]    Compiling s2n-quic-core v0.31.0
[INFO] [stderr]    Compiling bolero-engine v0.10.0
[INFO] [stderr]    Compiling bolero v0.10.0
[INFO] [stderr]    Compiling futures-executor v0.3.30
[INFO] [stderr]    Compiling futures v0.3.30
[INFO] [stderr]    Compiling bach v0.0.6
[INFO] [stderr]    Compiling s2n-quic-platform v0.31.0 (/opt/rustwide/workdir)
[INFO] [stdout] error[E0277]: the trait bound `s2n_quic_core::path::RemoteAddress: bolero::TypeGenerator` is not satisfied
[INFO] [stdout]   --> src/message/msg/handle.rs:16:53
[INFO] [stdout]    |
[INFO] [stdout] 16 | #[cfg_attr(any(test, feature = "generator"), derive(TypeGenerator))]
[INFO] [stdout]    |                                                     ^^^^^^^^^^^^^ the trait `bolero::TypeGenerator` is not implemented for `s2n_quic_core::path::RemoteAddress`
[INFO] [stdout]    |
[INFO] [stdout]    = help: the following other types implement trait `bolero::TypeGenerator`:
[INFO] [stdout]              bool
[INFO] [stdout]              char
[INFO] [stdout]              isize
[INFO] [stdout]              i8
[INFO] [stdout]              i16
[INFO] [stdout]              i32
[INFO] [stdout]              i64
[INFO] [stdout]              i128
[INFO] [stdout]            and 93 others
[INFO] [stdout]    = note: required for `TypeValueGenerator<s2n_quic_core::path::RemoteAddress>` to implement `ValueGenerator`
[INFO] [stdout]    = note: this error originates in the derive macro `TypeGenerator` (in Nightly builds, run with -Z macro-backtrace for more info)
[INFO] [stdout] 
[INFO] [stdout] 
[INFO] [stdout] error[E0277]: the trait bound `s2n_quic_core::path::LocalAddress: bolero::TypeGenerator` is not satisfied
[INFO] [stdout]   --> src/message/msg/handle.rs:16:53
[INFO] [stdout]    |
[INFO] [stdout] 16 | #[cfg_attr(any(test, feature = "generator"), derive(TypeGenerator))]
[INFO] [stdout]    |                                                     ^^^^^^^^^^^^^ the trait `bolero::TypeGenerator` is not implemented for `s2n_quic_core::path::LocalAddress`
[INFO] [stdout]    |
[INFO] [stdout]    = help: the following other types implement trait `bolero::TypeGenerator`:
[INFO] [stdout]              bool
[INFO] [stdout]              char
[INFO] [stdout]              isize
[INFO] [stdout]              i8
[INFO] [stdout]              i16
[INFO] [stdout]              i32
[INFO] [stdout]              i64
[INFO] [stdout]              i128
[INFO] [stdout]            and 93 others
[INFO] [stdout]    = note: required for `TypeValueGenerator<s2n_quic_core::path::LocalAddress>` to implement `ValueGenerator`
[INFO] [stdout]    = note: this error originates in the derive macro `TypeGenerator` (in Nightly builds, run with -Z macro-backtrace for more info)
[INFO] [stdout] 
[INFO] [stdout] 
[INFO] [stdout] error[E0277]: the trait bound `s2n_quic_core::path::RemoteAddress: bolero::TypeGenerator` is not satisfied
[INFO] [stdout]   --> src/message/msg/handle.rs:18:9
[INFO] [stdout]    |
[INFO] [stdout] 18 |     pub remote_address: RemoteAddress,
[INFO] [stdout]    |         ^^^^^^^^^^^^^^ the trait `bolero::TypeGenerator` is not implemented for `s2n_quic_core::path::RemoteAddress`
[INFO] [stdout]    |
[INFO] [stdout]    = help: the following other types implement trait `bolero::TypeGenerator`:
[INFO] [stdout]              bool
[INFO] [stdout]              char
[INFO] [stdout]              isize
[INFO] [stdout]              i8
[INFO] [stdout]              i16
[INFO] [stdout]              i32
[INFO] [stdout]              i64
[INFO] [stdout]              i128
[INFO] [stdout]            and 93 others
[INFO] [stdout]    = note: required for `TypeValueGenerator<s2n_quic_core::path::RemoteAddress>` to implement `ValueGenerator`
[INFO] [stdout] 
[INFO] [stdout] 
[INFO] [stdout] error[E0277]: the trait bound `s2n_quic_core::path::LocalAddress: bolero::TypeGenerator` is not satisfied
[INFO] [stdout]   --> src/message/msg/handle.rs:19:9
[INFO] [stdout]    |
[INFO] [stdout] 19 |     pub local_address: LocalAddress,
[INFO] [stdout]    |         ^^^^^^^^^^^^^ the trait `bolero::TypeGenerator` is not implemented for `s2n_quic_core::path::LocalAddress`
[INFO] [stdout]    |
[INFO] [stdout]    = help: the following other types implement trait `bolero::TypeGenerator`:
[INFO] [stdout]              bool
[INFO] [stdout]              char
[INFO] [stdout]              isize
[INFO] [stdout]              i8
[INFO] [stdout]              i16
[INFO] [stdout]              i32
[INFO] [stdout]              i64
[INFO] [stdout]              i128
[INFO] [stdout]            and 93 others
[INFO] [stdout]    = note: required for `TypeValueGenerator<s2n_quic_core::path::LocalAddress>` to implement `ValueGenerator`
[INFO] [stdout] 
[INFO] [stdout] 
[INFO] [stdout] error[E0277]: the trait bound `s2n_quic_core::inet::SocketAddress: bolero::TypeGenerator` is not satisfied
[INFO] [stdout]    --> src/message/msg/tests.rs:53:22
[INFO] [stdout]     |
[INFO] [stdout] 52  |     check!()
[INFO] [stdout]     |     -------- this tail expression is of type `TestTarget<ByteSliceGenerator, DefaultEngine, BorrowedInput>`
[INFO] [stdout] 53  |         .with_type::<SocketAddress>()
[INFO] [stdout]     |          ---------   ^^^^^^^^^^^^^ the trait `bolero::TypeGenerator` is not implemented for `s2n_quic_core::inet::SocketAddress`
[INFO] [stdout]     |          |
[INFO] [stdout]     |          required by a bound introduced by this call
[INFO] [stdout]     |
[INFO] [stdout]     = help: the following other types implement trait `bolero::TypeGenerator`:
[INFO] [stdout]               bool
[INFO] [stdout]               char
[INFO] [stdout]               isize
[INFO] [stdout]               i8
[INFO] [stdout]               i16
[INFO] [stdout]               i32
[INFO] [stdout]               i64
[INFO] [stdout]               i128
[INFO] [stdout]             and 93 others
[INFO] [stdout] note: required by a bound in `TestTarget::<G, Engine, InputOwnership>::with_type`
[INFO] [stdout]    --> /opt/rustwide/cargo-home/registry/src/index.crates.io-6f17d22bba15001f/bolero-0.10.0/src/lib.rs:241:33
[INFO] [stdout]     |
[INFO] [stdout] 241 |     pub fn with_type<T: Debug + generator::TypeGenerator>(
[INFO] [stdout]     |                                 ^^^^^^^^^^^^^^^^^^^^^^^^ required by this bound in `TestTarget::<G, Engine, InputOwnership>::with_type`
[INFO] [stdout] 
[INFO] [stdout] 
[INFO] [stdout] error[E0599]: the method `cloned` exists for struct `TestTarget<TypeValueGenerator<SocketAddress>, DefaultEngine, BorrowedInput>`, but its trait bounds were not satisfied
[INFO] [stdout]    --> src/message/msg/tests.rs:54:10
[INFO] [stdout]     |
[INFO] [stdout] 52  | /     check!()
[INFO] [stdout] 53  | |         .with_type::<SocketAddress>()
[INFO] [stdout] 54  | |         .cloned()
[INFO] [stdout]     | |         -^^^^^^ method cannot be called due to unsatisfied trait bounds
[INFO] [stdout]     | |_________|
[INFO] [stdout]     | 
[INFO] [stdout]     |
[INFO] [stdout]    ::: /opt/rustwide/cargo-home/registry/src/index.crates.io-6f17d22bba15001f/s2n-quic-core-0.31.0/src/inet/ip.rs:115:1
[INFO] [stdout]     |
[INFO] [stdout] 115 |   pub enum SocketAddress {
[INFO] [stdout]     |   ---------------------- doesn't satisfy `_: TypeGenerator`
[INFO] [stdout]     |
[INFO] [stdout]    ::: /opt/rustwide/cargo-home/registry/src/index.crates.io-6f17d22bba15001f/bolero-0.10.0/src/lib.rs:171:1
[INFO] [stdout]     |
[INFO] [stdout] 171 |   pub struct TestTarget<Generator, Engine, InputOwnership> {
[INFO] [stdout]     |   -------------------------------------------------------- doesn't satisfy `_: Iterator`
[INFO] [stdout]     |
[INFO] [stdout]    ::: /opt/rustwide/cargo-home/registry/src/index.crates.io-6f17d22bba15001f/bolero-generator-0.10.1/src/lib.rs:144:1
[INFO] [stdout]     |
[INFO] [stdout] 144 |   pub struct TypeValueGenerator<T: TypeGenerator>(PhantomData<T>);
[INFO] [stdout]     |   ----------------------------------------------- doesn't satisfy `_: ValueGenerator`
[INFO] [stdout]     |
[INFO] [stdout]     = note: the following trait bounds were not satisfied:
[INFO] [stdout]             `TypeValueGenerator<s2n_quic_core::inet::SocketAddress>: ValueGenerator`
[INFO] [stdout]             `s2n_quic_core::inet::SocketAddress: bolero::TypeGenerator`
[INFO] [stdout]             `TestTarget<TypeValueGenerator<s2n_quic_core::inet::SocketAddress>, DefaultEngine, BorrowedInput>: Iterator`
[INFO] [stdout]             which is required by `&mut TestTarget<TypeValueGenerator<s2n_quic_core::inet::SocketAddress>, DefaultEngine, BorrowedInput>: Iterator`
[INFO] [stdout] 
[INFO] [stdout] 
[INFO] [stdout] error[E0277]: the trait bound `s2n_quic_core::path::RemoteAddress: bolero::TypeGenerator` is not satisfied
[INFO] [stdout]    --> src/message.rs:165:34
[INFO] [stdout]     |
[INFO] [stdout] 165 |         let path = bolero::gen::<path::RemoteAddress>();
[INFO] [stdout]     |                                  ^^^^^^^^^^^^^^^^^^^ the trait `bolero::TypeGenerator` is not implemented for `s2n_quic_core::path::RemoteAddress`
[INFO] [stdout]     |
[INFO] [stdout]     = help: the following other types implement trait `bolero::TypeGenerator`:
[INFO] [stdout]               bool
[INFO] [stdout]               char
[INFO] [stdout]               isize
[INFO] [stdout]               i8
[INFO] [stdout]               i16
[INFO] [stdout]               i32
[INFO] [stdout]               i64
[INFO] [stdout]               i128
[INFO] [stdout]             and 93 others
[INFO] [stdout] note: required by a bound in `bolero::gen`
[INFO] [stdout]    --> /opt/rustwide/cargo-home/registry/src/index.crates.io-6f17d22bba15001f/bolero-generator-0.10.1/src/lib.rs:181:15
[INFO] [stdout]     |
[INFO] [stdout] 181 | pub fn gen<T: TypeGenerator>() -> TypeValueGenerator<T> {
[INFO] [stdout]     |               ^^^^^^^^^^^^^ required by this bound in `gen`
[INFO] [stdout] 
[INFO] [stdout] 
[INFO] [stdout] error[E0277]: the trait bound `s2n_quic_core::path::RemoteAddress: bolero::TypeGenerator` is not satisfied
[INFO] [stdout]    --> src/message.rs:165:20
[INFO] [stdout]     |
[INFO] [stdout] 165 |         let path = bolero::gen::<path::RemoteAddress>();
[INFO] [stdout]     |                    ^^^^^^^^^^^^^^^^^^^^^^^^^^^^^^^^^^^^ the trait `bolero::TypeGenerator` is not implemented for `s2n_quic_core::path::RemoteAddress`
[INFO] [stdout]     |
[INFO] [stdout]     = help: the following other types implement trait `bolero::TypeGenerator`:
[INFO] [stdout]               bool
[INFO] [stdout]               char
[INFO] [stdout]               isize
[INFO] [stdout]               i8
[INFO] [stdout]               i16
[INFO] [stdout]               i32
[INFO] [stdout]               i64
[INFO] [stdout]               i128
[INFO] [stdout]             and 93 others
[INFO] [stdout] note: required by a bound in `TypeValueGenerator`
[INFO] [stdout]    --> /opt/rustwide/cargo-home/registry/src/index.crates.io-6f17d22bba15001f/bolero-generator-0.10.1/src/lib.rs:144:34
[INFO] [stdout]     |
[INFO] [stdout] 144 | pub struct TypeValueGenerator<T: TypeGenerator>(PhantomData<T>);
[INFO] [stdout]     |                                  ^^^^^^^^^^^^^ required by this bound in `TypeValueGenerator`
[INFO] [stdout] 
[INFO] [stdout] 
[INFO] [stdout] error[E0277]: the trait bound `s2n_quic_core::path::RemoteAddress: bolero::TypeGenerator` is not satisfied
[INFO] [stdout]    --> src/message.rs:172:14
[INFO] [stdout]     |
[INFO] [stdout] 172 |             .with_generator((path, ecn, segment_size, payload_len))
[INFO] [stdout]     |              ^^^^^^^^^^^^^^ the trait `bolero::TypeGenerator` is not implemented for `s2n_quic_core::path::RemoteAddress`
[INFO] [stdout]     |
[INFO] [stdout]     = help: the following other types implement trait `bolero::TypeGenerator`:
[INFO] [stdout]               bool
[INFO] [stdout]               char
[INFO] [stdout]               isize
[INFO] [stdout]               i8
[INFO] [stdout]               i16
[INFO] [stdout]               i32
[INFO] [stdout]               i64
[INFO] [stdout]               i128
[INFO] [stdout]             and 93 others
[INFO] [stdout]     = note: required for `TypeValueGenerator<s2n_quic_core::path::RemoteAddress>` to implement `ValueGenerator`
[INFO] [stdout] 
[INFO] [stdout] 
[INFO] [stdout] error[E0599]: the method `cloned` exists for struct `TestTarget<(TypeValueGenerator<RemoteAddress>, TypeValueGenerator<_>, TypeValueGenerator<_>, ...), ..., ...>`, but its trait bounds were not satisfied
[INFO] [stdout]    --> src/message.rs:173:14
[INFO] [stdout]     |
[INFO] [stdout] 171 | /         check!()
[INFO] [stdout] 172 | |             .with_generator((path, ecn, segment_size, payload_len))
[INFO] [stdout] 173 | |             .cloned()
[INFO] [stdout]     | |             -^^^^^^ method cannot be called due to unsatisfied trait bounds
[INFO] [stdout]     | |_____________|
[INFO] [stdout]     | 
[INFO] [stdout]     |
[INFO] [stdout]    ::: /opt/rustwide/cargo-home/registry/src/index.crates.io-6f17d22bba15001f/s2n-quic-core-0.31.0/src/path/mod.rs:184:1
[INFO] [stdout]     |
[INFO] [stdout] 184 |   impl_addr!(RemoteAddress);
[INFO] [stdout]     |   ------------------------- doesn't satisfy `_: TypeGenerator`
[INFO] [stdout]     |
[INFO] [stdout]    ::: /opt/rustwide/cargo-home/registry/src/index.crates.io-6f17d22bba15001f/bolero-0.10.0/src/lib.rs:171:1
[INFO] [stdout]     |
[INFO] [stdout] 171 |   pub struct TestTarget<Generator, Engine, InputOwnership> {
[INFO] [stdout]     |   -------------------------------------------------------- doesn't satisfy `_: Iterator`
[INFO] [stdout]     |
[INFO] [stdout]    ::: /opt/rustwide/cargo-home/registry/src/index.crates.io-6f17d22bba15001f/bolero-generator-0.10.1/src/lib.rs:144:1
[INFO] [stdout]     |
[INFO] [stdout] 144 |   pub struct TypeValueGenerator<T: TypeGenerator>(PhantomData<T>);
[INFO] [stdout]     |   ----------------------------------------------- doesn't satisfy `_: ValueGenerator`
[INFO] [stdout]     |
[INFO] [stdout]     = note: the full type name has been written to '/opt/rustwide/target/debug/deps/s2n_quic_platform-f789fb1a90f0f166.long-type-11673663910923174934.txt'
[INFO] [stdout]     = note: the following trait bounds were not satisfied:
[INFO] [stdout]             `(TypeValueGenerator<s2n_quic_core::path::RemoteAddress>, TypeValueGenerator<_>, TypeValueGenerator<_>, RangeInclusive<usize>): ValueGenerator`
[INFO] [stdout]             `TypeValueGenerator<s2n_quic_core::path::RemoteAddress>: ValueGenerator`
[INFO] [stdout]             `s2n_quic_core::path::RemoteAddress: bolero::TypeGenerator`
[INFO] [stdout]             `TestTarget<(TypeValueGenerator<s2n_quic_core::path::RemoteAddress>, TypeValueGenerator<_>, TypeValueGenerator<_>, RangeInclusive<usize>), DefaultEngine, BorrowedInput>: Iterator`
[INFO] [stdout]             which is required by `&mut TestTarget<(TypeValueGenerator<s2n_quic_core::path::RemoteAddress>, TypeValueGenerator<_>, TypeValueGenerator<_>, RangeInclusive<usize>), DefaultEngine, BorrowedInput>: Iterator`
[INFO] [stdout] 
[INFO] [stdout] 
[INFO] [stdout] error: aborting due to 10 previous errors
[INFO] [stdout] 
[INFO] [stdout] 
[INFO] [stdout] Some errors have detailed explanations: E0277, E0599.
[INFO] [stdout] 
[INFO] [stdout] For more information about an error, try `rustc --explain E0277`.
[INFO] [stdout] 
[INFO] [stderr] error: could not compile `s2n-quic-platform` (lib test) due to 11 previous errors
[INFO] running `Command { std: "docker" "inspect" "3873accd4558a3657e297e629f78fee7f962005d9aad4b741c38235469c39a93", kill_on_drop: false }`
[INFO] running `Command { std: "docker" "rm" "-f" "3873accd4558a3657e297e629f78fee7f962005d9aad4b741c38235469c39a93", kill_on_drop: false }`
[INFO] [stdout] 3873accd4558a3657e297e629f78fee7f962005d9aad4b741c38235469c39a93
