[INFO] fetching crate s2n-quic-core 0.31.0...
[INFO] testing s2n-quic-core-0.31.0 against 1.75.0 for beta-1.76-1
[INFO] extracting crate s2n-quic-core 0.31.0 into /workspace/builds/worker-1-tc1/source
[INFO] validating manifest of crates.io crate s2n-quic-core 0.31.0 on toolchain 1.75.0
[INFO] running `Command { std: CARGO_HOME="/workspace/cargo-home" RUSTUP_HOME="/workspace/rustup-home" "/workspace/cargo-home/bin/cargo" "+1.75.0" "metadata" "--manifest-path" "Cargo.toml" "--no-deps", kill_on_drop: false }`
[INFO] started tweaking crates.io crate s2n-quic-core 0.31.0
[INFO] finished tweaking crates.io crate s2n-quic-core 0.31.0
[INFO] tweaked toml for crates.io crate s2n-quic-core 0.31.0 written to /workspace/builds/worker-1-tc1/source/Cargo.toml
[INFO] running `Command { std: CARGO_HOME="/workspace/cargo-home" RUSTUP_HOME="/workspace/rustup-home" "/workspace/cargo-home/bin/cargo" "+1.75.0" "generate-lockfile" "--manifest-path" "Cargo.toml", kill_on_drop: false }`
[INFO] [stderr]     Updating crates.io index
[INFO] running `Command { std: CARGO_HOME="/workspace/cargo-home" RUSTUP_HOME="/workspace/rustup-home" "/workspace/cargo-home/bin/cargo" "+1.75.0" "fetch" "--manifest-path" "Cargo.toml", kill_on_drop: false }`
[INFO] [stderr]  Downloading crates ...
[INFO] [stderr]   Downloaded bolero-generator-derive v0.10.0
[INFO] [stderr]   Downloaded bolero-engine v0.10.0
[INFO] [stderr]   Downloaded bolero-kani v0.10.0
[INFO] [stderr]   Downloaded s2n-codec v0.31.0
[INFO] [stderr]   Downloaded bolero v0.10.0
[INFO] [stderr]   Downloaded futures-test v0.3.30
[INFO] [stderr]   Downloaded bolero-generator v0.10.1
[INFO] [stderr]   Downloaded zerocopy v0.6.6
[INFO] [stderr]   Downloaded bolero-afl v0.10.0
[INFO] [stderr]   Downloaded loom v0.7.1
[INFO] [stderr]   Downloaded bolero-honggfuzz v0.10.0
[INFO] [stderr]   Downloaded zerocopy-derive v0.6.6
[INFO] [stderr]   Downloaded bolero-libfuzzer v0.10.0
[INFO] running `Command { std: "docker" "create" "-v" "/var/lib/crater-agent-workspace/builds/worker-1-tc1/target:/opt/rustwide/target:rw,Z" "-v" "/var/lib/crater-agent-workspace/builds/worker-1-tc1/source:/opt/rustwide/workdir:ro,Z" "-v" "/var/lib/crater-agent-workspace/cargo-home:/opt/rustwide/cargo-home:ro,Z" "-v" "/var/lib/crater-agent-workspace/rustup-home:/opt/rustwide/rustup-home:ro,Z" "-e" "SOURCE_DIR=/opt/rustwide/workdir" "-e" "CARGO_TARGET_DIR=/opt/rustwide/target" "-e" "CARGO_HOME=/opt/rustwide/cargo-home" "-e" "RUSTUP_HOME=/opt/rustwide/rustup-home" "-w" "/opt/rustwide/workdir" "-m" "1610612736" "--user" "0:0" "--network" "none" "ghcr.io/rust-lang/crates-build-env/linux@sha256:2788e3201cd34a07e3172128adcd8b3090168a8e3bcc40d7c032b9dda1df7d1c" "/opt/rustwide/cargo-home/bin/cargo" "+1.75.0" "metadata" "--no-deps" "--format-version=1", kill_on_drop: false }`
[INFO] [stdout] ce85c9d8fc628caca3783961afbbdadf4b31fc5b4d258e76e23be993cce24f63
[INFO] running `Command { std: "docker" "start" "-a" "ce85c9d8fc628caca3783961afbbdadf4b31fc5b4d258e76e23be993cce24f63", kill_on_drop: false }`
[INFO] running `Command { std: "docker" "inspect" "ce85c9d8fc628caca3783961afbbdadf4b31fc5b4d258e76e23be993cce24f63", kill_on_drop: false }`
[INFO] running `Command { std: "docker" "rm" "-f" "ce85c9d8fc628caca3783961afbbdadf4b31fc5b4d258e76e23be993cce24f63", kill_on_drop: false }`
[INFO] [stdout] ce85c9d8fc628caca3783961afbbdadf4b31fc5b4d258e76e23be993cce24f63
[INFO] running `Command { std: "docker" "create" "-v" "/var/lib/crater-agent-workspace/builds/worker-1-tc1/target:/opt/rustwide/target:rw,Z" "-v" "/var/lib/crater-agent-workspace/builds/worker-1-tc1/source:/opt/rustwide/workdir:ro,Z" "-v" "/var/lib/crater-agent-workspace/cargo-home:/opt/rustwide/cargo-home:ro,Z" "-v" "/var/lib/crater-agent-workspace/rustup-home:/opt/rustwide/rustup-home:ro,Z" "-e" "SOURCE_DIR=/opt/rustwide/workdir" "-e" "CARGO_TARGET_DIR=/opt/rustwide/target" "-e" "CARGO_INCREMENTAL=0" "-e" "RUST_BACKTRACE=full" "-e" "RUSTFLAGS=--cap-lints=warn" "-e" "RUSTDOCFLAGS=--cap-lints=warn" "-e" "CARGO_HOME=/opt/rustwide/cargo-home" "-e" "RUSTUP_HOME=/opt/rustwide/rustup-home" "-w" "/opt/rustwide/workdir" "-m" "1610612736" "--user" "0:0" "--network" "none" "ghcr.io/rust-lang/crates-build-env/linux@sha256:2788e3201cd34a07e3172128adcd8b3090168a8e3bcc40d7c032b9dda1df7d1c" "/opt/rustwide/cargo-home/bin/cargo" "+1.75.0" "build" "--frozen" "--message-format=json", kill_on_drop: false }`
[INFO] [stdout] 8a8ba5a13c786de46c4cd2798670d73485da93207c3c9a1cc854b2d04793ebf2
[INFO] running `Command { std: "docker" "start" "-a" "8a8ba5a13c786de46c4cd2798670d73485da93207c3c9a1cc854b2d04793ebf2", kill_on_drop: false }`
[INFO] [stderr]    Compiling libm v0.2.8
[INFO] [stderr]    Compiling num-traits v0.2.17
[INFO] [stderr]    Compiling num-rational v0.4.1
[INFO] [stderr]    Compiling crossbeam-utils v0.8.18
[INFO] [stderr]    Compiling byteorder v1.5.0
[INFO] [stderr]    Compiling bytes v1.5.0
[INFO] [stderr]    Compiling subtle v2.5.0
[INFO] [stderr]    Compiling once_cell v1.19.0
[INFO] [stderr]    Compiling hex-literal v0.4.1
[INFO] [stderr]    Compiling syn v2.0.48
[INFO] [stderr]    Compiling num-integer v0.1.45
[INFO] [stderr]    Compiling zerocopy-derive v0.6.6
[INFO] [stderr]    Compiling zerocopy v0.6.6
[INFO] [stderr]    Compiling s2n-codec v0.31.0
[INFO] [stderr]    Compiling s2n-quic-core v0.31.0 (/opt/rustwide/workdir)
[INFO] [stderr]     Finished dev [unoptimized + debuginfo] target(s) in 5.40s
[INFO] running `Command { std: "docker" "inspect" "8a8ba5a13c786de46c4cd2798670d73485da93207c3c9a1cc854b2d04793ebf2", kill_on_drop: false }`
[INFO] running `Command { std: "docker" "rm" "-f" "8a8ba5a13c786de46c4cd2798670d73485da93207c3c9a1cc854b2d04793ebf2", kill_on_drop: false }`
[INFO] [stdout] 8a8ba5a13c786de46c4cd2798670d73485da93207c3c9a1cc854b2d04793ebf2
[INFO] running `Command { std: "docker" "create" "-v" "/var/lib/crater-agent-workspace/builds/worker-1-tc1/target:/opt/rustwide/target:rw,Z" "-v" "/var/lib/crater-agent-workspace/builds/worker-1-tc1/source:/opt/rustwide/workdir:ro,Z" "-v" "/var/lib/crater-agent-workspace/cargo-home:/opt/rustwide/cargo-home:ro,Z" "-v" "/var/lib/crater-agent-workspace/rustup-home:/opt/rustwide/rustup-home:ro,Z" "-e" "SOURCE_DIR=/opt/rustwide/workdir" "-e" "CARGO_TARGET_DIR=/opt/rustwide/target" "-e" "CARGO_INCREMENTAL=0" "-e" "RUST_BACKTRACE=full" "-e" "RUSTFLAGS=--cap-lints=warn" "-e" "RUSTDOCFLAGS=--cap-lints=warn" "-e" "CARGO_HOME=/opt/rustwide/cargo-home" "-e" "RUSTUP_HOME=/opt/rustwide/rustup-home" "-w" "/opt/rustwide/workdir" "-m" "1610612736" "--user" "0:0" "--network" "none" "ghcr.io/rust-lang/crates-build-env/linux@sha256:2788e3201cd34a07e3172128adcd8b3090168a8e3bcc40d7c032b9dda1df7d1c" "/opt/rustwide/cargo-home/bin/cargo" "+1.75.0" "test" "--frozen" "--no-run" "--message-format=json", kill_on_drop: false }`
[INFO] [stdout] b54d8a8a1312d57996a57cecde6ed14fe76b5013d7f9b84269a0023ec30367c0
[INFO] running `Command { std: "docker" "start" "-a" "b54d8a8a1312d57996a57cecde6ed14fe76b5013d7f9b84269a0023ec30367c0", kill_on_drop: false }`
[INFO] [stderr]    Compiling libc v0.2.151
[INFO] [stderr]    Compiling memchr v2.7.1
[INFO] [stderr]    Compiling equivalent v1.0.1
[INFO] [stderr]    Compiling hashbrown v0.14.3
[INFO] [stderr]    Compiling syn v1.0.109
[INFO] [stderr]    Compiling winnow v0.5.32
[INFO] [stderr]    Compiling toml_datetime v0.6.5
[INFO] [stderr]    Compiling num-traits v0.2.17
[INFO] [stderr]    Compiling futures-core v0.3.30
[INFO] [stderr]    Compiling futures-io v0.3.30
[INFO] [stderr]    Compiling anyhow v1.0.79
[INFO] [stderr]    Compiling ppv-lite86 v0.2.17
[INFO] [stderr]    Compiling syn v2.0.48
[INFO] [stderr]    Compiling getrandom v0.2.11
[INFO] [stderr]    Compiling adler v1.0.2
[INFO] [stderr]    Compiling gimli v0.28.1
[INFO] [stderr]    Compiling rustc-demangle v0.1.23
[INFO] [stderr]    Compiling futures-channel v0.3.30
[INFO] [stderr]    Compiling miniz_oxide v0.7.1
[INFO] [stderr]    Compiling rand_core v0.6.4
[INFO] [stderr]    Compiling serde v1.0.194
[INFO] [stderr]    Compiling either v1.9.0
[INFO] [stderr]    Compiling pretty-hex v0.3.0
[INFO] [stderr]    Compiling rand_chacha v0.3.1
[INFO] [stderr]    Compiling plotters-backend v0.3.5
[INFO] [stderr]    Compiling linked-hash-map v0.5.6
[INFO] [stderr]    Compiling console v0.15.7
[INFO] [stderr]    Compiling object v0.32.2
[INFO] [stderr]    Compiling rand v0.8.5
[INFO] [stderr]    Compiling plotters-svg v0.3.5
[INFO] [stderr]    Compiling indexmap v2.1.0
[INFO] [stderr]    Compiling yaml-rust v0.4.5
[INFO] [stderr]    Compiling similar v2.4.0
[INFO] [stderr]    Compiling ip_network v0.4.1
[INFO] [stderr]    Compiling cc v1.0.83
[INFO] [stderr]    Compiling num-integer v0.1.45
[INFO] [stderr]    Compiling plotters v0.3.5
[INFO] [stderr]    Compiling num-rational v0.4.1
[INFO] [stderr]    Compiling backtrace v0.3.69
[INFO] [stderr]    Compiling toml_edit v0.19.15
[INFO] [stderr]    Compiling addr2line v0.21.0
[INFO] [stderr]    Compiling proc-macro-crate v1.3.1
[INFO] [stderr]    Compiling insta v1.34.0
[INFO] [stderr]    Compiling futures-macro v0.3.30
[INFO] [stderr]    Compiling zerocopy-derive v0.6.6
[INFO] [stderr]    Compiling pin-project-internal v1.1.3
[INFO] [stderr]    Compiling bolero-generator-derive v0.10.0
[INFO] [stderr]    Compiling futures-util v0.3.30
[INFO] [stderr]    Compiling zerocopy v0.6.6
[INFO] [stderr]    Compiling bolero-generator v0.10.1
[INFO] [stderr]    Compiling pin-project v1.1.3
[INFO] [stderr]    Compiling s2n-codec v0.31.0
[INFO] [stderr]    Compiling s2n-quic-core v0.31.0 (/opt/rustwide/workdir)
[INFO] [stderr]    Compiling futures-executor v0.3.30
[INFO] [stderr]    Compiling bolero-engine v0.10.0
[INFO] [stderr]    Compiling futures v0.3.30
[INFO] [stderr]    Compiling futures-test v0.3.30
[INFO] [stderr]    Compiling bolero v0.10.0
[INFO] [stdout] error[E0432]: unresolved import `s2n_codec::assert_codec_round_trip_bytes_mut`
[INFO] [stdout]  --> src/frame/tests.rs:6:17
[INFO] [stdout]   |
[INFO] [stdout] 6 | use s2n_codec::{assert_codec_round_trip_bytes_mut, Encoder, EncoderLenEstimator, EncoderValue};
[INFO] [stdout]   |                 ^^^^^^^^^^^^^^^^^^^^^^^^^^^^^^^^^ no `assert_codec_round_trip_bytes_mut` in the root
[INFO] [stdout] 
[INFO] [stdout] 
[INFO] [stdout] error[E0432]: unresolved import `s2n_codec::testing`
[INFO] [stdout]   --> src/packet/number/tests.rs:10:17
[INFO] [stdout]    |
[INFO] [stdout] 10 | use s2n_codec::{testing::encode, DecoderBuffer};
[INFO] [stdout]    |                 ^^^^^^^ could not find `testing` in `s2n_codec`
[INFO] [stdout] 
[INFO] [stdout] 
[INFO] [stdout] error[E0432]: unresolved imports `s2n_codec::assert_codec_round_trip_bytes`, `s2n_codec::assert_codec_round_trip_value`
[INFO] [stdout]  --> src/transport/parameters/tests.rs:6:17
[INFO] [stdout]   |
[INFO] [stdout] 6 | use s2n_codec::{assert_codec_round_trip_bytes, assert_codec_round_trip_value};
[INFO] [stdout]   |                 ^^^^^^^^^^^^^^^^^^^^^^^^^^^^^  ^^^^^^^^^^^^^^^^^^^^^^^^^^^^^ no `assert_codec_round_trip_value` in the root
[INFO] [stdout]   |                 |
[INFO] [stdout]   |                 no `assert_codec_round_trip_bytes` in the root
[INFO] [stdout] 
[INFO] [stdout] 
[INFO] [stdout] error[E0432]: unresolved imports `s2n_codec::assert_codec_round_trip_bytes`, `s2n_codec::assert_codec_round_trip_value`
[INFO] [stdout]  --> src/varint/tests.rs:9:5
[INFO] [stdout]   |
[INFO] [stdout] 9 |     assert_codec_round_trip_bytes, assert_codec_round_trip_value, DecoderBuffer, EncoderBuffer,
[INFO] [stdout]   |     ^^^^^^^^^^^^^^^^^^^^^^^^^^^^^  ^^^^^^^^^^^^^^^^^^^^^^^^^^^^^ no `assert_codec_round_trip_value` in the root
[INFO] [stdout]   |     |
[INFO] [stdout]   |     no `assert_codec_round_trip_bytes` in the root
[INFO] [stdout] 
[INFO] [stdout] 
[INFO] [stdout] error[E0432]: unresolved import `s2n_codec::assert_codec_round_trip_sample_file`
[INFO] [stdout]    --> src/frame/mod.rs:185:17
[INFO] [stdout]     |
[INFO] [stdout] 185 |               use s2n_codec::assert_codec_round_trip_sample_file;
[INFO] [stdout]     |                   ^^^^^^^^^^^^^^^^^^^^^^^^^^^^^^^^^^^^^^^^^^^^^^ no `assert_codec_round_trip_sample_file` in the root
[INFO] [stdout] ...
[INFO] [stdout] 235 | / frames! {
[INFO] [stdout] 236 | |     AckRanges, Data |
[INFO] [stdout] 237 | |     padding_tag => padding, handle_padding_frame, Padding;
[INFO] [stdout] 238 | |     ping_tag => ping, handle_ping_frame, Ping;
[INFO] [stdout] ...   |
[INFO] [stdout] 257 | |     datagram_tag => datagram, handle_datagram_frame, Datagram[Data];
[INFO] [stdout] 258 | | }
[INFO] [stdout]     | |_- in this macro invocation
[INFO] [stdout]     |
[INFO] [stdout]     = note: this error originates in the macro `frames` (in Nightly builds, run with -Z macro-backtrace for more info)
[INFO] [stdout] 
[INFO] [stdout] 
[INFO] [stdout] error[E0432]: unresolved import `s2n_codec::assert_codec_round_trip_value`
[INFO] [stdout]   --> src/varint/tests.rs:58:17
[INFO] [stdout]    |
[INFO] [stdout] 58 |               use s2n_codec::assert_codec_round_trip_value;
[INFO] [stdout]    |                   ^^^^^^^^^^^^^^^^^^^^^^^^^^^^^^^^^^^^^^^^ no `assert_codec_round_trip_value` in the root
[INFO] [stdout] ...
[INFO] [stdout] 68 | / sequence_test!(eight_byte_sequence_example(
[INFO] [stdout] 69 | |     [0xc2, 0x19, 0x7c, 0x5e, 0xff, 0x14, 0xe8, 0x8c],
[INFO] [stdout] 70 | |     151_288_809_941_952_652
[INFO] [stdout] 71 | | ));
[INFO] [stdout]    | |__- in this macro invocation
[INFO] [stdout]    |
[INFO] [stdout]    = note: this error originates in the macro `sequence_test` (in Nightly builds, run with -Z macro-backtrace for more info)
[INFO] [stdout] help: consider importing this unresolved item through its public re-export instead
[INFO] [stdout]    |
[INFO] [stdout] 58 |             use crate::varint::tests::assert_codec_round_trip_value;
[INFO] [stdout]    |                 ~~~~~~~~~~~~~~~~~~~~~~~~~~~~~~~~~~~~~~~~~~~~~~~~~~~
[INFO] [stdout] 
[INFO] [stdout] 
[INFO] [stdout] error[E0432]: unresolved import `s2n_codec::assert_codec_round_trip_value`
[INFO] [stdout]   --> src/varint/tests.rs:58:17
[INFO] [stdout]    |
[INFO] [stdout] 58 |               use s2n_codec::assert_codec_round_trip_value;
[INFO] [stdout]    |                   ^^^^^^^^^^^^^^^^^^^^^^^^^^^^^^^^^^^^^^^^ no `assert_codec_round_trip_value` in the root
[INFO] [stdout] ...
[INFO] [stdout] 73 | / sequence_test!(four_byte_sequence_example(
[INFO] [stdout] 74 | |     [0x9d, 0x7f, 0x3e, 0x7d],
[INFO] [stdout] 75 | |     494_878_333
[INFO] [stdout] 76 | | ));
[INFO] [stdout]    | |__- in this macro invocation
[INFO] [stdout]    |
[INFO] [stdout]    = note: this error originates in the macro `sequence_test` (in Nightly builds, run with -Z macro-backtrace for more info)
[INFO] [stdout] help: consider importing this unresolved item through its public re-export instead
[INFO] [stdout]    |
[INFO] [stdout] 58 |             use crate::varint::tests::assert_codec_round_trip_value;
[INFO] [stdout]    |                 ~~~~~~~~~~~~~~~~~~~~~~~~~~~~~~~~~~~~~~~~~~~~~~~~~~~
[INFO] [stdout] 
[INFO] [stdout] 
[INFO] [stdout] error[E0432]: unresolved import `s2n_codec::assert_codec_round_trip_value`
[INFO] [stdout]   --> src/varint/tests.rs:58:17
[INFO] [stdout]    |
[INFO] [stdout] 58 |             use s2n_codec::assert_codec_round_trip_value;
[INFO] [stdout]    |                 ^^^^^^^^^^^^^^^^^^^^^^^^^^^^^^^^^^^^^^^^ no `assert_codec_round_trip_value` in the root
[INFO] [stdout] ...
[INFO] [stdout] 78 | sequence_test!(two_byte_sequence_example([0x7b, 0xbd], 15293));
[INFO] [stdout]    | -------------------------------------------------------------- in this macro invocation
[INFO] [stdout]    |
[INFO] [stdout]    = note: this error originates in the macro `sequence_test` (in Nightly builds, run with -Z macro-backtrace for more info)
[INFO] [stdout] help: consider importing this unresolved item through its public re-export instead
[INFO] [stdout]    |
[INFO] [stdout] 58 |             use crate::varint::tests::assert_codec_round_trip_value;
[INFO] [stdout]    |                 ~~~~~~~~~~~~~~~~~~~~~~~~~~~~~~~~~~~~~~~~~~~~~~~~~~~
[INFO] [stdout] 
[INFO] [stdout] 
[INFO] [stdout] error[E0432]: unresolved import `s2n_codec::assert_codec_round_trip_value`
[INFO] [stdout]   --> src/varint/tests.rs:58:17
[INFO] [stdout]    |
[INFO] [stdout] 58 |             use s2n_codec::assert_codec_round_trip_value;
[INFO] [stdout]    |                 ^^^^^^^^^^^^^^^^^^^^^^^^^^^^^^^^^^^^^^^^ no `assert_codec_round_trip_value` in the root
[INFO] [stdout] ...
[INFO] [stdout] 80 | sequence_test!(one_byte_sequence_example([0x25], 37));
[INFO] [stdout]    | ----------------------------------------------------- in this macro invocation
[INFO] [stdout]    |
[INFO] [stdout]    = note: this error originates in the macro `sequence_test` (in Nightly builds, run with -Z macro-backtrace for more info)
[INFO] [stdout] help: consider importing this unresolved item through its public re-export instead
[INFO] [stdout]    |
[INFO] [stdout] 58 |             use crate::varint::tests::assert_codec_round_trip_value;
[INFO] [stdout]    |                 ~~~~~~~~~~~~~~~~~~~~~~~~~~~~~~~~~~~~~~~~~~~~~~~~~~~
[INFO] [stdout] 
[INFO] [stdout] 
[INFO] [stdout] error[E0433]: failed to resolve: could not find `assert_codec_round_trip_bytes` in `s2n_codec`
[INFO] [stdout]    --> src/inet/ethernet.rs:205:24
[INFO] [stdout]     |
[INFO] [stdout] 205 |             s2n_codec::assert_codec_round_trip_bytes!(Header, buffer);
[INFO] [stdout]     |                        ^^^^^^^^^^^^^^^^^^^^^^^^^^^^^ could not find `assert_codec_round_trip_bytes` in `s2n_codec`
[INFO] [stdout] 
[INFO] [stdout] 
[INFO] [stdout] error[E0433]: failed to resolve: could not find `assert_codec_round_trip_sample_file` in `s2n_codec`
[INFO] [stdout]    --> src/inet/macros.rs:68:24
[INFO] [stdout]     |
[INFO] [stdout] 68  |             s2n_codec::assert_codec_round_trip_sample_file!(
[INFO] [stdout]     |                        ^^^^^^^^^^^^^^^^^^^^^^^^^^^^^^^^^^^ could not find `assert_codec_round_trip_sample_file` in `s2n_codec`
[INFO] [stdout]     |
[INFO] [stdout]    ::: src/inet/ipv4.rs:238:1
[INFO] [stdout]     |
[INFO] [stdout] 238 | test_inet_snapshot!(ipv4, ipv4_snapshot_test, IpV4Address);
[INFO] [stdout]     | ---------------------------------------------------------- in this macro invocation
[INFO] [stdout]     |
[INFO] [stdout]     = note: this error originates in the macro `test_inet_snapshot` (in Nightly builds, run with -Z macro-backtrace for more info)
[INFO] [stdout] 
[INFO] [stdout] 
[INFO] [stdout] error[E0433]: failed to resolve: could not find `assert_codec_round_trip_sample_file` in `s2n_codec`
[INFO] [stdout]    --> src/inet/macros.rs:68:24
[INFO] [stdout]     |
[INFO] [stdout] 68  |             s2n_codec::assert_codec_round_trip_sample_file!(
[INFO] [stdout]     |                        ^^^^^^^^^^^^^^^^^^^^^^^^^^^^^^^^^^^ could not find `assert_codec_round_trip_sample_file` in `s2n_codec`
[INFO] [stdout]     |
[INFO] [stdout]    ::: src/inet/ipv4.rs:301:1
[INFO] [stdout]     |
[INFO] [stdout] 301 | test_inet_snapshot!(socket_v4, socket_v4_snapshot_test, SocketAddressV4);
[INFO] [stdout]     | ------------------------------------------------------------------------ in this macro invocation
[INFO] [stdout]     |
[INFO] [stdout]     = note: this error originates in the macro `test_inet_snapshot` (in Nightly builds, run with -Z macro-backtrace for more info)
[INFO] [stdout] 
[INFO] [stdout] 
[INFO] [stdout] error[E0433]: failed to resolve: could not find `assert_codec_round_trip_bytes` in `s2n_codec`
[INFO] [stdout]    --> src/inet/ipv4.rs:896:24
[INFO] [stdout]     |
[INFO] [stdout] 896 |             s2n_codec::assert_codec_round_trip_bytes!(Header, buffer);
[INFO] [stdout]     |                        ^^^^^^^^^^^^^^^^^^^^^^^^^^^^^ could not find `assert_codec_round_trip_bytes` in `s2n_codec`
[INFO] [stdout] 
[INFO] [stdout] 
[INFO] [stdout] error[E0433]: failed to resolve: could not find `assert_codec_round_trip_sample_file` in `s2n_codec`
[INFO] [stdout]    --> src/inet/macros.rs:68:24
[INFO] [stdout]     |
[INFO] [stdout] 68  |             s2n_codec::assert_codec_round_trip_sample_file!(
[INFO] [stdout]     |                        ^^^^^^^^^^^^^^^^^^^^^^^^^^^^^^^^^^^ could not find `assert_codec_round_trip_sample_file` in `s2n_codec`
[INFO] [stdout]     |
[INFO] [stdout]    ::: src/inet/ipv6.rs:278:1
[INFO] [stdout]     |
[INFO] [stdout] 278 | test_inet_snapshot!(ipv6, ipv6_snapshot_test, IpV6Address);
[INFO] [stdout]     | ---------------------------------------------------------- in this macro invocation
[INFO] [stdout]     |
[INFO] [stdout]     = note: this error originates in the macro `test_inet_snapshot` (in Nightly builds, run with -Z macro-backtrace for more info)
[INFO] [stdout] 
[INFO] [stdout] 
[INFO] [stdout] error[E0433]: failed to resolve: could not find `assert_codec_round_trip_sample_file` in `s2n_codec`
[INFO] [stdout]    --> src/inet/macros.rs:68:24
[INFO] [stdout]     |
[INFO] [stdout] 68  |             s2n_codec::assert_codec_round_trip_sample_file!(
[INFO] [stdout]     |                        ^^^^^^^^^^^^^^^^^^^^^^^^^^^^^^^^^^^ could not find `assert_codec_round_trip_sample_file` in `s2n_codec`
[INFO] [stdout]     |
[INFO] [stdout]    ::: src/inet/ipv6.rs:343:1
[INFO] [stdout]     |
[INFO] [stdout] 343 | test_inet_snapshot!(socket_v6, socket_v6_snapshot_test, SocketAddressV6);
[INFO] [stdout]     | ------------------------------------------------------------------------ in this macro invocation
[INFO] [stdout]     |
[INFO] [stdout]     = note: this error originates in the macro `test_inet_snapshot` (in Nightly builds, run with -Z macro-backtrace for more info)
[INFO] [stdout] 
[INFO] [stdout] 
[INFO] [stdout] error[E0433]: failed to resolve: could not find `assert_codec_round_trip_bytes` in `s2n_codec`
[INFO] [stdout]    --> src/inet/ipv6.rs:791:24
[INFO] [stdout]     |
[INFO] [stdout] 791 |             s2n_codec::assert_codec_round_trip_bytes!(Header, buffer);
[INFO] [stdout]     |                        ^^^^^^^^^^^^^^^^^^^^^^^^^^^^^ could not find `assert_codec_round_trip_bytes` in `s2n_codec`
[INFO] [stdout] 
[INFO] [stdout] 
[INFO] [stdout] error[E0433]: failed to resolve: could not find `assert_codec_round_trip_bytes` in `s2n_codec`
[INFO] [stdout]    --> src/inet/udp.rs:119:24
[INFO] [stdout]     |
[INFO] [stdout] 119 |             s2n_codec::assert_codec_round_trip_bytes!(Header, buffer);
[INFO] [stdout]     |                        ^^^^^^^^^^^^^^^^^^^^^^^^^^^^^ could not find `assert_codec_round_trip_bytes` in `s2n_codec`
[INFO] [stdout] 
[INFO] [stdout] 
[INFO] [stdout] error[E0433]: failed to resolve: could not find `assert_codec_round_trip_sample_file` in `s2n_codec`
[INFO] [stdout]    --> src/packet/mod.rs:263:28
[INFO] [stdout]     |
[INFO] [stdout] 263 |                 s2n_codec::assert_codec_round_trip_sample_file!(
[INFO] [stdout]     |                            ^^^^^^^^^^^^^^^^^^^^^^^^^^^^^^^^^^^ could not find `assert_codec_round_trip_sample_file` in `s2n_codec`
[INFO] [stdout] ...
[INFO] [stdout] 282 |     snapshot!(short);
[INFO] [stdout]     |     ---------------- in this macro invocation
[INFO] [stdout]     |
[INFO] [stdout]     = note: this error originates in the macro `snapshot` (in Nightly builds, run with -Z macro-backtrace for more info)
[INFO] [stdout] 
[INFO] [stdout] 
[INFO] [stdout] error[E0433]: failed to resolve: could not find `assert_codec_round_trip_sample_file` in `s2n_codec`
[INFO] [stdout]    --> src/packet/mod.rs:263:28
[INFO] [stdout]     |
[INFO] [stdout] 263 |                 s2n_codec::assert_codec_round_trip_sample_file!(
[INFO] [stdout]     |                            ^^^^^^^^^^^^^^^^^^^^^^^^^^^^^^^^^^^ could not find `assert_codec_round_trip_sample_file` in `s2n_codec`
[INFO] [stdout] ...
[INFO] [stdout] 283 |     snapshot!(initial);
[INFO] [stdout]     |     ------------------ in this macro invocation
[INFO] [stdout]     |
[INFO] [stdout]     = note: this error originates in the macro `snapshot` (in Nightly builds, run with -Z macro-backtrace for more info)
[INFO] [stdout] 
[INFO] [stdout] 
[INFO] [stdout] error[E0433]: failed to resolve: could not find `assert_codec_round_trip_sample_file` in `s2n_codec`
[INFO] [stdout]    --> src/packet/mod.rs:263:28
[INFO] [stdout]     |
[INFO] [stdout] 263 |                 s2n_codec::assert_codec_round_trip_sample_file!(
[INFO] [stdout]     |                            ^^^^^^^^^^^^^^^^^^^^^^^^^^^^^^^^^^^ could not find `assert_codec_round_trip_sample_file` in `s2n_codec`
[INFO] [stdout] ...
[INFO] [stdout] 284 |     snapshot!(zero_rtt);
[INFO] [stdout]     |     ------------------- in this macro invocation
[INFO] [stdout]     |
[INFO] [stdout]     = note: this error originates in the macro `snapshot` (in Nightly builds, run with -Z macro-backtrace for more info)
[INFO] [stdout] 
[INFO] [stdout] 
[INFO] [stdout] error[E0433]: failed to resolve: could not find `assert_codec_round_trip_sample_file` in `s2n_codec`
[INFO] [stdout]    --> src/packet/mod.rs:263:28
[INFO] [stdout]     |
[INFO] [stdout] 263 |                 s2n_codec::assert_codec_round_trip_sample_file!(
[INFO] [stdout]     |                            ^^^^^^^^^^^^^^^^^^^^^^^^^^^^^^^^^^^ could not find `assert_codec_round_trip_sample_file` in `s2n_codec`
[INFO] [stdout] ...
[INFO] [stdout] 285 |     snapshot!(handshake);
[INFO] [stdout]     |     -------------------- in this macro invocation
[INFO] [stdout]     |
[INFO] [stdout]     = note: this error originates in the macro `snapshot` (in Nightly builds, run with -Z macro-backtrace for more info)
[INFO] [stdout] 
[INFO] [stdout] 
[INFO] [stdout] error[E0433]: failed to resolve: could not find `assert_codec_round_trip_sample_file` in `s2n_codec`
[INFO] [stdout]    --> src/packet/mod.rs:263:28
[INFO] [stdout]     |
[INFO] [stdout] 263 |                 s2n_codec::assert_codec_round_trip_sample_file!(
[INFO] [stdout]     |                            ^^^^^^^^^^^^^^^^^^^^^^^^^^^^^^^^^^^ could not find `assert_codec_round_trip_sample_file` in `s2n_codec`
[INFO] [stdout] ...
[INFO] [stdout] 286 |     snapshot!(retry);
[INFO] [stdout]     |     ---------------- in this macro invocation
[INFO] [stdout]     |
[INFO] [stdout]     = note: this error originates in the macro `snapshot` (in Nightly builds, run with -Z macro-backtrace for more info)
[INFO] [stdout] 
[INFO] [stdout] 
[INFO] [stdout] error[E0433]: failed to resolve: could not find `assert_codec_round_trip_sample_file` in `s2n_codec`
[INFO] [stdout]    --> src/packet/mod.rs:263:28
[INFO] [stdout]     |
[INFO] [stdout] 263 |                 s2n_codec::assert_codec_round_trip_sample_file!(
[INFO] [stdout]     |                            ^^^^^^^^^^^^^^^^^^^^^^^^^^^^^^^^^^^ could not find `assert_codec_round_trip_sample_file` in `s2n_codec`
[INFO] [stdout] ...
[INFO] [stdout] 287 |     snapshot!(version_negotiation);
[INFO] [stdout]     |     ------------------------------ in this macro invocation
[INFO] [stdout]     |
[INFO] [stdout]     = note: this error originates in the macro `snapshot` (in Nightly builds, run with -Z macro-backtrace for more info)
[INFO] [stdout] 
[INFO] [stdout] 
[INFO] [stdout] error: cannot determine resolution for the macro `assert_codec_round_trip_bytes_mut`
[INFO] [stdout]   --> src/frame/tests.rs:12:22
[INFO] [stdout]    |
[INFO] [stdout] 12 |         let frames = assert_codec_round_trip_bytes_mut!(FrameRef, &mut input);
[INFO] [stdout]    |                      ^^^^^^^^^^^^^^^^^^^^^^^^^^^^^^^^^
[INFO] [stdout]    |
[INFO] [stdout]    = note: import resolution is stuck, try simplifying macro imports
[INFO] [stdout] 
[INFO] [stdout] 
[INFO] [stdout] error: cannot determine resolution for the macro `assert_codec_round_trip_value`
[INFO] [stdout]    --> src/varint/tests.rs:191:32
[INFO] [stdout]     |
[INFO] [stdout] 191 |             let actual_bytes = assert_codec_round_trip_value!(VarInt, expected);
[INFO] [stdout]     |                                ^^^^^^^^^^^^^^^^^^^^^^^^^^^^^
[INFO] [stdout]     |
[INFO] [stdout]     = note: import resolution is stuck, try simplifying macro imports
[INFO] [stdout] 
[INFO] [stdout] 
[INFO] [stdout] error: cannot determine resolution for the macro `assert_codec_round_trip_value`
[INFO] [stdout]    --> src/varint/tests.rs:151:32
[INFO] [stdout]     |
[INFO] [stdout] 151 |             let actual_bytes = assert_codec_round_trip_value!(VarInt, expected);
[INFO] [stdout]     |                                ^^^^^^^^^^^^^^^^^^^^^^^^^^^^^
[INFO] [stdout]     |
[INFO] [stdout]     = note: import resolution is stuck, try simplifying macro imports
[INFO] [stdout] 
[INFO] [stdout] 
[INFO] [stdout] error: cannot determine resolution for the macro `assert_codec_round_trip_value`
[INFO] [stdout]    --> src/varint/tests.rs:129:32
[INFO] [stdout]     |
[INFO] [stdout] 129 |             let actual_bytes = assert_codec_round_trip_value!(VarInt, expected);
[INFO] [stdout]     |                                ^^^^^^^^^^^^^^^^^^^^^^^^^^^^^
[INFO] [stdout]     |
[INFO] [stdout]     = note: import resolution is stuck, try simplifying macro imports
[INFO] [stdout] 
[INFO] [stdout] 
[INFO] [stdout] error: cannot determine resolution for the macro `assert_codec_round_trip_value`
[INFO] [stdout]    --> src/varint/tests.rs:106:32
[INFO] [stdout]     |
[INFO] [stdout] 106 |             let actual_bytes = assert_codec_round_trip_value!(VarInt, expected);
[INFO] [stdout]     |                                ^^^^^^^^^^^^^^^^^^^^^^^^^^^^^
[INFO] [stdout]     |
[INFO] [stdout]     = note: import resolution is stuck, try simplifying macro imports
[INFO] [stdout] 
[INFO] [stdout] 
[INFO] [stdout] error: cannot determine resolution for the macro `assert_codec_round_trip_value`
[INFO] [stdout]   --> src/varint/tests.rs:62:32
[INFO] [stdout]    |
[INFO] [stdout] 62 |             let actual_bytes = assert_codec_round_trip_value!(VarInt, expected);
[INFO] [stdout]    |                                ^^^^^^^^^^^^^^^^^^^^^^^^^^^^^
[INFO] [stdout] ...
[INFO] [stdout] 80 | sequence_test!(one_byte_sequence_example([0x25], 37));
[INFO] [stdout]    | ----------------------------------------------------- in this macro invocation
[INFO] [stdout]    |
[INFO] [stdout]    = note: import resolution is stuck, try simplifying macro imports
[INFO] [stdout]    = note: this error originates in the macro `sequence_test` (in Nightly builds, run with -Z macro-backtrace for more info)
[INFO] [stdout] 
[INFO] [stdout] 
[INFO] [stdout] error: cannot determine resolution for the macro `assert_codec_round_trip_value`
[INFO] [stdout]   --> src/varint/tests.rs:62:32
[INFO] [stdout]    |
[INFO] [stdout] 62 |             let actual_bytes = assert_codec_round_trip_value!(VarInt, expected);
[INFO] [stdout]    |                                ^^^^^^^^^^^^^^^^^^^^^^^^^^^^^
[INFO] [stdout] ...
[INFO] [stdout] 78 | sequence_test!(two_byte_sequence_example([0x7b, 0xbd], 15293));
[INFO] [stdout]    | -------------------------------------------------------------- in this macro invocation
[INFO] [stdout]    |
[INFO] [stdout]    = note: import resolution is stuck, try simplifying macro imports
[INFO] [stdout]    = note: this error originates in the macro `sequence_test` (in Nightly builds, run with -Z macro-backtrace for more info)
[INFO] [stdout] 
[INFO] [stdout] 
[INFO] [stdout] error: cannot determine resolution for the macro `assert_codec_round_trip_value`
[INFO] [stdout]   --> src/varint/tests.rs:62:32
[INFO] [stdout]    |
[INFO] [stdout] 62 |               let actual_bytes = assert_codec_round_trip_value!(VarInt, expected);
[INFO] [stdout]    |                                  ^^^^^^^^^^^^^^^^^^^^^^^^^^^^^
[INFO] [stdout] ...
[INFO] [stdout] 73 | / sequence_test!(four_byte_sequence_example(
[INFO] [stdout] 74 | |     [0x9d, 0x7f, 0x3e, 0x7d],
[INFO] [stdout] 75 | |     494_878_333
[INFO] [stdout] 76 | | ));
[INFO] [stdout]    | |__- in this macro invocation
[INFO] [stdout]    |
[INFO] [stdout]    = note: import resolution is stuck, try simplifying macro imports
[INFO] [stdout]    = note: this error originates in the macro `sequence_test` (in Nightly builds, run with -Z macro-backtrace for more info)
[INFO] [stdout] 
[INFO] [stdout] 
[INFO] [stdout] error: cannot determine resolution for the macro `assert_codec_round_trip_value`
[INFO] [stdout]   --> src/varint/tests.rs:62:32
[INFO] [stdout]    |
[INFO] [stdout] 62 |               let actual_bytes = assert_codec_round_trip_value!(VarInt, expected);
[INFO] [stdout]    |                                  ^^^^^^^^^^^^^^^^^^^^^^^^^^^^^
[INFO] [stdout] ...
[INFO] [stdout] 68 | / sequence_test!(eight_byte_sequence_example(
[INFO] [stdout] 69 | |     [0xc2, 0x19, 0x7c, 0x5e, 0xff, 0x14, 0xe8, 0x8c],
[INFO] [stdout] 70 | |     151_288_809_941_952_652
[INFO] [stdout] 71 | | ));
[INFO] [stdout]    | |__- in this macro invocation
[INFO] [stdout]    |
[INFO] [stdout]    = note: import resolution is stuck, try simplifying macro imports
[INFO] [stdout]    = note: this error originates in the macro `sequence_test` (in Nightly builds, run with -Z macro-backtrace for more info)
[INFO] [stdout] 
[INFO] [stdout] 
[INFO] [stdout] error: cannot determine resolution for the macro `assert_codec_round_trip_value`
[INFO] [stdout]    --> src/transport/parameters/tests.rs:126:26
[INFO] [stdout]     |
[INFO] [stdout] 126 |     let encoded_output = assert_codec_round_trip_value!(ClientTransportParameters, value);
[INFO] [stdout]     |                          ^^^^^^^^^^^^^^^^^^^^^^^^^^^^^
[INFO] [stdout]     |
[INFO] [stdout]     = note: import resolution is stuck, try simplifying macro imports
[INFO] [stdout] 
[INFO] [stdout] 
[INFO] [stdout] error: cannot determine resolution for the macro `assert_codec_round_trip_value`
[INFO] [stdout]   --> src/transport/parameters/tests.rs:89:26
[INFO] [stdout]    |
[INFO] [stdout] 89 |     let encoded_output = assert_codec_round_trip_value!(ServerTransportParameters, value);
[INFO] [stdout]    |                          ^^^^^^^^^^^^^^^^^^^^^^^^^^^^^
[INFO] [stdout]    |
[INFO] [stdout]    = note: import resolution is stuck, try simplifying macro imports
[INFO] [stdout] 
[INFO] [stdout] 
[INFO] [stdout] error: cannot determine resolution for the macro `assert_codec_round_trip_value`
[INFO] [stdout]   --> src/transport/parameters/tests.rs:36:13
[INFO] [stdout]    |
[INFO] [stdout] 36 |             assert_codec_round_trip_value!($endpoint_params, default_value);
[INFO] [stdout]    |             ^^^^^^^^^^^^^^^^^^^^^^^^^^^^^
[INFO] [stdout] ...
[INFO] [stdout] 52 |     default_transport_parameter_test!(ClientTransportParameters);
[INFO] [stdout]    |     ------------------------------------------------------------ in this macro invocation
[INFO] [stdout]    |
[INFO] [stdout]    = note: import resolution is stuck, try simplifying macro imports
[INFO] [stdout]    = note: this error originates in the macro `default_transport_parameter_test` (in Nightly builds, run with -Z macro-backtrace for more info)
[INFO] [stdout] 
[INFO] [stdout] 
[INFO] [stdout] error: cannot determine resolution for the macro `assert_codec_round_trip_value`
[INFO] [stdout]   --> src/transport/parameters/tests.rs:36:13
[INFO] [stdout]    |
[INFO] [stdout] 36 |             assert_codec_round_trip_value!($endpoint_params, default_value);
[INFO] [stdout]    |             ^^^^^^^^^^^^^^^^^^^^^^^^^^^^^
[INFO] [stdout] ...
[INFO] [stdout] 47 |     default_transport_parameter_test!(ServerTransportParameters);
[INFO] [stdout]    |     ------------------------------------------------------------ in this macro invocation
[INFO] [stdout]    |
[INFO] [stdout]    = note: import resolution is stuck, try simplifying macro imports
[INFO] [stdout]    = note: this error originates in the macro `default_transport_parameter_test` (in Nightly builds, run with -Z macro-backtrace for more info)
[INFO] [stdout] 
[INFO] [stdout] 
[INFO] [stdout] error: cannot determine resolution for the macro `assert_codec_round_trip_value`
[INFO] [stdout]   --> src/varint/tests.rs:25:13
[INFO] [stdout]    |
[INFO] [stdout] 25 |             assert_codec_round_trip_value!(VarInt, v);
[INFO] [stdout]    |             ^^^^^^^^^^^^^^^^^^^^^^^^^^^^^
[INFO] [stdout]    |
[INFO] [stdout]    = note: import resolution is stuck, try simplifying macro imports
[INFO] [stdout] 
[INFO] [stdout] 
[INFO] [stdout] error: cannot determine resolution for the macro `assert_codec_round_trip_bytes`
[INFO] [stdout]   --> src/varint/tests.rs:16:9
[INFO] [stdout]    |
[INFO] [stdout] 16 |         assert_codec_round_trip_bytes!(VarInt, input);
[INFO] [stdout]    |         ^^^^^^^^^^^^^^^^^^^^^^^^^^^^^
[INFO] [stdout]    |
[INFO] [stdout]    = note: import resolution is stuck, try simplifying macro imports
[INFO] [stdout] 
[INFO] [stdout] 
[INFO] [stdout] error: cannot determine resolution for the macro `assert_codec_round_trip_bytes`
[INFO] [stdout]   --> src/transport/parameters/tests.rs:19:13
[INFO] [stdout]    |
[INFO] [stdout] 19 |             assert_codec_round_trip_bytes!(ServerTransportParameters, input[1..]);
[INFO] [stdout]    |             ^^^^^^^^^^^^^^^^^^^^^^^^^^^^^
[INFO] [stdout]    |
[INFO] [stdout]    = note: import resolution is stuck, try simplifying macro imports
[INFO] [stdout] 
[INFO] [stdout] 
[INFO] [stdout] error: cannot determine resolution for the macro `assert_codec_round_trip_bytes`
[INFO] [stdout]   --> src/transport/parameters/tests.rs:17:13
[INFO] [stdout]    |
[INFO] [stdout] 17 |             assert_codec_round_trip_bytes!(ClientTransportParameters, input[1..]);
[INFO] [stdout]    |             ^^^^^^^^^^^^^^^^^^^^^^^^^^^^^
[INFO] [stdout]    |
[INFO] [stdout]    = note: import resolution is stuck, try simplifying macro imports
[INFO] [stdout] 
[INFO] [stdout] 
[INFO] [stdout] error: cannot determine resolution for the macro `assert_codec_round_trip_sample_file`
[INFO] [stdout]    --> src/frame/mod.rs:190:21
[INFO] [stdout]     |
[INFO] [stdout] 190 |                       assert_codec_round_trip_sample_file!(FrameMut, concat!(
[INFO] [stdout]     |                       ^^^^^^^^^^^^^^^^^^^^^^^^^^^^^^^^^^^
[INFO] [stdout] ...
[INFO] [stdout] 235 | / frames! {
[INFO] [stdout] 236 | |     AckRanges, Data |
[INFO] [stdout] 237 | |     padding_tag => padding, handle_padding_frame, Padding;
[INFO] [stdout] 238 | |     ping_tag => ping, handle_ping_frame, Ping;
[INFO] [stdout] ...   |
[INFO] [stdout] 257 | |     datagram_tag => datagram, handle_datagram_frame, Datagram[Data];
[INFO] [stdout] 258 | | }
[INFO] [stdout]     | |_- in this macro invocation
[INFO] [stdout]     |
[INFO] [stdout]     = note: import resolution is stuck, try simplifying macro imports
[INFO] [stdout]     = note: this error originates in the macro `frames` (in Nightly builds, run with -Z macro-backtrace for more info)
[INFO] [stdout] 
[INFO] [stdout] 
[INFO] [stdout] warning: unused import: `crate::frame::FrameRef`
[INFO] [stdout]  --> src/frame/tests.rs:4:5
[INFO] [stdout]   |
[INFO] [stdout] 4 | use crate::frame::FrameRef;
[INFO] [stdout]   |     ^^^^^^^^^^^^^^^^^^^^^^
[INFO] [stdout]   |
[INFO] [stdout]   = note: `#[warn(unused_imports)]` on by default
[INFO] [stdout] 
[INFO] [stdout] 
[INFO] [stdout] warning: unused import: `super::*`
[INFO] [stdout]    --> src/frame/mod.rs:184:17
[INFO] [stdout]     |
[INFO] [stdout] 184 |               use super::*;
[INFO] [stdout]     |                   ^^^^^^^^
[INFO] [stdout] ...
[INFO] [stdout] 235 | / frames! {
[INFO] [stdout] 236 | |     AckRanges, Data |
[INFO] [stdout] 237 | |     padding_tag => padding, handle_padding_frame, Padding;
[INFO] [stdout] 238 | |     ping_tag => ping, handle_ping_frame, Ping;
[INFO] [stdout] ...   |
[INFO] [stdout] 257 | |     datagram_tag => datagram, handle_datagram_frame, Datagram[Data];
[INFO] [stdout] 258 | | }
[INFO] [stdout]     | |_- in this macro invocation
[INFO] [stdout]     |
[INFO] [stdout]     = note: this warning originates in the macro `frames` (in Nightly builds, run with -Z macro-backtrace for more info)
[INFO] [stdout] 
[INFO] [stdout] 
[INFO] [stdout] warning: unused import: `super::*`
[INFO] [stdout]    --> src/packet/mod.rs:257:9
[INFO] [stdout]     |
[INFO] [stdout] 257 |     use super::*;
[INFO] [stdout]     |         ^^^^^^^^
[INFO] [stdout] 
[INFO] [stdout] 
[INFO] [stdout] error[E0277]: the trait bound `s2n_codec::zerocopy::U16: bolero::TypeGenerator` is not satisfied
[INFO] [stdout]    --> src/inet/macros.rs:16:61
[INFO] [stdout]     |
[INFO] [stdout] 16  |           #[cfg_attr(any(test, feature = "generator"), derive(bolero_generator::TypeGenerator))]
[INFO] [stdout]     |                                                               ^^^^^^^^^^^^^^^^^^^^^^^^^^^^^^^ the trait `bolero::TypeGenerator` is not implemented for `s2n_codec::zerocopy::U16`
[INFO] [stdout]     |
[INFO] [stdout]    ::: src/inet/ipv4.rs:240:1
[INFO] [stdout]     |
[INFO] [stdout] 240 | / define_inet_type!(
[INFO] [stdout] 241 | |     pub struct SocketAddressV4 {
[INFO] [stdout] 242 | |         ip: IpV4Address,
[INFO] [stdout] 243 | |         port: U16,
[INFO] [stdout] 244 | |     }
[INFO] [stdout] 245 | | );
[INFO] [stdout]     | |_- in this macro invocation
[INFO] [stdout]     |
[INFO] [stdout]     = help: the following other types implement trait `bolero::TypeGenerator`:
[INFO] [stdout]               bool
[INFO] [stdout]               char
[INFO] [stdout]               isize
[INFO] [stdout]               i8
[INFO] [stdout]               i16
[INFO] [stdout]               i32
[INFO] [stdout]               i64
[INFO] [stdout]               i128
[INFO] [stdout]             and 140 others
[INFO] [stdout]     = note: required for `TypeValueGenerator<s2n_codec::zerocopy::U16>` to implement `bolero::ValueGenerator`
[INFO] [stdout]     = note: this error originates in the derive macro `bolero_generator::TypeGenerator` which comes from the expansion of the macro `define_inet_type` (in Nightly builds, run with -Z macro-backtrace for more info)
[INFO] [stdout] 
[INFO] [stdout] 
[INFO] [stdout] error[E0277]: the trait bound `s2n_codec::zerocopy::U16: bolero::TypeGenerator` is not satisfied
[INFO] [stdout]    --> src/inet/ipv4.rs:243:9
[INFO] [stdout]     |
[INFO] [stdout] 243 |         port: U16,
[INFO] [stdout]     |         ^^^^ the trait `bolero::TypeGenerator` is not implemented for `s2n_codec::zerocopy::U16`
[INFO] [stdout]     |
[INFO] [stdout]     = help: the following other types implement trait `bolero::TypeGenerator`:
[INFO] [stdout]               bool
[INFO] [stdout]               char
[INFO] [stdout]               isize
[INFO] [stdout]               i8
[INFO] [stdout]               i16
[INFO] [stdout]               i32
[INFO] [stdout]               i64
[INFO] [stdout]               i128
[INFO] [stdout]             and 140 others
[INFO] [stdout]     = note: required for `TypeValueGenerator<s2n_codec::zerocopy::U16>` to implement `bolero::ValueGenerator`
[INFO] [stdout] 
[INFO] [stdout] 
[INFO] [stdout] error[E0277]: the trait bound `s2n_codec::zerocopy::U16: bolero::TypeGenerator` is not satisfied
[INFO] [stdout]    --> src/inet/macros.rs:16:61
[INFO] [stdout]     |
[INFO] [stdout] 16  |           #[cfg_attr(any(test, feature = "generator"), derive(bolero_generator::TypeGenerator))]
[INFO] [stdout]     |                                                               ^^^^^^^^^^^^^^^^^^^^^^^^^^^^^^^ the trait `bolero::TypeGenerator` is not implemented for `s2n_codec::zerocopy::U16`
[INFO] [stdout]     |
[INFO] [stdout]    ::: src/inet/ipv4.rs:339:1
[INFO] [stdout]     |
[INFO] [stdout] 339 | / define_inet_type!(
[INFO] [stdout] 340 | |     pub struct Header {
[INFO] [stdout] 341 | |         vihl: Vihl,
[INFO] [stdout] 342 | |         tos: Tos,
[INFO] [stdout] ...   |
[INFO] [stdout] 351 | |     }
[INFO] [stdout] 352 | | );
[INFO] [stdout]     | |_- in this macro invocation
[INFO] [stdout]     |
[INFO] [stdout]     = help: the following other types implement trait `bolero::TypeGenerator`:
[INFO] [stdout]               bool
[INFO] [stdout]               char
[INFO] [stdout]               isize
[INFO] [stdout]               i8
[INFO] [stdout]               i16
[INFO] [stdout]               i32
[INFO] [stdout]               i64
[INFO] [stdout]               i128
[INFO] [stdout]             and 140 others
[INFO] [stdout]     = note: required for `TypeValueGenerator<s2n_codec::zerocopy::U16>` to implement `bolero::ValueGenerator`
[INFO] [stdout]     = note: this error originates in the derive macro `bolero_generator::TypeGenerator` which comes from the expansion of the macro `define_inet_type` (in Nightly builds, run with -Z macro-backtrace for more info)
[INFO] [stdout] 
[INFO] [stdout] 
[INFO] [stdout] error[E0277]: the trait bound `s2n_codec::zerocopy::U16: bolero::TypeGenerator` is not satisfied
[INFO] [stdout]    --> src/inet/ipv4.rs:343:9
[INFO] [stdout]     |
[INFO] [stdout] 343 |         total_len: U16,
[INFO] [stdout]     |         ^^^^^^^^^ the trait `bolero::TypeGenerator` is not implemented for `s2n_codec::zerocopy::U16`
[INFO] [stdout]     |
[INFO] [stdout]     = help: the following other types implement trait `bolero::TypeGenerator`:
[INFO] [stdout]               bool
[INFO] [stdout]               char
[INFO] [stdout]               isize
[INFO] [stdout]               i8
[INFO] [stdout]               i16
[INFO] [stdout]               i32
[INFO] [stdout]               i64
[INFO] [stdout]               i128
[INFO] [stdout]             and 140 others
[INFO] [stdout]     = note: required for `TypeValueGenerator<s2n_codec::zerocopy::U16>` to implement `bolero::ValueGenerator`
[INFO] [stdout] 
[INFO] [stdout] 
[INFO] [stdout] error[E0277]: the trait bound `s2n_codec::zerocopy::U16: bolero::TypeGenerator` is not satisfied
[INFO] [stdout]    --> src/inet/macros.rs:16:61
[INFO] [stdout]     |
[INFO] [stdout] 16  |           #[cfg_attr(any(test, feature = "generator"), derive(bolero_generator::TypeGenerator))]
[INFO] [stdout]     |                                                               ^^^^^^^^^^^^^^^^^^^^^^^^^^^^^^^ the trait `bolero::TypeGenerator` is not implemented for `s2n_codec::zerocopy::U16`
[INFO] [stdout]     |
[INFO] [stdout]    ::: src/inet/ipv4.rs:596:1
[INFO] [stdout]     |
[INFO] [stdout] 596 | / define_inet_type!(
[INFO] [stdout] 597 | |     pub struct FlagFragment {
[INFO] [stdout] 598 | |         value: U16,
[INFO] [stdout] 599 | |     }
[INFO] [stdout] 600 | | );
[INFO] [stdout]     | |_- in this macro invocation
[INFO] [stdout]     |
[INFO] [stdout]     = help: the following other types implement trait `bolero::TypeGenerator`:
[INFO] [stdout]               bool
[INFO] [stdout]               char
[INFO] [stdout]               isize
[INFO] [stdout]               i8
[INFO] [stdout]               i16
[INFO] [stdout]               i32
[INFO] [stdout]               i64
[INFO] [stdout]               i128
[INFO] [stdout]             and 140 others
[INFO] [stdout]     = note: required for `TypeValueGenerator<s2n_codec::zerocopy::U16>` to implement `bolero::ValueGenerator`
[INFO] [stdout]     = note: this error originates in the derive macro `bolero_generator::TypeGenerator` which comes from the expansion of the macro `define_inet_type` (in Nightly builds, run with -Z macro-backtrace for more info)
[INFO] [stdout] 
[INFO] [stdout] 
[INFO] [stdout] error[E0277]: the trait bound `s2n_codec::zerocopy::U16: bolero::TypeGenerator` is not satisfied
[INFO] [stdout]    --> src/inet/ipv4.rs:598:9
[INFO] [stdout]     |
[INFO] [stdout] 598 |         value: U16,
[INFO] [stdout]     |         ^^^^^ the trait `bolero::TypeGenerator` is not implemented for `s2n_codec::zerocopy::U16`
[INFO] [stdout]     |
[INFO] [stdout]     = help: the following other types implement trait `bolero::TypeGenerator`:
[INFO] [stdout]               bool
[INFO] [stdout]               char
[INFO] [stdout]               isize
[INFO] [stdout]               i8
[INFO] [stdout]               i16
[INFO] [stdout]               i32
[INFO] [stdout]               i64
[INFO] [stdout]               i128
[INFO] [stdout]             and 140 others
[INFO] [stdout]     = note: required for `TypeValueGenerator<s2n_codec::zerocopy::U16>` to implement `bolero::ValueGenerator`
[INFO] [stdout] 
[INFO] [stdout] 
[INFO] [stdout] error[E0277]: the trait bound `s2n_codec::zerocopy::U16: bolero::TypeGenerator` is not satisfied
[INFO] [stdout]    --> src/inet/macros.rs:16:61
[INFO] [stdout]     |
[INFO] [stdout] 16  |           #[cfg_attr(any(test, feature = "generator"), derive(bolero_generator::TypeGenerator))]
[INFO] [stdout]     |                                                               ^^^^^^^^^^^^^^^^^^^^^^^^^^^^^^^ the trait `bolero::TypeGenerator` is not implemented for `s2n_codec::zerocopy::U16`
[INFO] [stdout]     |
[INFO] [stdout]    ::: src/inet/ipv6.rs:280:1
[INFO] [stdout]     |
[INFO] [stdout] 280 | / define_inet_type!(
[INFO] [stdout] 281 | |     pub struct SocketAddressV6 {
[INFO] [stdout] 282 | |         ip: IpV6Address,
[INFO] [stdout] 283 | |         port: U16,
[INFO] [stdout] 284 | |     }
[INFO] [stdout] 285 | | );
[INFO] [stdout]     | |_- in this macro invocation
[INFO] [stdout]     |
[INFO] [stdout]     = help: the following other types implement trait `bolero::TypeGenerator`:
[INFO] [stdout]               bool
[INFO] [stdout]               char
[INFO] [stdout]               isize
[INFO] [stdout]               i8
[INFO] [stdout]               i16
[INFO] [stdout]               i32
[INFO] [stdout]               i64
[INFO] [stdout]               i128
[INFO] [stdout]             and 140 others
[INFO] [stdout]     = note: required for `TypeValueGenerator<s2n_codec::zerocopy::U16>` to implement `bolero::ValueGenerator`
[INFO] [stdout]     = note: this error originates in the derive macro `bolero_generator::TypeGenerator` which comes from the expansion of the macro `define_inet_type` (in Nightly builds, run with -Z macro-backtrace for more info)
[INFO] [stdout] 
[INFO] [stdout] 
[INFO] [stdout] error[E0277]: the trait bound `s2n_codec::zerocopy::U16: bolero::TypeGenerator` is not satisfied
[INFO] [stdout]    --> src/inet/ipv6.rs:283:9
[INFO] [stdout]     |
[INFO] [stdout] 283 |         port: U16,
[INFO] [stdout]     |         ^^^^ the trait `bolero::TypeGenerator` is not implemented for `s2n_codec::zerocopy::U16`
[INFO] [stdout]     |
[INFO] [stdout]     = help: the following other types implement trait `bolero::TypeGenerator`:
[INFO] [stdout]               bool
[INFO] [stdout]               char
[INFO] [stdout]               isize
[INFO] [stdout]               i8
[INFO] [stdout]               i16
[INFO] [stdout]               i32
[INFO] [stdout]               i64
[INFO] [stdout]               i128
[INFO] [stdout]             and 140 others
[INFO] [stdout]     = note: required for `TypeValueGenerator<s2n_codec::zerocopy::U16>` to implement `bolero::ValueGenerator`
[INFO] [stdout] 
[INFO] [stdout] 
[INFO] [stdout] error[E0277]: the trait bound `s2n_codec::zerocopy::U16: bolero::TypeGenerator` is not satisfied
[INFO] [stdout]    --> src/inet/macros.rs:16:61
[INFO] [stdout]     |
[INFO] [stdout] 16  |           #[cfg_attr(any(test, feature = "generator"), derive(bolero_generator::TypeGenerator))]
[INFO] [stdout]     |                                                               ^^^^^^^^^^^^^^^^^^^^^^^^^^^^^^^ the trait `bolero::TypeGenerator` is not implemented for `s2n_codec::zerocopy::U16`
[INFO] [stdout]     |
[INFO] [stdout]    ::: src/inet/ipv6.rs:412:1
[INFO] [stdout]     |
[INFO] [stdout] 412 | / define_inet_type!(
[INFO] [stdout] 413 | |     pub struct Header {
[INFO] [stdout] 414 | |         vtcfl: Vtcfl,
[INFO] [stdout] 415 | |         payload_len: U16,
[INFO] [stdout] ...   |
[INFO] [stdout] 420 | |     }
[INFO] [stdout] 421 | | );
[INFO] [stdout]     | |_- in this macro invocation
[INFO] [stdout]     |
[INFO] [stdout]     = help: the following other types implement trait `bolero::TypeGenerator`:
[INFO] [stdout]               bool
[INFO] [stdout]               char
[INFO] [stdout]               isize
[INFO] [stdout]               i8
[INFO] [stdout]               i16
[INFO] [stdout]               i32
[INFO] [stdout]               i64
[INFO] [stdout]               i128
[INFO] [stdout]             and 140 others
[INFO] [stdout]     = note: required for `TypeValueGenerator<s2n_codec::zerocopy::U16>` to implement `bolero::ValueGenerator`
[INFO] [stdout]     = note: this error originates in the derive macro `bolero_generator::TypeGenerator` which comes from the expansion of the macro `define_inet_type` (in Nightly builds, run with -Z macro-backtrace for more info)
[INFO] [stdout] 
[INFO] [stdout] 
[INFO] [stdout] error[E0277]: the trait bound `s2n_codec::zerocopy::U16: bolero::TypeGenerator` is not satisfied
[INFO] [stdout]    --> src/inet/ipv6.rs:415:9
[INFO] [stdout]     |
[INFO] [stdout] 415 |         payload_len: U16,
[INFO] [stdout]     |         ^^^^^^^^^^^ the trait `bolero::TypeGenerator` is not implemented for `s2n_codec::zerocopy::U16`
[INFO] [stdout]     |
[INFO] [stdout]     = help: the following other types implement trait `bolero::TypeGenerator`:
[INFO] [stdout]               bool
[INFO] [stdout]               char
[INFO] [stdout]               isize
[INFO] [stdout]               i8
[INFO] [stdout]               i16
[INFO] [stdout]               i32
[INFO] [stdout]               i64
[INFO] [stdout]               i128
[INFO] [stdout]             and 140 others
[INFO] [stdout]     = note: required for `TypeValueGenerator<s2n_codec::zerocopy::U16>` to implement `bolero::ValueGenerator`
[INFO] [stdout] 
[INFO] [stdout] 
[INFO] [stdout] error[E0277]: the trait bound `s2n_codec::zerocopy::U16: bolero::TypeGenerator` is not satisfied
[INFO] [stdout]   --> src/inet/macros.rs:16:61
[INFO] [stdout]    |
[INFO] [stdout] 16 |           #[cfg_attr(any(test, feature = "generator"), derive(bolero_generator::TypeGenerator))]
[INFO] [stdout]    |                                                               ^^^^^^^^^^^^^^^^^^^^^^^^^^^^^^^ the trait `bolero::TypeGenerator` is not implemented for `s2n_codec::zerocopy::U16`
[INFO] [stdout]    |
[INFO] [stdout]   ::: src/inet/udp.rs:23:1
[INFO] [stdout]    |
[INFO] [stdout] 23 | / define_inet_type!(
[INFO] [stdout] 24 | |     pub struct Header {
[INFO] [stdout] 25 | |         source: U16,
[INFO] [stdout] 26 | |         destination: U16,
[INFO] [stdout] ...  |
[INFO] [stdout] 29 | |     }
[INFO] [stdout] 30 | | );
[INFO] [stdout]    | |_- in this macro invocation
[INFO] [stdout]    |
[INFO] [stdout]    = help: the following other types implement trait `bolero::TypeGenerator`:
[INFO] [stdout]              bool
[INFO] [stdout]              char
[INFO] [stdout]              isize
[INFO] [stdout]              i8
[INFO] [stdout]              i16
[INFO] [stdout]              i32
[INFO] [stdout]              i64
[INFO] [stdout]              i128
[INFO] [stdout]            and 140 others
[INFO] [stdout]    = note: required for `TypeValueGenerator<s2n_codec::zerocopy::U16>` to implement `bolero::ValueGenerator`
[INFO] [stdout]    = note: this error originates in the derive macro `bolero_generator::TypeGenerator` which comes from the expansion of the macro `define_inet_type` (in Nightly builds, run with -Z macro-backtrace for more info)
[INFO] [stdout] 
[INFO] [stdout] 
[INFO] [stdout] error[E0277]: the trait bound `s2n_codec::zerocopy::U16: bolero::TypeGenerator` is not satisfied
[INFO] [stdout]   --> src/inet/udp.rs:25:9
[INFO] [stdout]    |
[INFO] [stdout] 25 |         source: U16,
[INFO] [stdout]    |         ^^^^^^ the trait `bolero::TypeGenerator` is not implemented for `s2n_codec::zerocopy::U16`
[INFO] [stdout]    |
[INFO] [stdout]    = help: the following other types implement trait `bolero::TypeGenerator`:
[INFO] [stdout]              bool
[INFO] [stdout]              char
[INFO] [stdout]              isize
[INFO] [stdout]              i8
[INFO] [stdout]              i16
[INFO] [stdout]              i32
[INFO] [stdout]              i64
[INFO] [stdout]              i128
[INFO] [stdout]            and 140 others
[INFO] [stdout]    = note: required for `TypeValueGenerator<s2n_codec::zerocopy::U16>` to implement `bolero::ValueGenerator`
[INFO] [stdout] 
[INFO] [stdout] 
[INFO] [stdout] error[E0277]: the trait bound `u24: bolero::TypeGenerator` is not satisfied
[INFO] [stdout]   --> src/packet/number/truncated_packet_number.rs:95:53
[INFO] [stdout]    |
[INFO] [stdout] 95 | #[cfg_attr(any(test, feature = "generator"), derive(TypeGenerator))]
[INFO] [stdout]    |                                                     ^^^^^^^^^^^^^ the trait `bolero::TypeGenerator` is not implemented for `u24`
[INFO] [stdout]    |
[INFO] [stdout]    = help: the following other types implement trait `bolero::TypeGenerator`:
[INFO] [stdout]              bool
[INFO] [stdout]              char
[INFO] [stdout]              isize
[INFO] [stdout]              i8
[INFO] [stdout]              i16
[INFO] [stdout]              i32
[INFO] [stdout]              i64
[INFO] [stdout]              i128
[INFO] [stdout]            and 140 others
[INFO] [stdout]    = note: required for `TypeValueGenerator<u24>` to implement `bolero::ValueGenerator`
[INFO] [stdout]    = note: this error originates in the derive macro `TypeGenerator` (in Nightly builds, run with -Z macro-backtrace for more info)
[INFO] [stdout] 
[INFO] [stdout] 
[INFO] [stdout] error[E0277]: the trait bound `u24: bolero::TypeGenerator` is not satisfied
[INFO] [stdout]   --> src/packet/number/truncated_packet_number.rs:99:9
[INFO] [stdout]    |
[INFO] [stdout] 99 |     U24(u24),
[INFO] [stdout]    |         ^^^ the trait `bolero::TypeGenerator` is not implemented for `u24`
[INFO] [stdout]    |
[INFO] [stdout]    = help: the following other types implement trait `bolero::TypeGenerator`:
[INFO] [stdout]              bool
[INFO] [stdout]              char
[INFO] [stdout]              isize
[INFO] [stdout]              i8
[INFO] [stdout]              i16
[INFO] [stdout]              i32
[INFO] [stdout]              i64
[INFO] [stdout]              i128
[INFO] [stdout]            and 140 others
[INFO] [stdout]    = note: required for `TypeValueGenerator<u24>` to implement `bolero::ValueGenerator`
[INFO] [stdout] 
[INFO] [stdout] 
[INFO] [stdout] warning: unused import: `EncoderValue`
[INFO] [stdout]  --> src/frame/tests.rs:6:82
[INFO] [stdout]   |
[INFO] [stdout] 6 | use s2n_codec::{assert_codec_round_trip_bytes_mut, Encoder, EncoderLenEstimator, EncoderValue};
[INFO] [stdout]   |                                                                                  ^^^^^^^^^^^^
[INFO] [stdout] 
[INFO] [stdout] 
[INFO] [stdout] error: aborting due to 55 previous errors; 4 warnings emitted
[INFO] [stdout] 
[INFO] [stdout] 
[INFO] [stdout] Some errors have detailed explanations: E0277, E0432, E0433.
[INFO] [stdout] 
[INFO] [stdout] For more information about an error, try `rustc --explain E0277`.
[INFO] [stdout] 
[INFO] [stderr] error: could not compile `s2n-quic-core` (lib test) due to 56 previous errors; 4 warnings emitted
[INFO] running `Command { std: "docker" "inspect" "b54d8a8a1312d57996a57cecde6ed14fe76b5013d7f9b84269a0023ec30367c0", kill_on_drop: false }`
[INFO] running `Command { std: "docker" "rm" "-f" "b54d8a8a1312d57996a57cecde6ed14fe76b5013d7f9b84269a0023ec30367c0", kill_on_drop: false }`
[INFO] [stdout] b54d8a8a1312d57996a57cecde6ed14fe76b5013d7f9b84269a0023ec30367c0
