[INFO] fetching crate rweb 0.15.0...
[INFO] testing rweb-0.15.0 against 1.75.0 for beta-1.76-1
[INFO] extracting crate rweb 0.15.0 into /workspace/builds/worker-3-tc1/source
[INFO] validating manifest of crates.io crate rweb 0.15.0 on toolchain 1.75.0
[INFO] running `Command { std: CARGO_HOME="/workspace/cargo-home" RUSTUP_HOME="/workspace/rustup-home" "/workspace/cargo-home/bin/cargo" "+1.75.0" "metadata" "--manifest-path" "Cargo.toml" "--no-deps", kill_on_drop: false }`
[INFO] started tweaking crates.io crate rweb 0.15.0
[INFO] removed 0 missing examples
[INFO] finished tweaking crates.io crate rweb 0.15.0
[INFO] tweaked toml for crates.io crate rweb 0.15.0 written to /workspace/builds/worker-3-tc1/source/Cargo.toml
[INFO] crate crates.io crate rweb 0.15.0 already has a lockfile, it will not be regenerated
[INFO] running `Command { std: CARGO_HOME="/workspace/cargo-home" RUSTUP_HOME="/workspace/rustup-home" "/workspace/cargo-home/bin/cargo" "+1.75.0" "fetch" "--manifest-path" "Cargo.toml", kill_on_drop: false }`
[INFO] [stderr]     Updating crates.io index
[INFO] [stderr]  Downloading crates ...
[INFO] [stderr]   Downloaded multipart v0.17.1
[INFO] [stderr]   Downloaded rweb-openapi v0.7.0
[INFO] [stderr]   Downloaded rweb-macros v0.14.0
[INFO] [stderr]   Downloaded rweb-openapi v0.6.0
[INFO] [stderr]   Downloaded enumset v1.0.7
[INFO] running `Command { std: "docker" "create" "-v" "/var/lib/crater-agent-workspace/builds/worker-3-tc1/target:/opt/rustwide/target:rw,Z" "-v" "/var/lib/crater-agent-workspace/builds/worker-3-tc1/source:/opt/rustwide/workdir:ro,Z" "-v" "/var/lib/crater-agent-workspace/cargo-home:/opt/rustwide/cargo-home:ro,Z" "-v" "/var/lib/crater-agent-workspace/rustup-home:/opt/rustwide/rustup-home:ro,Z" "-e" "SOURCE_DIR=/opt/rustwide/workdir" "-e" "CARGO_TARGET_DIR=/opt/rustwide/target" "-e" "CARGO_HOME=/opt/rustwide/cargo-home" "-e" "RUSTUP_HOME=/opt/rustwide/rustup-home" "-w" "/opt/rustwide/workdir" "-m" "1610612736" "--user" "0:0" "--network" "none" "ghcr.io/rust-lang/crates-build-env/linux@sha256:2788e3201cd34a07e3172128adcd8b3090168a8e3bcc40d7c032b9dda1df7d1c" "/opt/rustwide/cargo-home/bin/cargo" "+1.75.0" "metadata" "--no-deps" "--format-version=1", kill_on_drop: false }`
[INFO] [stdout] 1528ecc35178da0e356a4a1420ee85171359a051f760df307886f12a1b84d56d
[INFO] running `Command { std: "docker" "start" "-a" "1528ecc35178da0e356a4a1420ee85171359a051f760df307886f12a1b84d56d", kill_on_drop: false }`
[INFO] running `Command { std: "docker" "inspect" "1528ecc35178da0e356a4a1420ee85171359a051f760df307886f12a1b84d56d", kill_on_drop: false }`
[INFO] running `Command { std: "docker" "rm" "-f" "1528ecc35178da0e356a4a1420ee85171359a051f760df307886f12a1b84d56d", kill_on_drop: false }`
[INFO] [stdout] 1528ecc35178da0e356a4a1420ee85171359a051f760df307886f12a1b84d56d
[INFO] running `Command { std: "docker" "create" "-v" "/var/lib/crater-agent-workspace/builds/worker-3-tc1/target:/opt/rustwide/target:rw,Z" "-v" "/var/lib/crater-agent-workspace/builds/worker-3-tc1/source:/opt/rustwide/workdir:ro,Z" "-v" "/var/lib/crater-agent-workspace/cargo-home:/opt/rustwide/cargo-home:ro,Z" "-v" "/var/lib/crater-agent-workspace/rustup-home:/opt/rustwide/rustup-home:ro,Z" "-e" "SOURCE_DIR=/opt/rustwide/workdir" "-e" "CARGO_TARGET_DIR=/opt/rustwide/target" "-e" "CARGO_INCREMENTAL=0" "-e" "RUST_BACKTRACE=full" "-e" "RUSTFLAGS=--cap-lints=warn" "-e" "RUSTDOCFLAGS=--cap-lints=warn" "-e" "CARGO_HOME=/opt/rustwide/cargo-home" "-e" "RUSTUP_HOME=/opt/rustwide/rustup-home" "-w" "/opt/rustwide/workdir" "-m" "1610612736" "--user" "0:0" "--network" "none" "ghcr.io/rust-lang/crates-build-env/linux@sha256:2788e3201cd34a07e3172128adcd8b3090168a8e3bcc40d7c032b9dda1df7d1c" "/opt/rustwide/cargo-home/bin/cargo" "+1.75.0" "build" "--frozen" "--message-format=json", kill_on_drop: false }`
[INFO] [stdout] 43433701e87caec4acf74d98c27927010e553284fe161f5aa9123f92902cc025
[INFO] running `Command { std: "docker" "start" "-a" "43433701e87caec4acf74d98c27927010e553284fe161f5aa9123f92902cc025", kill_on_drop: false }`
[INFO] [stderr]    Compiling proc-macro2 v1.0.32
[INFO] [stderr]    Compiling unicode-xid v0.2.2
[INFO] [stderr]    Compiling syn v1.0.81
[INFO] [stderr]    Compiling libc v0.2.106
[INFO] [stderr]    Compiling autocfg v1.0.1
[INFO] [stderr]    Compiling version_check v0.9.3
[INFO] [stderr]    Compiling memchr v2.4.1
[INFO] [stderr]    Compiling log v0.4.14
[INFO] [stderr]    Compiling serde_derive v1.0.130
[INFO] [stderr]    Compiling serde v1.0.130
[INFO] [stderr]    Compiling itoa v0.4.8
[INFO] [stderr]    Compiling bytes v1.1.0
[INFO] [stderr]    Compiling futures-core v0.3.17
[INFO] [stderr]    Compiling pin-project-lite v0.2.7
[INFO] [stderr]    Compiling typenum v1.14.0
[INFO] [stderr]    Compiling proc-macro-hack v0.5.19
[INFO] [stderr]    Compiling futures-channel v0.3.17
[INFO] [stderr]    Compiling futures-task v0.3.17
[INFO] [stderr]    Compiling ppv-lite86 v0.2.15
[INFO] [stderr]    Compiling tinyvec_macros v0.1.0
[INFO] [stderr]    Compiling proc-macro-nested v0.1.7
[INFO] [stderr]    Compiling matches v0.1.9
[INFO] [stderr]    Compiling generic-array v0.14.4
[INFO] [stderr]    Compiling futures-sink v0.3.17
[INFO] [stderr]    Compiling fnv v1.0.7
[INFO] [stderr]    Compiling tinyvec v1.5.0
[INFO] [stderr]    Compiling http v0.2.5
[INFO] [stderr]    Compiling futures-macro v0.3.17
[INFO] [stderr]    Compiling futures-util v0.3.17
[INFO] [stderr]    Compiling tokio v1.13.0
[INFO] [stderr]    Compiling percent-encoding v2.1.0
[INFO] [stderr]    Compiling form_urlencoded v1.0.1
[INFO] [stderr]    Compiling indexmap v1.7.0
[INFO] [stderr]    Compiling unicase v2.6.0
[INFO] [stderr]    Compiling futures-io v0.3.17
[INFO] [stderr]    Compiling httparse v1.5.1
[INFO] [stderr]    Compiling ryu v1.0.5
[INFO] [stderr]    Compiling unicode-bidi v0.3.7
[INFO] [stderr]    Compiling slab v0.4.5
[INFO] [stderr]    Compiling hashbrown v0.11.2
[INFO] [stderr]    Compiling quote v1.0.10
[INFO] [stderr]    Compiling serde_json v1.0.68
[INFO] [stderr]    Compiling cpufeatures v0.2.1
[INFO] [stderr]    Compiling getrandom v0.2.3
[INFO] [stderr]    Compiling mio v0.7.14
[INFO] [stderr]    Compiling num_cpus v1.13.0
[INFO] [stderr]    Compiling rand_core v0.6.3
[INFO] [stderr]    Compiling getrandom v0.1.16
[INFO] [stderr]    Compiling unicode-normalization v0.1.19
[INFO] [stderr]    Compiling rand_chacha v0.3.1
[INFO] [stderr]    Compiling tracing-core v0.1.21
[INFO] [stderr]    Compiling mime v0.3.16
[INFO] [stderr]    Compiling rand_core v0.5.1
[INFO] [stderr]    Compiling mime_guess v2.0.3
[INFO] [stderr]    Compiling base64 v0.13.0
[INFO] [stderr]    Compiling input_buffer v0.4.0
[INFO] [stderr]    Compiling try-lock v0.2.3
[INFO] [stderr]    Compiling byteorder v1.4.3
[INFO] [stderr]    Compiling remove_dir_all v0.5.3
[INFO] [stderr]    Compiling rand v0.8.4
[INFO] [stderr]    Compiling rand_chacha v0.2.2
[INFO] [stderr]    Compiling utf-8 v0.7.6
[INFO] [stderr]    Compiling httpdate v1.0.1
[INFO] [stderr]    Compiling tracing v0.1.29
[INFO] [stderr]    Compiling buf_redux v0.8.4
[INFO] [stderr]    Compiling rand v0.7.3
[INFO] [stderr]    Compiling want v0.3.0
[INFO] [stderr]    Compiling socket2 v0.4.2
[INFO] [stderr]    Compiling twoway v0.1.8
[INFO] [stderr]    Compiling tower-service v0.3.1
[INFO] [stderr]    Compiling quick-error v1.2.3
[INFO] [stderr]    Compiling scoped-tls v1.0.0
[INFO] [stderr]    Compiling idna v0.2.3
[INFO] [stderr]    Compiling digest v0.9.0
[INFO] [stderr]    Compiling block-buffer v0.9.0
[INFO] [stderr]    Compiling sha-1 v0.9.8
[INFO] [stderr]    Compiling tempfile v3.2.0
[INFO] [stderr]    Compiling http-body v0.4.4
[INFO] [stderr]    Compiling headers-core v0.2.0
[INFO] [stderr]    Compiling headers v0.3.5
[INFO] [stderr]    Compiling multipart v0.17.1
[INFO] [stderr]    Compiling pmutil v0.5.3
[INFO] [stderr]    Compiling tokio-macros v1.5.1
[INFO] [stderr]    Compiling pin-project-internal v1.0.8
[INFO] [stderr]    Compiling pin-project v1.0.8
[INFO] [stderr]    Compiling futures-executor v0.3.17
[INFO] [stderr]    Compiling futures v0.3.17
[INFO] [stderr]    Compiling tokio-util v0.6.9
[INFO] [stderr]    Compiling tokio-stream v0.1.8
[INFO] [stderr]    Compiling url v2.2.2
[INFO] [stderr]    Compiling serde_urlencoded v0.7.0
[INFO] [stderr]    Compiling h2 v0.3.7
[INFO] [stderr]    Compiling tungstenite v0.12.0
[INFO] [stderr]    Compiling tokio-tungstenite v0.13.0
[INFO] [stderr]    Compiling rweb-openapi v0.6.0
[INFO] [stderr]    Compiling rweb-macros v0.14.0
[INFO] [stderr]    Compiling hyper v0.14.14
[INFO] [stderr]    Compiling warp v0.3.1
[INFO] [stderr]    Compiling rweb v0.15.0 (/opt/rustwide/workdir)
[INFO] [stdout] warning: unused import: `self::routes::*`
[INFO] [stdout]    --> src/lib.rs:381:9
[INFO] [stdout]     |
[INFO] [stdout] 381 | pub use self::routes::*;
[INFO] [stdout]     |         ^^^^^^^^^^^^^^^
[INFO] [stdout]     |
[INFO] [stdout]     = note: `#[warn(unused_imports)]` on by default
[INFO] [stdout] 
[INFO] [stdout] 
[INFO] [stdout] warning: 1 warning emitted
[INFO] [stdout] 
[INFO] [stdout] 
[INFO] [stderr]     Finished dev [unoptimized + debuginfo] target(s) in 17.42s
[INFO] [stderr] warning: the following packages contain code that will be rejected by a future version of Rust: buf_redux v0.8.4, multipart v0.17.1, rweb-macros v0.14.0
[INFO] [stderr] note: to see what the problems were, use the option `--future-incompat-report`, or run `cargo report future-incompatibilities --id 1`
[INFO] running `Command { std: "docker" "inspect" "43433701e87caec4acf74d98c27927010e553284fe161f5aa9123f92902cc025", kill_on_drop: false }`
[INFO] running `Command { std: "docker" "rm" "-f" "43433701e87caec4acf74d98c27927010e553284fe161f5aa9123f92902cc025", kill_on_drop: false }`
[INFO] [stdout] 43433701e87caec4acf74d98c27927010e553284fe161f5aa9123f92902cc025
[INFO] running `Command { std: "docker" "create" "-v" "/var/lib/crater-agent-workspace/builds/worker-3-tc1/target:/opt/rustwide/target:rw,Z" "-v" "/var/lib/crater-agent-workspace/builds/worker-3-tc1/source:/opt/rustwide/workdir:ro,Z" "-v" "/var/lib/crater-agent-workspace/cargo-home:/opt/rustwide/cargo-home:ro,Z" "-v" "/var/lib/crater-agent-workspace/rustup-home:/opt/rustwide/rustup-home:ro,Z" "-e" "SOURCE_DIR=/opt/rustwide/workdir" "-e" "CARGO_TARGET_DIR=/opt/rustwide/target" "-e" "CARGO_INCREMENTAL=0" "-e" "RUST_BACKTRACE=full" "-e" "RUSTFLAGS=--cap-lints=warn" "-e" "RUSTDOCFLAGS=--cap-lints=warn" "-e" "CARGO_HOME=/opt/rustwide/cargo-home" "-e" "RUSTUP_HOME=/opt/rustwide/rustup-home" "-w" "/opt/rustwide/workdir" "-m" "1610612736" "--user" "0:0" "--network" "none" "ghcr.io/rust-lang/crates-build-env/linux@sha256:2788e3201cd34a07e3172128adcd8b3090168a8e3bcc40d7c032b9dda1df7d1c" "/opt/rustwide/cargo-home/bin/cargo" "+1.75.0" "test" "--frozen" "--no-run" "--message-format=json", kill_on_drop: false }`
[INFO] [stdout] de2a6cac78bba61be7433bca005deb4f0e78b5d92df6db1893aff97f57e7f82a
[INFO] running `Command { std: "docker" "start" "-a" "de2a6cac78bba61be7433bca005deb4f0e78b5d92df6db1893aff97f57e7f82a", kill_on_drop: false }`
[INFO] [stderr]    Compiling aho-corasick v0.7.18
[INFO] [stderr]    Compiling regex-syntax v0.6.25
[INFO] [stderr]    Compiling humantime v1.3.0
[INFO] [stderr]    Compiling atty v0.2.14
[INFO] [stderr]    Compiling termcolor v1.1.2
[INFO] [stderr]    Compiling linked-hash-map v0.5.4
[INFO] [stderr]    Compiling dtoa v0.4.8
[INFO] [stdout] warning: unused import: `self::routes::*`
[INFO] [stdout]    --> src/lib.rs:381:9
[INFO] [stdout]     |
[INFO] [stdout] 381 | pub use self::routes::*;
[INFO] [stdout]     |         ^^^^^^^^^^^^^^^
[INFO] [stdout]     |
[INFO] [stdout]     = note: `#[warn(unused_imports)]` on by default
[INFO] [stdout] 
[INFO] [stdout] 
[INFO] [stdout] warning: 1 warning emitted
[INFO] [stdout] 
[INFO] [stdout] 
[INFO] [stderr]    Compiling yaml-rust v0.4.5
[INFO] [stderr]    Compiling serde_yaml v0.8.21
[INFO] [stderr]    Compiling regex v1.5.4
[INFO] [stderr]    Compiling env_logger v0.7.1
[INFO] [stderr]    Compiling pretty_env_logger v0.4.0
[INFO] [stderr]    Compiling rweb v0.15.0 (/opt/rustwide/workdir)
[INFO] [stdout] warning: unused import: `self::routes::*`
[INFO] [stdout]    --> src/lib.rs:381:9
[INFO] [stdout]     |
[INFO] [stdout] 381 | pub use self::routes::*;
[INFO] [stdout]     |         ^^^^^^^^^^^^^^^
[INFO] [stdout]     |
[INFO] [stdout]     = note: `#[warn(unused_imports)]` on by default
[INFO] [stdout] 
[INFO] [stdout] 
[INFO] [stdout] warning: 1 warning emitted
[INFO] [stdout] 
[INFO] [stdout] 
[INFO] [stdout] warning: field `items` is never read
[INFO] [stdout]  --> tests/state.rs:9:5
[INFO] [stdout]   |
[INFO] [stdout] 8 | struct Db {
[INFO] [stdout]   |        -- field in this struct
[INFO] [stdout] 9 |     items: Arc<Mutex<Vec<String>>>,
[INFO] [stdout]   |     ^^^^^
[INFO] [stdout]   |
[INFO] [stdout]   = note: `Db` has a derived impl for the trait `Clone`, but this is intentionally ignored during dead code analysis
[INFO] [stdout]   = note: `#[warn(dead_code)]` on by default
[INFO] [stdout] 
[INFO] [stdout] 
[INFO] [stdout] warning: 1 warning emitted
[INFO] [stdout] 
[INFO] [stdout] 
[INFO] [stderr] error: could not compile `rweb` (example "sse_chat")
[INFO] [stderr] 
[INFO] [stderr] Caused by:
[INFO] [stderr]   process didn't exit successfully: `/opt/rustwide/rustup-home/toolchains/1.75.0-x86_64-unknown-linux-gnu/bin/rustc --crate-name sse_chat --edition=2018 examples/sse_chat.rs --error-format=json --json=diagnostic-rendered-ansi,artifacts,future-incompat --crate-type bin --emit=dep-info,link -C embed-bitcode=no -C debuginfo=2 --cfg 'feature="default"' --cfg 'feature="multipart"' --cfg 'feature="websocket"' -C metadata=3cc1e3864c568190 -C extra-filename=-3cc1e3864c568190 --out-dir /opt/rustwide/target/debug/examples -L dependency=/opt/rustwide/target/debug/deps --extern bytes=/opt/rustwide/target/debug/deps/libbytes-55e4baa7bb335bc7.rlib --extern futures=/opt/rustwide/target/debug/deps/libfutures-1aa73268cf705802.rlib --extern http=/opt/rustwide/target/debug/deps/libhttp-3a2b80210ca166d7.rlib --extern hyper=/opt/rustwide/target/debug/deps/libhyper-ae7937cdcea474e0.rlib --extern indexmap=/opt/rustwide/target/debug/deps/libindexmap-3f09e07664b2891c.rlib --extern log=/opt/rustwide/target/debug/deps/liblog-5a74203e6e19203f.rlib --extern pretty_env_logger=/opt/rustwide/target/debug/deps/libpretty_env_logger-49a9bc7ecf633c08.rlib --extern rweb=/opt/rustwide/target/debug/deps/librweb-63dea15eb581b13f.rlib --extern rweb_macros=/opt/rustwide/target/debug/deps/librweb_macros-76b7c28571a4f1fa.so --extern scoped_tls=/opt/rustwide/target/debug/deps/libscoped_tls-2612f934e1407a36.rlib --extern serde=/opt/rustwide/target/debug/deps/libserde-24fb223e9a6f3a35.rlib --extern serde_json=/opt/rustwide/target/debug/deps/libserde_json-4cd8ec83ed8fbaff.rlib --extern serde_yaml=/opt/rustwide/target/debug/deps/libserde_yaml-f6e65c41bfd707fd.rlib --extern tokio=/opt/rustwide/target/debug/deps/libtokio-83503a545d3fb63c.rlib --extern tokio_stream=/opt/rustwide/target/debug/deps/libtokio_stream-dd68208647509d44.rlib --extern warp=/opt/rustwide/target/debug/deps/libwarp-763cfa07be53f054.rlib --cap-lints=warn` (signal: 9, SIGKILL: kill)
[INFO] [stderr] warning: build failed, waiting for other jobs to finish...
[INFO] [stderr] error: could not compile `rweb` (example "todo_websockets_chat")
[INFO] [stderr] 
[INFO] [stderr] Caused by:
[INFO] [stderr]   process didn't exit successfully: `/opt/rustwide/rustup-home/toolchains/1.75.0-x86_64-unknown-linux-gnu/bin/rustc --crate-name todo_websockets_chat --edition=2018 examples/todo_websockets_chat.rs --error-format=json --json=diagnostic-rendered-ansi,artifacts,future-incompat --crate-type bin --emit=dep-info,link -C embed-bitcode=no -C debuginfo=2 --cfg 'feature="default"' --cfg 'feature="multipart"' --cfg 'feature="websocket"' -C metadata=b0870b5accee9c5a -C extra-filename=-b0870b5accee9c5a --out-dir /opt/rustwide/target/debug/examples -L dependency=/opt/rustwide/target/debug/deps --extern bytes=/opt/rustwide/target/debug/deps/libbytes-55e4baa7bb335bc7.rlib --extern futures=/opt/rustwide/target/debug/deps/libfutures-1aa73268cf705802.rlib --extern http=/opt/rustwide/target/debug/deps/libhttp-3a2b80210ca166d7.rlib --extern hyper=/opt/rustwide/target/debug/deps/libhyper-ae7937cdcea474e0.rlib --extern indexmap=/opt/rustwide/target/debug/deps/libindexmap-3f09e07664b2891c.rlib --extern log=/opt/rustwide/target/debug/deps/liblog-5a74203e6e19203f.rlib --extern pretty_env_logger=/opt/rustwide/target/debug/deps/libpretty_env_logger-49a9bc7ecf633c08.rlib --extern rweb=/opt/rustwide/target/debug/deps/librweb-63dea15eb581b13f.rlib --extern rweb_macros=/opt/rustwide/target/debug/deps/librweb_macros-76b7c28571a4f1fa.so --extern scoped_tls=/opt/rustwide/target/debug/deps/libscoped_tls-2612f934e1407a36.rlib --extern serde=/opt/rustwide/target/debug/deps/libserde-24fb223e9a6f3a35.rlib --extern serde_json=/opt/rustwide/target/debug/deps/libserde_json-4cd8ec83ed8fbaff.rlib --extern serde_yaml=/opt/rustwide/target/debug/deps/libserde_yaml-f6e65c41bfd707fd.rlib --extern tokio=/opt/rustwide/target/debug/deps/libtokio-83503a545d3fb63c.rlib --extern tokio_stream=/opt/rustwide/target/debug/deps/libtokio_stream-dd68208647509d44.rlib --extern warp=/opt/rustwide/target/debug/deps/libwarp-763cfa07be53f054.rlib --cap-lints=warn` (signal: 9, SIGKILL: kill)
[INFO] [stderr] error: could not compile `rweb` (example "routing")
[INFO] [stderr] 
[INFO] [stderr] Caused by:
[INFO] [stderr]   process didn't exit successfully: `/opt/rustwide/rustup-home/toolchains/1.75.0-x86_64-unknown-linux-gnu/bin/rustc --crate-name routing --edition=2018 examples/routing.rs --error-format=json --json=diagnostic-rendered-ansi,artifacts,future-incompat --crate-type bin --emit=dep-info,link -C embed-bitcode=no -C debuginfo=2 --cfg 'feature="default"' --cfg 'feature="multipart"' --cfg 'feature="websocket"' -C metadata=dc00ee7cfc984663 -C extra-filename=-dc00ee7cfc984663 --out-dir /opt/rustwide/target/debug/examples -L dependency=/opt/rustwide/target/debug/deps --extern bytes=/opt/rustwide/target/debug/deps/libbytes-55e4baa7bb335bc7.rlib --extern futures=/opt/rustwide/target/debug/deps/libfutures-1aa73268cf705802.rlib --extern http=/opt/rustwide/target/debug/deps/libhttp-3a2b80210ca166d7.rlib --extern hyper=/opt/rustwide/target/debug/deps/libhyper-ae7937cdcea474e0.rlib --extern indexmap=/opt/rustwide/target/debug/deps/libindexmap-3f09e07664b2891c.rlib --extern log=/opt/rustwide/target/debug/deps/liblog-5a74203e6e19203f.rlib --extern pretty_env_logger=/opt/rustwide/target/debug/deps/libpretty_env_logger-49a9bc7ecf633c08.rlib --extern rweb=/opt/rustwide/target/debug/deps/librweb-63dea15eb581b13f.rlib --extern rweb_macros=/opt/rustwide/target/debug/deps/librweb_macros-76b7c28571a4f1fa.so --extern scoped_tls=/opt/rustwide/target/debug/deps/libscoped_tls-2612f934e1407a36.rlib --extern serde=/opt/rustwide/target/debug/deps/libserde-24fb223e9a6f3a35.rlib --extern serde_json=/opt/rustwide/target/debug/deps/libserde_json-4cd8ec83ed8fbaff.rlib --extern serde_yaml=/opt/rustwide/target/debug/deps/libserde_yaml-f6e65c41bfd707fd.rlib --extern tokio=/opt/rustwide/target/debug/deps/libtokio-83503a545d3fb63c.rlib --extern tokio_stream=/opt/rustwide/target/debug/deps/libtokio_stream-dd68208647509d44.rlib --extern warp=/opt/rustwide/target/debug/deps/libwarp-763cfa07be53f054.rlib --cap-lints=warn` (signal: 9, SIGKILL: kill)
[INFO] [stdout] error: linking with `cc` failed: exit status: 1
[INFO] [stdout]   |
[INFO] [stdout]   = note: LC_ALL="C" PATH="/opt/rustwide/rustup-home/toolchains/1.75.0-x86_64-unknown-linux-gnu/lib/rustlib/x86_64-unknown-linux-gnu/bin:/opt/rustwide/cargo-home/bin:/usr/local/sbin:/usr/local/bin:/usr/sbin:/usr/bin:/sbin:/bin" VSLANG="1033" "cc" "-m64" "/tmp/rustcT41V6x/symbols.o" "/opt/rustwide/target/debug/deps/mixed-fb254e8c013f4247.mixed.77382b3926d3af5c-cgu.0.rcgu.o" "/opt/rustwide/target/debug/deps/mixed-fb254e8c013f4247.mixed.77382b3926d3af5c-cgu.1.rcgu.o" "/opt/rustwide/target/debug/deps/mixed-fb254e8c013f4247.mixed.77382b3926d3af5c-cgu.2.rcgu.o" "/opt/rustwide/target/debug/deps/mixed-fb254e8c013f4247.mixed.77382b3926d3af5c-cgu.3.rcgu.o" "/opt/rustwide/target/debug/deps/mixed-fb254e8c013f4247.mixed.77382b3926d3af5c-cgu.4.rcgu.o" "/opt/rustwide/target/debug/deps/mixed-fb254e8c013f4247.mixed.77382b3926d3af5c-cgu.5.rcgu.o" "/opt/rustwide/target/debug/deps/mixed-fb254e8c013f4247.mixed.77382b3926d3af5c-cgu.6.rcgu.o" "/opt/rustwide/target/debug/deps/mixed-fb254e8c013f4247.mixed.77382b3926d3af5c-cgu.7.rcgu.o" "/opt/rustwide/target/debug/deps/mixed-fb254e8c013f4247.23izpn12iyfw40zp.rcgu.o" "-Wl,--as-needed" "-L" "/opt/rustwide/target/debug/deps" "-L" "/opt/rustwide/rustup-home/toolchains/1.75.0-x86_64-unknown-linux-gnu/lib/rustlib/x86_64-unknown-linux-gnu/lib" "-Wl,-Bstatic" "/opt/rustwide/rustup-home/toolchains/1.75.0-x86_64-unknown-linux-gnu/lib/rustlib/x86_64-unknown-linux-gnu/lib/libtest-3df1bed8075ce1de.rlib" "/opt/rustwide/rustup-home/toolchains/1.75.0-x86_64-unknown-linux-gnu/lib/rustlib/x86_64-unknown-linux-gnu/lib/libgetopts-2076fd86b325cb5d.rlib" "/opt/rustwide/rustup-home/toolchains/1.75.0-x86_64-unknown-linux-gnu/lib/rustlib/x86_64-unknown-linux-gnu/lib/libunicode_width-caa7152ee70c190f.rlib" "/opt/rustwide/rustup-home/toolchains/1.75.0-x86_64-unknown-linux-gnu/lib/rustlib/x86_64-unknown-linux-gnu/lib/librustc_std_workspace_std-04e6425e07f02a3c.rlib" "/opt/rustwide/target/debug/deps/librweb-63dea15eb581b13f.rlib" "/opt/rustwide/target/debug/deps/libwarp-763cfa07be53f054.rlib" "/opt/rustwide/target/debug/deps/libtokio_stream-dd68208647509d44.rlib" "/opt/rustwide/target/debug/deps/libscoped_tls-2612f934e1407a36.rlib" "/opt/rustwide/target/debug/deps/libtokio_tungstenite-acfb3f380dcbfaa5.rlib" "/opt/rustwide/target/debug/deps/libtungstenite-1dffa34cecab7338.rlib" "/opt/rustwide/target/debug/deps/libutf8-9b4563d058a684d7.rlib" "/opt/rustwide/target/debug/deps/libbyteorder-b7588b59c1d17615.rlib" "/opt/rustwide/target/debug/deps/libinput_buffer-9af925efdb124f3c.rlib" "/opt/rustwide/target/debug/deps/liburl-179c92136597e0d5.rlib" "/opt/rustwide/target/debug/deps/libidna-1490133ec5a74fd6.rlib" "/opt/rustwide/target/debug/deps/libunicode_normalization-89a4ae126b277b3c.rlib" "/opt/rustwide/target/debug/deps/libtinyvec-6885cdf29ec8b58c.rlib" "/opt/rustwide/target/debug/deps/libtinyvec_macros-bfeb7a087f0273ce.rlib" "/opt/rustwide/target/debug/deps/libunicode_bidi-d3ecfe40977b4a59.rlib" "/opt/rustwide/target/debug/deps/libmultipart-29443e948caf39ee.rlib" "/opt/rustwide/target/debug/deps/libtwoway-4a703c5db6a99c1b.rlib" "/opt/rustwide/target/debug/deps/libbuf_redux-b1cd87333d4192bc.rlib" "/opt/rustwide/target/debug/deps/libsafemem-4745ed10c8b13fe0.rlib" "/opt/rustwide/target/debug/deps/libquick_error-e0931f21b2f0d487.rlib" "/opt/rustwide/target/debug/deps/libtempfile-00f1671b4de4ce9f.rlib" "/opt/rustwide/target/debug/deps/librand-9d3acae314ffcb4e.rlib" "/opt/rustwide/target/debug/deps/librand_chacha-d87962c731cca4aa.rlib" "/opt/rustwide/target/debug/deps/librand_core-73d983cae1a7b4a6.rlib" "/opt/rustwide/target/debug/deps/libgetrandom-3e6661f5758fbe0c.rlib" "/opt/rustwide/target/debug/deps/libremove_dir_all-8b88a3ed6f308927.rlib" "/opt/rustwide/target/debug/deps/librand-d0cdbbe0c565d8c9.rlib" "/opt/rustwide/target/debug/deps/librand_chacha-8246e3eb39cdce17.rlib" "/opt/rustwide/target/debug/deps/libppv_lite86-170061c62a7a96f6.rlib" "/opt/rustwide/target/debug/deps/librand_core-cf5151fdd267dc1f.rlib" "/opt/rustwide/target/debug/deps/libgetrandom-c3274c6cd7a7b485.rlib" "/opt/rustwide/target/debug/deps/libmime_guess-72c260b23a97d743.rlib" "/opt/rustwide/target/debug/deps/libunicase-f9a503671a3990dc.rlib" "/opt/rustwide/target/debug/deps/libserde_urlencoded-3e6d8e8e97fe1bf5.rlib" "/opt/rustwide/target/debug/deps/libform_urlencoded-74b1dcad9e8d80e6.rlib" "/opt/rustwide/target/debug/deps/libpercent_encoding-526c9d71c02fb5bb.rlib" "/opt/rustwide/target/debug/deps/libmatches-e0861c3f10bd1789.rlib" "/opt/rustwide/target/debug/deps/libserde_json-4cd8ec83ed8fbaff.rlib" "/opt/rustwide/target/debug/deps/libryu-aa04a306730705ee.rlib" "/opt/rustwide/target/debug/deps/libheaders-f5d5938e28577109.rlib" "/opt/rustwide/target/debug/deps/libsha1-68a32de9c78a00d9.rlib" "/opt/rustwide/target/debug/deps/libopaque_debug-15273823c1ba1453.rlib" "/opt/rustwide/target/debug/deps/libcpufeatures-568e5c51194b9ef5.rlib" "/opt/rustwide/target/debug/deps/libblock_buffer-27189272b6410e59.rlib" "/opt/rustwide/target/debug/deps/libdigest-44781c79ee17fa87.rlib" "/opt/rustwide/target/debug/deps/libgeneric_array-b731eb36b4697639.rlib" "/opt/rustwide/target/debug/deps/libtypenum-4b247780d87be374.rlib" "/opt/rustwide/target/debug/deps/libmime-450b243d21db2a61.rlib" "/opt/rustwide/target/debug/deps/libheaders_core-2df18a3790db1748.rlib" "/opt/rustwide/target/debug/deps/libbitflags-b7cee2ca4fb438d0.rlib" "/opt/rustwide/target/debug/deps/libbase64-8ea64d3566a9d67e.rlib" "/opt/rustwide/target/debug/deps/libhyper-ae7937cdcea474e0.rlib" "/opt/rustwide/target/debug/deps/libwant-92f89184417cd6dd.rlib" "/opt/rustwide/target/debug/deps/libtry_lock-6573df21d991c823.rlib" "/opt/rustwide/target/debug/deps/libsocket2-760b139da1789392.rlib" "/opt/rustwide/target/debug/deps/libhttparse-c45cf483b346e59b.rlib" "/opt/rustwide/target/debug/deps/libh2-0180231506c48c66.rlib" "/opt/rustwide/target/debug/deps/libindexmap-3f09e07664b2891c.rlib" "/opt/rustwide/target/debug/deps/libhashbrown-60eca540826c5d5d.rlib" "/opt/rustwide/target/debug/deps/libserde-24fb223e9a6f3a35.rlib" "/opt/rustwide/target/debug/deps/libtokio_util-1bf81a38ddc055d0.rlib" "/opt/rustwide/target/debug/deps/libtower_service-9991ae2cafd1f41b.rlib" "/opt/rustwide/target/debug/deps/libtracing-62a14d46834f7835.rlib" "/opt/rustwide/target/debug/deps/libtracing_core-e3dfcfb003507087.rlib" "/opt/rustwide/target/debug/deps/liblazy_static-591486ebcb9a7ead.rlib" "/opt/rustwide/target/debug/deps/libhttp_body-73af4b2d11c10e2e.rlib" "/opt/rustwide/target/debug/deps/libtokio-83503a545d3fb63c.rlib" "/opt/rustwide/target/debug/deps/libnum_cpus-14832d30b6179859.rlib" "/opt/rustwide/target/debug/deps/libmio-2085ba3b4edd1912.rlib" "/opt/rustwide/target/debug/deps/liblibc-00eea81a100e9efe.rlib" "/opt/rustwide/target/debug/deps/liblog-5a74203e6e19203f.rlib" "/opt/rustwide/target/debug/deps/libcfg_if-61dc7a6799e72b18.rlib" "/opt/rustwide/target/debug/deps/libhttpdate-e734debe6bc8e931.rlib" "/opt/rustwide/target/debug/deps/libpin_project-4b11df8745bcdecd.rlib" "/opt/rustwide/target/debug/deps/libfutures-1aa73268cf705802.rlib" "/opt/rustwide/target/debug/deps/libfutures_executor-4b3e00a5e6a2fd08.rlib" "/opt/rustwide/target/debug/deps/libfutures_util-477a65d18c89d96b.rlib" "/opt/rustwide/target/debug/deps/libmemchr-5a84f82bd0d05428.rlib" "/opt/rustwide/target/debug/deps/libfutures_io-0d50d8b5daebe793.rlib" "/opt/rustwide/target/debug/deps/libslab-3fdda774eccf4f9f.rlib" "/opt/rustwide/target/debug/deps/libfutures_channel-85e1690d6bcbbf6d.rlib" "/opt/rustwide/target/debug/deps/libpin_project_lite-c675bd61a64207ec.rlib" "/opt/rustwide/target/debug/deps/libfutures_sink-54c6ec83f134deb8.rlib" "/opt/rustwide/target/debug/deps/libfutures_task-e322d68ab8685525.rlib" "/opt/rustwide/target/debug/deps/libpin_utils-741f7d9d160e4a16.rlib" "/opt/rustwide/target/debug/deps/libfutures_core-bdee8c5affbdd6a8.rlib" "/opt/rustwide/target/debug/deps/libhttp-3a2b80210ca166d7.rlib" "/opt/rustwide/target/debug/deps/libitoa-88dc5e7d606068cc.rlib" "/opt/rustwide/target/debug/deps/libbytes-55e4baa7bb335bc7.rlib" "/opt/rustwide/target/debug/deps/libfnv-18bf5144d055e772.rlib" "/opt/rustwide/rustup-home/toolchains/1.75.0-x86_64-unknown-linux-gnu/lib/rustlib/x86_64-unknown-linux-gnu/lib/libstd-90f6ddbf82de36ec.rlib" "/opt/rustwide/rustup-home/toolchains/1.75.0-x86_64-unknown-linux-gnu/lib/rustlib/x86_64-unknown-linux-gnu/lib/libpanic_unwind-480c41e9d4e1f677.rlib" "/opt/rustwide/rustup-home/toolchains/1.75.0-x86_64-unknown-linux-gnu/lib/rustlib/x86_64-unknown-linux-gnu/lib/libobject-db744c0ca03eed1d.rlib" "/opt/rustwide/rustup-home/toolchains/1.75.0-x86_64-unknown-linux-gnu/lib/rustlib/x86_64-unknown-linux-gnu/lib/libmemchr-8ba652dc7d4b285a.rlib" "/opt/rustwide/rustup-home/toolchains/1.75.0-x86_64-unknown-linux-gnu/lib/rustlib/x86_64-unknown-linux-gnu/lib/libaddr2line-d5f4520a9ebc0d58.rlib" "/opt/rustwide/rustup-home/toolchains/1.75.0-x86_64-unknown-linux-gnu/lib/rustlib/x86_64-unknown-linux-gnu/lib/libgimli-4ad84de58f0cb463.rlib" "/opt/rustwide/rustup-home/toolchains/1.75.0-x86_64-unknown-linux-gnu/lib/rustlib/x86_64-unknown-linux-gnu/lib/librustc_demangle-0d10aae2e0f38735.rlib" "/opt/rustwide/rustup-home/toolchains/1.75.0-x86_64-unknown-linux-gnu/lib/rustlib/x86_64-unknown-linux-gnu/lib/libstd_detect-0c17cff739e6745b.rlib" "/opt/rustwide/rustup-home/toolchains/1.75.0-x86_64-unknown-linux-gnu/lib/rustlib/x86_64-unknown-linux-gnu/lib/libhashbrown-b29e17139dde1aa8.rlib" "/opt/rustwide/rustup-home/toolchains/1.75.0-x86_64-unknown-linux-gnu/lib/rustlib/x86_64-unknown-linux-gnu/lib/librustc_std_workspace_alloc-1f975299829cc7bd.rlib" "/opt/rustwide/rustup-home/toolchains/1.75.0-x86_64-unknown-linux-gnu/lib/rustlib/x86_64-unknown-linux-gnu/lib/libminiz_oxide-86bae3bc3079f89b.rlib" "/opt/rustwide/rustup-home/toolchains/1.75.0-x86_64-unknown-linux-gnu/lib/rustlib/x86_64-unknown-linux-gnu/lib/libadler-321b82c30dffdf5f.rlib" "/opt/rustwide/rustup-home/toolchains/1.75.0-x86_64-unknown-linux-gnu/lib/rustlib/x86_64-unknown-linux-gnu/lib/libunwind-3dd8a6810a0bdfef.rlib" "/opt/rustwide/rustup-home/toolchains/1.75.0-x86_64-unknown-linux-gnu/lib/rustlib/x86_64-unknown-linux-gnu/lib/libcfg_if-eb39a61c0c879984.rlib" "/opt/rustwide/rustup-home/toolchains/1.75.0-x86_64-unknown-linux-gnu/lib/rustlib/x86_64-unknown-linux-gnu/lib/liblibc-aa769569f91c3548.rlib" "/opt/rustwide/rustup-home/toolchains/1.75.0-x86_64-unknown-linux-gnu/lib/rustlib/x86_64-unknown-linux-gnu/lib/liballoc-510a192a50a983ed.rlib" "/opt/rustwide/rustup-home/toolchains/1.75.0-x86_64-unknown-linux-gnu/lib/rustlib/x86_64-unknown-linux-gnu/lib/librustc_std_workspace_core-0577018320f99037.rlib" "/opt/rustwide/rustup-home/toolchains/1.75.0-x86_64-unknown-linux-gnu/lib/rustlib/x86_64-unknown-linux-gnu/lib/libcore-193cf992125ccd4c.rlib" "/opt/rustwide/rustup-home/toolchains/1.75.0-x86_64-unknown-linux-gnu/lib/rustlib/x86_64-unknown-linux-gnu/lib/libcompiler_builtins-8e138eaf26ebb4a8.rlib" "-Wl,-Bdynamic" "-lgcc_s" "-lutil" "-lrt" "-lpthread" "-lm" "-ldl" "-lc" "-Wl,--eh-frame-hdr" "-Wl,-z,noexecstack" "-L" "/opt/rustwide/rustup-home/toolchains/1.75.0-x86_64-unknown-linux-gnu/lib/rustlib/x86_64-unknown-linux-gnu/lib" "-o" "/opt/rustwide/target/debug/deps/mixed-fb254e8c013f4247" "-Wl,--gc-sections" "-pie" "-Wl,-z,relro,-z,now" "-nodefaultlibs"
[INFO] [stdout]   = note: collect2: fatal error: ld terminated with signal 9 [Killed]
[INFO] [stdout]           compilation terminated.
[INFO] [stdout]           
[INFO] [stdout] 
[INFO] [stdout] 
[INFO] [stdout] error: aborting due to previous error
[INFO] [stdout] 
[INFO] [stdout] 
[INFO] [stderr] error: could not compile `rweb` (test "mixed") due to 2 previous errors
[INFO] [stdout] error: linking with `cc` failed: exit status: 1
[INFO] [stdout]   |
[INFO] [stdout]   = note: LC_ALL="C" PATH="/opt/rustwide/rustup-home/toolchains/1.75.0-x86_64-unknown-linux-gnu/lib/rustlib/x86_64-unknown-linux-gnu/bin:/opt/rustwide/cargo-home/bin:/usr/local/sbin:/usr/local/bin:/usr/sbin:/usr/bin:/sbin:/bin" VSLANG="1033" "cc" "-m64" "/tmp/rustcPD0Qmy/symbols.o" "/opt/rustwide/target/debug/examples/sse-d1bfd9f37c73e36e.sse.1ccf9b43c41a6d9b-cgu.00.rcgu.o" "/opt/rustwide/target/debug/examples/sse-d1bfd9f37c73e36e.sse.1ccf9b43c41a6d9b-cgu.01.rcgu.o" "/opt/rustwide/target/debug/examples/sse-d1bfd9f37c73e36e.sse.1ccf9b43c41a6d9b-cgu.02.rcgu.o" "/opt/rustwide/target/debug/examples/sse-d1bfd9f37c73e36e.sse.1ccf9b43c41a6d9b-cgu.03.rcgu.o" "/opt/rustwide/target/debug/examples/sse-d1bfd9f37c73e36e.sse.1ccf9b43c41a6d9b-cgu.04.rcgu.o" "/opt/rustwide/target/debug/examples/sse-d1bfd9f37c73e36e.sse.1ccf9b43c41a6d9b-cgu.05.rcgu.o" "/opt/rustwide/target/debug/examples/sse-d1bfd9f37c73e36e.sse.1ccf9b43c41a6d9b-cgu.06.rcgu.o" "/opt/rustwide/target/debug/examples/sse-d1bfd9f37c73e36e.sse.1ccf9b43c41a6d9b-cgu.07.rcgu.o" "/opt/rustwide/target/debug/examples/sse-d1bfd9f37c73e36e.sse.1ccf9b43c41a6d9b-cgu.08.rcgu.o" "/opt/rustwide/target/debug/examples/sse-d1bfd9f37c73e36e.sse.1ccf9b43c41a6d9b-cgu.09.rcgu.o" "/opt/rustwide/target/debug/examples/sse-d1bfd9f37c73e36e.sse.1ccf9b43c41a6d9b-cgu.10.rcgu.o" "/opt/rustwide/target/debug/examples/sse-d1bfd9f37c73e36e.sse.1ccf9b43c41a6d9b-cgu.11.rcgu.o" "/opt/rustwide/target/debug/examples/sse-d1bfd9f37c73e36e.sse.1ccf9b43c41a6d9b-cgu.12.rcgu.o" "/opt/rustwide/target/debug/examples/sse-d1bfd9f37c73e36e.sse.1ccf9b43c41a6d9b-cgu.13.rcgu.o" "/opt/rustwide/target/debug/examples/sse-d1bfd9f37c73e36e.sse.1ccf9b43c41a6d9b-cgu.14.rcgu.o" "/opt/rustwide/target/debug/examples/sse-d1bfd9f37c73e36e.sse.1ccf9b43c41a6d9b-cgu.15.rcgu.o" "/opt/rustwide/target/debug/examples/sse-d1bfd9f37c73e36e.3alt2g3wr1x4pfgj.rcgu.o" "-Wl,--as-needed" "-L" "/opt/rustwide/target/debug/deps" "-L" "/opt/rustwide/rustup-home/toolchains/1.75.0-x86_64-unknown-linux-gnu/lib/rustlib/x86_64-unknown-linux-gnu/lib" "-Wl,-Bstatic" "/opt/rustwide/target/debug/deps/libpretty_env_logger-49a9bc7ecf633c08.rlib" "/opt/rustwide/target/debug/deps/libenv_logger-4a1628adbf618a74.rlib" "/opt/rustwide/target/debug/deps/libtermcolor-0b747f5cb07b617d.rlib" "/opt/rustwide/target/debug/deps/libatty-32e6842fd14a36c1.rlib" "/opt/rustwide/target/debug/deps/libhumantime-ce043b5585f26040.rlib" "/opt/rustwide/target/debug/deps/libregex-76c03266f1d8272b.rlib" "/opt/rustwide/target/debug/deps/libaho_corasick-ffec38ae5b395b94.rlib" "/opt/rustwide/target/debug/deps/libregex_syntax-df051bb3664d7987.rlib" "/opt/rustwide/target/debug/deps/librweb-63dea15eb581b13f.rlib" "/opt/rustwide/target/debug/deps/libwarp-763cfa07be53f054.rlib" "/opt/rustwide/target/debug/deps/libtokio_stream-dd68208647509d44.rlib" "/opt/rustwide/target/debug/deps/libscoped_tls-2612f934e1407a36.rlib" "/opt/rustwide/target/debug/deps/libtokio_tungstenite-acfb3f380dcbfaa5.rlib" "/opt/rustwide/target/debug/deps/libtungstenite-1dffa34cecab7338.rlib" "/opt/rustwide/target/debug/deps/libutf8-9b4563d058a684d7.rlib" "/opt/rustwide/target/debug/deps/libbyteorder-b7588b59c1d17615.rlib" "/opt/rustwide/target/debug/deps/libinput_buffer-9af925efdb124f3c.rlib" "/opt/rustwide/target/debug/deps/liburl-179c92136597e0d5.rlib" "/opt/rustwide/target/debug/deps/libidna-1490133ec5a74fd6.rlib" "/opt/rustwide/target/debug/deps/libunicode_normalization-89a4ae126b277b3c.rlib" "/opt/rustwide/target/debug/deps/libtinyvec-6885cdf29ec8b58c.rlib" "/opt/rustwide/target/debug/deps/libtinyvec_macros-bfeb7a087f0273ce.rlib" "/opt/rustwide/target/debug/deps/libunicode_bidi-d3ecfe40977b4a59.rlib" "/opt/rustwide/target/debug/deps/libmultipart-29443e948caf39ee.rlib" "/opt/rustwide/target/debug/deps/libtwoway-4a703c5db6a99c1b.rlib" "/opt/rustwide/target/debug/deps/libbuf_redux-b1cd87333d4192bc.rlib" "/opt/rustwide/target/debug/deps/libsafemem-4745ed10c8b13fe0.rlib" "/opt/rustwide/target/debug/deps/libquick_error-e0931f21b2f0d487.rlib" "/opt/rustwide/target/debug/deps/libtempfile-00f1671b4de4ce9f.rlib" "/opt/rustwide/target/debug/deps/librand-9d3acae314ffcb4e.rlib" "/opt/rustwide/target/debug/deps/librand_chacha-d87962c731cca4aa.rlib" "/opt/rustwide/target/debug/deps/librand_core-73d983cae1a7b4a6.rlib" "/opt/rustwide/target/debug/deps/libgetrandom-3e6661f5758fbe0c.rlib" "/opt/rustwide/target/debug/deps/libremove_dir_all-8b88a3ed6f308927.rlib" "/opt/rustwide/target/debug/deps/librand-d0cdbbe0c565d8c9.rlib" "/opt/rustwide/target/debug/deps/librand_chacha-8246e3eb39cdce17.rlib" "/opt/rustwide/target/debug/deps/libppv_lite86-170061c62a7a96f6.rlib" "/opt/rustwide/target/debug/deps/librand_core-cf5151fdd267dc1f.rlib" "/opt/rustwide/target/debug/deps/libgetrandom-c3274c6cd7a7b485.rlib" "/opt/rustwide/target/debug/deps/libmime_guess-72c260b23a97d743.rlib" "/opt/rustwide/target/debug/deps/libunicase-f9a503671a3990dc.rlib" "/opt/rustwide/target/debug/deps/libserde_urlencoded-3e6d8e8e97fe1bf5.rlib" "/opt/rustwide/target/debug/deps/libform_urlencoded-74b1dcad9e8d80e6.rlib" "/opt/rustwide/target/debug/deps/libpercent_encoding-526c9d71c02fb5bb.rlib" "/opt/rustwide/target/debug/deps/libmatches-e0861c3f10bd1789.rlib" "/opt/rustwide/target/debug/deps/libserde_json-4cd8ec83ed8fbaff.rlib" "/opt/rustwide/target/debug/deps/libryu-aa04a306730705ee.rlib" "/opt/rustwide/target/debug/deps/libheaders-f5d5938e28577109.rlib" "/opt/rustwide/target/debug/deps/libsha1-68a32de9c78a00d9.rlib" "/opt/rustwide/target/debug/deps/libopaque_debug-15273823c1ba1453.rlib" "/opt/rustwide/target/debug/deps/libcpufeatures-568e5c51194b9ef5.rlib" "/opt/rustwide/target/debug/deps/libblock_buffer-27189272b6410e59.rlib" "/opt/rustwide/target/debug/deps/libdigest-44781c79ee17fa87.rlib" "/opt/rustwide/target/debug/deps/libgeneric_array-b731eb36b4697639.rlib" "/opt/rustwide/target/debug/deps/libtypenum-4b247780d87be374.rlib" "/opt/rustwide/target/debug/deps/libmime-450b243d21db2a61.rlib" "/opt/rustwide/target/debug/deps/libheaders_core-2df18a3790db1748.rlib" "/opt/rustwide/target/debug/deps/libbitflags-b7cee2ca4fb438d0.rlib" "/opt/rustwide/target/debug/deps/libbase64-8ea64d3566a9d67e.rlib" "/opt/rustwide/target/debug/deps/libhyper-ae7937cdcea474e0.rlib" "/opt/rustwide/target/debug/deps/libwant-92f89184417cd6dd.rlib" "/opt/rustwide/target/debug/deps/libtry_lock-6573df21d991c823.rlib" "/opt/rustwide/target/debug/deps/libsocket2-760b139da1789392.rlib" "/opt/rustwide/target/debug/deps/libhttparse-c45cf483b346e59b.rlib" "/opt/rustwide/target/debug/deps/libh2-0180231506c48c66.rlib" "/opt/rustwide/target/debug/deps/libindexmap-3f09e07664b2891c.rlib" "/opt/rustwide/target/debug/deps/libhashbrown-60eca540826c5d5d.rlib" "/opt/rustwide/target/debug/deps/libserde-24fb223e9a6f3a35.rlib" "/opt/rustwide/target/debug/deps/libtokio_util-1bf81a38ddc055d0.rlib" "/opt/rustwide/target/debug/deps/libtower_service-9991ae2cafd1f41b.rlib" "/opt/rustwide/target/debug/deps/libtracing-62a14d46834f7835.rlib" "/opt/rustwide/target/debug/deps/libtracing_core-e3dfcfb003507087.rlib" "/opt/rustwide/target/debug/deps/liblazy_static-591486ebcb9a7ead.rlib" "/opt/rustwide/target/debug/deps/libhttp_body-73af4b2d11c10e2e.rlib" "/opt/rustwide/target/debug/deps/libtokio-83503a545d3fb63c.rlib" "/opt/rustwide/target/debug/deps/libnum_cpus-14832d30b6179859.rlib" "/opt/rustwide/target/debug/deps/libmio-2085ba3b4edd1912.rlib" "/opt/rustwide/target/debug/deps/liblibc-00eea81a100e9efe.rlib" "/opt/rustwide/target/debug/deps/liblog-5a74203e6e19203f.rlib" "/opt/rustwide/target/debug/deps/libcfg_if-61dc7a6799e72b18.rlib" "/opt/rustwide/target/debug/deps/libhttpdate-e734debe6bc8e931.rlib" "/opt/rustwide/target/debug/deps/libhttp-3a2b80210ca166d7.rlib" "/opt/rustwide/target/debug/deps/libitoa-88dc5e7d606068cc.rlib" "/opt/rustwide/target/debug/deps/libbytes-55e4baa7bb335bc7.rlib" "/opt/rustwide/target/debug/deps/libfnv-18bf5144d055e772.rlib" "/opt/rustwide/target/debug/deps/libpin_project-4b11df8745bcdecd.rlib" "/opt/rustwide/target/debug/deps/libfutures-1aa73268cf705802.rlib" "/opt/rustwide/target/debug/deps/libfutures_executor-4b3e00a5e6a2fd08.rlib" "/opt/rustwide/target/debug/deps/libfutures_util-477a65d18c89d96b.rlib" "/opt/rustwide/target/debug/deps/libmemchr-5a84f82bd0d05428.rlib" "/opt/rustwide/target/debug/deps/libfutures_io-0d50d8b5daebe793.rlib" "/opt/rustwide/target/debug/deps/libslab-3fdda774eccf4f9f.rlib" "/opt/rustwide/target/debug/deps/libfutures_channel-85e1690d6bcbbf6d.rlib" "/opt/rustwide/target/debug/deps/libpin_project_lite-c675bd61a64207ec.rlib" "/opt/rustwide/target/debug/deps/libfutures_sink-54c6ec83f134deb8.rlib" "/opt/rustwide/target/debug/deps/libfutures_task-e322d68ab8685525.rlib" "/opt/rustwide/target/debug/deps/libpin_utils-741f7d9d160e4a16.rlib" "/opt/rustwide/target/debug/deps/libfutures_core-bdee8c5affbdd6a8.rlib" "/opt/rustwide/rustup-home/toolchains/1.75.0-x86_64-unknown-linux-gnu/lib/rustlib/x86_64-unknown-linux-gnu/lib/libstd-90f6ddbf82de36ec.rlib" "/opt/rustwide/rustup-home/toolchains/1.75.0-x86_64-unknown-linux-gnu/lib/rustlib/x86_64-unknown-linux-gnu/lib/libpanic_unwind-480c41e9d4e1f677.rlib" "/opt/rustwide/rustup-home/toolchains/1.75.0-x86_64-unknown-linux-gnu/lib/rustlib/x86_64-unknown-linux-gnu/lib/libobject-db744c0ca03eed1d.rlib" "/opt/rustwide/rustup-home/toolchains/1.75.0-x86_64-unknown-linux-gnu/lib/rustlib/x86_64-unknown-linux-gnu/lib/libmemchr-8ba652dc7d4b285a.rlib" "/opt/rustwide/rustup-home/toolchains/1.75.0-x86_64-unknown-linux-gnu/lib/rustlib/x86_64-unknown-linux-gnu/lib/libaddr2line-d5f4520a9ebc0d58.rlib" "/opt/rustwide/rustup-home/toolchains/1.75.0-x86_64-unknown-linux-gnu/lib/rustlib/x86_64-unknown-linux-gnu/lib/libgimli-4ad84de58f0cb463.rlib" "/opt/rustwide/rustup-home/toolchains/1.75.0-x86_64-unknown-linux-gnu/lib/rustlib/x86_64-unknown-linux-gnu/lib/librustc_demangle-0d10aae2e0f38735.rlib" "/opt/rustwide/rustup-home/toolchains/1.75.0-x86_64-unknown-linux-gnu/lib/rustlib/x86_64-unknown-linux-gnu/lib/libstd_detect-0c17cff739e6745b.rlib" "/opt/rustwide/rustup-home/toolchains/1.75.0-x86_64-unknown-linux-gnu/lib/rustlib/x86_64-unknown-linux-gnu/lib/libhashbrown-b29e17139dde1aa8.rlib" "/opt/rustwide/rustup-home/toolchains/1.75.0-x86_64-unknown-linux-gnu/lib/rustlib/x86_64-unknown-linux-gnu/lib/librustc_std_workspace_alloc-1f975299829cc7bd.rlib" "/opt/rustwide/rustup-home/toolchains/1.75.0-x86_64-unknown-linux-gnu/lib/rustlib/x86_64-unknown-linux-gnu/lib/libminiz_oxide-86bae3bc3079f89b.rlib" "/opt/rustwide/rustup-home/toolchains/1.75.0-x86_64-unknown-linux-gnu/lib/rustlib/x86_64-unknown-linux-gnu/lib/libadler-321b82c30dffdf5f.rlib" "/opt/rustwide/rustup-home/toolchains/1.75.0-x86_64-unknown-linux-gnu/lib/rustlib/x86_64-unknown-linux-gnu/lib/libunwind-3dd8a6810a0bdfef.rlib" "/opt/rustwide/rustup-home/toolchains/1.75.0-x86_64-unknown-linux-gnu/lib/rustlib/x86_64-unknown-linux-gnu/lib/libcfg_if-eb39a61c0c879984.rlib" "/opt/rustwide/rustup-home/toolchains/1.75.0-x86_64-unknown-linux-gnu/lib/rustlib/x86_64-unknown-linux-gnu/lib/liblibc-aa769569f91c3548.rlib" "/opt/rustwide/rustup-home/toolchains/1.75.0-x86_64-unknown-linux-gnu/lib/rustlib/x86_64-unknown-linux-gnu/lib/liballoc-510a192a50a983ed.rlib" "/opt/rustwide/rustup-home/toolchains/1.75.0-x86_64-unknown-linux-gnu/lib/rustlib/x86_64-unknown-linux-gnu/lib/librustc_std_workspace_core-0577018320f99037.rlib" "/opt/rustwide/rustup-home/toolchains/1.75.0-x86_64-unknown-linux-gnu/lib/rustlib/x86_64-unknown-linux-gnu/lib/libcore-193cf992125ccd4c.rlib" "/opt/rustwide/rustup-home/toolchains/1.75.0-x86_64-unknown-linux-gnu/lib/rustlib/x86_64-unknown-linux-gnu/lib/libcompiler_builtins-8e138eaf26ebb4a8.rlib" "-Wl,-Bdynamic" "-lgcc_s" "-lutil" "-lrt" "-lpthread" "-lm" "-ldl" "-lc" "-Wl,--eh-frame-hdr" "-Wl,-z,noexecstack" "-L" "/opt/rustwide/rustup-home/toolchains/1.75.0-x86_64-unknown-linux-gnu/lib/rustlib/x86_64-unknown-linux-gnu/lib" "-o" "/opt/rustwide/target/debug/examples/sse-d1bfd9f37c73e36e" "-Wl,--gc-sections" "-pie" "-Wl,-z,relro,-z,now" "-nodefaultlibs"
[INFO] [stdout]   = note: collect2: fatal error: ld terminated with signal 9 [Killed]
[INFO] [stdout]           compilation terminated.
[INFO] [stdout]           
[INFO] [stdout] 
[INFO] [stdout] 
[INFO] [stdout] error: aborting due to previous error
[INFO] [stdout] 
[INFO] [stdout] 
[INFO] [stderr] error: could not compile `rweb` (example "sse") due to 2 previous errors
[INFO] [stdout] error: linking with `cc` failed: exit status: 1
[INFO] [stdout]   |
[INFO] [stdout]   = note: LC_ALL="C" PATH="/opt/rustwide/rustup-home/toolchains/1.75.0-x86_64-unknown-linux-gnu/lib/rustlib/x86_64-unknown-linux-gnu/bin:/opt/rustwide/cargo-home/bin:/usr/local/sbin:/usr/local/bin:/usr/sbin:/usr/bin:/sbin:/bin" VSLANG="1033" "cc" "-m64" "/tmp/rustcRtBGfN/symbols.o" "/opt/rustwide/target/debug/examples/dyn_reply-6333ae32ee59190f.dyn_reply.a62b898b24f131f1-cgu.00.rcgu.o" "/opt/rustwide/target/debug/examples/dyn_reply-6333ae32ee59190f.dyn_reply.a62b898b24f131f1-cgu.01.rcgu.o" "/opt/rustwide/target/debug/examples/dyn_reply-6333ae32ee59190f.dyn_reply.a62b898b24f131f1-cgu.02.rcgu.o" "/opt/rustwide/target/debug/examples/dyn_reply-6333ae32ee59190f.dyn_reply.a62b898b24f131f1-cgu.03.rcgu.o" "/opt/rustwide/target/debug/examples/dyn_reply-6333ae32ee59190f.dyn_reply.a62b898b24f131f1-cgu.04.rcgu.o" "/opt/rustwide/target/debug/examples/dyn_reply-6333ae32ee59190f.dyn_reply.a62b898b24f131f1-cgu.05.rcgu.o" "/opt/rustwide/target/debug/examples/dyn_reply-6333ae32ee59190f.dyn_reply.a62b898b24f131f1-cgu.06.rcgu.o" "/opt/rustwide/target/debug/examples/dyn_reply-6333ae32ee59190f.dyn_reply.a62b898b24f131f1-cgu.07.rcgu.o" "/opt/rustwide/target/debug/examples/dyn_reply-6333ae32ee59190f.dyn_reply.a62b898b24f131f1-cgu.08.rcgu.o" "/opt/rustwide/target/debug/examples/dyn_reply-6333ae32ee59190f.dyn_reply.a62b898b24f131f1-cgu.09.rcgu.o" "/opt/rustwide/target/debug/examples/dyn_reply-6333ae32ee59190f.dyn_reply.a62b898b24f131f1-cgu.10.rcgu.o" "/opt/rustwide/target/debug/examples/dyn_reply-6333ae32ee59190f.dyn_reply.a62b898b24f131f1-cgu.11.rcgu.o" "/opt/rustwide/target/debug/examples/dyn_reply-6333ae32ee59190f.dyn_reply.a62b898b24f131f1-cgu.12.rcgu.o" "/opt/rustwide/target/debug/examples/dyn_reply-6333ae32ee59190f.dyn_reply.a62b898b24f131f1-cgu.13.rcgu.o" "/opt/rustwide/target/debug/examples/dyn_reply-6333ae32ee59190f.dyn_reply.a62b898b24f131f1-cgu.14.rcgu.o" "/opt/rustwide/target/debug/examples/dyn_reply-6333ae32ee59190f.dyn_reply.a62b898b24f131f1-cgu.15.rcgu.o" "/opt/rustwide/target/debug/examples/dyn_reply-6333ae32ee59190f.440ye2vahzfo8gml.rcgu.o" "-Wl,--as-needed" "-L" "/opt/rustwide/target/debug/deps" "-L" "/opt/rustwide/rustup-home/toolchains/1.75.0-x86_64-unknown-linux-gnu/lib/rustlib/x86_64-unknown-linux-gnu/lib" "-Wl,-Bstatic" "/opt/rustwide/target/debug/deps/librweb-63dea15eb581b13f.rlib" "/opt/rustwide/target/debug/deps/libwarp-763cfa07be53f054.rlib" "/opt/rustwide/target/debug/deps/libtokio_stream-dd68208647509d44.rlib" "/opt/rustwide/target/debug/deps/libscoped_tls-2612f934e1407a36.rlib" "/opt/rustwide/target/debug/deps/libtokio_tungstenite-acfb3f380dcbfaa5.rlib" "/opt/rustwide/target/debug/deps/libtungstenite-1dffa34cecab7338.rlib" "/opt/rustwide/target/debug/deps/libutf8-9b4563d058a684d7.rlib" "/opt/rustwide/target/debug/deps/libbyteorder-b7588b59c1d17615.rlib" "/opt/rustwide/target/debug/deps/libinput_buffer-9af925efdb124f3c.rlib" "/opt/rustwide/target/debug/deps/liburl-179c92136597e0d5.rlib" "/opt/rustwide/target/debug/deps/libidna-1490133ec5a74fd6.rlib" "/opt/rustwide/target/debug/deps/libunicode_normalization-89a4ae126b277b3c.rlib" "/opt/rustwide/target/debug/deps/libtinyvec-6885cdf29ec8b58c.rlib" "/opt/rustwide/target/debug/deps/libtinyvec_macros-bfeb7a087f0273ce.rlib" "/opt/rustwide/target/debug/deps/libunicode_bidi-d3ecfe40977b4a59.rlib" "/opt/rustwide/target/debug/deps/libmultipart-29443e948caf39ee.rlib" "/opt/rustwide/target/debug/deps/libtwoway-4a703c5db6a99c1b.rlib" "/opt/rustwide/target/debug/deps/libbuf_redux-b1cd87333d4192bc.rlib" "/opt/rustwide/target/debug/deps/libsafemem-4745ed10c8b13fe0.rlib" "/opt/rustwide/target/debug/deps/libquick_error-e0931f21b2f0d487.rlib" "/opt/rustwide/target/debug/deps/libtempfile-00f1671b4de4ce9f.rlib" "/opt/rustwide/target/debug/deps/librand-9d3acae314ffcb4e.rlib" "/opt/rustwide/target/debug/deps/librand_chacha-d87962c731cca4aa.rlib" "/opt/rustwide/target/debug/deps/librand_core-73d983cae1a7b4a6.rlib" "/opt/rustwide/target/debug/deps/libgetrandom-3e6661f5758fbe0c.rlib" "/opt/rustwide/target/debug/deps/libremove_dir_all-8b88a3ed6f308927.rlib" "/opt/rustwide/target/debug/deps/librand-d0cdbbe0c565d8c9.rlib" "/opt/rustwide/target/debug/deps/librand_chacha-8246e3eb39cdce17.rlib" "/opt/rustwide/target/debug/deps/libppv_lite86-170061c62a7a96f6.rlib" "/opt/rustwide/target/debug/deps/librand_core-cf5151fdd267dc1f.rlib" "/opt/rustwide/target/debug/deps/libgetrandom-c3274c6cd7a7b485.rlib" "/opt/rustwide/target/debug/deps/libmime_guess-72c260b23a97d743.rlib" "/opt/rustwide/target/debug/deps/libunicase-f9a503671a3990dc.rlib" "/opt/rustwide/target/debug/deps/libserde_urlencoded-3e6d8e8e97fe1bf5.rlib" "/opt/rustwide/target/debug/deps/libform_urlencoded-74b1dcad9e8d80e6.rlib" "/opt/rustwide/target/debug/deps/libpercent_encoding-526c9d71c02fb5bb.rlib" "/opt/rustwide/target/debug/deps/libmatches-e0861c3f10bd1789.rlib" "/opt/rustwide/target/debug/deps/libserde_json-4cd8ec83ed8fbaff.rlib" "/opt/rustwide/target/debug/deps/libryu-aa04a306730705ee.rlib" "/opt/rustwide/target/debug/deps/libheaders-f5d5938e28577109.rlib" "/opt/rustwide/target/debug/deps/libsha1-68a32de9c78a00d9.rlib" "/opt/rustwide/target/debug/deps/libopaque_debug-15273823c1ba1453.rlib" "/opt/rustwide/target/debug/deps/libcpufeatures-568e5c51194b9ef5.rlib" "/opt/rustwide/target/debug/deps/libblock_buffer-27189272b6410e59.rlib" "/opt/rustwide/target/debug/deps/libdigest-44781c79ee17fa87.rlib" "/opt/rustwide/target/debug/deps/libgeneric_array-b731eb36b4697639.rlib" "/opt/rustwide/target/debug/deps/libtypenum-4b247780d87be374.rlib" "/opt/rustwide/target/debug/deps/libmime-450b243d21db2a61.rlib" "/opt/rustwide/target/debug/deps/libheaders_core-2df18a3790db1748.rlib" "/opt/rustwide/target/debug/deps/libbitflags-b7cee2ca4fb438d0.rlib" "/opt/rustwide/target/debug/deps/libbase64-8ea64d3566a9d67e.rlib" "/opt/rustwide/target/debug/deps/libhyper-ae7937cdcea474e0.rlib" "/opt/rustwide/target/debug/deps/libwant-92f89184417cd6dd.rlib" "/opt/rustwide/target/debug/deps/libtry_lock-6573df21d991c823.rlib" "/opt/rustwide/target/debug/deps/libsocket2-760b139da1789392.rlib" "/opt/rustwide/target/debug/deps/libhttparse-c45cf483b346e59b.rlib" "/opt/rustwide/target/debug/deps/libh2-0180231506c48c66.rlib" "/opt/rustwide/target/debug/deps/libindexmap-3f09e07664b2891c.rlib" "/opt/rustwide/target/debug/deps/libhashbrown-60eca540826c5d5d.rlib" "/opt/rustwide/target/debug/deps/libserde-24fb223e9a6f3a35.rlib" "/opt/rustwide/target/debug/deps/libtokio_util-1bf81a38ddc055d0.rlib" "/opt/rustwide/target/debug/deps/libtower_service-9991ae2cafd1f41b.rlib" "/opt/rustwide/target/debug/deps/libtracing-62a14d46834f7835.rlib" "/opt/rustwide/target/debug/deps/libtracing_core-e3dfcfb003507087.rlib" "/opt/rustwide/target/debug/deps/liblazy_static-591486ebcb9a7ead.rlib" "/opt/rustwide/target/debug/deps/libhttp_body-73af4b2d11c10e2e.rlib" "/opt/rustwide/target/debug/deps/libtokio-83503a545d3fb63c.rlib" "/opt/rustwide/target/debug/deps/libnum_cpus-14832d30b6179859.rlib" "/opt/rustwide/target/debug/deps/libmio-2085ba3b4edd1912.rlib" "/opt/rustwide/target/debug/deps/liblibc-00eea81a100e9efe.rlib" "/opt/rustwide/target/debug/deps/liblog-5a74203e6e19203f.rlib" "/opt/rustwide/target/debug/deps/libcfg_if-61dc7a6799e72b18.rlib" "/opt/rustwide/target/debug/deps/libhttpdate-e734debe6bc8e931.rlib" "/opt/rustwide/target/debug/deps/libpin_project-4b11df8745bcdecd.rlib" "/opt/rustwide/target/debug/deps/libfutures-1aa73268cf705802.rlib" "/opt/rustwide/target/debug/deps/libfutures_executor-4b3e00a5e6a2fd08.rlib" "/opt/rustwide/target/debug/deps/libfutures_util-477a65d18c89d96b.rlib" "/opt/rustwide/target/debug/deps/libmemchr-5a84f82bd0d05428.rlib" "/opt/rustwide/target/debug/deps/libfutures_io-0d50d8b5daebe793.rlib" "/opt/rustwide/target/debug/deps/libslab-3fdda774eccf4f9f.rlib" "/opt/rustwide/target/debug/deps/libfutures_channel-85e1690d6bcbbf6d.rlib" "/opt/rustwide/target/debug/deps/libpin_project_lite-c675bd61a64207ec.rlib" "/opt/rustwide/target/debug/deps/libfutures_sink-54c6ec83f134deb8.rlib" "/opt/rustwide/target/debug/deps/libfutures_task-e322d68ab8685525.rlib" "/opt/rustwide/target/debug/deps/libpin_utils-741f7d9d160e4a16.rlib" "/opt/rustwide/target/debug/deps/libfutures_core-bdee8c5affbdd6a8.rlib" "/opt/rustwide/target/debug/deps/libhttp-3a2b80210ca166d7.rlib" "/opt/rustwide/target/debug/deps/libitoa-88dc5e7d606068cc.rlib" "/opt/rustwide/target/debug/deps/libbytes-55e4baa7bb335bc7.rlib" "/opt/rustwide/target/debug/deps/libfnv-18bf5144d055e772.rlib" "/opt/rustwide/rustup-home/toolchains/1.75.0-x86_64-unknown-linux-gnu/lib/rustlib/x86_64-unknown-linux-gnu/lib/libstd-90f6ddbf82de36ec.rlib" "/opt/rustwide/rustup-home/toolchains/1.75.0-x86_64-unknown-linux-gnu/lib/rustlib/x86_64-unknown-linux-gnu/lib/libpanic_unwind-480c41e9d4e1f677.rlib" "/opt/rustwide/rustup-home/toolchains/1.75.0-x86_64-unknown-linux-gnu/lib/rustlib/x86_64-unknown-linux-gnu/lib/libobject-db744c0ca03eed1d.rlib" "/opt/rustwide/rustup-home/toolchains/1.75.0-x86_64-unknown-linux-gnu/lib/rustlib/x86_64-unknown-linux-gnu/lib/libmemchr-8ba652dc7d4b285a.rlib" "/opt/rustwide/rustup-home/toolchains/1.75.0-x86_64-unknown-linux-gnu/lib/rustlib/x86_64-unknown-linux-gnu/lib/libaddr2line-d5f4520a9ebc0d58.rlib" "/opt/rustwide/rustup-home/toolchains/1.75.0-x86_64-unknown-linux-gnu/lib/rustlib/x86_64-unknown-linux-gnu/lib/libgimli-4ad84de58f0cb463.rlib" "/opt/rustwide/rustup-home/toolchains/1.75.0-x86_64-unknown-linux-gnu/lib/rustlib/x86_64-unknown-linux-gnu/lib/librustc_demangle-0d10aae2e0f38735.rlib" "/opt/rustwide/rustup-home/toolchains/1.75.0-x86_64-unknown-linux-gnu/lib/rustlib/x86_64-unknown-linux-gnu/lib/libstd_detect-0c17cff739e6745b.rlib" "/opt/rustwide/rustup-home/toolchains/1.75.0-x86_64-unknown-linux-gnu/lib/rustlib/x86_64-unknown-linux-gnu/lib/libhashbrown-b29e17139dde1aa8.rlib" "/opt/rustwide/rustup-home/toolchains/1.75.0-x86_64-unknown-linux-gnu/lib/rustlib/x86_64-unknown-linux-gnu/lib/librustc_std_workspace_alloc-1f975299829cc7bd.rlib" "/opt/rustwide/rustup-home/toolchains/1.75.0-x86_64-unknown-linux-gnu/lib/rustlib/x86_64-unknown-linux-gnu/lib/libminiz_oxide-86bae3bc3079f89b.rlib" "/opt/rustwide/rustup-home/toolchains/1.75.0-x86_64-unknown-linux-gnu/lib/rustlib/x86_64-unknown-linux-gnu/lib/libadler-321b82c30dffdf5f.rlib" "/opt/rustwide/rustup-home/toolchains/1.75.0-x86_64-unknown-linux-gnu/lib/rustlib/x86_64-unknown-linux-gnu/lib/libunwind-3dd8a6810a0bdfef.rlib" "/opt/rustwide/rustup-home/toolchains/1.75.0-x86_64-unknown-linux-gnu/lib/rustlib/x86_64-unknown-linux-gnu/lib/libcfg_if-eb39a61c0c879984.rlib" "/opt/rustwide/rustup-home/toolchains/1.75.0-x86_64-unknown-linux-gnu/lib/rustlib/x86_64-unknown-linux-gnu/lib/liblibc-aa769569f91c3548.rlib" "/opt/rustwide/rustup-home/toolchains/1.75.0-x86_64-unknown-linux-gnu/lib/rustlib/x86_64-unknown-linux-gnu/lib/liballoc-510a192a50a983ed.rlib" "/opt/rustwide/rustup-home/toolchains/1.75.0-x86_64-unknown-linux-gnu/lib/rustlib/x86_64-unknown-linux-gnu/lib/librustc_std_workspace_core-0577018320f99037.rlib" "/opt/rustwide/rustup-home/toolchains/1.75.0-x86_64-unknown-linux-gnu/lib/rustlib/x86_64-unknown-linux-gnu/lib/libcore-193cf992125ccd4c.rlib" "/opt/rustwide/rustup-home/toolchains/1.75.0-x86_64-unknown-linux-gnu/lib/rustlib/x86_64-unknown-linux-gnu/lib/libcompiler_builtins-8e138eaf26ebb4a8.rlib" "-Wl,-Bdynamic" "-lgcc_s" "-lutil" "-lrt" "-lpthread" "-lm" "-ldl" "-lc" "-Wl,--eh-frame-hdr" "-Wl,-z,noexecstack" "-L" "/opt/rustwide/rustup-home/toolchains/1.75.0-x86_64-unknown-linux-gnu/lib/rustlib/x86_64-unknown-linux-gnu/lib" "-o" "/opt/rustwide/target/debug/examples/dyn_reply-6333ae32ee59190f" "-Wl,--gc-sections" "-pie" "-Wl,-z,relro,-z,now" "-nodefaultlibs"
[INFO] [stdout]   = note: collect2: fatal error: ld terminated with signal 9 [Killed]
[INFO] [stdout]           compilation terminated.
[INFO] [stdout]           
[INFO] [stdout] 
[INFO] [stdout] 
[INFO] [stdout] error: aborting due to previous error
[INFO] [stdout] 
[INFO] [stdout] 
[INFO] [stderr] error: could not compile `rweb` (example "dyn_reply") due to 2 previous errors
[INFO] running `Command { std: "docker" "inspect" "de2a6cac78bba61be7433bca005deb4f0e78b5d92df6db1893aff97f57e7f82a", kill_on_drop: false }`
[INFO] running `Command { std: "docker" "rm" "-f" "de2a6cac78bba61be7433bca005deb4f0e78b5d92df6db1893aff97f57e7f82a", kill_on_drop: false }`
[INFO] [stdout] de2a6cac78bba61be7433bca005deb4f0e78b5d92df6db1893aff97f57e7f82a
[INFO] testing rweb-0.15.0 against beta-2023-12-22 for beta-1.76-1
[INFO] extracting crate rweb 0.15.0 into /workspace/builds/worker-3-tc2/source
[INFO] validating manifest of crates.io crate rweb 0.15.0 on toolchain beta-2023-12-22
[INFO] running `Command { std: CARGO_HOME="/workspace/cargo-home" RUSTUP_HOME="/workspace/rustup-home" "/workspace/cargo-home/bin/cargo" "+beta-2023-12-22" "metadata" "--manifest-path" "Cargo.toml" "--no-deps", kill_on_drop: false }`
[INFO] started tweaking crates.io crate rweb 0.15.0
[INFO] removed 0 missing examples
[INFO] finished tweaking crates.io crate rweb 0.15.0
[INFO] tweaked toml for crates.io crate rweb 0.15.0 written to /workspace/builds/worker-3-tc2/source/Cargo.toml
[INFO] crate crates.io crate rweb 0.15.0 already has a lockfile, it will not be regenerated
[INFO] running `Command { std: CARGO_HOME="/workspace/cargo-home" RUSTUP_HOME="/workspace/rustup-home" "/workspace/cargo-home/bin/cargo" "+beta-2023-12-22" "fetch" "--manifest-path" "Cargo.toml", kill_on_drop: false }`
[INFO] running `Command { std: "docker" "create" "-v" "/var/lib/crater-agent-workspace/builds/worker-3-tc2/target:/opt/rustwide/target:rw,Z" "-v" "/var/lib/crater-agent-workspace/builds/worker-3-tc2/source:/opt/rustwide/workdir:ro,Z" "-v" "/var/lib/crater-agent-workspace/cargo-home:/opt/rustwide/cargo-home:ro,Z" "-v" "/var/lib/crater-agent-workspace/rustup-home:/opt/rustwide/rustup-home:ro,Z" "-e" "SOURCE_DIR=/opt/rustwide/workdir" "-e" "CARGO_TARGET_DIR=/opt/rustwide/target" "-e" "CARGO_HOME=/opt/rustwide/cargo-home" "-e" "RUSTUP_HOME=/opt/rustwide/rustup-home" "-w" "/opt/rustwide/workdir" "-m" "1610612736" "--user" "0:0" "--network" "none" "ghcr.io/rust-lang/crates-build-env/linux@sha256:2788e3201cd34a07e3172128adcd8b3090168a8e3bcc40d7c032b9dda1df7d1c" "/opt/rustwide/cargo-home/bin/cargo" "+beta-2023-12-22" "metadata" "--no-deps" "--format-version=1", kill_on_drop: false }`
[INFO] [stdout] b0310524b1df5d1cbd25785f5eb6d81ad961483ee7f30376aa6a202a75dca4ab
[INFO] running `Command { std: "docker" "start" "-a" "b0310524b1df5d1cbd25785f5eb6d81ad961483ee7f30376aa6a202a75dca4ab", kill_on_drop: false }`
[INFO] running `Command { std: "docker" "inspect" "b0310524b1df5d1cbd25785f5eb6d81ad961483ee7f30376aa6a202a75dca4ab", kill_on_drop: false }`
[INFO] running `Command { std: "docker" "rm" "-f" "b0310524b1df5d1cbd25785f5eb6d81ad961483ee7f30376aa6a202a75dca4ab", kill_on_drop: false }`
[INFO] [stdout] b0310524b1df5d1cbd25785f5eb6d81ad961483ee7f30376aa6a202a75dca4ab
[INFO] running `Command { std: "docker" "create" "-v" "/var/lib/crater-agent-workspace/builds/worker-3-tc2/target:/opt/rustwide/target:rw,Z" "-v" "/var/lib/crater-agent-workspace/builds/worker-3-tc2/source:/opt/rustwide/workdir:ro,Z" "-v" "/var/lib/crater-agent-workspace/cargo-home:/opt/rustwide/cargo-home:ro,Z" "-v" "/var/lib/crater-agent-workspace/rustup-home:/opt/rustwide/rustup-home:ro,Z" "-e" "SOURCE_DIR=/opt/rustwide/workdir" "-e" "CARGO_TARGET_DIR=/opt/rustwide/target" "-e" "CARGO_INCREMENTAL=0" "-e" "RUST_BACKTRACE=full" "-e" "RUSTFLAGS=--cap-lints=warn" "-e" "RUSTDOCFLAGS=--cap-lints=warn" "-e" "CARGO_HOME=/opt/rustwide/cargo-home" "-e" "RUSTUP_HOME=/opt/rustwide/rustup-home" "-w" "/opt/rustwide/workdir" "-m" "1610612736" "--user" "0:0" "--network" "none" "ghcr.io/rust-lang/crates-build-env/linux@sha256:2788e3201cd34a07e3172128adcd8b3090168a8e3bcc40d7c032b9dda1df7d1c" "/opt/rustwide/cargo-home/bin/cargo" "+beta-2023-12-22" "build" "--frozen" "--message-format=json", kill_on_drop: false }`
[INFO] [stdout] 6a045f4fff31ca346d2696c46141f423860610e2d8c018d145d11f1211422414
[INFO] running `Command { std: "docker" "start" "-a" "6a045f4fff31ca346d2696c46141f423860610e2d8c018d145d11f1211422414", kill_on_drop: false }`
[INFO] [stderr]    Compiling proc-macro2 v1.0.32
[INFO] [stderr]    Compiling unicode-xid v0.2.2
[INFO] [stderr]    Compiling syn v1.0.81
[INFO] [stderr]    Compiling libc v0.2.106
[INFO] [stderr]    Compiling autocfg v1.0.1
[INFO] [stderr]    Compiling version_check v0.9.3
[INFO] [stderr]    Compiling memchr v2.4.1
[INFO] [stderr]    Compiling log v0.4.14
[INFO] [stderr]    Compiling serde_derive v1.0.130
[INFO] [stderr]    Compiling bytes v1.1.0
[INFO] [stderr]    Compiling itoa v0.4.8
[INFO] [stderr]    Compiling serde v1.0.130
[INFO] [stderr]    Compiling futures-core v0.3.17
[INFO] [stderr]    Compiling pin-project-lite v0.2.7
[INFO] [stderr]    Compiling proc-macro-hack v0.5.19
[INFO] [stderr]    Compiling typenum v1.14.0
[INFO] [stderr]    Compiling tinyvec_macros v0.1.0
[INFO] [stderr]    Compiling futures-task v0.3.17
[INFO] [stderr]    Compiling futures-sink v0.3.17
[INFO] [stderr]    Compiling proc-macro-nested v0.1.7
[INFO] [stderr]    Compiling matches v0.1.9
[INFO] [stderr]    Compiling futures-channel v0.3.17
[INFO] [stderr]    Compiling fnv v1.0.7
[INFO] [stderr]    Compiling ppv-lite86 v0.2.15
[INFO] [stderr]    Compiling tinyvec v1.5.0
[INFO] [stderr]    Compiling generic-array v0.14.4
[INFO] [stderr]    Compiling futures-macro v0.3.17
[INFO] [stderr]    Compiling futures-util v0.3.17
[INFO] [stderr]    Compiling tokio v1.13.0
[INFO] [stderr]    Compiling http v0.2.5
[INFO] [stderr]    Compiling percent-encoding v2.1.0
[INFO] [stderr]    Compiling indexmap v1.7.0
[INFO] [stderr]    Compiling form_urlencoded v1.0.1
[INFO] [stderr]    Compiling unicase v2.6.0
[INFO] [stderr]    Compiling httparse v1.5.1
[INFO] [stderr]    Compiling unicode-bidi v0.3.7
[INFO] [stderr]    Compiling ryu v1.0.5
[INFO] [stderr]    Compiling futures-io v0.3.17
[INFO] [stderr]    Compiling slab v0.4.5
[INFO] [stderr]    Compiling hashbrown v0.11.2
[INFO] [stderr]    Compiling serde_json v1.0.68
[INFO] [stderr]    Compiling quote v1.0.10
[INFO] [stderr]    Compiling cpufeatures v0.2.1
[INFO] [stderr]    Compiling tracing-core v0.1.21
[INFO] [stderr]    Compiling getrandom v0.2.3
[INFO] [stderr]    Compiling num_cpus v1.13.0
[INFO] [stderr]    Compiling mio v0.7.14
[INFO] [stderr]    Compiling rand_core v0.6.3
[INFO] [stderr]    Compiling getrandom v0.1.16
[INFO] [stderr]    Compiling unicode-normalization v0.1.19
[INFO] [stderr]    Compiling base64 v0.13.0
[INFO] [stderr]    Compiling rand_chacha v0.3.1
[INFO] [stderr]    Compiling mime v0.3.16
[INFO] [stderr]    Compiling mime_guess v2.0.3
[INFO] [stderr]    Compiling tracing v0.1.29
[INFO] [stderr]    Compiling rand_core v0.5.1
[INFO] [stderr]    Compiling input_buffer v0.4.0
[INFO] [stderr]    Compiling byteorder v1.4.3
[INFO] [stderr]    Compiling remove_dir_all v0.5.3
[INFO] [stderr]    Compiling rand v0.8.4
[INFO] [stderr]    Compiling try-lock v0.2.3
[INFO] [stderr]    Compiling utf-8 v0.7.6
[INFO] [stderr]    Compiling rand_chacha v0.2.2
[INFO] [stderr]    Compiling httpdate v1.0.1
[INFO] [stderr]    Compiling want v0.3.0
[INFO] [stderr]    Compiling buf_redux v0.8.4
[INFO] [stderr]    Compiling socket2 v0.4.2
[INFO] [stderr]    Compiling twoway v0.1.8
[INFO] [stderr]    Compiling quick-error v1.2.3
[INFO] [stderr]    Compiling tower-service v0.3.1
[INFO] [stderr]    Compiling scoped-tls v1.0.0
[INFO] [stderr]    Compiling rand v0.7.3
[INFO] [stderr]    Compiling digest v0.9.0
[INFO] [stderr]    Compiling block-buffer v0.9.0
[INFO] [stderr]    Compiling sha-1 v0.9.8
[INFO] [stderr]    Compiling idna v0.2.3
[INFO] [stderr]    Compiling headers-core v0.2.0
[INFO] [stderr]    Compiling http-body v0.4.4
[INFO] [stderr]    Compiling headers v0.3.5
[INFO] [stderr]    Compiling tempfile v3.2.0
[INFO] [stderr]    Compiling multipart v0.17.1
[INFO] [stderr]    Compiling pmutil v0.5.3
[INFO] [stderr]    Compiling tokio-macros v1.5.1
[INFO] [stderr]    Compiling pin-project-internal v1.0.8
[INFO] [stderr]    Compiling pin-project v1.0.8
[INFO] [stderr]    Compiling futures-executor v0.3.17
[INFO] [stderr]    Compiling futures v0.3.17
[INFO] [stderr]    Compiling tokio-util v0.6.9
[INFO] [stderr]    Compiling tokio-stream v0.1.8
[INFO] [stderr]    Compiling url v2.2.2
[INFO] [stderr]    Compiling serde_urlencoded v0.7.0
[INFO] [stderr]    Compiling h2 v0.3.7
[INFO] [stderr]    Compiling tungstenite v0.12.0
[INFO] [stderr]    Compiling rweb-openapi v0.6.0
[INFO] [stderr]    Compiling tokio-tungstenite v0.13.0
[INFO] [stderr]    Compiling rweb-macros v0.14.0
[INFO] [stderr]    Compiling hyper v0.14.14
[INFO] [stderr]    Compiling warp v0.3.1
[INFO] [stderr]    Compiling rweb v0.15.0 (/opt/rustwide/workdir)
[INFO] [stdout] warning: unused import: `self::routes::*`
[INFO] [stdout]    --> src/lib.rs:381:9
[INFO] [stdout]     |
[INFO] [stdout] 381 | pub use self::routes::*;
[INFO] [stdout]     |         ^^^^^^^^^^^^^^^
[INFO] [stdout]     |
[INFO] [stdout]     = note: `#[warn(unused_imports)]` on by default
[INFO] [stdout] 
[INFO] [stdout] 
[INFO] [stdout] warning: 1 warning emitted
[INFO] [stdout] 
[INFO] [stdout] 
[INFO] [stderr]     Finished dev [unoptimized + debuginfo] target(s) in 14.38s
[INFO] [stderr] warning: the following packages contain code that will be rejected by a future version of Rust: buf_redux v0.8.4, multipart v0.17.1, rweb-macros v0.14.0
[INFO] [stderr] note: to see what the problems were, use the option `--future-incompat-report`, or run `cargo report future-incompatibilities --id 1`
[INFO] running `Command { std: "docker" "inspect" "6a045f4fff31ca346d2696c46141f423860610e2d8c018d145d11f1211422414", kill_on_drop: false }`
[INFO] running `Command { std: "docker" "rm" "-f" "6a045f4fff31ca346d2696c46141f423860610e2d8c018d145d11f1211422414", kill_on_drop: false }`
[INFO] [stdout] 6a045f4fff31ca346d2696c46141f423860610e2d8c018d145d11f1211422414
[INFO] running `Command { std: "docker" "create" "-v" "/var/lib/crater-agent-workspace/builds/worker-3-tc2/target:/opt/rustwide/target:rw,Z" "-v" "/var/lib/crater-agent-workspace/builds/worker-3-tc2/source:/opt/rustwide/workdir:ro,Z" "-v" "/var/lib/crater-agent-workspace/cargo-home:/opt/rustwide/cargo-home:ro,Z" "-v" "/var/lib/crater-agent-workspace/rustup-home:/opt/rustwide/rustup-home:ro,Z" "-e" "SOURCE_DIR=/opt/rustwide/workdir" "-e" "CARGO_TARGET_DIR=/opt/rustwide/target" "-e" "CARGO_INCREMENTAL=0" "-e" "RUST_BACKTRACE=full" "-e" "RUSTFLAGS=--cap-lints=warn" "-e" "RUSTDOCFLAGS=--cap-lints=warn" "-e" "CARGO_HOME=/opt/rustwide/cargo-home" "-e" "RUSTUP_HOME=/opt/rustwide/rustup-home" "-w" "/opt/rustwide/workdir" "-m" "1610612736" "--user" "0:0" "--network" "none" "ghcr.io/rust-lang/crates-build-env/linux@sha256:2788e3201cd34a07e3172128adcd8b3090168a8e3bcc40d7c032b9dda1df7d1c" "/opt/rustwide/cargo-home/bin/cargo" "+beta-2023-12-22" "test" "--frozen" "--no-run" "--message-format=json", kill_on_drop: false }`
[INFO] [stdout] 926802d1b621ced8c62bd4d6d9294ccd8ec5f16bb03c2d52fddbdf373416d305
[INFO] running `Command { std: "docker" "start" "-a" "926802d1b621ced8c62bd4d6d9294ccd8ec5f16bb03c2d52fddbdf373416d305", kill_on_drop: false }`
[INFO] [stderr]    Compiling aho-corasick v0.7.18
[INFO] [stderr]    Compiling regex-syntax v0.6.25
[INFO] [stderr]    Compiling humantime v1.3.0
[INFO] [stderr]    Compiling atty v0.2.14
[INFO] [stderr]    Compiling linked-hash-map v0.5.4
[INFO] [stderr]    Compiling termcolor v1.1.2
[INFO] [stderr]    Compiling dtoa v0.4.8
[INFO] [stdout] warning: unused import: `self::routes::*`
[INFO] [stdout]    --> src/lib.rs:381:9
[INFO] [stdout]     |
[INFO] [stdout] 381 | pub use self::routes::*;
[INFO] [stdout]     |         ^^^^^^^^^^^^^^^
[INFO] [stdout]     |
[INFO] [stdout]     = note: `#[warn(unused_imports)]` on by default
[INFO] [stdout] 
[INFO] [stdout] 
[INFO] [stdout] warning: 1 warning emitted
[INFO] [stdout] 
[INFO] [stdout] 
[INFO] [stderr]    Compiling yaml-rust v0.4.5
[INFO] [stderr]    Compiling serde_yaml v0.8.21
[INFO] [stderr]    Compiling regex v1.5.4
[INFO] [stderr]    Compiling env_logger v0.7.1
[INFO] [stderr]    Compiling pretty_env_logger v0.4.0
[INFO] [stderr]    Compiling rweb v0.15.0 (/opt/rustwide/workdir)
[INFO] [stdout] warning: unused import: `self::routes::*`
[INFO] [stdout]    --> src/lib.rs:381:9
[INFO] [stdout]     |
[INFO] [stdout] 381 | pub use self::routes::*;
[INFO] [stdout]     |         ^^^^^^^^^^^^^^^
[INFO] [stdout]     |
[INFO] [stdout]     = note: `#[warn(unused_imports)]` on by default
[INFO] [stdout] 
[INFO] [stdout] 
[INFO] [stdout] warning: field `items` is never read
[INFO] [stdout]  --> tests/state.rs:9:5
[INFO] [stdout]   |
[INFO] [stdout] 8 | struct Db {
[INFO] [stdout]   |        -- field in this struct
[INFO] [stdout] 9 |     items: Arc<Mutex<Vec<String>>>,
[INFO] [stdout]   |     ^^^^^
[INFO] [stdout]   |
[INFO] [stdout]   = note: `Db` has a derived impl for the trait `Clone`, but this is intentionally ignored during dead code analysis
[INFO] [stdout]   = note: `#[warn(dead_code)]` on by default
[INFO] [stdout] 
[INFO] [stdout] 
[INFO] [stdout] warning: 1 warning emitted
[INFO] [stdout] 
[INFO] [stdout] 
[INFO] [stdout] warning: 1 warning emitted
[INFO] [stdout] 
[INFO] [stdout] 
[INFO] [stderr] error: could not compile `rweb` (example "multiple_routes_call")
[INFO] [stderr] 
[INFO] [stderr] Caused by:
[INFO] [stderr]   process didn't exit successfully: `/opt/rustwide/rustup-home/toolchains/beta-2023-12-22-x86_64-unknown-linux-gnu/bin/rustc --crate-name multiple_routes_call --edition=2018 examples/multiple_routes_call.rs --error-format=json --json=diagnostic-rendered-ansi,artifacts,future-incompat --crate-type bin --emit=dep-info,link -C embed-bitcode=no -C debuginfo=2 --cfg 'feature="default"' --cfg 'feature="multipart"' --cfg 'feature="websocket"' -C metadata=4683b2a5f39a0716 -C extra-filename=-4683b2a5f39a0716 --out-dir /opt/rustwide/target/debug/examples -L dependency=/opt/rustwide/target/debug/deps --extern bytes=/opt/rustwide/target/debug/deps/libbytes-cc9c49d7958180b3.rlib --extern futures=/opt/rustwide/target/debug/deps/libfutures-c081dfca366c2802.rlib --extern http=/opt/rustwide/target/debug/deps/libhttp-6dd80f6549c192fb.rlib --extern hyper=/opt/rustwide/target/debug/deps/libhyper-08f41204d584f2a5.rlib --extern indexmap=/opt/rustwide/target/debug/deps/libindexmap-fc30f703b934bd86.rlib --extern log=/opt/rustwide/target/debug/deps/liblog-b35d0d4fb72dcbf4.rlib --extern pretty_env_logger=/opt/rustwide/target/debug/deps/libpretty_env_logger-b0dcb2864c5a4c23.rlib --extern rweb=/opt/rustwide/target/debug/deps/librweb-4f18213b068438c6.rlib --extern rweb_macros=/opt/rustwide/target/debug/deps/librweb_macros-c8f646482a9920e8.so --extern scoped_tls=/opt/rustwide/target/debug/deps/libscoped_tls-6de6b56ab72c2897.rlib --extern serde=/opt/rustwide/target/debug/deps/libserde-682e464c55e9b109.rlib --extern serde_json=/opt/rustwide/target/debug/deps/libserde_json-65ea4e853b862c95.rlib --extern serde_yaml=/opt/rustwide/target/debug/deps/libserde_yaml-655707299f752cbe.rlib --extern tokio=/opt/rustwide/target/debug/deps/libtokio-9ab130d546a60091.rlib --extern tokio_stream=/opt/rustwide/target/debug/deps/libtokio_stream-a73ee1f4a3407c89.rlib --extern warp=/opt/rustwide/target/debug/deps/libwarp-892b39628cb2df1e.rlib --cap-lints=warn` (signal: 9, SIGKILL: kill)
[INFO] [stderr] warning: build failed, waiting for other jobs to finish...
[INFO] [stderr] error: could not compile `rweb` (example "sse_chat")
[INFO] [stderr] 
[INFO] [stderr] Caused by:
[INFO] [stderr]   process didn't exit successfully: `/opt/rustwide/rustup-home/toolchains/beta-2023-12-22-x86_64-unknown-linux-gnu/bin/rustc --crate-name sse_chat --edition=2018 examples/sse_chat.rs --error-format=json --json=diagnostic-rendered-ansi,artifacts,future-incompat --crate-type bin --emit=dep-info,link -C embed-bitcode=no -C debuginfo=2 --cfg 'feature="default"' --cfg 'feature="multipart"' --cfg 'feature="websocket"' -C metadata=97a04cddc88dc013 -C extra-filename=-97a04cddc88dc013 --out-dir /opt/rustwide/target/debug/examples -L dependency=/opt/rustwide/target/debug/deps --extern bytes=/opt/rustwide/target/debug/deps/libbytes-cc9c49d7958180b3.rlib --extern futures=/opt/rustwide/target/debug/deps/libfutures-c081dfca366c2802.rlib --extern http=/opt/rustwide/target/debug/deps/libhttp-6dd80f6549c192fb.rlib --extern hyper=/opt/rustwide/target/debug/deps/libhyper-08f41204d584f2a5.rlib --extern indexmap=/opt/rustwide/target/debug/deps/libindexmap-fc30f703b934bd86.rlib --extern log=/opt/rustwide/target/debug/deps/liblog-b35d0d4fb72dcbf4.rlib --extern pretty_env_logger=/opt/rustwide/target/debug/deps/libpretty_env_logger-b0dcb2864c5a4c23.rlib --extern rweb=/opt/rustwide/target/debug/deps/librweb-4f18213b068438c6.rlib --extern rweb_macros=/opt/rustwide/target/debug/deps/librweb_macros-c8f646482a9920e8.so --extern scoped_tls=/opt/rustwide/target/debug/deps/libscoped_tls-6de6b56ab72c2897.rlib --extern serde=/opt/rustwide/target/debug/deps/libserde-682e464c55e9b109.rlib --extern serde_json=/opt/rustwide/target/debug/deps/libserde_json-65ea4e853b862c95.rlib --extern serde_yaml=/opt/rustwide/target/debug/deps/libserde_yaml-655707299f752cbe.rlib --extern tokio=/opt/rustwide/target/debug/deps/libtokio-9ab130d546a60091.rlib --extern tokio_stream=/opt/rustwide/target/debug/deps/libtokio_stream-a73ee1f4a3407c89.rlib --extern warp=/opt/rustwide/target/debug/deps/libwarp-892b39628cb2df1e.rlib --cap-lints=warn` (signal: 9, SIGKILL: kill)
[INFO] [stderr] error: could not compile `rweb` (example "body")
[INFO] [stderr] 
[INFO] [stderr] Caused by:
[INFO] [stderr]   process didn't exit successfully: `/opt/rustwide/rustup-home/toolchains/beta-2023-12-22-x86_64-unknown-linux-gnu/bin/rustc --crate-name body --edition=2018 examples/body.rs --error-format=json --json=diagnostic-rendered-ansi,artifacts,future-incompat --crate-type bin --emit=dep-info,link -C embed-bitcode=no -C debuginfo=2 --cfg 'feature="default"' --cfg 'feature="multipart"' --cfg 'feature="websocket"' -C metadata=8645676f0772dd96 -C extra-filename=-8645676f0772dd96 --out-dir /opt/rustwide/target/debug/examples -L dependency=/opt/rustwide/target/debug/deps --extern bytes=/opt/rustwide/target/debug/deps/libbytes-cc9c49d7958180b3.rlib --extern futures=/opt/rustwide/target/debug/deps/libfutures-c081dfca366c2802.rlib --extern http=/opt/rustwide/target/debug/deps/libhttp-6dd80f6549c192fb.rlib --extern hyper=/opt/rustwide/target/debug/deps/libhyper-08f41204d584f2a5.rlib --extern indexmap=/opt/rustwide/target/debug/deps/libindexmap-fc30f703b934bd86.rlib --extern log=/opt/rustwide/target/debug/deps/liblog-b35d0d4fb72dcbf4.rlib --extern pretty_env_logger=/opt/rustwide/target/debug/deps/libpretty_env_logger-b0dcb2864c5a4c23.rlib --extern rweb=/opt/rustwide/target/debug/deps/librweb-4f18213b068438c6.rlib --extern rweb_macros=/opt/rustwide/target/debug/deps/librweb_macros-c8f646482a9920e8.so --extern scoped_tls=/opt/rustwide/target/debug/deps/libscoped_tls-6de6b56ab72c2897.rlib --extern serde=/opt/rustwide/target/debug/deps/libserde-682e464c55e9b109.rlib --extern serde_json=/opt/rustwide/target/debug/deps/libserde_json-65ea4e853b862c95.rlib --extern serde_yaml=/opt/rustwide/target/debug/deps/libserde_yaml-655707299f752cbe.rlib --extern tokio=/opt/rustwide/target/debug/deps/libtokio-9ab130d546a60091.rlib --extern tokio_stream=/opt/rustwide/target/debug/deps/libtokio_stream-a73ee1f4a3407c89.rlib --extern warp=/opt/rustwide/target/debug/deps/libwarp-892b39628cb2df1e.rlib --cap-lints=warn` (signal: 9, SIGKILL: kill)
[INFO] [stderr] error: could not compile `rweb` (example "dyn_reply")
[INFO] [stderr] 
[INFO] [stderr] Caused by:
[INFO] [stderr]   process didn't exit successfully: `/opt/rustwide/rustup-home/toolchains/beta-2023-12-22-x86_64-unknown-linux-gnu/bin/rustc --crate-name dyn_reply --edition=2018 examples/dyn_reply.rs --error-format=json --json=diagnostic-rendered-ansi,artifacts,future-incompat --crate-type bin --emit=dep-info,link -C embed-bitcode=no -C debuginfo=2 --cfg 'feature="default"' --cfg 'feature="multipart"' --cfg 'feature="websocket"' -C metadata=ba9cd782fb0364a4 -C extra-filename=-ba9cd782fb0364a4 --out-dir /opt/rustwide/target/debug/examples -L dependency=/opt/rustwide/target/debug/deps --extern bytes=/opt/rustwide/target/debug/deps/libbytes-cc9c49d7958180b3.rlib --extern futures=/opt/rustwide/target/debug/deps/libfutures-c081dfca366c2802.rlib --extern http=/opt/rustwide/target/debug/deps/libhttp-6dd80f6549c192fb.rlib --extern hyper=/opt/rustwide/target/debug/deps/libhyper-08f41204d584f2a5.rlib --extern indexmap=/opt/rustwide/target/debug/deps/libindexmap-fc30f703b934bd86.rlib --extern log=/opt/rustwide/target/debug/deps/liblog-b35d0d4fb72dcbf4.rlib --extern pretty_env_logger=/opt/rustwide/target/debug/deps/libpretty_env_logger-b0dcb2864c5a4c23.rlib --extern rweb=/opt/rustwide/target/debug/deps/librweb-4f18213b068438c6.rlib --extern rweb_macros=/opt/rustwide/target/debug/deps/librweb_macros-c8f646482a9920e8.so --extern scoped_tls=/opt/rustwide/target/debug/deps/libscoped_tls-6de6b56ab72c2897.rlib --extern serde=/opt/rustwide/target/debug/deps/libserde-682e464c55e9b109.rlib --extern serde_json=/opt/rustwide/target/debug/deps/libserde_json-65ea4e853b862c95.rlib --extern serde_yaml=/opt/rustwide/target/debug/deps/libserde_yaml-655707299f752cbe.rlib --extern tokio=/opt/rustwide/target/debug/deps/libtokio-9ab130d546a60091.rlib --extern tokio_stream=/opt/rustwide/target/debug/deps/libtokio_stream-a73ee1f4a3407c89.rlib --extern warp=/opt/rustwide/target/debug/deps/libwarp-892b39628cb2df1e.rlib --cap-lints=warn` (signal: 9, SIGKILL: kill)
[INFO] [stderr] error: could not compile `rweb` (example "todo_websockets")
[INFO] [stderr] 
[INFO] [stderr] Caused by:
[INFO] [stderr]   process didn't exit successfully: `/opt/rustwide/rustup-home/toolchains/beta-2023-12-22-x86_64-unknown-linux-gnu/bin/rustc --crate-name todo_websockets --edition=2018 examples/todo_websockets.rs --error-format=json --json=diagnostic-rendered-ansi,artifacts,future-incompat --crate-type bin --emit=dep-info,link -C embed-bitcode=no -C debuginfo=2 --cfg 'feature="default"' --cfg 'feature="multipart"' --cfg 'feature="websocket"' -C metadata=ae64b72cf7d8f4cf -C extra-filename=-ae64b72cf7d8f4cf --out-dir /opt/rustwide/target/debug/examples -L dependency=/opt/rustwide/target/debug/deps --extern bytes=/opt/rustwide/target/debug/deps/libbytes-cc9c49d7958180b3.rlib --extern futures=/opt/rustwide/target/debug/deps/libfutures-c081dfca366c2802.rlib --extern http=/opt/rustwide/target/debug/deps/libhttp-6dd80f6549c192fb.rlib --extern hyper=/opt/rustwide/target/debug/deps/libhyper-08f41204d584f2a5.rlib --extern indexmap=/opt/rustwide/target/debug/deps/libindexmap-fc30f703b934bd86.rlib --extern log=/opt/rustwide/target/debug/deps/liblog-b35d0d4fb72dcbf4.rlib --extern pretty_env_logger=/opt/rustwide/target/debug/deps/libpretty_env_logger-b0dcb2864c5a4c23.rlib --extern rweb=/opt/rustwide/target/debug/deps/librweb-4f18213b068438c6.rlib --extern rweb_macros=/opt/rustwide/target/debug/deps/librweb_macros-c8f646482a9920e8.so --extern scoped_tls=/opt/rustwide/target/debug/deps/libscoped_tls-6de6b56ab72c2897.rlib --extern serde=/opt/rustwide/target/debug/deps/libserde-682e464c55e9b109.rlib --extern serde_json=/opt/rustwide/target/debug/deps/libserde_json-65ea4e853b862c95.rlib --extern serde_yaml=/opt/rustwide/target/debug/deps/libserde_yaml-655707299f752cbe.rlib --extern tokio=/opt/rustwide/target/debug/deps/libtokio-9ab130d546a60091.rlib --extern tokio_stream=/opt/rustwide/target/debug/deps/libtokio_stream-a73ee1f4a3407c89.rlib --extern warp=/opt/rustwide/target/debug/deps/libwarp-892b39628cb2df1e.rlib --cap-lints=warn` (signal: 9, SIGKILL: kill)
[INFO] [stderr] error: could not compile `rweb` (example "sse")
[INFO] [stderr] 
[INFO] [stderr] Caused by:
[INFO] [stderr]   process didn't exit successfully: `/opt/rustwide/rustup-home/toolchains/beta-2023-12-22-x86_64-unknown-linux-gnu/bin/rustc --crate-name sse --edition=2018 examples/sse.rs --error-format=json --json=diagnostic-rendered-ansi,artifacts,future-incompat --crate-type bin --emit=dep-info,link -C embed-bitcode=no -C debuginfo=2 --cfg 'feature="default"' --cfg 'feature="multipart"' --cfg 'feature="websocket"' -C metadata=fde0a0ae76bc0695 -C extra-filename=-fde0a0ae76bc0695 --out-dir /opt/rustwide/target/debug/examples -L dependency=/opt/rustwide/target/debug/deps --extern bytes=/opt/rustwide/target/debug/deps/libbytes-cc9c49d7958180b3.rlib --extern futures=/opt/rustwide/target/debug/deps/libfutures-c081dfca366c2802.rlib --extern http=/opt/rustwide/target/debug/deps/libhttp-6dd80f6549c192fb.rlib --extern hyper=/opt/rustwide/target/debug/deps/libhyper-08f41204d584f2a5.rlib --extern indexmap=/opt/rustwide/target/debug/deps/libindexmap-fc30f703b934bd86.rlib --extern log=/opt/rustwide/target/debug/deps/liblog-b35d0d4fb72dcbf4.rlib --extern pretty_env_logger=/opt/rustwide/target/debug/deps/libpretty_env_logger-b0dcb2864c5a4c23.rlib --extern rweb=/opt/rustwide/target/debug/deps/librweb-4f18213b068438c6.rlib --extern rweb_macros=/opt/rustwide/target/debug/deps/librweb_macros-c8f646482a9920e8.so --extern scoped_tls=/opt/rustwide/target/debug/deps/libscoped_tls-6de6b56ab72c2897.rlib --extern serde=/opt/rustwide/target/debug/deps/libserde-682e464c55e9b109.rlib --extern serde_json=/opt/rustwide/target/debug/deps/libserde_json-65ea4e853b862c95.rlib --extern serde_yaml=/opt/rustwide/target/debug/deps/libserde_yaml-655707299f752cbe.rlib --extern tokio=/opt/rustwide/target/debug/deps/libtokio-9ab130d546a60091.rlib --extern tokio_stream=/opt/rustwide/target/debug/deps/libtokio_stream-a73ee1f4a3407c89.rlib --extern warp=/opt/rustwide/target/debug/deps/libwarp-892b39628cb2df1e.rlib --cap-lints=warn` (signal: 9, SIGKILL: kill)
[INFO] running `Command { std: "docker" "inspect" "926802d1b621ced8c62bd4d6d9294ccd8ec5f16bb03c2d52fddbdf373416d305", kill_on_drop: false }`
[INFO] running `Command { std: "docker" "rm" "-f" "926802d1b621ced8c62bd4d6d9294ccd8ec5f16bb03c2d52fddbdf373416d305", kill_on_drop: false }`
[INFO] [stdout] 926802d1b621ced8c62bd4d6d9294ccd8ec5f16bb03c2d52fddbdf373416d305
