[INFO] fetching crate rustyline-with-newest-nix 12.0.0...
[INFO] testing rustyline-with-newest-nix-12.0.0 against 1.75.0 for beta-1.76-1
[INFO] extracting crate rustyline-with-newest-nix 12.0.0 into /workspace/builds/worker-7-tc1/source
[INFO] validating manifest of crates.io crate rustyline-with-newest-nix 12.0.0 on toolchain 1.75.0
[INFO] running `Command { std: CARGO_HOME="/workspace/cargo-home" RUSTUP_HOME="/workspace/rustup-home" "/workspace/cargo-home/bin/cargo" "+1.75.0" "metadata" "--manifest-path" "Cargo.toml" "--no-deps", kill_on_drop: false }`
[INFO] started tweaking crates.io crate rustyline-with-newest-nix 12.0.0
[INFO] removed 0 missing examples
[INFO] finished tweaking crates.io crate rustyline-with-newest-nix 12.0.0
[INFO] tweaked toml for crates.io crate rustyline-with-newest-nix 12.0.0 written to /workspace/builds/worker-7-tc1/source/Cargo.toml
[INFO] crate crates.io crate rustyline-with-newest-nix 12.0.0 already has a lockfile, it will not be regenerated
[INFO] running `Command { std: CARGO_HOME="/workspace/cargo-home" RUSTUP_HOME="/workspace/rustup-home" "/workspace/cargo-home/bin/cargo" "+1.75.0" "fetch" "--manifest-path" "Cargo.toml", kill_on_drop: false }`
[INFO] [stderr]  Downloading crates ...
[INFO] [stderr]   Downloaded rustyline-derive v0.9.0
[INFO] [stderr]   Downloaded rustix v0.38.22
[INFO] running `Command { std: "docker" "create" "-v" "/var/lib/crater-agent-workspace/builds/worker-7-tc1/target:/opt/rustwide/target:rw,Z" "-v" "/var/lib/crater-agent-workspace/builds/worker-7-tc1/source:/opt/rustwide/workdir:ro,Z" "-v" "/var/lib/crater-agent-workspace/cargo-home:/opt/rustwide/cargo-home:ro,Z" "-v" "/var/lib/crater-agent-workspace/rustup-home:/opt/rustwide/rustup-home:ro,Z" "-e" "SOURCE_DIR=/opt/rustwide/workdir" "-e" "CARGO_TARGET_DIR=/opt/rustwide/target" "-e" "CARGO_HOME=/opt/rustwide/cargo-home" "-e" "RUSTUP_HOME=/opt/rustwide/rustup-home" "-w" "/opt/rustwide/workdir" "-m" "1610612736" "--user" "0:0" "--network" "none" "ghcr.io/rust-lang/crates-build-env/linux@sha256:2788e3201cd34a07e3172128adcd8b3090168a8e3bcc40d7c032b9dda1df7d1c" "/opt/rustwide/cargo-home/bin/cargo" "+1.75.0" "metadata" "--no-deps" "--format-version=1", kill_on_drop: false }`
[INFO] [stdout] 3296f82bc885cc10f19f1191663999bdbd06eadf71044e16b750ea8f9ec301d3
[INFO] running `Command { std: "docker" "start" "-a" "3296f82bc885cc10f19f1191663999bdbd06eadf71044e16b750ea8f9ec301d3", kill_on_drop: false }`
[INFO] running `Command { std: "docker" "inspect" "3296f82bc885cc10f19f1191663999bdbd06eadf71044e16b750ea8f9ec301d3", kill_on_drop: false }`
[INFO] running `Command { std: "docker" "rm" "-f" "3296f82bc885cc10f19f1191663999bdbd06eadf71044e16b750ea8f9ec301d3", kill_on_drop: false }`
[INFO] [stdout] 3296f82bc885cc10f19f1191663999bdbd06eadf71044e16b750ea8f9ec301d3
[INFO] running `Command { std: "docker" "create" "-v" "/var/lib/crater-agent-workspace/builds/worker-7-tc1/target:/opt/rustwide/target:rw,Z" "-v" "/var/lib/crater-agent-workspace/builds/worker-7-tc1/source:/opt/rustwide/workdir:ro,Z" "-v" "/var/lib/crater-agent-workspace/cargo-home:/opt/rustwide/cargo-home:ro,Z" "-v" "/var/lib/crater-agent-workspace/rustup-home:/opt/rustwide/rustup-home:ro,Z" "-e" "SOURCE_DIR=/opt/rustwide/workdir" "-e" "CARGO_TARGET_DIR=/opt/rustwide/target" "-e" "CARGO_INCREMENTAL=0" "-e" "RUST_BACKTRACE=full" "-e" "RUSTFLAGS=--cap-lints=warn" "-e" "RUSTDOCFLAGS=--cap-lints=warn" "-e" "CARGO_HOME=/opt/rustwide/cargo-home" "-e" "RUSTUP_HOME=/opt/rustwide/rustup-home" "-w" "/opt/rustwide/workdir" "-m" "1610612736" "--user" "0:0" "--network" "none" "ghcr.io/rust-lang/crates-build-env/linux@sha256:2788e3201cd34a07e3172128adcd8b3090168a8e3bcc40d7c032b9dda1df7d1c" "/opt/rustwide/cargo-home/bin/cargo" "+1.75.0" "build" "--frozen" "--message-format=json", kill_on_drop: false }`
[INFO] [stdout] 619d31e44d6d50eacef27f41c624f0007385e5b77efd3ddfc1980580eec14be2
[INFO] running `Command { std: "docker" "start" "-a" "619d31e44d6d50eacef27f41c624f0007385e5b77efd3ddfc1980580eec14be2", kill_on_drop: false }`
[INFO] [stderr]    Compiling rustix v0.38.22
[INFO] [stderr]    Compiling libc v0.2.150
[INFO] [stderr]    Compiling bitflags v2.4.1
[INFO] [stderr]    Compiling linux-raw-sys v0.4.11
[INFO] [stderr]    Compiling smallvec v1.11.2
[INFO] [stderr]    Compiling endian-type v0.1.2
[INFO] [stderr]    Compiling memchr v2.6.4
[INFO] [stderr]    Compiling log v0.4.20
[INFO] [stderr]    Compiling unicode-width v0.1.11
[INFO] [stderr]    Compiling unicode-segmentation v1.10.1
[INFO] [stderr]    Compiling home v0.5.5
[INFO] [stderr]    Compiling utf8parse v0.2.1
[INFO] [stderr]    Compiling nibble_vec v0.1.0
[INFO] [stderr]    Compiling radix_trie v0.2.1
[INFO] [stderr]    Compiling nix v0.27.1
[INFO] [stderr]    Compiling fd-lock v3.0.13
[INFO] [stderr]    Compiling rustyline-with-newest-nix v12.0.0 (/opt/rustwide/workdir)
[INFO] [stderr]     Finished dev [unoptimized + debuginfo] target(s) in 3.25s
[INFO] running `Command { std: "docker" "inspect" "619d31e44d6d50eacef27f41c624f0007385e5b77efd3ddfc1980580eec14be2", kill_on_drop: false }`
[INFO] running `Command { std: "docker" "rm" "-f" "619d31e44d6d50eacef27f41c624f0007385e5b77efd3ddfc1980580eec14be2", kill_on_drop: false }`
[INFO] [stdout] 619d31e44d6d50eacef27f41c624f0007385e5b77efd3ddfc1980580eec14be2
[INFO] running `Command { std: "docker" "create" "-v" "/var/lib/crater-agent-workspace/builds/worker-7-tc1/target:/opt/rustwide/target:rw,Z" "-v" "/var/lib/crater-agent-workspace/builds/worker-7-tc1/source:/opt/rustwide/workdir:ro,Z" "-v" "/var/lib/crater-agent-workspace/cargo-home:/opt/rustwide/cargo-home:ro,Z" "-v" "/var/lib/crater-agent-workspace/rustup-home:/opt/rustwide/rustup-home:ro,Z" "-e" "SOURCE_DIR=/opt/rustwide/workdir" "-e" "CARGO_TARGET_DIR=/opt/rustwide/target" "-e" "CARGO_INCREMENTAL=0" "-e" "RUST_BACKTRACE=full" "-e" "RUSTFLAGS=--cap-lints=warn" "-e" "RUSTDOCFLAGS=--cap-lints=warn" "-e" "CARGO_HOME=/opt/rustwide/cargo-home" "-e" "RUSTUP_HOME=/opt/rustwide/rustup-home" "-w" "/opt/rustwide/workdir" "-m" "1610612736" "--user" "0:0" "--network" "none" "ghcr.io/rust-lang/crates-build-env/linux@sha256:2788e3201cd34a07e3172128adcd8b3090168a8e3bcc40d7c032b9dda1df7d1c" "/opt/rustwide/cargo-home/bin/cargo" "+1.75.0" "test" "--frozen" "--no-run" "--message-format=json", kill_on_drop: false }`
[INFO] [stdout] 8b1ce406d6da4afca966cdeba1d0b22304233d053d62ed6d1e0d4748174a3153
[INFO] running `Command { std: "docker" "start" "-a" "8b1ce406d6da4afca966cdeba1d0b22304233d053d62ed6d1e0d4748174a3153", kill_on_drop: false }`
[INFO] [stderr]    Compiling ppv-lite86 v0.2.17
[INFO] [stderr]    Compiling doc-comment v0.3.3
[INFO] [stderr]    Compiling fastrand v2.0.1
[INFO] [stderr]    Compiling assert_matches v1.5.0
[INFO] [stderr]    Compiling env_logger v0.10.1
[INFO] [stderr]    Compiling getrandom v0.2.11
[INFO] [stderr]    Compiling rustyline-with-newest-nix v12.0.0 (/opt/rustwide/workdir)
[INFO] [stderr]    Compiling rand_core v0.6.4
[INFO] [stderr]    Compiling tempfile v3.8.1
[INFO] [stderr]    Compiling rand_chacha v0.3.1
[INFO] [stderr]    Compiling rand v0.8.5
[INFO] [stdout] warning: unused import: `self::unix::*`
[INFO] [stdout]    --> src/tty/mod.rs:263:9
[INFO] [stdout]     |
[INFO] [stdout] 263 | pub use self::unix::*;
[INFO] [stdout]     |         ^^^^^^^^^^^^^
[INFO] [stdout]     |
[INFO] [stdout]     = note: `#[warn(unused_imports)]` on by default
[INFO] [stdout] 
[INFO] [stdout] 
[INFO] [stdout] error[E0432]: unresolved import `rustyline`
[INFO] [stdout]  --> examples/numeric_input.rs:1:5
[INFO] [stdout]   |
[INFO] [stdout] 1 | use rustyline::{
[INFO] [stdout]   |     ^^^^^^^^^ use of undeclared crate or module `rustyline`
[INFO] [stdout] 
[INFO] [stdout] 
[INFO] [stdout] error[E0432]: unresolved import `rustyline`
[INFO] [stdout]  --> examples/minimal.rs:1:5
[INFO] [stdout]   |
[INFO] [stdout] 1 | use rustyline::{DefaultEditor, Result};
[INFO] [stdout]   |     ^^^^^^^^^ use of undeclared crate or module `rustyline`
[INFO] [stdout] 
[INFO] [stdout] 
[INFO] [stdout] error[E0432]: unresolved import `rustyline`
[INFO] [stdout]  --> examples/external_print.rs:6:5
[INFO] [stdout]   |
[INFO] [stdout] 6 | use rustyline::{DefaultEditor, ExternalPrinter, Result};
[INFO] [stdout]   |     ^^^^^^^^^ use of undeclared crate or module `rustyline`
[INFO] [stdout] 
[INFO] [stdout] 
[INFO] [stdout] error: aborting due to previous error
[INFO] [stdout] 
[INFO] [stdout] 
[INFO] [stdout] For more information about this error, try `rustc --explain E0432`.
[INFO] [stdout] 
[INFO] [stderr] error: could not compile `rustyline-with-newest-nix` (example "numeric_input") due to 2 previous errors
[INFO] [stderr] warning: build failed, waiting for other jobs to finish...
[INFO] [stdout] error: aborting due to previous error
[INFO] [stdout] 
[INFO] [stdout] 
[INFO] [stdout] For more information about this error, try `rustc --explain E0432`.
[INFO] [stdout] 
[INFO] [stdout] error: aborting due to previous error
[INFO] [stdout] 
[INFO] [stdout] 
[INFO] [stdout] For more information about this error, try `rustc --explain E0432`.
[INFO] [stdout] 
[INFO] [stderr] error: could not compile `rustyline-with-newest-nix` (example "minimal") due to 2 previous errors
[INFO] [stderr] error: could not compile `rustyline-with-newest-nix` (example "external_print") due to 2 previous errors
[INFO] [stdout] warning: 1 warning emitted
[INFO] [stdout] 
[INFO] [stdout] 
[INFO] running `Command { std: "docker" "inspect" "8b1ce406d6da4afca966cdeba1d0b22304233d053d62ed6d1e0d4748174a3153", kill_on_drop: false }`
[INFO] running `Command { std: "docker" "rm" "-f" "8b1ce406d6da4afca966cdeba1d0b22304233d053d62ed6d1e0d4748174a3153", kill_on_drop: false }`
[INFO] [stdout] 8b1ce406d6da4afca966cdeba1d0b22304233d053d62ed6d1e0d4748174a3153
[INFO] testing rustyline-with-newest-nix-12.0.0 against beta-2023-12-22 for beta-1.76-1
[INFO] extracting crate rustyline-with-newest-nix 12.0.0 into /workspace/builds/worker-7-tc2/source
[INFO] validating manifest of crates.io crate rustyline-with-newest-nix 12.0.0 on toolchain beta-2023-12-22
[INFO] running `Command { std: CARGO_HOME="/workspace/cargo-home" RUSTUP_HOME="/workspace/rustup-home" "/workspace/cargo-home/bin/cargo" "+beta-2023-12-22" "metadata" "--manifest-path" "Cargo.toml" "--no-deps", kill_on_drop: false }`
[INFO] started tweaking crates.io crate rustyline-with-newest-nix 12.0.0
[INFO] removed 0 missing examples
[INFO] finished tweaking crates.io crate rustyline-with-newest-nix 12.0.0
[INFO] tweaked toml for crates.io crate rustyline-with-newest-nix 12.0.0 written to /workspace/builds/worker-7-tc2/source/Cargo.toml
[INFO] crate crates.io crate rustyline-with-newest-nix 12.0.0 already has a lockfile, it will not be regenerated
[INFO] running `Command { std: CARGO_HOME="/workspace/cargo-home" RUSTUP_HOME="/workspace/rustup-home" "/workspace/cargo-home/bin/cargo" "+beta-2023-12-22" "fetch" "--manifest-path" "Cargo.toml", kill_on_drop: false }`
[INFO] running `Command { std: "docker" "create" "-v" "/var/lib/crater-agent-workspace/builds/worker-7-tc2/target:/opt/rustwide/target:rw,Z" "-v" "/var/lib/crater-agent-workspace/builds/worker-7-tc2/source:/opt/rustwide/workdir:ro,Z" "-v" "/var/lib/crater-agent-workspace/cargo-home:/opt/rustwide/cargo-home:ro,Z" "-v" "/var/lib/crater-agent-workspace/rustup-home:/opt/rustwide/rustup-home:ro,Z" "-e" "SOURCE_DIR=/opt/rustwide/workdir" "-e" "CARGO_TARGET_DIR=/opt/rustwide/target" "-e" "CARGO_HOME=/opt/rustwide/cargo-home" "-e" "RUSTUP_HOME=/opt/rustwide/rustup-home" "-w" "/opt/rustwide/workdir" "-m" "1610612736" "--user" "0:0" "--network" "none" "ghcr.io/rust-lang/crates-build-env/linux@sha256:2788e3201cd34a07e3172128adcd8b3090168a8e3bcc40d7c032b9dda1df7d1c" "/opt/rustwide/cargo-home/bin/cargo" "+beta-2023-12-22" "metadata" "--no-deps" "--format-version=1", kill_on_drop: false }`
[INFO] [stdout] 4a580a593f111a86d554d518d0a00643a6343bf9f0cdd8338c72208d08a810de
[INFO] running `Command { std: "docker" "start" "-a" "4a580a593f111a86d554d518d0a00643a6343bf9f0cdd8338c72208d08a810de", kill_on_drop: false }`
[INFO] running `Command { std: "docker" "inspect" "4a580a593f111a86d554d518d0a00643a6343bf9f0cdd8338c72208d08a810de", kill_on_drop: false }`
[INFO] running `Command { std: "docker" "rm" "-f" "4a580a593f111a86d554d518d0a00643a6343bf9f0cdd8338c72208d08a810de", kill_on_drop: false }`
[INFO] [stdout] 4a580a593f111a86d554d518d0a00643a6343bf9f0cdd8338c72208d08a810de
[INFO] running `Command { std: "docker" "create" "-v" "/var/lib/crater-agent-workspace/builds/worker-7-tc2/target:/opt/rustwide/target:rw,Z" "-v" "/var/lib/crater-agent-workspace/builds/worker-7-tc2/source:/opt/rustwide/workdir:ro,Z" "-v" "/var/lib/crater-agent-workspace/cargo-home:/opt/rustwide/cargo-home:ro,Z" "-v" "/var/lib/crater-agent-workspace/rustup-home:/opt/rustwide/rustup-home:ro,Z" "-e" "SOURCE_DIR=/opt/rustwide/workdir" "-e" "CARGO_TARGET_DIR=/opt/rustwide/target" "-e" "CARGO_INCREMENTAL=0" "-e" "RUST_BACKTRACE=full" "-e" "RUSTFLAGS=--cap-lints=warn" "-e" "RUSTDOCFLAGS=--cap-lints=warn" "-e" "CARGO_HOME=/opt/rustwide/cargo-home" "-e" "RUSTUP_HOME=/opt/rustwide/rustup-home" "-w" "/opt/rustwide/workdir" "-m" "1610612736" "--user" "0:0" "--network" "none" "ghcr.io/rust-lang/crates-build-env/linux@sha256:2788e3201cd34a07e3172128adcd8b3090168a8e3bcc40d7c032b9dda1df7d1c" "/opt/rustwide/cargo-home/bin/cargo" "+beta-2023-12-22" "build" "--frozen" "--message-format=json", kill_on_drop: false }`
[INFO] [stdout] 8ab306e183fa92ac89cfc50a3ac010340bf1bace82b98828efa1d6f13c837068
[INFO] running `Command { std: "docker" "start" "-a" "8ab306e183fa92ac89cfc50a3ac010340bf1bace82b98828efa1d6f13c837068", kill_on_drop: false }`
[INFO] [stderr]    Compiling libc v0.2.150
[INFO] [stderr]    Compiling bitflags v2.4.1
[INFO] [stderr]    Compiling rustix v0.38.22
[INFO] [stderr]    Compiling linux-raw-sys v0.4.11
[INFO] [stderr]    Compiling smallvec v1.11.2
[INFO] [stderr]    Compiling endian-type v0.1.2
[INFO] [stderr]    Compiling memchr v2.6.4
[INFO] [stderr]    Compiling utf8parse v0.2.1
[INFO] [stderr]    Compiling log v0.4.20
[INFO] [stderr]    Compiling unicode-segmentation v1.10.1
[INFO] [stderr]    Compiling unicode-width v0.1.11
[INFO] [stderr]    Compiling home v0.5.5
[INFO] [stderr]    Compiling nibble_vec v0.1.0
[INFO] [stderr]    Compiling radix_trie v0.2.1
[INFO] [stderr]    Compiling nix v0.27.1
[INFO] [stderr]    Compiling fd-lock v3.0.13
[INFO] [stderr]    Compiling rustyline-with-newest-nix v12.0.0 (/opt/rustwide/workdir)
[INFO] [stderr]     Finished dev [unoptimized + debuginfo] target(s) in 3.93s
[INFO] running `Command { std: "docker" "inspect" "8ab306e183fa92ac89cfc50a3ac010340bf1bace82b98828efa1d6f13c837068", kill_on_drop: false }`
[INFO] running `Command { std: "docker" "rm" "-f" "8ab306e183fa92ac89cfc50a3ac010340bf1bace82b98828efa1d6f13c837068", kill_on_drop: false }`
[INFO] [stdout] 8ab306e183fa92ac89cfc50a3ac010340bf1bace82b98828efa1d6f13c837068
[INFO] running `Command { std: "docker" "create" "-v" "/var/lib/crater-agent-workspace/builds/worker-7-tc2/target:/opt/rustwide/target:rw,Z" "-v" "/var/lib/crater-agent-workspace/builds/worker-7-tc2/source:/opt/rustwide/workdir:ro,Z" "-v" "/var/lib/crater-agent-workspace/cargo-home:/opt/rustwide/cargo-home:ro,Z" "-v" "/var/lib/crater-agent-workspace/rustup-home:/opt/rustwide/rustup-home:ro,Z" "-e" "SOURCE_DIR=/opt/rustwide/workdir" "-e" "CARGO_TARGET_DIR=/opt/rustwide/target" "-e" "CARGO_INCREMENTAL=0" "-e" "RUST_BACKTRACE=full" "-e" "RUSTFLAGS=--cap-lints=warn" "-e" "RUSTDOCFLAGS=--cap-lints=warn" "-e" "CARGO_HOME=/opt/rustwide/cargo-home" "-e" "RUSTUP_HOME=/opt/rustwide/rustup-home" "-w" "/opt/rustwide/workdir" "-m" "1610612736" "--user" "0:0" "--network" "none" "ghcr.io/rust-lang/crates-build-env/linux@sha256:2788e3201cd34a07e3172128adcd8b3090168a8e3bcc40d7c032b9dda1df7d1c" "/opt/rustwide/cargo-home/bin/cargo" "+beta-2023-12-22" "test" "--frozen" "--no-run" "--message-format=json", kill_on_drop: false }`
[INFO] [stdout] f090b228ac26557aed5210171f7c8307caf71b25c74901664c79ec612aa1693b
[INFO] running `Command { std: "docker" "start" "-a" "f090b228ac26557aed5210171f7c8307caf71b25c74901664c79ec612aa1693b", kill_on_drop: false }`
[INFO] [stderr]    Compiling ppv-lite86 v0.2.17
[INFO] [stderr]    Compiling doc-comment v0.3.3
[INFO] [stderr]    Compiling fastrand v2.0.1
[INFO] [stderr]    Compiling assert_matches v1.5.0
[INFO] [stderr]    Compiling env_logger v0.10.1
[INFO] [stderr]    Compiling getrandom v0.2.11
[INFO] [stderr]    Compiling rustyline-with-newest-nix v12.0.0 (/opt/rustwide/workdir)
[INFO] [stderr]    Compiling rand_core v0.6.4
[INFO] [stderr]    Compiling tempfile v3.8.1
[INFO] [stderr]    Compiling rand_chacha v0.3.1
[INFO] [stderr]    Compiling rand v0.8.5
[INFO] [stdout] warning: unused import: `self::unix::*`
[INFO] [stdout]    --> src/tty/mod.rs:263:9
[INFO] [stdout]     |
[INFO] [stdout] 263 | pub use self::unix::*;
[INFO] [stdout]     |         ^^^^^^^^^^^^^
[INFO] [stdout]     |
[INFO] [stdout]     = note: `#[warn(unused_imports)]` on by default
[INFO] [stdout] 
[INFO] [stdout] 
[INFO] [stdout] error[E0432]: unresolved import `rustyline`
[INFO] [stdout]  --> examples/external_print.rs:6:5
[INFO] [stdout]   |
[INFO] [stdout] 6 | use rustyline::{DefaultEditor, ExternalPrinter, Result};
[INFO] [stdout]   |     ^^^^^^^^^ use of undeclared crate or module `rustyline`
[INFO] [stdout] 
[INFO] [stdout] 
[INFO] [stdout] error[E0432]: unresolved import `rustyline`
[INFO] [stdout]  --> examples/minimal.rs:1:5
[INFO] [stdout]   |
[INFO] [stdout] 1 | use rustyline::{DefaultEditor, Result};
[INFO] [stdout]   |     ^^^^^^^^^ use of undeclared crate or module `rustyline`
[INFO] [stdout] 
[INFO] [stdout] 
[INFO] [stdout] error[E0432]: unresolved import `rustyline`
[INFO] [stdout]  --> examples/numeric_input.rs:1:5
[INFO] [stdout]   |
[INFO] [stdout] 1 | use rustyline::{
[INFO] [stdout]   |     ^^^^^^^^^ use of undeclared crate or module `rustyline`
[INFO] [stdout] 
[INFO] [stdout] 
[INFO] [stdout] error: aborting due to 1 previous error
[INFO] [stdout] 
[INFO] [stdout] 
[INFO] [stdout] For more information about this error, try `rustc --explain E0432`.
[INFO] [stdout] 
[INFO] [stderr] error: could not compile `rustyline-with-newest-nix` (example "numeric_input") due to 2 previous errors
[INFO] [stderr] warning: build failed, waiting for other jobs to finish...
[INFO] [stdout] error: aborting due to 1 previous error
[INFO] [stdout] 
[INFO] [stdout] 
[INFO] [stdout] For more information about this error, try `rustc --explain E0432`.
[INFO] [stdout] 
[INFO] [stdout] error: aborting due to 1 previous error
[INFO] [stdout] 
[INFO] [stdout] 
[INFO] [stdout] For more information about this error, try `rustc --explain E0432`.
[INFO] [stdout] 
[INFO] [stderr] error: could not compile `rustyline-with-newest-nix` (example "minimal") due to 2 previous errors
[INFO] [stderr] error: could not compile `rustyline-with-newest-nix` (example "external_print") due to 2 previous errors
[INFO] [stdout] warning: 1 warning emitted
[INFO] [stdout] 
[INFO] [stdout] 
[INFO] running `Command { std: "docker" "inspect" "f090b228ac26557aed5210171f7c8307caf71b25c74901664c79ec612aa1693b", kill_on_drop: false }`
[INFO] running `Command { std: "docker" "rm" "-f" "f090b228ac26557aed5210171f7c8307caf71b25c74901664c79ec612aa1693b", kill_on_drop: false }`
[INFO] [stdout] f090b228ac26557aed5210171f7c8307caf71b25c74901664c79ec612aa1693b
