[INFO] fetching crate rusty-value 0.6.0...
[INFO] testing rusty-value-0.6.0 against 1.75.0 for beta-1.76-1
[INFO] extracting crate rusty-value 0.6.0 into /workspace/builds/worker-2-tc1/source
[INFO] validating manifest of crates.io crate rusty-value 0.6.0 on toolchain 1.75.0
[INFO] running `Command { std: CARGO_HOME="/workspace/cargo-home" RUSTUP_HOME="/workspace/rustup-home" "/workspace/cargo-home/bin/cargo" "+1.75.0" "metadata" "--manifest-path" "Cargo.toml" "--no-deps", kill_on_drop: false }`
[INFO] started tweaking crates.io crate rusty-value 0.6.0
[INFO] finished tweaking crates.io crate rusty-value 0.6.0
[INFO] tweaked toml for crates.io crate rusty-value 0.6.0 written to /workspace/builds/worker-2-tc1/source/Cargo.toml
[INFO] running `Command { std: CARGO_HOME="/workspace/cargo-home" RUSTUP_HOME="/workspace/rustup-home" "/workspace/cargo-home/bin/cargo" "+1.75.0" "generate-lockfile" "--manifest-path" "Cargo.toml", kill_on_drop: false }`
[INFO] [stderr]     Updating crates.io index
[INFO] running `Command { std: CARGO_HOME="/workspace/cargo-home" RUSTUP_HOME="/workspace/rustup-home" "/workspace/cargo-home/bin/cargo" "+1.75.0" "fetch" "--manifest-path" "Cargo.toml", kill_on_drop: false }`
[INFO] [stderr]  Downloading crates ...
[INFO] [stderr]   Downloaded rusty-value-derive v0.1.1
[INFO] running `Command { std: "docker" "create" "-v" "/var/lib/crater-agent-workspace/builds/worker-2-tc1/target:/opt/rustwide/target:rw,Z" "-v" "/var/lib/crater-agent-workspace/builds/worker-2-tc1/source:/opt/rustwide/workdir:ro,Z" "-v" "/var/lib/crater-agent-workspace/cargo-home:/opt/rustwide/cargo-home:ro,Z" "-v" "/var/lib/crater-agent-workspace/rustup-home:/opt/rustwide/rustup-home:ro,Z" "-e" "SOURCE_DIR=/opt/rustwide/workdir" "-e" "CARGO_TARGET_DIR=/opt/rustwide/target" "-e" "CARGO_HOME=/opt/rustwide/cargo-home" "-e" "RUSTUP_HOME=/opt/rustwide/rustup-home" "-w" "/opt/rustwide/workdir" "-m" "1610612736" "--user" "0:0" "--network" "none" "ghcr.io/rust-lang/crates-build-env/linux@sha256:2788e3201cd34a07e3172128adcd8b3090168a8e3bcc40d7c032b9dda1df7d1c" "/opt/rustwide/cargo-home/bin/cargo" "+1.75.0" "metadata" "--no-deps" "--format-version=1", kill_on_drop: false }`
[INFO] [stdout] b0d49acc5a1494cdc1b5917a05778980dbbdbe5f4fa0666baf83928e21307e23
[INFO] running `Command { std: "docker" "start" "-a" "b0d49acc5a1494cdc1b5917a05778980dbbdbe5f4fa0666baf83928e21307e23", kill_on_drop: false }`
[INFO] running `Command { std: "docker" "inspect" "b0d49acc5a1494cdc1b5917a05778980dbbdbe5f4fa0666baf83928e21307e23", kill_on_drop: false }`
[INFO] running `Command { std: "docker" "rm" "-f" "b0d49acc5a1494cdc1b5917a05778980dbbdbe5f4fa0666baf83928e21307e23", kill_on_drop: false }`
[INFO] [stdout] b0d49acc5a1494cdc1b5917a05778980dbbdbe5f4fa0666baf83928e21307e23
[INFO] running `Command { std: "docker" "create" "-v" "/var/lib/crater-agent-workspace/builds/worker-2-tc1/target:/opt/rustwide/target:rw,Z" "-v" "/var/lib/crater-agent-workspace/builds/worker-2-tc1/source:/opt/rustwide/workdir:ro,Z" "-v" "/var/lib/crater-agent-workspace/cargo-home:/opt/rustwide/cargo-home:ro,Z" "-v" "/var/lib/crater-agent-workspace/rustup-home:/opt/rustwide/rustup-home:ro,Z" "-e" "SOURCE_DIR=/opt/rustwide/workdir" "-e" "CARGO_TARGET_DIR=/opt/rustwide/target" "-e" "CARGO_INCREMENTAL=0" "-e" "RUST_BACKTRACE=full" "-e" "RUSTFLAGS=--cap-lints=warn" "-e" "RUSTDOCFLAGS=--cap-lints=warn" "-e" "CARGO_HOME=/opt/rustwide/cargo-home" "-e" "RUSTUP_HOME=/opt/rustwide/rustup-home" "-w" "/opt/rustwide/workdir" "-m" "1610612736" "--user" "0:0" "--network" "none" "ghcr.io/rust-lang/crates-build-env/linux@sha256:2788e3201cd34a07e3172128adcd8b3090168a8e3bcc40d7c032b9dda1df7d1c" "/opt/rustwide/cargo-home/bin/cargo" "+1.75.0" "build" "--frozen" "--message-format=json", kill_on_drop: false }`
[INFO] [stdout] c492ddf304e81cf96c45eb91fd5aaa628006e27ada1f9bbeb3ad5223ca631f1a
[INFO] running `Command { std: "docker" "start" "-a" "c492ddf304e81cf96c45eb91fd5aaa628006e27ada1f9bbeb3ad5223ca631f1a", kill_on_drop: false }`
[INFO] [stderr]    Compiling rusty-value v0.6.0 (/opt/rustwide/workdir)
[INFO] [stdout] warning: unused import: `formats::*`
[INFO] [stdout]  --> src/lib.rs:6:9
[INFO] [stdout]   |
[INFO] [stdout] 6 | pub use formats::*;
[INFO] [stdout]   |         ^^^^^^^^^^
[INFO] [stdout]   |
[INFO] [stdout]   = note: `#[warn(unused_imports)]` on by default
[INFO] [stdout] 
[INFO] [stdout] 
[INFO] [stdout] warning: 1 warning emitted
[INFO] [stdout] 
[INFO] [stdout] 
[INFO] [stderr]     Finished dev [unoptimized + debuginfo] target(s) in 0.26s
[INFO] running `Command { std: "docker" "inspect" "c492ddf304e81cf96c45eb91fd5aaa628006e27ada1f9bbeb3ad5223ca631f1a", kill_on_drop: false }`
[INFO] running `Command { std: "docker" "rm" "-f" "c492ddf304e81cf96c45eb91fd5aaa628006e27ada1f9bbeb3ad5223ca631f1a", kill_on_drop: false }`
[INFO] [stdout] c492ddf304e81cf96c45eb91fd5aaa628006e27ada1f9bbeb3ad5223ca631f1a
[INFO] running `Command { std: "docker" "create" "-v" "/var/lib/crater-agent-workspace/builds/worker-2-tc1/target:/opt/rustwide/target:rw,Z" "-v" "/var/lib/crater-agent-workspace/builds/worker-2-tc1/source:/opt/rustwide/workdir:ro,Z" "-v" "/var/lib/crater-agent-workspace/cargo-home:/opt/rustwide/cargo-home:ro,Z" "-v" "/var/lib/crater-agent-workspace/rustup-home:/opt/rustwide/rustup-home:ro,Z" "-e" "SOURCE_DIR=/opt/rustwide/workdir" "-e" "CARGO_TARGET_DIR=/opt/rustwide/target" "-e" "CARGO_INCREMENTAL=0" "-e" "RUST_BACKTRACE=full" "-e" "RUSTFLAGS=--cap-lints=warn" "-e" "RUSTDOCFLAGS=--cap-lints=warn" "-e" "CARGO_HOME=/opt/rustwide/cargo-home" "-e" "RUSTUP_HOME=/opt/rustwide/rustup-home" "-w" "/opt/rustwide/workdir" "-m" "1610612736" "--user" "0:0" "--network" "none" "ghcr.io/rust-lang/crates-build-env/linux@sha256:2788e3201cd34a07e3172128adcd8b3090168a8e3bcc40d7c032b9dda1df7d1c" "/opt/rustwide/cargo-home/bin/cargo" "+1.75.0" "test" "--frozen" "--no-run" "--message-format=json", kill_on_drop: false }`
[INFO] [stdout] a8fe8faf59e566205771ab6f36244fb72792fd6404ded11dcc21c187e150585d
[INFO] running `Command { std: "docker" "start" "-a" "a8fe8faf59e566205771ab6f36244fb72792fd6404ded11dcc21c187e150585d", kill_on_drop: false }`
[INFO] [stderr]    Compiling rusty-value v0.6.0 (/opt/rustwide/workdir)
[INFO] [stdout] warning: unused import: `formats::*`
[INFO] [stdout]  --> src/lib.rs:6:9
[INFO] [stdout]   |
[INFO] [stdout] 6 | pub use formats::*;
[INFO] [stdout]   |         ^^^^^^^^^^
[INFO] [stdout]   |
[INFO] [stdout]   = note: `#[warn(unused_imports)]` on by default
[INFO] [stdout] 
[INFO] [stdout] 
[INFO] [stdout] warning: 1 warning emitted
[INFO] [stdout] 
[INFO] [stdout] 
[INFO] [stdout] warning: unused import: `formats::*`
[INFO] [stdout]  --> src/lib.rs:6:9
[INFO] [stdout]   |
[INFO] [stdout] 6 | pub use formats::*;
[INFO] [stdout]   |         ^^^^^^^^^^
[INFO] [stdout]   |
[INFO] [stdout]   = note: `#[warn(unused_imports)]` on by default
[INFO] [stdout] 
[INFO] [stdout] 
[INFO] [stdout] error: cannot find derive macro `RustyValue` in this scope
[INFO] [stdout]  --> tests/structs.rs:6:10
[INFO] [stdout]   |
[INFO] [stdout] 6 | #[derive(RustyValue)]
[INFO] [stdout]   |          ^^^^^^^^^^
[INFO] [stdout]   |
[INFO] [stdout] note: `RustyValue` is imported here, but it is only a trait, without a derive macro
[INFO] [stdout]  --> tests/structs.rs:4:27
[INFO] [stdout]   |
[INFO] [stdout] 4 | use rusty_value::{Fields, RustyValue, Value};
[INFO] [stdout]   |                           ^^^^^^^^^^
[INFO] [stdout] 
[INFO] [stdout] 
[INFO] [stdout] error: cannot find derive macro `RustyValue` in this scope
[INFO] [stdout]   --> tests/structs.rs:38:10
[INFO] [stdout]    |
[INFO] [stdout] 38 | #[derive(RustyValue)]
[INFO] [stdout]    |          ^^^^^^^^^^
[INFO] [stdout]    |
[INFO] [stdout] note: `RustyValue` is imported here, but it is only a trait, without a derive macro
[INFO] [stdout]   --> tests/structs.rs:4:27
[INFO] [stdout]    |
[INFO] [stdout] 4  | use rusty_value::{Fields, RustyValue, Value};
[INFO] [stdout]    |                           ^^^^^^^^^^
[INFO] [stdout] 
[INFO] [stdout] 
[INFO] [stdout] error: cannot find derive macro `RustyValue` in this scope
[INFO] [stdout]   --> tests/structs.rs:60:10
[INFO] [stdout]    |
[INFO] [stdout] 60 | #[derive(RustyValue)]
[INFO] [stdout]    |          ^^^^^^^^^^
[INFO] [stdout]    |
[INFO] [stdout] note: `RustyValue` is imported here, but it is only a trait, without a derive macro
[INFO] [stdout]   --> tests/structs.rs:4:27
[INFO] [stdout]    |
[INFO] [stdout] 4  | use rusty_value::{Fields, RustyValue, Value};
[INFO] [stdout]    |                           ^^^^^^^^^^
[INFO] [stdout] 
[INFO] [stdout] 
[INFO] [stdout] error: cannot find derive macro `RustyValue` in this scope
[INFO] [stdout]   --> tests/structs.rs:81:10
[INFO] [stdout]    |
[INFO] [stdout] 81 | #[derive(RustyValue)]
[INFO] [stdout]    |          ^^^^^^^^^^
[INFO] [stdout]    |
[INFO] [stdout] note: `RustyValue` is imported here, but it is only a trait, without a derive macro
[INFO] [stdout]   --> tests/structs.rs:4:27
[INFO] [stdout]    |
[INFO] [stdout] 4  | use rusty_value::{Fields, RustyValue, Value};
[INFO] [stdout]    |                           ^^^^^^^^^^
[INFO] [stdout] 
[INFO] [stdout] 
[INFO] [stdout] error: cannot find derive macro `RustyValue` in this scope
[INFO] [stdout]  --> tests/enums.rs:5:10
[INFO] [stdout]   |
[INFO] [stdout] 5 | #[derive(RustyValue)]
[INFO] [stdout]   |          ^^^^^^^^^^
[INFO] [stdout]   |
[INFO] [stdout] note: `RustyValue` is imported here, but it is only a trait, without a derive macro
[INFO] [stdout]  --> tests/enums.rs:2:27
[INFO] [stdout]   |
[INFO] [stdout] 2 | use rusty_value::{Fields, RustyValue, Value};
[INFO] [stdout]   |                           ^^^^^^^^^^
[INFO] [stdout] 
[INFO] [stdout] 
[INFO] [stdout] warning: unused import: `rusty_value::*`
[INFO] [stdout]  --> tests/structs.rs:3:5
[INFO] [stdout]   |
[INFO] [stdout] 3 | use rusty_value::*;
[INFO] [stdout]   |     ^^^^^^^^^^^^^^
[INFO] [stdout]   |
[INFO] [stdout]   = note: `#[warn(unused_imports)]` on by default
[INFO] [stdout] 
[INFO] [stdout] 
[INFO] [stdout] error: cannot find derive macro `RustyValue` in this scope
[INFO] [stdout]   --> tests/enums.rs:34:10
[INFO] [stdout]    |
[INFO] [stdout] 34 | #[derive(RustyValue)]
[INFO] [stdout]    |          ^^^^^^^^^^
[INFO] [stdout]    |
[INFO] [stdout] note: `RustyValue` is imported here, but it is only a trait, without a derive macro
[INFO] [stdout]   --> tests/enums.rs:2:27
[INFO] [stdout]    |
[INFO] [stdout] 2  | use rusty_value::{Fields, RustyValue, Value};
[INFO] [stdout]    |                           ^^^^^^^^^^
[INFO] [stdout] 
[INFO] [stdout] 
[INFO] [stdout] error: cannot find derive macro `RustyValue` in this scope
[INFO] [stdout]   --> tests/enums.rs:61:10
[INFO] [stdout]    |
[INFO] [stdout] 61 | #[derive(RustyValue)]
[INFO] [stdout]    |          ^^^^^^^^^^
[INFO] [stdout]    |
[INFO] [stdout] note: `RustyValue` is imported here, but it is only a trait, without a derive macro
[INFO] [stdout]   --> tests/enums.rs:2:27
[INFO] [stdout]    |
[INFO] [stdout] 2  | use rusty_value::{Fields, RustyValue, Value};
[INFO] [stdout]    |                           ^^^^^^^^^^
[INFO] [stdout] 
[INFO] [stdout] 
[INFO] [stdout] error: cannot find derive macro `RustyValue` in this scope
[INFO] [stdout]   --> tests/enums.rs:87:10
[INFO] [stdout]    |
[INFO] [stdout] 87 | #[derive(RustyValue)]
[INFO] [stdout]    |          ^^^^^^^^^^
[INFO] [stdout]    |
[INFO] [stdout] note: `RustyValue` is imported here, but it is only a trait, without a derive macro
[INFO] [stdout]   --> tests/enums.rs:2:27
[INFO] [stdout]    |
[INFO] [stdout] 2  | use rusty_value::{Fields, RustyValue, Value};
[INFO] [stdout]    |                           ^^^^^^^^^^
[INFO] [stdout] 
[INFO] [stdout] 
[INFO] [stdout] error: cannot find derive macro `RustyValue` in this scope
[INFO] [stdout]    --> tests/enums.rs:113:10
[INFO] [stdout]     |
[INFO] [stdout] 113 | #[derive(RustyValue)]
[INFO] [stdout]     |          ^^^^^^^^^^
[INFO] [stdout]     |
[INFO] [stdout] note: `RustyValue` is imported here, but it is only a trait, without a derive macro
[INFO] [stdout]    --> tests/enums.rs:2:27
[INFO] [stdout]     |
[INFO] [stdout] 2   | use rusty_value::{Fields, RustyValue, Value};
[INFO] [stdout]     |                           ^^^^^^^^^^
[INFO] [stdout] 
[INFO] [stdout] 
[INFO] [stdout] warning: unused import: `rusty_value::*`
[INFO] [stdout]  --> tests/enums.rs:1:5
[INFO] [stdout]   |
[INFO] [stdout] 1 | use rusty_value::*;
[INFO] [stdout]   |     ^^^^^^^^^^^^^^
[INFO] [stdout]   |
[INFO] [stdout]   = note: `#[warn(unused_imports)]` on by default
[INFO] [stdout] 
[INFO] [stdout] 
[INFO] [stdout] error[E0599]: the method `into_rusty_value` exists for enum `TestEnumNamed`, but its trait bounds were not satisfied
[INFO] [stdout]   --> tests/enums.rs:17:28
[INFO] [stdout]    |
[INFO] [stdout] 6  | enum TestEnumNamed {
[INFO] [stdout]    | ------------------
[INFO] [stdout]    | |
[INFO] [stdout]    | method `into_rusty_value` not found for this enum
[INFO] [stdout]    | doesn't satisfy `TestEnumNamed: HashableRustyValue`
[INFO] [stdout]    | doesn't satisfy `TestEnumNamed: RustyValue`
[INFO] [stdout] ...
[INFO] [stdout] 17 |     let value = enum_value.into_rusty_value();
[INFO] [stdout]    |                            ^^^^^^^^^^^^^^^^ method cannot be called on `TestEnumNamed` due to unsatisfied trait bounds
[INFO] [stdout]    |
[INFO] [stdout]    = note: the following trait bounds were not satisfied:
[INFO] [stdout]            `TestEnumNamed: HashableRustyValue`
[INFO] [stdout]            which is required by `TestEnumNamed: RustyValue`
[INFO] [stdout]            `&TestEnumNamed: HashableRustyValue`
[INFO] [stdout]            which is required by `&TestEnumNamed: RustyValue`
[INFO] [stdout]            `&mut TestEnumNamed: HashableRustyValue`
[INFO] [stdout]            which is required by `&mut TestEnumNamed: RustyValue`
[INFO] [stdout] note: the trait `HashableRustyValue` must be implemented
[INFO] [stdout]   --> /opt/rustwide/workdir/src/value_trait.rs:9:1
[INFO] [stdout]    |
[INFO] [stdout] 9  | pub trait HashableRustyValue {
[INFO] [stdout]    | ^^^^^^^^^^^^^^^^^^^^^^^^^^^^
[INFO] [stdout] note: the method `into_rusty_value` exists on the type `std::string::String`
[INFO] [stdout]   --> /opt/rustwide/workdir/src/value_trait.rs:6:5
[INFO] [stdout]    |
[INFO] [stdout] 6  |     fn into_rusty_value(self) -> Value;
[INFO] [stdout]    |     ^^^^^^^^^^^^^^^^^^^^^^^^^^^^^^^^^^^
[INFO] [stdout] 
[INFO] [stdout] 
[INFO] [stdout] error[E0599]: the method `into_rusty_value` exists for struct `TestStructNamed`, but its trait bounds were not satisfied
[INFO] [stdout]   --> tests/structs.rs:22:29
[INFO] [stdout]    |
[INFO] [stdout] 7  | struct TestStructNamed {
[INFO] [stdout]    | ----------------------
[INFO] [stdout]    | |
[INFO] [stdout]    | method `into_rusty_value` not found for this struct
[INFO] [stdout]    | doesn't satisfy `TestStructNamed: HashableRustyValue`
[INFO] [stdout]    | doesn't satisfy `TestStructNamed: RustyValue`
[INFO] [stdout] ...
[INFO] [stdout] 22 |     let value = test_struct.into_rusty_value();
[INFO] [stdout]    |                             ^^^^^^^^^^^^^^^^ method cannot be called on `TestStructNamed` due to unsatisfied trait bounds
[INFO] [stdout]    |
[INFO] [stdout]    = note: the following trait bounds were not satisfied:
[INFO] [stdout]            `TestStructNamed: HashableRustyValue`
[INFO] [stdout]            which is required by `TestStructNamed: RustyValue`
[INFO] [stdout]            `&TestStructNamed: HashableRustyValue`
[INFO] [stdout]            which is required by `&TestStructNamed: RustyValue`
[INFO] [stdout]            `&mut TestStructNamed: HashableRustyValue`
[INFO] [stdout]            which is required by `&mut TestStructNamed: RustyValue`
[INFO] [stdout] note: the trait `HashableRustyValue` must be implemented
[INFO] [stdout]   --> /opt/rustwide/workdir/src/value_trait.rs:9:1
[INFO] [stdout]    |
[INFO] [stdout] 9  | pub trait HashableRustyValue {
[INFO] [stdout]    | ^^^^^^^^^^^^^^^^^^^^^^^^^^^^
[INFO] [stdout] 
[INFO] [stdout] 
[INFO] [stdout] error[E0599]: the method `into_rusty_value` exists for enum `TestEnumUnnamed`, but its trait bounds were not satisfied
[INFO] [stdout]   --> tests/enums.rs:43:28
[INFO] [stdout]    |
[INFO] [stdout] 35 | enum TestEnumUnnamed {
[INFO] [stdout]    | --------------------
[INFO] [stdout]    | |
[INFO] [stdout]    | method `into_rusty_value` not found for this enum
[INFO] [stdout]    | doesn't satisfy `TestEnumUnnamed: HashableRustyValue`
[INFO] [stdout]    | doesn't satisfy `TestEnumUnnamed: RustyValue`
[INFO] [stdout] ...
[INFO] [stdout] 43 |     let value = enum_value.into_rusty_value();
[INFO] [stdout]    |                            ^^^^^^^^^^^^^^^^ method cannot be called on `TestEnumUnnamed` due to unsatisfied trait bounds
[INFO] [stdout]    |
[INFO] [stdout]    = note: the following trait bounds were not satisfied:
[INFO] [stdout]            `TestEnumUnnamed: HashableRustyValue`
[INFO] [stdout]            which is required by `TestEnumUnnamed: RustyValue`
[INFO] [stdout]            `&TestEnumUnnamed: HashableRustyValue`
[INFO] [stdout]            which is required by `&TestEnumUnnamed: RustyValue`
[INFO] [stdout]            `&mut TestEnumUnnamed: HashableRustyValue`
[INFO] [stdout]            which is required by `&mut TestEnumUnnamed: RustyValue`
[INFO] [stdout] note: the trait `HashableRustyValue` must be implemented
[INFO] [stdout]   --> /opt/rustwide/workdir/src/value_trait.rs:9:1
[INFO] [stdout]    |
[INFO] [stdout] 9  | pub trait HashableRustyValue {
[INFO] [stdout]    | ^^^^^^^^^^^^^^^^^^^^^^^^^^^^
[INFO] [stdout] note: the method `into_rusty_value` exists on the type `u8`
[INFO] [stdout]   --> /opt/rustwide/workdir/src/value_trait.rs:6:5
[INFO] [stdout]    |
[INFO] [stdout] 6  |     fn into_rusty_value(self) -> Value;
[INFO] [stdout]    |     ^^^^^^^^^^^^^^^^^^^^^^^^^^^^^^^^^^^
[INFO] [stdout] 
[INFO] [stdout] 
[INFO] [stdout] error[E0599]: the method `into_rusty_value` exists for enum `TestEnumUnit`, but its trait bounds were not satisfied
[INFO] [stdout]   --> tests/enums.rs:70:26
[INFO] [stdout]    |
[INFO] [stdout] 62 | enum TestEnumUnit {
[INFO] [stdout]    | -----------------
[INFO] [stdout]    | |
[INFO] [stdout]    | method `into_rusty_value` not found for this enum
[INFO] [stdout]    | doesn't satisfy `TestEnumUnit: HashableRustyValue`
[INFO] [stdout]    | doesn't satisfy `TestEnumUnit: RustyValue`
[INFO] [stdout] ...
[INFO] [stdout] 70 |     let value = enum_val.into_rusty_value();
[INFO] [stdout]    |                          ^^^^^^^^^^^^^^^^ method cannot be called on `TestEnumUnit` due to unsatisfied trait bounds
[INFO] [stdout]    |
[INFO] [stdout]    = note: the following trait bounds were not satisfied:
[INFO] [stdout]            `TestEnumUnit: HashableRustyValue`
[INFO] [stdout]            which is required by `TestEnumUnit: RustyValue`
[INFO] [stdout]            `&TestEnumUnit: HashableRustyValue`
[INFO] [stdout]            which is required by `&TestEnumUnit: RustyValue`
[INFO] [stdout]            `&mut TestEnumUnit: HashableRustyValue`
[INFO] [stdout]            which is required by `&mut TestEnumUnit: RustyValue`
[INFO] [stdout] note: the trait `HashableRustyValue` must be implemented
[INFO] [stdout]   --> /opt/rustwide/workdir/src/value_trait.rs:9:1
[INFO] [stdout]    |
[INFO] [stdout] 9  | pub trait HashableRustyValue {
[INFO] [stdout]    | ^^^^^^^^^^^^^^^^^^^^^^^^^^^^
[INFO] [stdout] 
[INFO] [stdout] 
[INFO] [stdout] error[E0599]: the method `into_rusty_value` exists for struct `TestStructUnnamed`, but its trait bounds were not satisfied
[INFO] [stdout]   --> tests/structs.rs:44:29
[INFO] [stdout]    |
[INFO] [stdout] 39 | struct TestStructUnnamed(String, u64, Option<String>);
[INFO] [stdout]    | ------------------------
[INFO] [stdout]    | |
[INFO] [stdout]    | method `into_rusty_value` not found for this struct
[INFO] [stdout]    | doesn't satisfy `TestStructUnnamed: HashableRustyValue`
[INFO] [stdout]    | doesn't satisfy `TestStructUnnamed: RustyValue`
[INFO] [stdout] ...
[INFO] [stdout] 44 |     let value = test_struct.into_rusty_value();
[INFO] [stdout]    |                             ^^^^^^^^^^^^^^^^ method cannot be called on `TestStructUnnamed` due to unsatisfied trait bounds
[INFO] [stdout]    |
[INFO] [stdout]    = note: the following trait bounds were not satisfied:
[INFO] [stdout]            `TestStructUnnamed: HashableRustyValue`
[INFO] [stdout]            which is required by `TestStructUnnamed: RustyValue`
[INFO] [stdout]            `&TestStructUnnamed: HashableRustyValue`
[INFO] [stdout]            which is required by `&TestStructUnnamed: RustyValue`
[INFO] [stdout]            `&mut TestStructUnnamed: HashableRustyValue`
[INFO] [stdout]            which is required by `&mut TestStructUnnamed: RustyValue`
[INFO] [stdout] note: the trait `HashableRustyValue` must be implemented
[INFO] [stdout]   --> /opt/rustwide/workdir/src/value_trait.rs:9:1
[INFO] [stdout]    |
[INFO] [stdout] 9  | pub trait HashableRustyValue {
[INFO] [stdout]    | ^^^^^^^^^^^^^^^^^^^^^^^^^^^^
[INFO] [stdout] 
[INFO] [stdout] 
[INFO] [stdout] error[E0599]: the method `into_rusty_value` exists for struct `TestStructUnit`, but its trait bounds were not satisfied
[INFO] [stdout]   --> tests/structs.rs:66:29
[INFO] [stdout]    |
[INFO] [stdout] 61 | struct TestStructUnit;
[INFO] [stdout]    | ---------------------
[INFO] [stdout]    | |
[INFO] [stdout]    | method `into_rusty_value` not found for this struct
[INFO] [stdout]    | doesn't satisfy `TestStructUnit: HashableRustyValue`
[INFO] [stdout]    | doesn't satisfy `TestStructUnit: RustyValue`
[INFO] [stdout] ...
[INFO] [stdout] 66 |     let value = test_struct.into_rusty_value();
[INFO] [stdout]    |                             ^^^^^^^^^^^^^^^^ method cannot be called on `TestStructUnit` due to unsatisfied trait bounds
[INFO] [stdout]    |
[INFO] [stdout]    = note: the following trait bounds were not satisfied:
[INFO] [stdout]            `TestStructUnit: HashableRustyValue`
[INFO] [stdout]            which is required by `TestStructUnit: RustyValue`
[INFO] [stdout]            `&TestStructUnit: HashableRustyValue`
[INFO] [stdout]            which is required by `&TestStructUnit: RustyValue`
[INFO] [stdout]            `&mut TestStructUnit: HashableRustyValue`
[INFO] [stdout]            which is required by `&mut TestStructUnit: RustyValue`
[INFO] [stdout] note: the trait `HashableRustyValue` must be implemented
[INFO] [stdout]   --> /opt/rustwide/workdir/src/value_trait.rs:9:1
[INFO] [stdout]    |
[INFO] [stdout] 9  | pub trait HashableRustyValue {
[INFO] [stdout]    | ^^^^^^^^^^^^^^^^^^^^^^^^^^^^
[INFO] [stdout] 
[INFO] [stdout] 
[INFO] [stdout] error[E0599]: the method `into_rusty_value` exists for struct `GenericStruct<u8>`, but its trait bounds were not satisfied
[INFO] [stdout]   --> tests/structs.rs:89:29
[INFO] [stdout]    |
[INFO] [stdout] 82 | struct GenericStruct<T: Clone> {
[INFO] [stdout]    | ------------------------------
[INFO] [stdout]    | |
[INFO] [stdout]    | method `into_rusty_value` not found for this struct
[INFO] [stdout]    | doesn't satisfy `GenericStruct<u8>: HashableRustyValue`
[INFO] [stdout]    | doesn't satisfy `GenericStruct<u8>: RustyValue`
[INFO] [stdout] ...
[INFO] [stdout] 89 |     let value = test_struct.into_rusty_value();
[INFO] [stdout]    |                             ^^^^^^^^^^^^^^^^ method cannot be called on `GenericStruct<u8>` due to unsatisfied trait bounds
[INFO] [stdout]    |
[INFO] [stdout]    = note: the following trait bounds were not satisfied:
[INFO] [stdout]            `GenericStruct<u8>: HashableRustyValue`
[INFO] [stdout]            which is required by `GenericStruct<u8>: RustyValue`
[INFO] [stdout]            `&GenericStruct<u8>: HashableRustyValue`
[INFO] [stdout]            which is required by `&GenericStruct<u8>: RustyValue`
[INFO] [stdout]            `&mut GenericStruct<u8>: HashableRustyValue`
[INFO] [stdout]            which is required by `&mut GenericStruct<u8>: RustyValue`
[INFO] [stdout] note: the trait `HashableRustyValue` must be implemented
[INFO] [stdout]   --> /opt/rustwide/workdir/src/value_trait.rs:9:1
[INFO] [stdout]    |
[INFO] [stdout] 9  | pub trait HashableRustyValue {
[INFO] [stdout]    | ^^^^^^^^^^^^^^^^^^^^^^^^^^^^
[INFO] [stdout] 
[INFO] [stdout] 
[INFO] [stdout] error: aborting due to 8 previous errors; 1 warning emitted
[INFO] [stdout] 
[INFO] [stdout] 
[INFO] [stdout] For more information about this error, try `rustc --explain E0599`.
[INFO] [stdout] 
[INFO] [stdout] error[E0599]: the method `into_rusty_value` exists for enum `TestGeneric<String>`, but its trait bounds were not satisfied
[INFO] [stdout]   --> tests/enums.rs:95:26
[INFO] [stdout]    |
[INFO] [stdout] 88 | enum TestGeneric<R: Clone> {
[INFO] [stdout]    | --------------------------
[INFO] [stdout]    | |
[INFO] [stdout]    | method `into_rusty_value` not found for this enum
[INFO] [stdout]    | doesn't satisfy `TestGeneric<std::string::String>: RustyValue`
[INFO] [stdout]    | doesn't satisfy `_: HashableRustyValue`
[INFO] [stdout] ...
[INFO] [stdout] 95 |     let value = enum_val.into_rusty_value();
[INFO] [stdout]    |                          ^^^^^^^^^^^^^^^^ method cannot be called on `TestGeneric<String>` due to unsatisfied trait bounds
[INFO] [stdout]    |
[INFO] [stdout]    = note: the following trait bounds were not satisfied:
[INFO] [stdout]            `TestGeneric<std::string::String>: HashableRustyValue`
[INFO] [stdout]            which is required by `TestGeneric<std::string::String>: RustyValue`
[INFO] [stdout]            `&TestGeneric<std::string::String>: HashableRustyValue`
[INFO] [stdout]            which is required by `&TestGeneric<std::string::String>: RustyValue`
[INFO] [stdout]            `&mut TestGeneric<std::string::String>: HashableRustyValue`
[INFO] [stdout]            which is required by `&mut TestGeneric<std::string::String>: RustyValue`
[INFO] [stdout] note: the trait `HashableRustyValue` must be implemented
[INFO] [stdout]   --> /opt/rustwide/workdir/src/value_trait.rs:9:1
[INFO] [stdout]    |
[INFO] [stdout] 9  | pub trait HashableRustyValue {
[INFO] [stdout]    | ^^^^^^^^^^^^^^^^^^^^^^^^^^^^
[INFO] [stdout] note: the method `into_rusty_value` exists on the type `std::string::String`
[INFO] [stdout]   --> /opt/rustwide/workdir/src/value_trait.rs:6:5
[INFO] [stdout]    |
[INFO] [stdout] 6  |     fn into_rusty_value(self) -> Value;
[INFO] [stdout]    |     ^^^^^^^^^^^^^^^^^^^^^^^^^^^^^^^^^^^
[INFO] [stdout] 
[INFO] [stdout] 
[INFO] [stdout] error[E0599]: the method `into_rusty_value` exists for enum `TestMixed<String>`, but its trait bounds were not satisfied
[INFO] [stdout]    --> tests/enums.rs:123:26
[INFO] [stdout]     |
[INFO] [stdout] 114 | enum TestMixed<R: Clone> {
[INFO] [stdout]     | ------------------------
[INFO] [stdout]     | |
[INFO] [stdout]     | method `into_rusty_value` not found for this enum
[INFO] [stdout]     | doesn't satisfy `TestMixed<std::string::String>: HashableRustyValue`
[INFO] [stdout]     | doesn't satisfy `TestMixed<std::string::String>: RustyValue`
[INFO] [stdout] ...
[INFO] [stdout] 123 |     let value = enum_val.into_rusty_value();
[INFO] [stdout]     |                          ^^^^^^^^^^^^^^^^ method cannot be called on `TestMixed<String>` due to unsatisfied trait bounds
[INFO] [stdout]     |
[INFO] [stdout]     = note: the following trait bounds were not satisfied:
[INFO] [stdout]             `TestMixed<std::string::String>: HashableRustyValue`
[INFO] [stdout]             which is required by `TestMixed<std::string::String>: RustyValue`
[INFO] [stdout]             `&TestMixed<std::string::String>: HashableRustyValue`
[INFO] [stdout]             which is required by `&TestMixed<std::string::String>: RustyValue`
[INFO] [stdout]             `&mut TestMixed<std::string::String>: HashableRustyValue`
[INFO] [stdout]             which is required by `&mut TestMixed<std::string::String>: RustyValue`
[INFO] [stdout] note: the trait `HashableRustyValue` must be implemented
[INFO] [stdout]    --> /opt/rustwide/workdir/src/value_trait.rs:9:1
[INFO] [stdout]     |
[INFO] [stdout] 9   | pub trait HashableRustyValue {
[INFO] [stdout]     | ^^^^^^^^^^^^^^^^^^^^^^^^^^^^
[INFO] [stdout] note: the method `into_rusty_value` exists on the type `std::string::String`
[INFO] [stdout]    --> /opt/rustwide/workdir/src/value_trait.rs:6:5
[INFO] [stdout]     |
[INFO] [stdout] 6   |     fn into_rusty_value(self) -> Value;
[INFO] [stdout]     |     ^^^^^^^^^^^^^^^^^^^^^^^^^^^^^^^^^^^
[INFO] [stdout] 
[INFO] [stdout] 
[INFO] [stdout] error: aborting due to 10 previous errors; 1 warning emitted
[INFO] [stdout] 
[INFO] [stdout] 
[INFO] [stdout] For more information about this error, try `rustc --explain E0599`.
[INFO] [stdout] 
[INFO] [stderr] error: could not compile `rusty-value` (test "structs") due to 9 previous errors; 1 warning emitted
[INFO] [stderr] warning: build failed, waiting for other jobs to finish...
[INFO] [stderr] error: could not compile `rusty-value` (test "enums") due to 11 previous errors; 1 warning emitted
[INFO] [stdout] warning: 1 warning emitted
[INFO] [stdout] 
[INFO] [stdout] 
[INFO] running `Command { std: "docker" "inspect" "a8fe8faf59e566205771ab6f36244fb72792fd6404ded11dcc21c187e150585d", kill_on_drop: false }`
[INFO] running `Command { std: "docker" "rm" "-f" "a8fe8faf59e566205771ab6f36244fb72792fd6404ded11dcc21c187e150585d", kill_on_drop: false }`
[INFO] [stdout] a8fe8faf59e566205771ab6f36244fb72792fd6404ded11dcc21c187e150585d
