[INFO] fetching crate rusty-html 0.1.2...
[INFO] testing rusty-html-0.1.2 against 1.75.0 for beta-1.76-1
[INFO] extracting crate rusty-html 0.1.2 into /workspace/builds/worker-4-tc1/source
[INFO] validating manifest of crates.io crate rusty-html 0.1.2 on toolchain 1.75.0
[INFO] running `Command { std: CARGO_HOME="/workspace/cargo-home" RUSTUP_HOME="/workspace/rustup-home" "/workspace/cargo-home/bin/cargo" "+1.75.0" "metadata" "--manifest-path" "Cargo.toml" "--no-deps", kill_on_drop: false }`
[INFO] started tweaking crates.io crate rusty-html 0.1.2
[INFO] finished tweaking crates.io crate rusty-html 0.1.2
[INFO] tweaked toml for crates.io crate rusty-html 0.1.2 written to /workspace/builds/worker-4-tc1/source/Cargo.toml
[INFO] crate crates.io crate rusty-html 0.1.2 already has a lockfile, it will not be regenerated
[INFO] running `Command { std: CARGO_HOME="/workspace/cargo-home" RUSTUP_HOME="/workspace/rustup-home" "/workspace/cargo-home/bin/cargo" "+1.75.0" "fetch" "--manifest-path" "Cargo.toml", kill_on_drop: false }`
[INFO] [stderr]     Updating crates.io index
[INFO] [stderr]  Downloading crates ...
[INFO] [stderr]   Downloaded rusty-html-macros v0.1.0
[INFO] running `Command { std: "docker" "create" "-v" "/var/lib/crater-agent-workspace/builds/worker-4-tc1/target:/opt/rustwide/target:rw,Z" "-v" "/var/lib/crater-agent-workspace/builds/worker-4-tc1/source:/opt/rustwide/workdir:ro,Z" "-v" "/var/lib/crater-agent-workspace/cargo-home:/opt/rustwide/cargo-home:ro,Z" "-v" "/var/lib/crater-agent-workspace/rustup-home:/opt/rustwide/rustup-home:ro,Z" "-e" "SOURCE_DIR=/opt/rustwide/workdir" "-e" "CARGO_TARGET_DIR=/opt/rustwide/target" "-e" "CARGO_HOME=/opt/rustwide/cargo-home" "-e" "RUSTUP_HOME=/opt/rustwide/rustup-home" "-w" "/opt/rustwide/workdir" "-m" "1610612736" "--user" "0:0" "--network" "none" "ghcr.io/rust-lang/crates-build-env/linux@sha256:2788e3201cd34a07e3172128adcd8b3090168a8e3bcc40d7c032b9dda1df7d1c" "/opt/rustwide/cargo-home/bin/cargo" "+1.75.0" "metadata" "--no-deps" "--format-version=1", kill_on_drop: false }`
[INFO] [stdout] 1ab1e9cb483dd21cef6034f9264306ac0c809d1fb4630c8f725a647e9899e1c8
[INFO] running `Command { std: "docker" "start" "-a" "1ab1e9cb483dd21cef6034f9264306ac0c809d1fb4630c8f725a647e9899e1c8", kill_on_drop: false }`
[INFO] running `Command { std: "docker" "inspect" "1ab1e9cb483dd21cef6034f9264306ac0c809d1fb4630c8f725a647e9899e1c8", kill_on_drop: false }`
[INFO] running `Command { std: "docker" "rm" "-f" "1ab1e9cb483dd21cef6034f9264306ac0c809d1fb4630c8f725a647e9899e1c8", kill_on_drop: false }`
[INFO] [stdout] 1ab1e9cb483dd21cef6034f9264306ac0c809d1fb4630c8f725a647e9899e1c8
[INFO] running `Command { std: "docker" "create" "-v" "/var/lib/crater-agent-workspace/builds/worker-4-tc1/target:/opt/rustwide/target:rw,Z" "-v" "/var/lib/crater-agent-workspace/builds/worker-4-tc1/source:/opt/rustwide/workdir:ro,Z" "-v" "/var/lib/crater-agent-workspace/cargo-home:/opt/rustwide/cargo-home:ro,Z" "-v" "/var/lib/crater-agent-workspace/rustup-home:/opt/rustwide/rustup-home:ro,Z" "-e" "SOURCE_DIR=/opt/rustwide/workdir" "-e" "CARGO_TARGET_DIR=/opt/rustwide/target" "-e" "CARGO_INCREMENTAL=0" "-e" "RUST_BACKTRACE=full" "-e" "RUSTFLAGS=--cap-lints=warn" "-e" "RUSTDOCFLAGS=--cap-lints=warn" "-e" "CARGO_HOME=/opt/rustwide/cargo-home" "-e" "RUSTUP_HOME=/opt/rustwide/rustup-home" "-w" "/opt/rustwide/workdir" "-m" "1610612736" "--user" "0:0" "--network" "none" "ghcr.io/rust-lang/crates-build-env/linux@sha256:2788e3201cd34a07e3172128adcd8b3090168a8e3bcc40d7c032b9dda1df7d1c" "/opt/rustwide/cargo-home/bin/cargo" "+1.75.0" "build" "--frozen" "--message-format=json", kill_on_drop: false }`
[INFO] [stdout] 8125d2d6a3895cb104aa5a637168b16502f424d6e782cb3badeec939a48659e5
[INFO] running `Command { std: "docker" "start" "-a" "8125d2d6a3895cb104aa5a637168b16502f424d6e782cb3badeec939a48659e5", kill_on_drop: false }`
[INFO] [stderr]    Compiling proc-macro2 v1.0.34
[INFO] [stderr]    Compiling quote v1.0.10
[INFO] [stderr]    Compiling rusty-html-macros v0.1.0
[INFO] [stdout] error[E0554]: `#![feature]` may not be used on the stable release channel
[INFO] [stdout]  --> /opt/rustwide/cargo-home/registry/src/index.crates.io-6f17d22bba15001f/rusty-html-macros-0.1.0/src/lib.rs:1:12
[INFO] [stdout]   |
[INFO] [stdout] 1 | #![feature(proc_macro_span)]
[INFO] [stdout]   |            ^^^^^^^^^^^^^^^
[INFO] [stdout] 
[INFO] [stdout] 
[INFO] [stdout] error[E0554]: `#![feature]` may not be used on the stable release channel
[INFO] [stdout]  --> /opt/rustwide/cargo-home/registry/src/index.crates.io-6f17d22bba15001f/rusty-html-macros-0.1.0/src/lib.rs:2:12
[INFO] [stdout]   |
[INFO] [stdout] 2 | #![feature(proc_macro_span_shrink)]
[INFO] [stdout]   |            ^^^^^^^^^^^^^^^^^^^^^^
[INFO] [stdout] 
[INFO] [stdout] 
[INFO] [stdout] error[E0554]: `#![feature]` may not be used on the stable release channel
[INFO] [stdout]  --> /opt/rustwide/cargo-home/registry/src/index.crates.io-6f17d22bba15001f/rusty-html-macros-0.1.0/src/lib.rs:3:12
[INFO] [stdout]   |
[INFO] [stdout] 3 | #![feature(extend_one)]
[INFO] [stdout]   |            ^^^^^^^^^^
[INFO] [stdout] 
[INFO] [stdout] 
[INFO] [stdout] error[E0635]: unknown feature `proc_macro_span_shrink`
[INFO] [stdout]  --> /opt/rustwide/cargo-home/registry/src/index.crates.io-6f17d22bba15001f/rusty-html-macros-0.1.0/src/lib.rs:2:12
[INFO] [stdout]   |
[INFO] [stdout] 2 | #![feature(proc_macro_span_shrink)]
[INFO] [stdout]   |            ^^^^^^^^^^^^^^^^^^^^^^
[INFO] [stdout] 
[INFO] [stdout] 
[INFO] [stdout] error[E0599]: no method named `before` found for struct `proc_macro::Span` in the current scope
[INFO] [stdout]   --> /opt/rustwide/cargo-home/registry/src/index.crates.io-6f17d22bba15001f/rusty-html-macros-0.1.0/src/parser.rs:39:42
[INFO] [stdout]    |
[INFO] [stdout] 39 | ...                   group.span().before().join(self.span_ptr)?.source_text()
[INFO] [stdout]    |                                    ^^^^^^ method not found in `Span`
[INFO] [stdout] 
[INFO] [stdout] 
[INFO] [stdout] error: aborting due to 5 previous errors
[INFO] [stdout] 
[INFO] [stdout] 
[INFO] [stdout] Some errors have detailed explanations: E0554, E0599, E0635.
[INFO] [stdout] 
[INFO] [stdout] For more information about an error, try `rustc --explain E0554`.
[INFO] [stdout] 
[INFO] [stderr] error: could not compile `rusty-html-macros` (lib) due to 6 previous errors
[INFO] running `Command { std: "docker" "inspect" "8125d2d6a3895cb104aa5a637168b16502f424d6e782cb3badeec939a48659e5", kill_on_drop: false }`
[INFO] running `Command { std: "docker" "rm" "-f" "8125d2d6a3895cb104aa5a637168b16502f424d6e782cb3badeec939a48659e5", kill_on_drop: false }`
[INFO] [stdout] 8125d2d6a3895cb104aa5a637168b16502f424d6e782cb3badeec939a48659e5
[INFO] testing rusty-html-0.1.2 against beta-2023-12-22 for beta-1.76-1
[INFO] extracting crate rusty-html 0.1.2 into /workspace/builds/worker-4-tc2/source
[INFO] validating manifest of crates.io crate rusty-html 0.1.2 on toolchain beta-2023-12-22
[INFO] running `Command { std: CARGO_HOME="/workspace/cargo-home" RUSTUP_HOME="/workspace/rustup-home" "/workspace/cargo-home/bin/cargo" "+beta-2023-12-22" "metadata" "--manifest-path" "Cargo.toml" "--no-deps", kill_on_drop: false }`
[INFO] started tweaking crates.io crate rusty-html 0.1.2
[INFO] finished tweaking crates.io crate rusty-html 0.1.2
[INFO] tweaked toml for crates.io crate rusty-html 0.1.2 written to /workspace/builds/worker-4-tc2/source/Cargo.toml
[INFO] crate crates.io crate rusty-html 0.1.2 already has a lockfile, it will not be regenerated
[INFO] running `Command { std: CARGO_HOME="/workspace/cargo-home" RUSTUP_HOME="/workspace/rustup-home" "/workspace/cargo-home/bin/cargo" "+beta-2023-12-22" "fetch" "--manifest-path" "Cargo.toml", kill_on_drop: false }`
[INFO] running `Command { std: "docker" "create" "-v" "/var/lib/crater-agent-workspace/builds/worker-4-tc2/target:/opt/rustwide/target:rw,Z" "-v" "/var/lib/crater-agent-workspace/builds/worker-4-tc2/source:/opt/rustwide/workdir:ro,Z" "-v" "/var/lib/crater-agent-workspace/cargo-home:/opt/rustwide/cargo-home:ro,Z" "-v" "/var/lib/crater-agent-workspace/rustup-home:/opt/rustwide/rustup-home:ro,Z" "-e" "SOURCE_DIR=/opt/rustwide/workdir" "-e" "CARGO_TARGET_DIR=/opt/rustwide/target" "-e" "CARGO_HOME=/opt/rustwide/cargo-home" "-e" "RUSTUP_HOME=/opt/rustwide/rustup-home" "-w" "/opt/rustwide/workdir" "-m" "1610612736" "--user" "0:0" "--network" "none" "ghcr.io/rust-lang/crates-build-env/linux@sha256:2788e3201cd34a07e3172128adcd8b3090168a8e3bcc40d7c032b9dda1df7d1c" "/opt/rustwide/cargo-home/bin/cargo" "+beta-2023-12-22" "metadata" "--no-deps" "--format-version=1", kill_on_drop: false }`
[INFO] [stdout] d79166d05a69e16fa3911bbb2bbbd975099589b1eabc25a52ca9ac18d2c29075
[INFO] running `Command { std: "docker" "start" "-a" "d79166d05a69e16fa3911bbb2bbbd975099589b1eabc25a52ca9ac18d2c29075", kill_on_drop: false }`
[INFO] running `Command { std: "docker" "inspect" "d79166d05a69e16fa3911bbb2bbbd975099589b1eabc25a52ca9ac18d2c29075", kill_on_drop: false }`
[INFO] running `Command { std: "docker" "rm" "-f" "d79166d05a69e16fa3911bbb2bbbd975099589b1eabc25a52ca9ac18d2c29075", kill_on_drop: false }`
[INFO] [stdout] d79166d05a69e16fa3911bbb2bbbd975099589b1eabc25a52ca9ac18d2c29075
[INFO] running `Command { std: "docker" "create" "-v" "/var/lib/crater-agent-workspace/builds/worker-4-tc2/target:/opt/rustwide/target:rw,Z" "-v" "/var/lib/crater-agent-workspace/builds/worker-4-tc2/source:/opt/rustwide/workdir:ro,Z" "-v" "/var/lib/crater-agent-workspace/cargo-home:/opt/rustwide/cargo-home:ro,Z" "-v" "/var/lib/crater-agent-workspace/rustup-home:/opt/rustwide/rustup-home:ro,Z" "-e" "SOURCE_DIR=/opt/rustwide/workdir" "-e" "CARGO_TARGET_DIR=/opt/rustwide/target" "-e" "CARGO_INCREMENTAL=0" "-e" "RUST_BACKTRACE=full" "-e" "RUSTFLAGS=--cap-lints=warn" "-e" "RUSTDOCFLAGS=--cap-lints=warn" "-e" "CARGO_HOME=/opt/rustwide/cargo-home" "-e" "RUSTUP_HOME=/opt/rustwide/rustup-home" "-w" "/opt/rustwide/workdir" "-m" "1610612736" "--user" "0:0" "--network" "none" "ghcr.io/rust-lang/crates-build-env/linux@sha256:2788e3201cd34a07e3172128adcd8b3090168a8e3bcc40d7c032b9dda1df7d1c" "/opt/rustwide/cargo-home/bin/cargo" "+beta-2023-12-22" "build" "--frozen" "--message-format=json", kill_on_drop: false }`
[INFO] [stdout] ef8c8a34ddcaa2c95f288f55eb0a63af211abe27f77e3ef65b53c11f49fb9978
[INFO] running `Command { std: "docker" "start" "-a" "ef8c8a34ddcaa2c95f288f55eb0a63af211abe27f77e3ef65b53c11f49fb9978", kill_on_drop: false }`
[INFO] [stderr]    Compiling proc-macro2 v1.0.34
[INFO] [stderr]    Compiling quote v1.0.10
[INFO] [stderr]    Compiling rusty-html-macros v0.1.0
[INFO] [stdout] error[E0554]: `#![feature]` may not be used on the beta release channel
[INFO] [stdout]  --> /opt/rustwide/cargo-home/registry/src/index.crates.io-6f17d22bba15001f/rusty-html-macros-0.1.0/src/lib.rs:1:12
[INFO] [stdout]   |
[INFO] [stdout] 1 | #![feature(proc_macro_span)]
[INFO] [stdout]   |            ^^^^^^^^^^^^^^^
[INFO] [stdout] 
[INFO] [stdout] 
[INFO] [stdout] error[E0554]: `#![feature]` may not be used on the beta release channel
[INFO] [stdout]  --> /opt/rustwide/cargo-home/registry/src/index.crates.io-6f17d22bba15001f/rusty-html-macros-0.1.0/src/lib.rs:2:12
[INFO] [stdout]   |
[INFO] [stdout] 2 | #![feature(proc_macro_span_shrink)]
[INFO] [stdout]   |            ^^^^^^^^^^^^^^^^^^^^^^
[INFO] [stdout] 
[INFO] [stdout] 
[INFO] [stdout] error[E0554]: `#![feature]` may not be used on the beta release channel
[INFO] [stdout]  --> /opt/rustwide/cargo-home/registry/src/index.crates.io-6f17d22bba15001f/rusty-html-macros-0.1.0/src/lib.rs:3:12
[INFO] [stdout]   |
[INFO] [stdout] 3 | #![feature(extend_one)]
[INFO] [stdout]   |            ^^^^^^^^^^
[INFO] [stdout] 
[INFO] [stdout] 
[INFO] [stdout] error[E0635]: unknown feature `proc_macro_span_shrink`
[INFO] [stdout]  --> /opt/rustwide/cargo-home/registry/src/index.crates.io-6f17d22bba15001f/rusty-html-macros-0.1.0/src/lib.rs:2:12
[INFO] [stdout]   |
[INFO] [stdout] 2 | #![feature(proc_macro_span_shrink)]
[INFO] [stdout]   |            ^^^^^^^^^^^^^^^^^^^^^^
[INFO] [stdout] 
[INFO] [stdout] 
[INFO] [stdout] error[E0599]: no method named `before` found for struct `proc_macro::Span` in the current scope
[INFO] [stdout]   --> /opt/rustwide/cargo-home/registry/src/index.crates.io-6f17d22bba15001f/rusty-html-macros-0.1.0/src/parser.rs:39:42
[INFO] [stdout]    |
[INFO] [stdout] 39 | ...                   group.span().before().join(self.span_ptr)?.source_text()
[INFO] [stdout]    |                                    ^^^^^^ method not found in `Span`
[INFO] [stdout] 
[INFO] [stdout] 
[INFO] [stdout] error: aborting due to 5 previous errors
[INFO] [stdout] 
[INFO] [stdout] 
[INFO] [stdout] Some errors have detailed explanations: E0554, E0599, E0635.
[INFO] [stdout] 
[INFO] [stdout] For more information about an error, try `rustc --explain E0554`.
[INFO] [stdout] 
[INFO] [stderr] error: could not compile `rusty-html-macros` (lib) due to 6 previous errors
[INFO] running `Command { std: "docker" "inspect" "ef8c8a34ddcaa2c95f288f55eb0a63af211abe27f77e3ef65b53c11f49fb9978", kill_on_drop: false }`
[INFO] running `Command { std: "docker" "rm" "-f" "ef8c8a34ddcaa2c95f288f55eb0a63af211abe27f77e3ef65b53c11f49fb9978", kill_on_drop: false }`
[INFO] [stdout] ef8c8a34ddcaa2c95f288f55eb0a63af211abe27f77e3ef65b53c11f49fb9978
