[INFO] fetching crate rustls-webpki 0.102.0...
[INFO] testing rustls-webpki-0.102.0 against 1.75.0 for beta-1.76-1
[INFO] extracting crate rustls-webpki 0.102.0 into /workspace/builds/worker-3-tc1/source
[INFO] validating manifest of crates.io crate rustls-webpki 0.102.0 on toolchain 1.75.0
[INFO] running `Command { std: CARGO_HOME="/workspace/cargo-home" RUSTUP_HOME="/workspace/rustup-home" "/workspace/cargo-home/bin/cargo" "+1.75.0" "metadata" "--manifest-path" "Cargo.toml" "--no-deps", kill_on_drop: false }`
[INFO] started tweaking crates.io crate rustls-webpki 0.102.0
[INFO] finished tweaking crates.io crate rustls-webpki 0.102.0
[INFO] tweaked toml for crates.io crate rustls-webpki 0.102.0 written to /workspace/builds/worker-3-tc1/source/Cargo.toml
[INFO] running `Command { std: CARGO_HOME="/workspace/cargo-home" RUSTUP_HOME="/workspace/rustup-home" "/workspace/cargo-home/bin/cargo" "+1.75.0" "generate-lockfile" "--manifest-path" "Cargo.toml", kill_on_drop: false }`
[INFO] [stderr]     Updating crates.io index
[INFO] running `Command { std: CARGO_HOME="/workspace/cargo-home" RUSTUP_HOME="/workspace/rustup-home" "/workspace/cargo-home/bin/cargo" "+1.75.0" "fetch" "--manifest-path" "Cargo.toml", kill_on_drop: false }`
[INFO] [stderr]  Downloading crates ...
[INFO] [stderr]   Downloaded aws-lc-rs v1.5.2
[INFO] [stderr]   Downloaded aws-lc-sys v0.12.1
[INFO] running `Command { std: "docker" "create" "-v" "/var/lib/crater-agent-workspace/builds/worker-3-tc1/target:/opt/rustwide/target:rw,Z" "-v" "/var/lib/crater-agent-workspace/builds/worker-3-tc1/source:/opt/rustwide/workdir:ro,Z" "-v" "/var/lib/crater-agent-workspace/cargo-home:/opt/rustwide/cargo-home:ro,Z" "-v" "/var/lib/crater-agent-workspace/rustup-home:/opt/rustwide/rustup-home:ro,Z" "-e" "SOURCE_DIR=/opt/rustwide/workdir" "-e" "CARGO_TARGET_DIR=/opt/rustwide/target" "-e" "CARGO_HOME=/opt/rustwide/cargo-home" "-e" "RUSTUP_HOME=/opt/rustwide/rustup-home" "-w" "/opt/rustwide/workdir" "-m" "1610612736" "--user" "0:0" "--network" "none" "ghcr.io/rust-lang/crates-build-env/linux@sha256:2788e3201cd34a07e3172128adcd8b3090168a8e3bcc40d7c032b9dda1df7d1c" "/opt/rustwide/cargo-home/bin/cargo" "+1.75.0" "metadata" "--no-deps" "--format-version=1", kill_on_drop: false }`
[INFO] [stdout] a1ed684237ba200cba02deb2163eda4a46e67b6b801438fd62593e387e5f642d
[INFO] running `Command { std: "docker" "start" "-a" "a1ed684237ba200cba02deb2163eda4a46e67b6b801438fd62593e387e5f642d", kill_on_drop: false }`
[INFO] running `Command { std: "docker" "inspect" "a1ed684237ba200cba02deb2163eda4a46e67b6b801438fd62593e387e5f642d", kill_on_drop: false }`
[INFO] running `Command { std: "docker" "rm" "-f" "a1ed684237ba200cba02deb2163eda4a46e67b6b801438fd62593e387e5f642d", kill_on_drop: false }`
[INFO] [stdout] a1ed684237ba200cba02deb2163eda4a46e67b6b801438fd62593e387e5f642d
[INFO] running `Command { std: "docker" "create" "-v" "/var/lib/crater-agent-workspace/builds/worker-3-tc1/target:/opt/rustwide/target:rw,Z" "-v" "/var/lib/crater-agent-workspace/builds/worker-3-tc1/source:/opt/rustwide/workdir:ro,Z" "-v" "/var/lib/crater-agent-workspace/cargo-home:/opt/rustwide/cargo-home:ro,Z" "-v" "/var/lib/crater-agent-workspace/rustup-home:/opt/rustwide/rustup-home:ro,Z" "-e" "SOURCE_DIR=/opt/rustwide/workdir" "-e" "CARGO_TARGET_DIR=/opt/rustwide/target" "-e" "CARGO_INCREMENTAL=0" "-e" "RUST_BACKTRACE=full" "-e" "RUSTFLAGS=--cap-lints=warn" "-e" "RUSTDOCFLAGS=--cap-lints=warn" "-e" "CARGO_HOME=/opt/rustwide/cargo-home" "-e" "RUSTUP_HOME=/opt/rustwide/rustup-home" "-w" "/opt/rustwide/workdir" "-m" "1610612736" "--user" "0:0" "--network" "none" "ghcr.io/rust-lang/crates-build-env/linux@sha256:2788e3201cd34a07e3172128adcd8b3090168a8e3bcc40d7c032b9dda1df7d1c" "/opt/rustwide/cargo-home/bin/cargo" "+1.75.0" "build" "--frozen" "--message-format=json", kill_on_drop: false }`
[INFO] [stdout] 8555e88dff0d54d75938f7fbc89037aa4510752a8ba1095a0bce013e57241a90
[INFO] running `Command { std: "docker" "start" "-a" "8555e88dff0d54d75938f7fbc89037aa4510752a8ba1095a0bce013e57241a90", kill_on_drop: false }`
[INFO] [stderr]    Compiling libc v0.2.151
[INFO] [stderr]    Compiling untrusted v0.9.0
[INFO] [stderr]    Compiling spin v0.9.8
[INFO] [stderr]    Compiling rustls-pki-types v1.1.0
[INFO] [stderr]    Compiling cc v1.0.83
[INFO] [stderr]    Compiling getrandom v0.2.11
[INFO] [stderr]    Compiling ring v0.17.7
[INFO] [stderr]    Compiling rustls-webpki v0.102.0 (/opt/rustwide/workdir)
[INFO] [stderr]     Finished dev [unoptimized + debuginfo] target(s) in 4.35s
[INFO] running `Command { std: "docker" "inspect" "8555e88dff0d54d75938f7fbc89037aa4510752a8ba1095a0bce013e57241a90", kill_on_drop: false }`
[INFO] running `Command { std: "docker" "rm" "-f" "8555e88dff0d54d75938f7fbc89037aa4510752a8ba1095a0bce013e57241a90", kill_on_drop: false }`
[INFO] [stdout] 8555e88dff0d54d75938f7fbc89037aa4510752a8ba1095a0bce013e57241a90
[INFO] running `Command { std: "docker" "create" "-v" "/var/lib/crater-agent-workspace/builds/worker-3-tc1/target:/opt/rustwide/target:rw,Z" "-v" "/var/lib/crater-agent-workspace/builds/worker-3-tc1/source:/opt/rustwide/workdir:ro,Z" "-v" "/var/lib/crater-agent-workspace/cargo-home:/opt/rustwide/cargo-home:ro,Z" "-v" "/var/lib/crater-agent-workspace/rustup-home:/opt/rustwide/rustup-home:ro,Z" "-e" "SOURCE_DIR=/opt/rustwide/workdir" "-e" "CARGO_TARGET_DIR=/opt/rustwide/target" "-e" "CARGO_INCREMENTAL=0" "-e" "RUST_BACKTRACE=full" "-e" "RUSTFLAGS=--cap-lints=warn" "-e" "RUSTDOCFLAGS=--cap-lints=warn" "-e" "CARGO_HOME=/opt/rustwide/cargo-home" "-e" "RUSTUP_HOME=/opt/rustwide/rustup-home" "-w" "/opt/rustwide/workdir" "-m" "1610612736" "--user" "0:0" "--network" "none" "ghcr.io/rust-lang/crates-build-env/linux@sha256:2788e3201cd34a07e3172128adcd8b3090168a8e3bcc40d7c032b9dda1df7d1c" "/opt/rustwide/cargo-home/bin/cargo" "+1.75.0" "test" "--frozen" "--no-run" "--message-format=json", kill_on_drop: false }`
[INFO] [stdout] 75ebab35fde94cd2780ac9bf3df86fc7e9f5af2b81b9d1b0315dfa32a05e597c
[INFO] running `Command { std: "docker" "start" "-a" "75ebab35fde94cd2780ac9bf3df86fc7e9f5af2b81b9d1b0315dfa32a05e597c", kill_on_drop: false }`
[INFO] [stderr]    Compiling libc v0.2.151
[INFO] [stderr]    Compiling base64 v0.21.5
[INFO] [stderr]    Compiling bencher v0.1.5
[INFO] [stderr]    Compiling time v0.3.31
[INFO] [stderr]    Compiling getrandom v0.2.11
[INFO] [stderr]    Compiling serde v1.0.194
[INFO] [stderr]    Compiling cc v1.0.83
[INFO] [stderr]    Compiling yasna v0.5.2
[INFO] [stderr]    Compiling bzip2-sys v0.1.11+1.0.8
[INFO] [stderr]    Compiling ring v0.17.7
[INFO] [stderr]    Compiling ring v0.16.20
[INFO] [stderr]    Compiling bzip2 v0.4.4
[INFO] [stderr]    Compiling serde_json v1.0.111
[INFO] [stderr]    Compiling rcgen v0.11.3
[INFO] [stderr]    Compiling rustls-webpki v0.102.0 (/opt/rustwide/workdir)
[INFO] [stdout] error[E0583]: file not found for module `test_utils`
[INFO] [stdout]   --> src/lib.rs:67:1
[INFO] [stdout]    |
[INFO] [stdout] 67 | pub(crate) mod test_utils;
[INFO] [stdout]    | ^^^^^^^^^^^^^^^^^^^^^^^^^^
[INFO] [stdout]    |
[INFO] [stdout]    = help: to create the module `test_utils`, create file "src/test_utils.rs" or "src/test_utils/mod.rs"
[INFO] [stdout]    = note: if there is a `mod test_utils` elsewhere in the crate already, import it with `use crate::...` instead
[INFO] [stdout] 
[INFO] [stdout] 
[INFO] [stdout] error: couldn't read src/../third-party/chromium/data/verify_signed_data/ecdsa-prime256v1-sha512-spki-params-null.pem: No such file or directory (os error 2)
[INFO] [stdout]    --> src/./alg_tests.rs:31:9
[INFO] [stdout]     |
[INFO] [stdout] 31  | /         include_bytes!(concat!(
[INFO] [stdout] 32  | |             "../third-party/chromium/data/verify_signed_data/",
[INFO] [stdout] 33  | |             $file_name
[INFO] [stdout] 34  | |         ))
[INFO] [stdout]     | |__________^
[INFO] [stdout] ...
[INFO] [stdout] 145 | / test_verify_signed_data!(
[INFO] [stdout] 146 | |     test_ecdsa_prime256v1_sha512_spki_params_null,
[INFO] [stdout] 147 | |     "ecdsa-prime256v1-sha512-spki-params-null.pem",
[INFO] [stdout] 148 | |     Err(Error::UnsupportedSignatureAlgorithm)
[INFO] [stdout] 149 | | );
[INFO] [stdout]     | |_- in this macro invocation
[INFO] [stdout]     |
[INFO] [stdout]     = note: this error originates in the macro `include_bytes` which comes from the expansion of the macro `test_verify_signed_data` (in Nightly builds, run with -Z macro-backtrace for more info)
[INFO] [stdout] 
[INFO] [stdout] 
[INFO] [stdout] error: couldn't read src/../third-party/chromium/data/verify_signed_data/ecdsa-prime256v1-sha512-unused-bits-signature.pem: No such file or directory (os error 2)
[INFO] [stdout]    --> src/./alg_tests.rs:31:9
[INFO] [stdout]     |
[INFO] [stdout] 31  | /         include_bytes!(concat!(
[INFO] [stdout] 32  | |             "../third-party/chromium/data/verify_signed_data/",
[INFO] [stdout] 33  | |             $file_name
[INFO] [stdout] 34  | |         ))
[INFO] [stdout]     | |__________^
[INFO] [stdout] ...
[INFO] [stdout] 150 | / test_verify_signed_data_signature_outer!(
[INFO] [stdout] 151 | |     test_ecdsa_prime256v1_sha512_unused_bits_signature,
[INFO] [stdout] 152 | |     "ecdsa-prime256v1-sha512-unused-bits-signature.pem",
[INFO] [stdout] 153 | |     Error::BadDer
[INFO] [stdout] 154 | | );
[INFO] [stdout]     | |_- in this macro invocation
[INFO] [stdout]     |
[INFO] [stdout]     = note: this error originates in the macro `include_bytes` which comes from the expansion of the macro `test_verify_signed_data_signature_outer` (in Nightly builds, run with -Z macro-backtrace for more info)
[INFO] [stdout] 
[INFO] [stdout] 
[INFO] [stdout] error: couldn't read src/../third-party/chromium/data/verify_signed_data/ecdsa-prime256v1-sha512-using-ecdh-key.pem: No such file or directory (os error 2)
[INFO] [stdout]    --> src/./alg_tests.rs:31:9
[INFO] [stdout]     |
[INFO] [stdout] 31  | /         include_bytes!(concat!(
[INFO] [stdout] 32  | |             "../third-party/chromium/data/verify_signed_data/",
[INFO] [stdout] 33  | |             $file_name
[INFO] [stdout] 34  | |         ))
[INFO] [stdout]     | |__________^
[INFO] [stdout] ...
[INFO] [stdout] 157 | / test_verify_signed_data!(
[INFO] [stdout] 158 | |     test_ecdsa_prime256v1_sha512_using_ecdh_key,
[INFO] [stdout] 159 | |     "ecdsa-prime256v1-sha512-using-ecdh-key.pem",
[INFO] [stdout] 160 | |     Err(Error::UnsupportedSignatureAlgorithm)
[INFO] [stdout] 161 | | );
[INFO] [stdout]     | |_- in this macro invocation
[INFO] [stdout]     |
[INFO] [stdout]     = note: this error originates in the macro `include_bytes` which comes from the expansion of the macro `test_verify_signed_data` (in Nightly builds, run with -Z macro-backtrace for more info)
[INFO] [stdout] 
[INFO] [stdout] 
[INFO] [stdout] error: couldn't read src/../third-party/chromium/data/verify_signed_data/ecdsa-prime256v1-sha512-using-ecmqv-key.pem: No such file or directory (os error 2)
[INFO] [stdout]    --> src/./alg_tests.rs:31:9
[INFO] [stdout]     |
[INFO] [stdout] 31  | /         include_bytes!(concat!(
[INFO] [stdout] 32  | |             "../third-party/chromium/data/verify_signed_data/",
[INFO] [stdout] 33  | |             $file_name
[INFO] [stdout] 34  | |         ))
[INFO] [stdout]     | |__________^
[INFO] [stdout] ...
[INFO] [stdout] 164 | / test_verify_signed_data!(
[INFO] [stdout] 165 | |     test_ecdsa_prime256v1_sha512_using_ecmqv_key,
[INFO] [stdout] 166 | |     "ecdsa-prime256v1-sha512-using-ecmqv-key.pem",
[INFO] [stdout] 167 | |     Err(Error::UnsupportedSignatureAlgorithm)
[INFO] [stdout] 168 | | );
[INFO] [stdout]     | |_- in this macro invocation
[INFO] [stdout]     |
[INFO] [stdout]     = note: this error originates in the macro `include_bytes` which comes from the expansion of the macro `test_verify_signed_data` (in Nightly builds, run with -Z macro-backtrace for more info)
[INFO] [stdout] 
[INFO] [stdout] 
[INFO] [stdout] error: couldn't read src/../third-party/chromium/data/verify_signed_data/ecdsa-prime256v1-sha512-using-rsa-algorithm.pem: No such file or directory (os error 2)
[INFO] [stdout]    --> src/./alg_tests.rs:31:9
[INFO] [stdout]     |
[INFO] [stdout] 31  | /         include_bytes!(concat!(
[INFO] [stdout] 32  | |             "../third-party/chromium/data/verify_signed_data/",
[INFO] [stdout] 33  | |             $file_name
[INFO] [stdout] 34  | |         ))
[INFO] [stdout]     | |__________^
[INFO] [stdout] ...
[INFO] [stdout] 169 | / test_verify_signed_data!(
[INFO] [stdout] 170 | |     test_ecdsa_prime256v1_sha512_using_rsa_algorithm,
[INFO] [stdout] 171 | |     "ecdsa-prime256v1-sha512-using-rsa-algorithm.pem",
[INFO] [stdout] 172 | |     Err(UNSUPPORTED_SIGNATURE_ALGORITHM_FOR_RSA_KEY)
[INFO] [stdout] 173 | | );
[INFO] [stdout]     | |_- in this macro invocation
[INFO] [stdout]     |
[INFO] [stdout]     = note: this error originates in the macro `include_bytes` which comes from the expansion of the macro `test_verify_signed_data` (in Nightly builds, run with -Z macro-backtrace for more info)
[INFO] [stdout] 
[INFO] [stdout] 
[INFO] [stdout] error: couldn't read src/../third-party/chromium/data/verify_signed_data/ecdsa-prime256v1-sha512-wrong-signature-format.pem: No such file or directory (os error 2)
[INFO] [stdout]    --> src/./alg_tests.rs:31:9
[INFO] [stdout]     |
[INFO] [stdout] 31  | /         include_bytes!(concat!(
[INFO] [stdout] 32  | |             "../third-party/chromium/data/verify_signed_data/",
[INFO] [stdout] 33  | |             $file_name
[INFO] [stdout] 34  | |         ))
[INFO] [stdout]     | |__________^
[INFO] [stdout] ...
[INFO] [stdout] 176 | / test_verify_signed_data!(
[INFO] [stdout] 177 | |     test_ecdsa_prime256v1_sha512_wrong_signature_format,
[INFO] [stdout] 178 | |     "ecdsa-prime256v1-sha512-wrong-signature-format.pem",
[INFO] [stdout] 179 | |     Err(Error::UnsupportedSignatureAlgorithm)
[INFO] [stdout] 180 | | );
[INFO] [stdout]     | |_- in this macro invocation
[INFO] [stdout]     |
[INFO] [stdout]     = note: this error originates in the macro `include_bytes` which comes from the expansion of the macro `test_verify_signed_data` (in Nightly builds, run with -Z macro-backtrace for more info)
[INFO] [stdout] 
[INFO] [stdout] 
[INFO] [stdout] error: couldn't read src/../third-party/chromium/data/verify_signed_data/ecdsa-prime256v1-sha512.pem: No such file or directory (os error 2)
[INFO] [stdout]    --> src/./alg_tests.rs:31:9
[INFO] [stdout]     |
[INFO] [stdout] 31  | /         include_bytes!(concat!(
[INFO] [stdout] 32  | |             "../third-party/chromium/data/verify_signed_data/",
[INFO] [stdout] 33  | |             $file_name
[INFO] [stdout] 34  | |         ))
[INFO] [stdout]     | |__________^
[INFO] [stdout] ...
[INFO] [stdout] 182 | / test_verify_signed_data!(
[INFO] [stdout] 183 | |     test_ecdsa_prime256v1_sha512,
[INFO] [stdout] 184 | |     "ecdsa-prime256v1-sha512.pem",
[INFO] [stdout] 185 | |     Err(Error::UnsupportedSignatureAlgorithm)
[INFO] [stdout] 186 | | );
[INFO] [stdout]     | |_- in this macro invocation
[INFO] [stdout]     |
[INFO] [stdout]     = note: this error originates in the macro `include_bytes` which comes from the expansion of the macro `test_verify_signed_data` (in Nightly builds, run with -Z macro-backtrace for more info)
[INFO] [stdout] 
[INFO] [stdout] 
[INFO] [stdout] error: couldn't read src/../third-party/chromium/data/verify_signed_data/ecdsa-secp384r1-sha256-corrupted-data.pem: No such file or directory (os error 2)
[INFO] [stdout]    --> src/./alg_tests.rs:31:9
[INFO] [stdout]     |
[INFO] [stdout] 31  | /         include_bytes!(concat!(
[INFO] [stdout] 32  | |             "../third-party/chromium/data/verify_signed_data/",
[INFO] [stdout] 33  | |             $file_name
[INFO] [stdout] 34  | |         ))
[INFO] [stdout]     | |__________^
[INFO] [stdout] ...
[INFO] [stdout] 187 | / test_verify_signed_data!(
[INFO] [stdout] 188 | |     test_ecdsa_secp384r1_sha256_corrupted_data,
[INFO] [stdout] 189 | |     "ecdsa-secp384r1-sha256-corrupted-data.pem",
[INFO] [stdout] 190 | |     Err(Error::InvalidSignatureForPublicKey)
[INFO] [stdout] 191 | | );
[INFO] [stdout]     | |_- in this macro invocation
[INFO] [stdout]     |
[INFO] [stdout]     = note: this error originates in the macro `include_bytes` which comes from the expansion of the macro `test_verify_signed_data` (in Nightly builds, run with -Z macro-backtrace for more info)
[INFO] [stdout] 
[INFO] [stdout] 
[INFO] [stdout] error: couldn't read src/../third-party/chromium/data/verify_signed_data/ecdsa-secp384r1-sha256.pem: No such file or directory (os error 2)
[INFO] [stdout]    --> src/./alg_tests.rs:31:9
[INFO] [stdout]     |
[INFO] [stdout] 31  | /         include_bytes!(concat!(
[INFO] [stdout] 32  | |             "../third-party/chromium/data/verify_signed_data/",
[INFO] [stdout] 33  | |             $file_name
[INFO] [stdout] 34  | |         ))
[INFO] [stdout]     | |__________^
[INFO] [stdout] ...
[INFO] [stdout] 192 | / test_verify_signed_data!(
[INFO] [stdout] 193 | |     test_ecdsa_secp384r1_sha256,
[INFO] [stdout] 194 | |     "ecdsa-secp384r1-sha256.pem",
[INFO] [stdout] 195 | |     Ok(())
[INFO] [stdout] 196 | | );
[INFO] [stdout]     | |_- in this macro invocation
[INFO] [stdout]     |
[INFO] [stdout]     = note: this error originates in the macro `include_bytes` which comes from the expansion of the macro `test_verify_signed_data` (in Nightly builds, run with -Z macro-backtrace for more info)
[INFO] [stdout] 
[INFO] [stdout] 
[INFO] [stdout] error: couldn't read src/../third-party/chromium/data/verify_signed_data/ecdsa-using-rsa-key.pem: No such file or directory (os error 2)
[INFO] [stdout]    --> src/./alg_tests.rs:31:9
[INFO] [stdout]     |
[INFO] [stdout] 31  | /         include_bytes!(concat!(
[INFO] [stdout] 32  | |             "../third-party/chromium/data/verify_signed_data/",
[INFO] [stdout] 33  | |             $file_name
[INFO] [stdout] 34  | |         ))
[INFO] [stdout]     | |__________^
[INFO] [stdout] ...
[INFO] [stdout] 197 | / test_verify_signed_data!(
[INFO] [stdout] 198 | |     test_ecdsa_using_rsa_key,
[INFO] [stdout] 199 | |     "ecdsa-using-rsa-key.pem",
[INFO] [stdout] 200 | |     Err(Error::UnsupportedSignatureAlgorithmForPublicKey)
[INFO] [stdout] 201 | | );
[INFO] [stdout]     | |_- in this macro invocation
[INFO] [stdout]     |
[INFO] [stdout]     = note: this error originates in the macro `include_bytes` which comes from the expansion of the macro `test_verify_signed_data` (in Nightly builds, run with -Z macro-backtrace for more info)
[INFO] [stdout] 
[INFO] [stdout] 
[INFO] [stdout] error: couldn't read src/../third-party/chromium/data/verify_signed_data/rsa-pkcs1-sha1-bad-key-der-length.pem: No such file or directory (os error 2)
[INFO] [stdout]    --> src/./alg_tests.rs:31:9
[INFO] [stdout]     |
[INFO] [stdout] 31  | /         include_bytes!(concat!(
[INFO] [stdout] 32  | |             "../third-party/chromium/data/verify_signed_data/",
[INFO] [stdout] 33  | |             $file_name
[INFO] [stdout] 34  | |         ))
[INFO] [stdout]     | |__________^
[INFO] [stdout] ...
[INFO] [stdout] 203 | / test_parse_spki_bad_outer!(
[INFO] [stdout] 204 | |     test_rsa_pkcs1_sha1_bad_key_der_length,
[INFO] [stdout] 205 | |     "rsa-pkcs1-sha1-bad-key-der-length.pem",
[INFO] [stdout] 206 | |     Error::BadDer
[INFO] [stdout] 207 | | );
[INFO] [stdout]     | |_- in this macro invocation
[INFO] [stdout]     |
[INFO] [stdout]     = note: this error originates in the macro `include_bytes` which comes from the expansion of the macro `test_parse_spki_bad_outer` (in Nightly builds, run with -Z macro-backtrace for more info)
[INFO] [stdout] 
[INFO] [stdout] 
[INFO] [stdout] error: couldn't read src/../third-party/chromium/data/verify_signed_data/rsa-pkcs1-sha1-bad-key-der-null.pem: No such file or directory (os error 2)
[INFO] [stdout]    --> src/./alg_tests.rs:31:9
[INFO] [stdout]     |
[INFO] [stdout] 31  | /         include_bytes!(concat!(
[INFO] [stdout] 32  | |             "../third-party/chromium/data/verify_signed_data/",
[INFO] [stdout] 33  | |             $file_name
[INFO] [stdout] 34  | |         ))
[INFO] [stdout]     | |__________^
[INFO] [stdout] ...
[INFO] [stdout] 208 | / test_parse_spki_bad_outer!(
[INFO] [stdout] 209 | |     test_rsa_pkcs1_sha1_bad_key_der_null,
[INFO] [stdout] 210 | |     "rsa-pkcs1-sha1-bad-key-der-null.pem",
[INFO] [stdout] 211 | |     Error::BadDer
[INFO] [stdout] 212 | | );
[INFO] [stdout]     | |_- in this macro invocation
[INFO] [stdout]     |
[INFO] [stdout]     = note: this error originates in the macro `include_bytes` which comes from the expansion of the macro `test_parse_spki_bad_outer` (in Nightly builds, run with -Z macro-backtrace for more info)
[INFO] [stdout] 
[INFO] [stdout] 
[INFO] [stdout] error: couldn't read src/../third-party/chromium/data/verify_signed_data/rsa-pkcs1-sha1-key-params-absent.pem: No such file or directory (os error 2)
[INFO] [stdout]    --> src/./alg_tests.rs:31:9
[INFO] [stdout]     |
[INFO] [stdout] 31  | /         include_bytes!(concat!(
[INFO] [stdout] 32  | |             "../third-party/chromium/data/verify_signed_data/",
[INFO] [stdout] 33  | |             $file_name
[INFO] [stdout] 34  | |         ))
[INFO] [stdout]     | |__________^
[INFO] [stdout] ...
[INFO] [stdout] 213 | / test_verify_signed_data!(
[INFO] [stdout] 214 | |     test_rsa_pkcs1_sha1_key_params_absent,
[INFO] [stdout] 215 | |     "rsa-pkcs1-sha1-key-params-absent.pem",
[INFO] [stdout] 216 | |     Err(Error::UnsupportedSignatureAlgorithm)
[INFO] [stdout] 217 | | );
[INFO] [stdout]     | |_- in this macro invocation
[INFO] [stdout]     |
[INFO] [stdout]     = note: this error originates in the macro `include_bytes` which comes from the expansion of the macro `test_verify_signed_data` (in Nightly builds, run with -Z macro-backtrace for more info)
[INFO] [stdout] 
[INFO] [stdout] 
[INFO] [stdout] error: couldn't read src/../third-party/chromium/data/verify_signed_data/rsa-pkcs1-sha1-using-pss-key-no-params.pem: No such file or directory (os error 2)
[INFO] [stdout]    --> src/./alg_tests.rs:31:9
[INFO] [stdout]     |
[INFO] [stdout] 31  | /         include_bytes!(concat!(
[INFO] [stdout] 32  | |             "../third-party/chromium/data/verify_signed_data/",
[INFO] [stdout] 33  | |             $file_name
[INFO] [stdout] 34  | |         ))
[INFO] [stdout]     | |__________^
[INFO] [stdout] ...
[INFO] [stdout] 218 | / test_verify_signed_data!(
[INFO] [stdout] 219 | |     test_rsa_pkcs1_sha1_using_pss_key_no_params,
[INFO] [stdout] 220 | |     "rsa-pkcs1-sha1-using-pss-key-no-params.pem",
[INFO] [stdout] 221 | |     Err(Error::UnsupportedSignatureAlgorithm)
[INFO] [stdout] 222 | | );
[INFO] [stdout]     | |_- in this macro invocation
[INFO] [stdout]     |
[INFO] [stdout]     = note: this error originates in the macro `include_bytes` which comes from the expansion of the macro `test_verify_signed_data` (in Nightly builds, run with -Z macro-backtrace for more info)
[INFO] [stdout] 
[INFO] [stdout] 
[INFO] [stdout] error: couldn't read src/../third-party/chromium/data/verify_signed_data/rsa-pkcs1-sha1-wrong-algorithm.pem: No such file or directory (os error 2)
[INFO] [stdout]    --> src/./alg_tests.rs:31:9
[INFO] [stdout]     |
[INFO] [stdout] 31  | /         include_bytes!(concat!(
[INFO] [stdout] 32  | |             "../third-party/chromium/data/verify_signed_data/",
[INFO] [stdout] 33  | |             $file_name
[INFO] [stdout] 34  | |         ))
[INFO] [stdout]     | |__________^
[INFO] [stdout] ...
[INFO] [stdout] 223 | / test_verify_signed_data!(
[INFO] [stdout] 224 | |     test_rsa_pkcs1_sha1_wrong_algorithm,
[INFO] [stdout] 225 | |     "rsa-pkcs1-sha1-wrong-algorithm.pem",
[INFO] [stdout] 226 | |     Err(INVALID_SIGNATURE_FOR_RSA_KEY)
[INFO] [stdout] 227 | | );
[INFO] [stdout]     | |_- in this macro invocation
[INFO] [stdout]     |
[INFO] [stdout]     = note: this error originates in the macro `include_bytes` which comes from the expansion of the macro `test_verify_signed_data` (in Nightly builds, run with -Z macro-backtrace for more info)
[INFO] [stdout] 
[INFO] [stdout] 
[INFO] [stdout] error: couldn't read src/../third-party/chromium/data/verify_signed_data/rsa-pkcs1-sha1.pem: No such file or directory (os error 2)
[INFO] [stdout]    --> src/./alg_tests.rs:31:9
[INFO] [stdout]     |
[INFO] [stdout] 31  | /         include_bytes!(concat!(
[INFO] [stdout] 32  | |             "../third-party/chromium/data/verify_signed_data/",
[INFO] [stdout] 33  | |             $file_name
[INFO] [stdout] 34  | |         ))
[INFO] [stdout]     | |__________^
[INFO] [stdout] ...
[INFO] [stdout] 228 | / test_verify_signed_data!(
[INFO] [stdout] 229 | |     test_rsa_pkcs1_sha1,
[INFO] [stdout] 230 | |     "rsa-pkcs1-sha1.pem",
[INFO] [stdout] 231 | |     Err(Error::UnsupportedSignatureAlgorithm)
[INFO] [stdout] 232 | | );
[INFO] [stdout]     | |_- in this macro invocation
[INFO] [stdout]     |
[INFO] [stdout]     = note: this error originates in the macro `include_bytes` which comes from the expansion of the macro `test_verify_signed_data` (in Nightly builds, run with -Z macro-backtrace for more info)
[INFO] [stdout] 
[INFO] [stdout] 
[INFO] [stdout] error: couldn't read src/../third-party/chromium/data/verify_signed_data/rsa-pkcs1-sha256.pem: No such file or directory (os error 2)
[INFO] [stdout]    --> src/./alg_tests.rs:31:9
[INFO] [stdout]     |
[INFO] [stdout] 31  | /         include_bytes!(concat!(
[INFO] [stdout] 32  | |             "../third-party/chromium/data/verify_signed_data/",
[INFO] [stdout] 33  | |             $file_name
[INFO] [stdout] 34  | |         ))
[INFO] [stdout]     | |__________^
[INFO] [stdout] ...
[INFO] [stdout] 237 | / test_verify_signed_data!(
[INFO] [stdout] 238 | |     test_rsa_pkcs1_sha256,
[INFO] [stdout] 239 | |     "rsa-pkcs1-sha256.pem",
[INFO] [stdout] 240 | |     Err(INVALID_SIGNATURE_FOR_RSA_KEY)
[INFO] [stdout] 241 | | );
[INFO] [stdout]     | |_- in this macro invocation
[INFO] [stdout]     |
[INFO] [stdout]     = note: this error originates in the macro `include_bytes` which comes from the expansion of the macro `test_verify_signed_data` (in Nightly builds, run with -Z macro-backtrace for more info)
[INFO] [stdout] 
[INFO] [stdout] 
[INFO] [stdout] error: couldn't read src/../third-party/chromium/data/verify_signed_data/rsa-pkcs1-sha256-key-encoded-ber.pem: No such file or directory (os error 2)
[INFO] [stdout]    --> src/./alg_tests.rs:31:9
[INFO] [stdout]     |
[INFO] [stdout] 31  | /         include_bytes!(concat!(
[INFO] [stdout] 32  | |             "../third-party/chromium/data/verify_signed_data/",
[INFO] [stdout] 33  | |             $file_name
[INFO] [stdout] 34  | |         ))
[INFO] [stdout]     | |__________^
[INFO] [stdout] ...
[INFO] [stdout] 242 | / test_parse_spki_bad_outer!(
[INFO] [stdout] 243 | |     test_rsa_pkcs1_sha256_key_encoded_ber,
[INFO] [stdout] 244 | |     "rsa-pkcs1-sha256-key-encoded-ber.pem",
[INFO] [stdout] 245 | |     Error::BadDer
[INFO] [stdout] 246 | | );
[INFO] [stdout]     | |_- in this macro invocation
[INFO] [stdout]     |
[INFO] [stdout]     = note: this error originates in the macro `include_bytes` which comes from the expansion of the macro `test_parse_spki_bad_outer` (in Nightly builds, run with -Z macro-backtrace for more info)
[INFO] [stdout] 
[INFO] [stdout] 
[INFO] [stdout] error: couldn't read src/../third-party/chromium/data/verify_signed_data/rsa-pkcs1-sha256-spki-non-null-params.pem: No such file or directory (os error 2)
[INFO] [stdout]    --> src/./alg_tests.rs:31:9
[INFO] [stdout]     |
[INFO] [stdout] 31  | /         include_bytes!(concat!(
[INFO] [stdout] 32  | |             "../third-party/chromium/data/verify_signed_data/",
[INFO] [stdout] 33  | |             $file_name
[INFO] [stdout] 34  | |         ))
[INFO] [stdout]     | |__________^
[INFO] [stdout] ...
[INFO] [stdout] 247 | / test_verify_signed_data!(
[INFO] [stdout] 248 | |     test_rsa_pkcs1_sha256_spki_non_null_params,
[INFO] [stdout] 249 | |     "rsa-pkcs1-sha256-spki-non-null-params.pem",
[INFO] [stdout] 250 | |     Err(UNSUPPORTED_SIGNATURE_ALGORITHM_FOR_RSA_KEY)
[INFO] [stdout] 251 | | );
[INFO] [stdout]     | |_- in this macro invocation
[INFO] [stdout]     |
[INFO] [stdout]     = note: this error originates in the macro `include_bytes` which comes from the expansion of the macro `test_verify_signed_data` (in Nightly builds, run with -Z macro-backtrace for more info)
[INFO] [stdout] 
[INFO] [stdout] 
[INFO] [stdout] error: couldn't read src/../third-party/chromium/data/verify_signed_data/rsa-pkcs1-sha256-using-ecdsa-algorithm.pem: No such file or directory (os error 2)
[INFO] [stdout]    --> src/./alg_tests.rs:31:9
[INFO] [stdout]     |
[INFO] [stdout] 31  | /         include_bytes!(concat!(
[INFO] [stdout] 32  | |             "../third-party/chromium/data/verify_signed_data/",
[INFO] [stdout] 33  | |             $file_name
[INFO] [stdout] 34  | |         ))
[INFO] [stdout]     | |__________^
[INFO] [stdout] ...
[INFO] [stdout] 252 | / test_verify_signed_data!(
[INFO] [stdout] 253 | |     test_rsa_pkcs1_sha256_using_ecdsa_algorithm,
[INFO] [stdout] 254 | |     "rsa-pkcs1-sha256-using-ecdsa-algorithm.pem",
[INFO] [stdout] 255 | |     Err(Error::UnsupportedSignatureAlgorithmForPublicKey)
[INFO] [stdout] 256 | | );
[INFO] [stdout]     | |_- in this macro invocation
[INFO] [stdout]     |
[INFO] [stdout]     = note: this error originates in the macro `include_bytes` which comes from the expansion of the macro `test_verify_signed_data` (in Nightly builds, run with -Z macro-backtrace for more info)
[INFO] [stdout] 
[INFO] [stdout] 
[INFO] [stdout] error: couldn't read src/../third-party/chromium/data/verify_signed_data/rsa-pkcs1-sha256-using-id-ea-rsa.pem: No such file or directory (os error 2)
[INFO] [stdout]    --> src/./alg_tests.rs:31:9
[INFO] [stdout]     |
[INFO] [stdout] 31  | /         include_bytes!(concat!(
[INFO] [stdout] 32  | |             "../third-party/chromium/data/verify_signed_data/",
[INFO] [stdout] 33  | |             $file_name
[INFO] [stdout] 34  | |         ))
[INFO] [stdout]     | |__________^
[INFO] [stdout] ...
[INFO] [stdout] 257 | / test_verify_signed_data!(
[INFO] [stdout] 258 | |     test_rsa_pkcs1_sha256_using_id_ea_rsa,
[INFO] [stdout] 259 | |     "rsa-pkcs1-sha256-using-id-ea-rsa.pem",
[INFO] [stdout] 260 | |     Err(UNSUPPORTED_SIGNATURE_ALGORITHM_FOR_RSA_KEY)
[INFO] [stdout] 261 | | );
[INFO] [stdout]     | |_- in this macro invocation
[INFO] [stdout]     |
[INFO] [stdout]     = note: this error originates in the macro `include_bytes` which comes from the expansion of the macro `test_verify_signed_data` (in Nightly builds, run with -Z macro-backtrace for more info)
[INFO] [stdout] 
[INFO] [stdout] 
[INFO] [stdout] error: couldn't read src/../third-party/chromium/data/verify_signed_data/rsa-pss-sha1-salt20-using-pss-key-no-params.pem: No such file or directory (os error 2)
[INFO] [stdout]    --> src/./alg_tests.rs:31:9
[INFO] [stdout]     |
[INFO] [stdout] 31  | /         include_bytes!(concat!(
[INFO] [stdout] 32  | |             "../third-party/chromium/data/verify_signed_data/",
[INFO] [stdout] 33  | |             $file_name
[INFO] [stdout] 34  | |         ))
[INFO] [stdout]     | |__________^
[INFO] [stdout] ...
[INFO] [stdout] 264 | / test_verify_signed_data!(
[INFO] [stdout] 265 | |     test_rsa_pss_sha1_salt20_using_pss_key_no_params,
[INFO] [stdout] 266 | |     "rsa-pss-sha1-salt20-using-pss-key-no-params.pem",
[INFO] [stdout] 267 | |     Err(Error::UnsupportedSignatureAlgorithm)
[INFO] [stdout] 268 | | );
[INFO] [stdout]     | |_- in this macro invocation
[INFO] [stdout]     |
[INFO] [stdout]     = note: this error originates in the macro `include_bytes` which comes from the expansion of the macro `test_verify_signed_data` (in Nightly builds, run with -Z macro-backtrace for more info)
[INFO] [stdout] 
[INFO] [stdout] 
[INFO] [stdout] error: couldn't read src/../third-party/chromium/data/verify_signed_data/rsa-pss-sha1-salt20-using-pss-key-with-null-params.pem: No such file or directory (os error 2)
[INFO] [stdout]    --> src/./alg_tests.rs:31:9
[INFO] [stdout]     |
[INFO] [stdout] 31  | /         include_bytes!(concat!(
[INFO] [stdout] 32  | |             "../third-party/chromium/data/verify_signed_data/",
[INFO] [stdout] 33  | |             $file_name
[INFO] [stdout] 34  | |         ))
[INFO] [stdout]     | |__________^
[INFO] [stdout] ...
[INFO] [stdout] 269 | / test_verify_signed_data!(
[INFO] [stdout] 270 | |     test_rsa_pss_sha1_salt20_using_pss_key_with_null_params,
[INFO] [stdout] 271 | |     "rsa-pss-sha1-salt20-using-pss-key-with-null-params.pem",
[INFO] [stdout] 272 | |     Err(Error::UnsupportedSignatureAlgorithm)
[INFO] [stdout] 273 | | );
[INFO] [stdout]     | |_- in this macro invocation
[INFO] [stdout]     |
[INFO] [stdout]     = note: this error originates in the macro `include_bytes` which comes from the expansion of the macro `test_verify_signed_data` (in Nightly builds, run with -Z macro-backtrace for more info)
[INFO] [stdout] 
[INFO] [stdout] 
[INFO] [stdout] error: couldn't read src/../third-party/chromium/data/verify_signed_data/rsa-pss-sha1-salt20.pem: No such file or directory (os error 2)
[INFO] [stdout]    --> src/./alg_tests.rs:31:9
[INFO] [stdout]     |
[INFO] [stdout] 31  | /         include_bytes!(concat!(
[INFO] [stdout] 32  | |             "../third-party/chromium/data/verify_signed_data/",
[INFO] [stdout] 33  | |             $file_name
[INFO] [stdout] 34  | |         ))
[INFO] [stdout]     | |__________^
[INFO] [stdout] ...
[INFO] [stdout] 274 | / test_verify_signed_data!(
[INFO] [stdout] 275 | |     test_rsa_pss_sha1_salt20,
[INFO] [stdout] 276 | |     "rsa-pss-sha1-salt20.pem",
[INFO] [stdout] 277 | |     Err(Error::UnsupportedSignatureAlgorithm)
[INFO] [stdout] 278 | | );
[INFO] [stdout]     | |_- in this macro invocation
[INFO] [stdout]     |
[INFO] [stdout]     = note: this error originates in the macro `include_bytes` which comes from the expansion of the macro `test_verify_signed_data` (in Nightly builds, run with -Z macro-backtrace for more info)
[INFO] [stdout] 
[INFO] [stdout] 
[INFO] [stdout] error: couldn't read src/../third-party/chromium/data/verify_signed_data/rsa-pss-sha1-wrong-salt.pem: No such file or directory (os error 2)
[INFO] [stdout]    --> src/./alg_tests.rs:31:9
[INFO] [stdout]     |
[INFO] [stdout] 31  | /         include_bytes!(concat!(
[INFO] [stdout] 32  | |             "../third-party/chromium/data/verify_signed_data/",
[INFO] [stdout] 33  | |             $file_name
[INFO] [stdout] 34  | |         ))
[INFO] [stdout]     | |__________^
[INFO] [stdout] ...
[INFO] [stdout] 279 | / test_verify_signed_data!(
[INFO] [stdout] 280 | |     test_rsa_pss_sha1_wrong_salt,
[INFO] [stdout] 281 | |     "rsa-pss-sha1-wrong-salt.pem",
[INFO] [stdout] 282 | |     Err(Error::UnsupportedSignatureAlgorithm)
[INFO] [stdout] 283 | | );
[INFO] [stdout]     | |_- in this macro invocation
[INFO] [stdout]     |
[INFO] [stdout]     = note: this error originates in the macro `include_bytes` which comes from the expansion of the macro `test_verify_signed_data` (in Nightly builds, run with -Z macro-backtrace for more info)
[INFO] [stdout] 
[INFO] [stdout] 
[INFO] [stdout] error: couldn't read src/../third-party/chromium/data/verify_signed_data/rsa-pss-sha256-mgf1-sha512-salt33.pem: No such file or directory (os error 2)
[INFO] [stdout]    --> src/./alg_tests.rs:31:9
[INFO] [stdout]     |
[INFO] [stdout] 31  | /         include_bytes!(concat!(
[INFO] [stdout] 32  | |             "../third-party/chromium/data/verify_signed_data/",
[INFO] [stdout] 33  | |             $file_name
[INFO] [stdout] 34  | |         ))
[INFO] [stdout]     | |__________^
[INFO] [stdout] ...
[INFO] [stdout] 284 | / test_verify_signed_data!(
[INFO] [stdout] 285 | |     test_rsa_pss_sha256_mgf1_sha512_salt33,
[INFO] [stdout] 286 | |     "rsa-pss-sha256-mgf1-sha512-salt33.pem",
[INFO] [stdout] 287 | |     Err(Error::UnsupportedSignatureAlgorithm)
[INFO] [stdout] 288 | | );
[INFO] [stdout]     | |_- in this macro invocation
[INFO] [stdout]     |
[INFO] [stdout]     = note: this error originates in the macro `include_bytes` which comes from the expansion of the macro `test_verify_signed_data` (in Nightly builds, run with -Z macro-backtrace for more info)
[INFO] [stdout] 
[INFO] [stdout] 
[INFO] [stdout] error: couldn't read src/../third-party/chromium/data/verify_signed_data/rsa-pss-sha256-salt10-using-pss-key-with-params.pem: No such file or directory (os error 2)
[INFO] [stdout]    --> src/./alg_tests.rs:31:9
[INFO] [stdout]     |
[INFO] [stdout] 31  | /         include_bytes!(concat!(
[INFO] [stdout] 32  | |             "../third-party/chromium/data/verify_signed_data/",
[INFO] [stdout] 33  | |             $file_name
[INFO] [stdout] 34  | |         ))
[INFO] [stdout]     | |__________^
[INFO] [stdout] ...
[INFO] [stdout] 289 | / test_verify_signed_data!(
[INFO] [stdout] 290 | |     test_rsa_pss_sha256_salt10_using_pss_key_with_params,
[INFO] [stdout] 291 | |     "rsa-pss-sha256-salt10-using-pss-key-with-params.pem",
[INFO] [stdout] 292 | |     Err(Error::UnsupportedSignatureAlgorithm)
[INFO] [stdout] 293 | | );
[INFO] [stdout]     | |_- in this macro invocation
[INFO] [stdout]     |
[INFO] [stdout]     = note: this error originates in the macro `include_bytes` which comes from the expansion of the macro `test_verify_signed_data` (in Nightly builds, run with -Z macro-backtrace for more info)
[INFO] [stdout] 
[INFO] [stdout] 
[INFO] [stdout] error: couldn't read src/../third-party/chromium/data/verify_signed_data/rsa-pss-sha256-salt10-using-pss-key-with-wrong-params.pem: No such file or directory (os error 2)
[INFO] [stdout]    --> src/./alg_tests.rs:31:9
[INFO] [stdout]     |
[INFO] [stdout] 31  | /         include_bytes!(concat!(
[INFO] [stdout] 32  | |             "../third-party/chromium/data/verify_signed_data/",
[INFO] [stdout] 33  | |             $file_name
[INFO] [stdout] 34  | |         ))
[INFO] [stdout]     | |__________^
[INFO] [stdout] ...
[INFO] [stdout] 294 | / test_verify_signed_data!(
[INFO] [stdout] 295 | |     test_rsa_pss_sha256_salt10_using_pss_key_with_wrong_params,
[INFO] [stdout] 296 | |     "rsa-pss-sha256-salt10-using-pss-key-with-wrong-params.pem",
[INFO] [stdout] 297 | |     Err(Error::UnsupportedSignatureAlgorithm)
[INFO] [stdout] 298 | | );
[INFO] [stdout]     | |_- in this macro invocation
[INFO] [stdout]     |
[INFO] [stdout]     = note: this error originates in the macro `include_bytes` which comes from the expansion of the macro `test_verify_signed_data` (in Nightly builds, run with -Z macro-backtrace for more info)
[INFO] [stdout] 
[INFO] [stdout] 
[INFO] [stdout] error: couldn't read src/../third-party/chromium/data/verify_signed_data/rsa-pss-sha256-salt10.pem: No such file or directory (os error 2)
[INFO] [stdout]    --> src/./alg_tests.rs:31:9
[INFO] [stdout]     |
[INFO] [stdout] 31  | /         include_bytes!(concat!(
[INFO] [stdout] 32  | |             "../third-party/chromium/data/verify_signed_data/",
[INFO] [stdout] 33  | |             $file_name
[INFO] [stdout] 34  | |         ))
[INFO] [stdout]     | |__________^
[INFO] [stdout] ...
[INFO] [stdout] 299 | / test_verify_signed_data!(
[INFO] [stdout] 300 | |     test_rsa_pss_sha256_salt10,
[INFO] [stdout] 301 | |     "rsa-pss-sha256-salt10.pem",
[INFO] [stdout] 302 | |     Err(Error::UnsupportedSignatureAlgorithm)
[INFO] [stdout] 303 | | );
[INFO] [stdout]     | |_- in this macro invocation
[INFO] [stdout]     |
[INFO] [stdout]     = note: this error originates in the macro `include_bytes` which comes from the expansion of the macro `test_verify_signed_data` (in Nightly builds, run with -Z macro-backtrace for more info)
[INFO] [stdout] 
[INFO] [stdout] 
[INFO] [stdout] error: couldn't read src/../third-party/chromium/data/verify_signed_data/ours/rsa-pss-sha256-salt32.pem: No such file or directory (os error 2)
[INFO] [stdout]    --> src/./alg_tests.rs:31:9
[INFO] [stdout]     |
[INFO] [stdout] 31  | /         include_bytes!(concat!(
[INFO] [stdout] 32  | |             "../third-party/chromium/data/verify_signed_data/",
[INFO] [stdout] 33  | |             $file_name
[INFO] [stdout] 34  | |         ))
[INFO] [stdout]     | |__________^
[INFO] [stdout] ...
[INFO] [stdout] 306 | / test_verify_signed_data!(
[INFO] [stdout] 307 | |     test_rsa_pss_sha256_salt32,
[INFO] [stdout] 308 | |     "ours/rsa-pss-sha256-salt32.pem",
[INFO] [stdout] 309 | |     OK_IF_RSA_AVAILABLE
[INFO] [stdout] 310 | | );
[INFO] [stdout]     | |_- in this macro invocation
[INFO] [stdout]     |
[INFO] [stdout]     = note: this error originates in the macro `include_bytes` which comes from the expansion of the macro `test_verify_signed_data` (in Nightly builds, run with -Z macro-backtrace for more info)
[INFO] [stdout] 
[INFO] [stdout] 
[INFO] [stdout] error: couldn't read src/../third-party/chromium/data/verify_signed_data/ours/rsa-pss-sha384-salt48.pem: No such file or directory (os error 2)
[INFO] [stdout]    --> src/./alg_tests.rs:31:9
[INFO] [stdout]     |
[INFO] [stdout] 31  | /         include_bytes!(concat!(
[INFO] [stdout] 32  | |             "../third-party/chromium/data/verify_signed_data/",
[INFO] [stdout] 33  | |             $file_name
[INFO] [stdout] 34  | |         ))
[INFO] [stdout]     | |__________^
[INFO] [stdout] ...
[INFO] [stdout] 311 | / test_verify_signed_data!(
[INFO] [stdout] 312 | |     test_rsa_pss_sha384_salt48,
[INFO] [stdout] 313 | |     "ours/rsa-pss-sha384-salt48.pem",
[INFO] [stdout] 314 | |     OK_IF_RSA_AVAILABLE
[INFO] [stdout] 315 | | );
[INFO] [stdout]     | |_- in this macro invocation
[INFO] [stdout]     |
[INFO] [stdout]     = note: this error originates in the macro `include_bytes` which comes from the expansion of the macro `test_verify_signed_data` (in Nightly builds, run with -Z macro-backtrace for more info)
[INFO] [stdout] 
[INFO] [stdout] 
[INFO] [stdout] error: couldn't read src/../third-party/chromium/data/verify_signed_data/ours/rsa-pss-sha512-salt64.pem: No such file or directory (os error 2)
[INFO] [stdout]    --> src/./alg_tests.rs:31:9
[INFO] [stdout]     |
[INFO] [stdout] 31  | /         include_bytes!(concat!(
[INFO] [stdout] 32  | |             "../third-party/chromium/data/verify_signed_data/",
[INFO] [stdout] 33  | |             $file_name
[INFO] [stdout] 34  | |         ))
[INFO] [stdout]     | |__________^
[INFO] [stdout] ...
[INFO] [stdout] 316 | / test_verify_signed_data!(
[INFO] [stdout] 317 | |     test_rsa_pss_sha512_salt64,
[INFO] [stdout] 318 | |     "ours/rsa-pss-sha512-salt64.pem",
[INFO] [stdout] 319 | |     OK_IF_RSA_AVAILABLE
[INFO] [stdout] 320 | | );
[INFO] [stdout]     | |_- in this macro invocation
[INFO] [stdout]     |
[INFO] [stdout]     = note: this error originates in the macro `include_bytes` which comes from the expansion of the macro `test_verify_signed_data` (in Nightly builds, run with -Z macro-backtrace for more info)
[INFO] [stdout] 
[INFO] [stdout] 
[INFO] [stdout] error: couldn't read src/../third-party/chromium/data/verify_signed_data/ours/rsa-pss-sha256-salt32-corrupted-data.pem: No such file or directory (os error 2)
[INFO] [stdout]    --> src/./alg_tests.rs:31:9
[INFO] [stdout]     |
[INFO] [stdout] 31  | /         include_bytes!(concat!(
[INFO] [stdout] 32  | |             "../third-party/chromium/data/verify_signed_data/",
[INFO] [stdout] 33  | |             $file_name
[INFO] [stdout] 34  | |         ))
[INFO] [stdout]     | |__________^
[INFO] [stdout] ...
[INFO] [stdout] 321 | / test_verify_signed_data!(
[INFO] [stdout] 322 | |     test_rsa_pss_sha256_salt32_corrupted_data,
[INFO] [stdout] 323 | |     "ours/rsa-pss-sha256-salt32-corrupted-data.pem",
[INFO] [stdout] 324 | |     Err(INVALID_SIGNATURE_FOR_RSA_KEY)
[INFO] [stdout] 325 | | );
[INFO] [stdout]     | |_- in this macro invocation
[INFO] [stdout]     |
[INFO] [stdout]     = note: this error originates in the macro `include_bytes` which comes from the expansion of the macro `test_verify_signed_data` (in Nightly builds, run with -Z macro-backtrace for more info)
[INFO] [stdout] 
[INFO] [stdout] 
[INFO] [stdout] error: couldn't read src/../third-party/chromium/data/verify_signed_data/ours/rsa-pss-sha384-salt48-corrupted-data.pem: No such file or directory (os error 2)
[INFO] [stdout]    --> src/./alg_tests.rs:31:9
[INFO] [stdout]     |
[INFO] [stdout] 31  | /         include_bytes!(concat!(
[INFO] [stdout] 32  | |             "../third-party/chromium/data/verify_signed_data/",
[INFO] [stdout] 33  | |             $file_name
[INFO] [stdout] 34  | |         ))
[INFO] [stdout]     | |__________^
[INFO] [stdout] ...
[INFO] [stdout] 326 | / test_verify_signed_data!(
[INFO] [stdout] 327 | |     test_rsa_pss_sha384_salt48_corrupted_data,
[INFO] [stdout] 328 | |     "ours/rsa-pss-sha384-salt48-corrupted-data.pem",
[INFO] [stdout] 329 | |     Err(INVALID_SIGNATURE_FOR_RSA_KEY)
[INFO] [stdout] 330 | | );
[INFO] [stdout]     | |_- in this macro invocation
[INFO] [stdout]     |
[INFO] [stdout]     = note: this error originates in the macro `include_bytes` which comes from the expansion of the macro `test_verify_signed_data` (in Nightly builds, run with -Z macro-backtrace for more info)
[INFO] [stdout] 
[INFO] [stdout] 
[INFO] [stdout] error: couldn't read src/../third-party/chromium/data/verify_signed_data/ours/rsa-pss-sha512-salt64-corrupted-data.pem: No such file or directory (os error 2)
[INFO] [stdout]    --> src/./alg_tests.rs:31:9
[INFO] [stdout]     |
[INFO] [stdout] 31  | /         include_bytes!(concat!(
[INFO] [stdout] 32  | |             "../third-party/chromium/data/verify_signed_data/",
[INFO] [stdout] 33  | |             $file_name
[INFO] [stdout] 34  | |         ))
[INFO] [stdout]     | |__________^
[INFO] [stdout] ...
[INFO] [stdout] 331 | / test_verify_signed_data!(
[INFO] [stdout] 332 | |     test_rsa_pss_sha512_salt64_corrupted_data,
[INFO] [stdout] 333 | |     "ours/rsa-pss-sha512-salt64-corrupted-data.pem",
[INFO] [stdout] 334 | |     Err(INVALID_SIGNATURE_FOR_RSA_KEY)
[INFO] [stdout] 335 | | );
[INFO] [stdout]     | |_- in this macro invocation
[INFO] [stdout]     |
[INFO] [stdout]     = note: this error originates in the macro `include_bytes` which comes from the expansion of the macro `test_verify_signed_data` (in Nightly builds, run with -Z macro-backtrace for more info)
[INFO] [stdout] 
[INFO] [stdout] 
[INFO] [stdout] error: couldn't read src/../third-party/chromium/data/verify_signed_data/rsa-using-ec-key.pem: No such file or directory (os error 2)
[INFO] [stdout]    --> src/./alg_tests.rs:31:9
[INFO] [stdout]     |
[INFO] [stdout] 31  | /         include_bytes!(concat!(
[INFO] [stdout] 32  | |             "../third-party/chromium/data/verify_signed_data/",
[INFO] [stdout] 33  | |             $file_name
[INFO] [stdout] 34  | |         ))
[INFO] [stdout]     | |__________^
[INFO] [stdout] ...
[INFO] [stdout] 337 | / test_verify_signed_data!(
[INFO] [stdout] 338 | |     test_rsa_using_ec_key,
[INFO] [stdout] 339 | |     "rsa-using-ec-key.pem",
[INFO] [stdout] 340 | |     Err(UNSUPPORTED_SIGNATURE_ALGORITHM_FOR_RSA_KEY)
[INFO] [stdout] 341 | | );
[INFO] [stdout]     | |_- in this macro invocation
[INFO] [stdout]     |
[INFO] [stdout]     = note: this error originates in the macro `include_bytes` which comes from the expansion of the macro `test_verify_signed_data` (in Nightly builds, run with -Z macro-backtrace for more info)
[INFO] [stdout] 
[INFO] [stdout] 
[INFO] [stdout] error: couldn't read src/../third-party/chromium/data/verify_signed_data/rsa2048-pkcs1-sha512.pem: No such file or directory (os error 2)
[INFO] [stdout]    --> src/./alg_tests.rs:31:9
[INFO] [stdout]     |
[INFO] [stdout] 31  | /         include_bytes!(concat!(
[INFO] [stdout] 32  | |             "../third-party/chromium/data/verify_signed_data/",
[INFO] [stdout] 33  | |             $file_name
[INFO] [stdout] 34  | |         ))
[INFO] [stdout]     | |__________^
[INFO] [stdout] ...
[INFO] [stdout] 342 | / test_verify_signed_data!(
[INFO] [stdout] 343 | |     test_rsa2048_pkcs1_sha512,
[INFO] [stdout] 344 | |     "rsa2048-pkcs1-sha512.pem",
[INFO] [stdout] 345 | |     OK_IF_RSA_AVAILABLE
[INFO] [stdout] 346 | | );
[INFO] [stdout]     | |_- in this macro invocation
[INFO] [stdout]     |
[INFO] [stdout]     = note: this error originates in the macro `include_bytes` which comes from the expansion of the macro `test_verify_signed_data` (in Nightly builds, run with -Z macro-backtrace for more info)
[INFO] [stdout] 
[INFO] [stdout] 
[INFO] [stdout] error[E0432]: unresolved imports `crate::test_utils::issuer_params`, `crate::test_utils::make_end_entity`, `crate::test_utils::make_issuer`
[INFO] [stdout]    --> src/verify_cert.rs:703:29
[INFO] [stdout]     |
[INFO] [stdout] 703 |     use crate::test_utils::{issuer_params, make_end_entity, make_issuer};
[INFO] [stdout]     |                             ^^^^^^^^^^^^^  ^^^^^^^^^^^^^^^  ^^^^^^^^^^^ no `make_issuer` in `test_utils`
[INFO] [stdout]     |                             |              |
[INFO] [stdout]     |                             |              no `make_end_entity` in `test_utils`
[INFO] [stdout]     |                             no `issuer_params` in `test_utils`
[INFO] [stdout] 
[INFO] [stdout] 
[INFO] [stdout] error[E0425]: cannot find function `make_issuer` in module `test_utils`
[INFO] [stdout]    --> src/end_entity.rs:197:34
[INFO] [stdout]     |
[INFO] [stdout] 197 |         let issuer = test_utils::make_issuer("Test");
[INFO] [stdout]     |                                  ^^^^^^^^^^^ not found in `test_utils`
[INFO] [stdout] 
[INFO] [stdout] 
[INFO] [stdout] error[E0425]: cannot find function `end_entity_params` in module `test_utils`
[INFO] [stdout]    --> src/end_entity.rs:200:42
[INFO] [stdout]     |
[INFO] [stdout] 200 |             let mut params = test_utils::end_entity_params(vec![DNS_NAME.to_string()]);
[INFO] [stdout]     |                                          ^^^^^^^^^^^^^^^^^ not found in `test_utils`
[INFO] [stdout] 
[INFO] [stdout] 
[INFO] [stdout] error: aborting due to 41 previous errors
[INFO] [stdout] 
[INFO] [stdout] 
[INFO] [stdout] Some errors have detailed explanations: E0425, E0432, E0583.
[INFO] [stdout] 
[INFO] [stdout] For more information about an error, try `rustc --explain E0425`.
[INFO] [stdout] 
[INFO] [stderr] error: could not compile `rustls-webpki` (lib test) due to 42 previous errors
[INFO] [stderr] warning: build failed, waiting for other jobs to finish...
[INFO] running `Command { std: "docker" "inspect" "75ebab35fde94cd2780ac9bf3df86fc7e9f5af2b81b9d1b0315dfa32a05e597c", kill_on_drop: false }`
[INFO] running `Command { std: "docker" "rm" "-f" "75ebab35fde94cd2780ac9bf3df86fc7e9f5af2b81b9d1b0315dfa32a05e597c", kill_on_drop: false }`
[INFO] [stdout] 75ebab35fde94cd2780ac9bf3df86fc7e9f5af2b81b9d1b0315dfa32a05e597c
