[INFO] fetching crate rustgym 0.2.0...
[INFO] testing rustgym-0.2.0 against 1.75.0 for beta-1.76-1
[INFO] extracting crate rustgym 0.2.0 into /workspace/builds/worker-2-tc1/source
[INFO] validating manifest of crates.io crate rustgym 0.2.0 on toolchain 1.75.0
[INFO] running `Command { std: CARGO_HOME="/workspace/cargo-home" RUSTUP_HOME="/workspace/rustup-home" "/workspace/cargo-home/bin/cargo" "+1.75.0" "metadata" "--manifest-path" "Cargo.toml" "--no-deps", kill_on_drop: false }`
[INFO] started tweaking crates.io crate rustgym 0.2.0
[INFO] finished tweaking crates.io crate rustgym 0.2.0
[INFO] tweaked toml for crates.io crate rustgym 0.2.0 written to /workspace/builds/worker-2-tc1/source/Cargo.toml
[INFO] running `Command { std: CARGO_HOME="/workspace/cargo-home" RUSTUP_HOME="/workspace/rustup-home" "/workspace/cargo-home/bin/cargo" "+1.75.0" "generate-lockfile" "--manifest-path" "Cargo.toml", kill_on_drop: false }`
[INFO] [stderr]     Updating crates.io index
[INFO] running `Command { std: CARGO_HOME="/workspace/cargo-home" RUSTUP_HOME="/workspace/rustup-home" "/workspace/cargo-home/bin/cargo" "+1.75.0" "fetch" "--manifest-path" "Cargo.toml", kill_on_drop: false }`
[INFO] [stderr]  Downloading crates ...
[INFO] [stderr]   Downloaded rustgym-util v0.2.4
[INFO] running `Command { std: "docker" "create" "-v" "/var/lib/crater-agent-workspace/builds/worker-2-tc1/target:/opt/rustwide/target:rw,Z" "-v" "/var/lib/crater-agent-workspace/builds/worker-2-tc1/source:/opt/rustwide/workdir:ro,Z" "-v" "/var/lib/crater-agent-workspace/cargo-home:/opt/rustwide/cargo-home:ro,Z" "-v" "/var/lib/crater-agent-workspace/rustup-home:/opt/rustwide/rustup-home:ro,Z" "-e" "SOURCE_DIR=/opt/rustwide/workdir" "-e" "CARGO_TARGET_DIR=/opt/rustwide/target" "-e" "CARGO_HOME=/opt/rustwide/cargo-home" "-e" "RUSTUP_HOME=/opt/rustwide/rustup-home" "-w" "/opt/rustwide/workdir" "-m" "1610612736" "--user" "0:0" "--network" "none" "ghcr.io/rust-lang/crates-build-env/linux@sha256:2788e3201cd34a07e3172128adcd8b3090168a8e3bcc40d7c032b9dda1df7d1c" "/opt/rustwide/cargo-home/bin/cargo" "+1.75.0" "metadata" "--no-deps" "--format-version=1", kill_on_drop: false }`
[INFO] [stdout] 9ee48311ab939544abff96c94b3f7024c999bc998950aab4862d21601db6119c
[INFO] running `Command { std: "docker" "start" "-a" "9ee48311ab939544abff96c94b3f7024c999bc998950aab4862d21601db6119c", kill_on_drop: false }`
[INFO] running `Command { std: "docker" "inspect" "9ee48311ab939544abff96c94b3f7024c999bc998950aab4862d21601db6119c", kill_on_drop: false }`
[INFO] running `Command { std: "docker" "rm" "-f" "9ee48311ab939544abff96c94b3f7024c999bc998950aab4862d21601db6119c", kill_on_drop: false }`
[INFO] [stdout] 9ee48311ab939544abff96c94b3f7024c999bc998950aab4862d21601db6119c
[INFO] running `Command { std: "docker" "create" "-v" "/var/lib/crater-agent-workspace/builds/worker-2-tc1/target:/opt/rustwide/target:rw,Z" "-v" "/var/lib/crater-agent-workspace/builds/worker-2-tc1/source:/opt/rustwide/workdir:ro,Z" "-v" "/var/lib/crater-agent-workspace/cargo-home:/opt/rustwide/cargo-home:ro,Z" "-v" "/var/lib/crater-agent-workspace/rustup-home:/opt/rustwide/rustup-home:ro,Z" "-e" "SOURCE_DIR=/opt/rustwide/workdir" "-e" "CARGO_TARGET_DIR=/opt/rustwide/target" "-e" "CARGO_INCREMENTAL=0" "-e" "RUST_BACKTRACE=full" "-e" "RUSTFLAGS=--cap-lints=warn" "-e" "RUSTDOCFLAGS=--cap-lints=warn" "-e" "CARGO_HOME=/opt/rustwide/cargo-home" "-e" "RUSTUP_HOME=/opt/rustwide/rustup-home" "-w" "/opt/rustwide/workdir" "-m" "1610612736" "--user" "0:0" "--network" "none" "ghcr.io/rust-lang/crates-build-env/linux@sha256:2788e3201cd34a07e3172128adcd8b3090168a8e3bcc40d7c032b9dda1df7d1c" "/opt/rustwide/cargo-home/bin/cargo" "+1.75.0" "build" "--frozen" "--message-format=json", kill_on_drop: false }`
[INFO] [stdout] 8b4007cb8fa278f67ddc9845f1dd6a312510aa17c654a60688e44534abdae2bd
[INFO] running `Command { std: "docker" "start" "-a" "8b4007cb8fa278f67ddc9845f1dd6a312510aa17c654a60688e44534abdae2bd", kill_on_drop: false }`
[INFO] [stderr]    Compiling getrandom v0.1.16
[INFO] [stderr]    Compiling difference v2.0.0
[INFO] [stderr]    Compiling assert_approx_eq v1.1.0
[INFO] [stderr]    Compiling rustgym-util v0.2.4
[INFO] [stderr]    Compiling pretty_assertions v0.6.1
[INFO] [stderr]    Compiling rand_core v0.5.1
[INFO] [stderr]    Compiling rand_chacha v0.2.2
[INFO] [stderr]    Compiling rand v0.7.3
[INFO] [stderr]    Compiling rustgym v0.2.0 (/opt/rustwide/workdir)
[INFO] [stderr]     Finished dev [unoptimized + debuginfo] target(s) in 5.06s
[INFO] running `Command { std: "docker" "inspect" "8b4007cb8fa278f67ddc9845f1dd6a312510aa17c654a60688e44534abdae2bd", kill_on_drop: false }`
[INFO] running `Command { std: "docker" "rm" "-f" "8b4007cb8fa278f67ddc9845f1dd6a312510aa17c654a60688e44534abdae2bd", kill_on_drop: false }`
[INFO] [stdout] 8b4007cb8fa278f67ddc9845f1dd6a312510aa17c654a60688e44534abdae2bd
[INFO] running `Command { std: "docker" "create" "-v" "/var/lib/crater-agent-workspace/builds/worker-2-tc1/target:/opt/rustwide/target:rw,Z" "-v" "/var/lib/crater-agent-workspace/builds/worker-2-tc1/source:/opt/rustwide/workdir:ro,Z" "-v" "/var/lib/crater-agent-workspace/cargo-home:/opt/rustwide/cargo-home:ro,Z" "-v" "/var/lib/crater-agent-workspace/rustup-home:/opt/rustwide/rustup-home:ro,Z" "-e" "SOURCE_DIR=/opt/rustwide/workdir" "-e" "CARGO_TARGET_DIR=/opt/rustwide/target" "-e" "CARGO_INCREMENTAL=0" "-e" "RUST_BACKTRACE=full" "-e" "RUSTFLAGS=--cap-lints=warn" "-e" "RUSTDOCFLAGS=--cap-lints=warn" "-e" "CARGO_HOME=/opt/rustwide/cargo-home" "-e" "RUSTUP_HOME=/opt/rustwide/rustup-home" "-w" "/opt/rustwide/workdir" "-m" "1610612736" "--user" "0:0" "--network" "none" "ghcr.io/rust-lang/crates-build-env/linux@sha256:2788e3201cd34a07e3172128adcd8b3090168a8e3bcc40d7c032b9dda1df7d1c" "/opt/rustwide/cargo-home/bin/cargo" "+1.75.0" "test" "--frozen" "--no-run" "--message-format=json", kill_on_drop: false }`
[INFO] [stdout] 5f6c8af16bb32e3990f3d9e9408906475f02bcdcab20d3dbfe0b449c3ac422b9
[INFO] running `Command { std: "docker" "start" "-a" "5f6c8af16bb32e3990f3d9e9408906475f02bcdcab20d3dbfe0b449c3ac422b9", kill_on_drop: false }`
[INFO] [stderr]    Compiling rustgym v0.2.0 (/opt/rustwide/workdir)
[INFO] [stdout] error[E0061]: this function takes 1 argument but 2 arguments were supplied
[INFO] [stdout]   --> src/hackerrank/_30_hello_world/mod.rs:10:1
[INFO] [stdout]    |
[INFO] [stdout] 10 | hackerrank!(test_0, "input00.txt", "output00.txt");
[INFO] [stdout]    | ^^^^^^^^^^^^^^^^^^^^^^^^^^^^^^^^^^^^^^^^^^^^^^^^^^ unexpected argument of type `&mut String`
[INFO] [stdout]    |
[INFO] [stdout] note: function defined here
[INFO] [stdout]   --> src/hackerrank/_30_hello_world/mod.rs:4:4
[INFO] [stdout]    |
[INFO] [stdout] 4  | fn solve(reader: &mut dyn BufRead) -> Result<String> {
[INFO] [stdout]    |    ^^^^^ ------------------------
[INFO] [stdout]    = note: this error originates in the macro `hackerrank` (in Nightly builds, run with -Z macro-backtrace for more info)
[INFO] [stdout] 
[INFO] [stdout] 
[INFO] [stdout] error[E0061]: this function takes 1 argument but 2 arguments were supplied
[INFO] [stdout]   --> src/hackerrank/_30_hello_world/mod.rs:11:1
[INFO] [stdout]    |
[INFO] [stdout] 11 | hackerrank!(test_1, "input01.txt", "output01.txt");
[INFO] [stdout]    | ^^^^^^^^^^^^^^^^^^^^^^^^^^^^^^^^^^^^^^^^^^^^^^^^^^ unexpected argument of type `&mut String`
[INFO] [stdout]    |
[INFO] [stdout] note: function defined here
[INFO] [stdout]   --> src/hackerrank/_30_hello_world/mod.rs:4:4
[INFO] [stdout]    |
[INFO] [stdout] 4  | fn solve(reader: &mut dyn BufRead) -> Result<String> {
[INFO] [stdout]    |    ^^^^^ ------------------------
[INFO] [stdout]    = note: this error originates in the macro `hackerrank` (in Nightly builds, run with -Z macro-backtrace for more info)
[INFO] [stdout] 
[INFO] [stdout] 
[INFO] [stdout] error: aborting due to 2 previous errors
[INFO] [stdout] 
[INFO] [stdout] 
[INFO] [stdout] For more information about this error, try `rustc --explain E0061`.
[INFO] [stdout] 
[INFO] [stderr] error: could not compile `rustgym` (lib test) due to 3 previous errors
[INFO] running `Command { std: "docker" "inspect" "5f6c8af16bb32e3990f3d9e9408906475f02bcdcab20d3dbfe0b449c3ac422b9", kill_on_drop: false }`
[INFO] running `Command { std: "docker" "rm" "-f" "5f6c8af16bb32e3990f3d9e9408906475f02bcdcab20d3dbfe0b449c3ac422b9", kill_on_drop: false }`
[INFO] [stdout] 5f6c8af16bb32e3990f3d9e9408906475f02bcdcab20d3dbfe0b449c3ac422b9
[INFO] testing rustgym-0.2.0 against beta-2023-12-22 for beta-1.76-1
[INFO] extracting crate rustgym 0.2.0 into /workspace/builds/worker-2-tc2/source
[INFO] validating manifest of crates.io crate rustgym 0.2.0 on toolchain beta-2023-12-22
[INFO] running `Command { std: CARGO_HOME="/workspace/cargo-home" RUSTUP_HOME="/workspace/rustup-home" "/workspace/cargo-home/bin/cargo" "+beta-2023-12-22" "metadata" "--manifest-path" "Cargo.toml" "--no-deps", kill_on_drop: false }`
[INFO] started tweaking crates.io crate rustgym 0.2.0
[INFO] finished tweaking crates.io crate rustgym 0.2.0
[INFO] tweaked toml for crates.io crate rustgym 0.2.0 written to /workspace/builds/worker-2-tc2/source/Cargo.toml
[INFO] running `Command { std: CARGO_HOME="/workspace/cargo-home" RUSTUP_HOME="/workspace/rustup-home" "/workspace/cargo-home/bin/cargo" "+beta-2023-12-22" "generate-lockfile" "--manifest-path" "Cargo.toml", kill_on_drop: false }`
[INFO] [stderr]     Updating crates.io index
[INFO] running `Command { std: CARGO_HOME="/workspace/cargo-home" RUSTUP_HOME="/workspace/rustup-home" "/workspace/cargo-home/bin/cargo" "+beta-2023-12-22" "fetch" "--manifest-path" "Cargo.toml", kill_on_drop: false }`
[INFO] running `Command { std: "docker" "create" "-v" "/var/lib/crater-agent-workspace/builds/worker-2-tc2/target:/opt/rustwide/target:rw,Z" "-v" "/var/lib/crater-agent-workspace/builds/worker-2-tc2/source:/opt/rustwide/workdir:ro,Z" "-v" "/var/lib/crater-agent-workspace/cargo-home:/opt/rustwide/cargo-home:ro,Z" "-v" "/var/lib/crater-agent-workspace/rustup-home:/opt/rustwide/rustup-home:ro,Z" "-e" "SOURCE_DIR=/opt/rustwide/workdir" "-e" "CARGO_TARGET_DIR=/opt/rustwide/target" "-e" "CARGO_HOME=/opt/rustwide/cargo-home" "-e" "RUSTUP_HOME=/opt/rustwide/rustup-home" "-w" "/opt/rustwide/workdir" "-m" "1610612736" "--user" "0:0" "--network" "none" "ghcr.io/rust-lang/crates-build-env/linux@sha256:2788e3201cd34a07e3172128adcd8b3090168a8e3bcc40d7c032b9dda1df7d1c" "/opt/rustwide/cargo-home/bin/cargo" "+beta-2023-12-22" "metadata" "--no-deps" "--format-version=1", kill_on_drop: false }`
[INFO] [stdout] 0c251d145844409a3a5ecb893c1657818572f9e58d5071494094c64147dc38ba
[INFO] running `Command { std: "docker" "start" "-a" "0c251d145844409a3a5ecb893c1657818572f9e58d5071494094c64147dc38ba", kill_on_drop: false }`
[INFO] running `Command { std: "docker" "inspect" "0c251d145844409a3a5ecb893c1657818572f9e58d5071494094c64147dc38ba", kill_on_drop: false }`
[INFO] running `Command { std: "docker" "rm" "-f" "0c251d145844409a3a5ecb893c1657818572f9e58d5071494094c64147dc38ba", kill_on_drop: false }`
[INFO] [stdout] 0c251d145844409a3a5ecb893c1657818572f9e58d5071494094c64147dc38ba
[INFO] running `Command { std: "docker" "create" "-v" "/var/lib/crater-agent-workspace/builds/worker-2-tc2/target:/opt/rustwide/target:rw,Z" "-v" "/var/lib/crater-agent-workspace/builds/worker-2-tc2/source:/opt/rustwide/workdir:ro,Z" "-v" "/var/lib/crater-agent-workspace/cargo-home:/opt/rustwide/cargo-home:ro,Z" "-v" "/var/lib/crater-agent-workspace/rustup-home:/opt/rustwide/rustup-home:ro,Z" "-e" "SOURCE_DIR=/opt/rustwide/workdir" "-e" "CARGO_TARGET_DIR=/opt/rustwide/target" "-e" "CARGO_INCREMENTAL=0" "-e" "RUST_BACKTRACE=full" "-e" "RUSTFLAGS=--cap-lints=warn" "-e" "RUSTDOCFLAGS=--cap-lints=warn" "-e" "CARGO_HOME=/opt/rustwide/cargo-home" "-e" "RUSTUP_HOME=/opt/rustwide/rustup-home" "-w" "/opt/rustwide/workdir" "-m" "1610612736" "--user" "0:0" "--network" "none" "ghcr.io/rust-lang/crates-build-env/linux@sha256:2788e3201cd34a07e3172128adcd8b3090168a8e3bcc40d7c032b9dda1df7d1c" "/opt/rustwide/cargo-home/bin/cargo" "+beta-2023-12-22" "build" "--frozen" "--message-format=json", kill_on_drop: false }`
[INFO] [stdout] 3eab41abfaaef029f9a213b85d0d33549b0dbc7fd0e6716fd767399000531b1d
[INFO] running `Command { std: "docker" "start" "-a" "3eab41abfaaef029f9a213b85d0d33549b0dbc7fd0e6716fd767399000531b1d", kill_on_drop: false }`
[INFO] [stderr]    Compiling getrandom v0.1.16
[INFO] [stderr]    Compiling difference v2.0.0
[INFO] [stderr]    Compiling assert_approx_eq v1.1.0
[INFO] [stderr]    Compiling rustgym-util v0.2.4
[INFO] [stderr]    Compiling pretty_assertions v0.6.1
[INFO] [stderr]    Compiling rand_core v0.5.1
[INFO] [stderr]    Compiling rand_chacha v0.2.2
[INFO] [stderr]    Compiling rand v0.7.3
[INFO] [stderr]    Compiling rustgym v0.2.0 (/opt/rustwide/workdir)
[INFO] [stderr]     Finished dev [unoptimized + debuginfo] target(s) in 5.01s
[INFO] running `Command { std: "docker" "inspect" "3eab41abfaaef029f9a213b85d0d33549b0dbc7fd0e6716fd767399000531b1d", kill_on_drop: false }`
[INFO] running `Command { std: "docker" "rm" "-f" "3eab41abfaaef029f9a213b85d0d33549b0dbc7fd0e6716fd767399000531b1d", kill_on_drop: false }`
[INFO] [stdout] 3eab41abfaaef029f9a213b85d0d33549b0dbc7fd0e6716fd767399000531b1d
[INFO] running `Command { std: "docker" "create" "-v" "/var/lib/crater-agent-workspace/builds/worker-2-tc2/target:/opt/rustwide/target:rw,Z" "-v" "/var/lib/crater-agent-workspace/builds/worker-2-tc2/source:/opt/rustwide/workdir:ro,Z" "-v" "/var/lib/crater-agent-workspace/cargo-home:/opt/rustwide/cargo-home:ro,Z" "-v" "/var/lib/crater-agent-workspace/rustup-home:/opt/rustwide/rustup-home:ro,Z" "-e" "SOURCE_DIR=/opt/rustwide/workdir" "-e" "CARGO_TARGET_DIR=/opt/rustwide/target" "-e" "CARGO_INCREMENTAL=0" "-e" "RUST_BACKTRACE=full" "-e" "RUSTFLAGS=--cap-lints=warn" "-e" "RUSTDOCFLAGS=--cap-lints=warn" "-e" "CARGO_HOME=/opt/rustwide/cargo-home" "-e" "RUSTUP_HOME=/opt/rustwide/rustup-home" "-w" "/opt/rustwide/workdir" "-m" "1610612736" "--user" "0:0" "--network" "none" "ghcr.io/rust-lang/crates-build-env/linux@sha256:2788e3201cd34a07e3172128adcd8b3090168a8e3bcc40d7c032b9dda1df7d1c" "/opt/rustwide/cargo-home/bin/cargo" "+beta-2023-12-22" "test" "--frozen" "--no-run" "--message-format=json", kill_on_drop: false }`
[INFO] [stdout] 726c74bdc926755b19a6315bfcc8bdbf55fd7b71e1388d580a4ab1128b548373
[INFO] running `Command { std: "docker" "start" "-a" "726c74bdc926755b19a6315bfcc8bdbf55fd7b71e1388d580a4ab1128b548373", kill_on_drop: false }`
[INFO] [stderr]    Compiling rustgym v0.2.0 (/opt/rustwide/workdir)
[INFO] [stdout] error[E0061]: this function takes 1 argument but 2 arguments were supplied
[INFO] [stdout]   --> src/hackerrank/_30_hello_world/mod.rs:10:1
[INFO] [stdout]    |
[INFO] [stdout] 10 | hackerrank!(test_0, "input00.txt", "output00.txt");
[INFO] [stdout]    | ^^^^^^^^^^^^^^^^^^^^^^^^^^^^^^^^^^^^^^^^^^^^^^^^^^ unexpected argument of type `&mut String`
[INFO] [stdout]    |
[INFO] [stdout] note: function defined here
[INFO] [stdout]   --> src/hackerrank/_30_hello_world/mod.rs:4:4
[INFO] [stdout]    |
[INFO] [stdout] 4  | fn solve(reader: &mut dyn BufRead) -> Result<String> {
[INFO] [stdout]    |    ^^^^^ ------------------------
[INFO] [stdout]    = note: this error originates in the macro `hackerrank` (in Nightly builds, run with -Z macro-backtrace for more info)
[INFO] [stdout] 
[INFO] [stdout] 
[INFO] [stdout] error[E0061]: this function takes 1 argument but 2 arguments were supplied
[INFO] [stdout]   --> src/hackerrank/_30_hello_world/mod.rs:11:1
[INFO] [stdout]    |
[INFO] [stdout] 11 | hackerrank!(test_1, "input01.txt", "output01.txt");
[INFO] [stdout]    | ^^^^^^^^^^^^^^^^^^^^^^^^^^^^^^^^^^^^^^^^^^^^^^^^^^ unexpected argument of type `&mut String`
[INFO] [stdout]    |
[INFO] [stdout] note: function defined here
[INFO] [stdout]   --> src/hackerrank/_30_hello_world/mod.rs:4:4
[INFO] [stdout]    |
[INFO] [stdout] 4  | fn solve(reader: &mut dyn BufRead) -> Result<String> {
[INFO] [stdout]    |    ^^^^^ ------------------------
[INFO] [stdout]    = note: this error originates in the macro `hackerrank` (in Nightly builds, run with -Z macro-backtrace for more info)
[INFO] [stdout] 
[INFO] [stdout] 
[INFO] [stdout] error: aborting due to 2 previous errors
[INFO] [stdout] 
[INFO] [stdout] 
[INFO] [stdout] For more information about this error, try `rustc --explain E0061`.
[INFO] [stdout] 
[INFO] [stderr] error: could not compile `rustgym` (lib test) due to 3 previous errors
[INFO] running `Command { std: "docker" "inspect" "726c74bdc926755b19a6315bfcc8bdbf55fd7b71e1388d580a4ab1128b548373", kill_on_drop: false }`
[INFO] running `Command { std: "docker" "rm" "-f" "726c74bdc926755b19a6315bfcc8bdbf55fd7b71e1388d580a4ab1128b548373", kill_on_drop: false }`
[INFO] [stdout] 726c74bdc926755b19a6315bfcc8bdbf55fd7b71e1388d580a4ab1128b548373
