[INFO] fetching crate rustgtrending 0.1.1...
[INFO] testing rustgtrending-0.1.1 against 1.75.0 for beta-1.76-1
[INFO] extracting crate rustgtrending 0.1.1 into /workspace/builds/worker-6-tc1/source
[INFO] validating manifest of crates.io crate rustgtrending 0.1.1 on toolchain 1.75.0
[INFO] running `Command { std: CARGO_HOME="/workspace/cargo-home" RUSTUP_HOME="/workspace/rustup-home" "/workspace/cargo-home/bin/cargo" "+1.75.0" "metadata" "--manifest-path" "Cargo.toml" "--no-deps", kill_on_drop: false }`
[INFO] started tweaking crates.io crate rustgtrending 0.1.1
[INFO] finished tweaking crates.io crate rustgtrending 0.1.1
[INFO] tweaked toml for crates.io crate rustgtrending 0.1.1 written to /workspace/builds/worker-6-tc1/source/Cargo.toml
[INFO] running `Command { std: CARGO_HOME="/workspace/cargo-home" RUSTUP_HOME="/workspace/rustup-home" "/workspace/cargo-home/bin/cargo" "+1.75.0" "generate-lockfile" "--manifest-path" "Cargo.toml", kill_on_drop: false }`
[INFO] [stderr]     Updating crates.io index
[INFO] running `Command { std: CARGO_HOME="/workspace/cargo-home" RUSTUP_HOME="/workspace/rustup-home" "/workspace/cargo-home/bin/cargo" "+1.75.0" "fetch" "--manifest-path" "Cargo.toml", kill_on_drop: false }`
[INFO] [stderr]     Blocking waiting for file lock on package cache
[INFO] [stderr]     Blocking waiting for file lock on package cache
[INFO] [stderr]  Downloading crates ...
[INFO] [stderr]   Downloaded mockito v0.28.0
[INFO] running `Command { std: "docker" "create" "-v" "/var/lib/crater-agent-workspace/builds/worker-6-tc1/target:/opt/rustwide/target:rw,Z" "-v" "/var/lib/crater-agent-workspace/builds/worker-6-tc1/source:/opt/rustwide/workdir:ro,Z" "-v" "/var/lib/crater-agent-workspace/cargo-home:/opt/rustwide/cargo-home:ro,Z" "-v" "/var/lib/crater-agent-workspace/rustup-home:/opt/rustwide/rustup-home:ro,Z" "-e" "SOURCE_DIR=/opt/rustwide/workdir" "-e" "CARGO_TARGET_DIR=/opt/rustwide/target" "-e" "CARGO_HOME=/opt/rustwide/cargo-home" "-e" "RUSTUP_HOME=/opt/rustwide/rustup-home" "-w" "/opt/rustwide/workdir" "-m" "1610612736" "--user" "0:0" "--network" "none" "ghcr.io/rust-lang/crates-build-env/linux@sha256:2788e3201cd34a07e3172128adcd8b3090168a8e3bcc40d7c032b9dda1df7d1c" "/opt/rustwide/cargo-home/bin/cargo" "+1.75.0" "metadata" "--no-deps" "--format-version=1", kill_on_drop: false }`
[INFO] [stdout] 46bc46b6b3b320f7f9d798aa0719553dc620c1d8bdf130ceb28fe5afada7c2c6
[INFO] running `Command { std: "docker" "start" "-a" "46bc46b6b3b320f7f9d798aa0719553dc620c1d8bdf130ceb28fe5afada7c2c6", kill_on_drop: false }`
[INFO] running `Command { std: "docker" "inspect" "46bc46b6b3b320f7f9d798aa0719553dc620c1d8bdf130ceb28fe5afada7c2c6", kill_on_drop: false }`
[INFO] running `Command { std: "docker" "rm" "-f" "46bc46b6b3b320f7f9d798aa0719553dc620c1d8bdf130ceb28fe5afada7c2c6", kill_on_drop: false }`
[INFO] [stdout] 46bc46b6b3b320f7f9d798aa0719553dc620c1d8bdf130ceb28fe5afada7c2c6
[INFO] running `Command { std: "docker" "create" "-v" "/var/lib/crater-agent-workspace/builds/worker-6-tc1/target:/opt/rustwide/target:rw,Z" "-v" "/var/lib/crater-agent-workspace/builds/worker-6-tc1/source:/opt/rustwide/workdir:ro,Z" "-v" "/var/lib/crater-agent-workspace/cargo-home:/opt/rustwide/cargo-home:ro,Z" "-v" "/var/lib/crater-agent-workspace/rustup-home:/opt/rustwide/rustup-home:ro,Z" "-e" "SOURCE_DIR=/opt/rustwide/workdir" "-e" "CARGO_TARGET_DIR=/opt/rustwide/target" "-e" "CARGO_INCREMENTAL=0" "-e" "RUST_BACKTRACE=full" "-e" "RUSTFLAGS=--cap-lints=warn" "-e" "RUSTDOCFLAGS=--cap-lints=warn" "-e" "CARGO_HOME=/opt/rustwide/cargo-home" "-e" "RUSTUP_HOME=/opt/rustwide/rustup-home" "-w" "/opt/rustwide/workdir" "-m" "1610612736" "--user" "0:0" "--network" "none" "ghcr.io/rust-lang/crates-build-env/linux@sha256:2788e3201cd34a07e3172128adcd8b3090168a8e3bcc40d7c032b9dda1df7d1c" "/opt/rustwide/cargo-home/bin/cargo" "+1.75.0" "build" "--frozen" "--message-format=json", kill_on_drop: false }`
[INFO] [stdout] 3376d9bf08d737640b4997d878a29a4d3a04288a80a4a10364ddc43e3030cce5
[INFO] running `Command { std: "docker" "start" "-a" "3376d9bf08d737640b4997d878a29a4d3a04288a80a4a10364ddc43e3030cce5", kill_on_drop: false }`
[INFO] [stderr]    Compiling libc v0.2.151
[INFO] [stderr]    Compiling proc-macro2 v1.0.75
[INFO] [stderr]    Compiling unicode-ident v1.0.12
[INFO] [stderr]    Compiling autocfg v1.1.0
[INFO] [stderr]    Compiling log v0.4.20
[INFO] [stderr]    Compiling vcpkg v0.2.15
[INFO] [stderr]    Compiling syn v1.0.109
[INFO] [stderr]    Compiling cfg-if v0.1.10
[INFO] [stderr]    Compiling once_cell v1.19.0
[INFO] [stderr]    Compiling pkg-config v0.3.28
[INFO] [stderr]    Compiling futures-core v0.3.30
[INFO] [stderr]    Compiling fnv v1.0.7
[INFO] [stderr]    Compiling cfg-if v1.0.0
[INFO] [stderr]    Compiling bytes v0.5.6
[INFO] [stderr]    Compiling memchr v2.7.1
[INFO] [stderr]    Compiling itoa v1.0.10
[INFO] [stderr]    Compiling pin-project-lite v0.2.13
[INFO] [stderr]    Compiling version_check v0.9.4
[INFO] [stderr]    Compiling pin-project-lite v0.1.12
[INFO] [stderr]    Compiling lazy_static v1.4.0
[INFO] [stderr]    Compiling bytes v1.5.0
[INFO] [stderr]    Compiling openssl v0.10.62
[INFO] [stderr]    Compiling foreign-types-shared v0.1.1
[INFO] [stderr]    Compiling futures-sink v0.3.30
[INFO] [stderr]    Compiling foreign-types v0.3.2
[INFO] [stderr]    Compiling native-tls v0.2.11
[INFO] [stderr]    Compiling serde v1.0.194
[INFO] [stderr]    Compiling futures-io v0.3.30
[INFO] [stderr]    Compiling tracing-core v0.1.32
[INFO] [stderr]    Compiling tinyvec_macros v0.1.1
[INFO] [stderr]    Compiling httparse v1.8.0
[INFO] [stderr]    Compiling hashbrown v0.12.3
[INFO] [stderr]    Compiling bitflags v2.4.1
[INFO] [stderr]    Compiling slab v0.4.9
[INFO] [stderr]    Compiling indexmap v1.9.3
[INFO] [stderr]    Compiling pin-utils v0.1.0
[INFO] [stderr]    Compiling futures-task v0.3.30
[INFO] [stderr]    Compiling unicase v2.7.0
[INFO] [stderr]    Compiling tinyvec v1.6.0
[INFO] [stderr]    Compiling openssl-probe v0.1.5
[INFO] [stderr]    Compiling try-lock v0.2.5
[INFO] [stderr]    Compiling http v0.2.11
[INFO] [stderr]    Compiling percent-encoding v2.3.1
[INFO] [stderr]    Compiling tracing v0.1.40
[INFO] [stderr]    Compiling want v0.3.1
[INFO] [stderr]    Compiling form_urlencoded v1.2.1
[INFO] [stderr]    Compiling futures-channel v0.3.30
[INFO] [stderr]    Compiling unicode-bidi v0.3.14
[INFO] [stderr]    Compiling quote v1.0.35
[INFO] [stderr]    Compiling futures-util v0.3.30
[INFO] [stderr]    Compiling ryu v1.0.16
[INFO] [stderr]    Compiling mime_guess v2.0.4
[INFO] [stderr]    Compiling httpdate v0.3.2
[INFO] [stderr]    Compiling itoa v0.4.8
[INFO] [stderr]    Compiling serde_json v1.0.111
[INFO] [stderr]    Compiling syn v2.0.48
[INFO] [stderr]    Compiling tower-service v0.3.2
[INFO] [stderr]    Compiling mime v0.3.17
[INFO] [stderr]    Compiling encoding_rs v0.8.33
[INFO] [stderr]    Compiling base64 v0.13.1
[INFO] [stderr]    Compiling ipnet v2.9.0
[INFO] [stderr]    Compiling unicode-normalization v0.1.22
[INFO] [stderr]    Compiling http-body v0.3.1
[INFO] [stderr]    Compiling cc v1.0.83
[INFO] [stderr]    Compiling iovec v0.1.4
[INFO] [stderr]    Compiling net2 v0.2.39
[INFO] [stderr]    Compiling signal-hook-registry v1.4.1
[INFO] [stderr]    Compiling num_cpus v1.16.0
[INFO] [stderr]    Compiling socket2 v0.3.19
[INFO] [stderr]    Compiling idna v0.5.0
[INFO] [stderr]    Compiling mio v0.6.23
[INFO] [stderr]    Compiling url v2.5.0
[INFO] [stderr]    Compiling mio-uds v0.6.8
[INFO] [stderr]    Compiling openssl-sys v0.9.98
[INFO] [stderr]    Compiling pin-project-internal v1.1.3
[INFO] [stderr]    Compiling openssl-macros v0.1.1
[INFO] [stderr]    Compiling serde_derive v1.0.194
[INFO] [stderr]    Compiling tokio-macros v0.2.6
[INFO] [stderr]    Compiling tokio v0.2.25
[INFO] [stderr]    Compiling pin-project v1.1.3
[INFO] [stderr]    Compiling tracing-futures v0.2.5
[INFO] [stderr]    Compiling tokio-util v0.3.1
[INFO] [stderr]    Compiling tokio-tls v0.3.1
[INFO] [stderr]    Compiling h2 v0.2.7
[INFO] [stderr]    Compiling serde_urlencoded v0.7.1
[INFO] [stderr]    Compiling hyper v0.13.10
[INFO] [stderr]    Compiling hyper-tls v0.4.3
[INFO] [stderr]    Compiling reqwest v0.10.10
[INFO] [stderr]    Compiling rustgtrending v0.1.1 (/opt/rustwide/workdir)
[INFO] [stderr]     Finished dev [unoptimized + debuginfo] target(s) in 17.71s
[INFO] running `Command { std: "docker" "inspect" "3376d9bf08d737640b4997d878a29a4d3a04288a80a4a10364ddc43e3030cce5", kill_on_drop: false }`
[INFO] running `Command { std: "docker" "rm" "-f" "3376d9bf08d737640b4997d878a29a4d3a04288a80a4a10364ddc43e3030cce5", kill_on_drop: false }`
[INFO] [stdout] 3376d9bf08d737640b4997d878a29a4d3a04288a80a4a10364ddc43e3030cce5
[INFO] running `Command { std: "docker" "create" "-v" "/var/lib/crater-agent-workspace/builds/worker-6-tc1/target:/opt/rustwide/target:rw,Z" "-v" "/var/lib/crater-agent-workspace/builds/worker-6-tc1/source:/opt/rustwide/workdir:ro,Z" "-v" "/var/lib/crater-agent-workspace/cargo-home:/opt/rustwide/cargo-home:ro,Z" "-v" "/var/lib/crater-agent-workspace/rustup-home:/opt/rustwide/rustup-home:ro,Z" "-e" "SOURCE_DIR=/opt/rustwide/workdir" "-e" "CARGO_TARGET_DIR=/opt/rustwide/target" "-e" "CARGO_INCREMENTAL=0" "-e" "RUST_BACKTRACE=full" "-e" "RUSTFLAGS=--cap-lints=warn" "-e" "RUSTDOCFLAGS=--cap-lints=warn" "-e" "CARGO_HOME=/opt/rustwide/cargo-home" "-e" "RUSTUP_HOME=/opt/rustwide/rustup-home" "-w" "/opt/rustwide/workdir" "-m" "1610612736" "--user" "0:0" "--network" "none" "ghcr.io/rust-lang/crates-build-env/linux@sha256:2788e3201cd34a07e3172128adcd8b3090168a8e3bcc40d7c032b9dda1df7d1c" "/opt/rustwide/cargo-home/bin/cargo" "+1.75.0" "test" "--frozen" "--no-run" "--message-format=json", kill_on_drop: false }`
[INFO] [stdout] 2a6dcf20fdcdcf13390e2395fb060a944637ed50a205ac09c502b1e281c2dc0f
[INFO] running `Command { std: "docker" "start" "-a" "2a6dcf20fdcdcf13390e2395fb060a944637ed50a205ac09c502b1e281c2dc0f", kill_on_drop: false }`
[INFO] [stderr]    Compiling proc-macro-error-attr v1.0.4
[INFO] [stderr]    Compiling getrandom v0.1.16
[INFO] [stderr]    Compiling proc-macro-error v1.0.4
[INFO] [stderr]    Compiling rustix v0.38.28
[INFO] [stderr]    Compiling linux-raw-sys v0.4.12
[INFO] [stderr]    Compiling aho-corasick v1.1.2
[INFO] [stderr]    Compiling ppv-lite86 v0.2.17
[INFO] [stderr]    Compiling regex-syntax v0.8.2
[INFO] [stderr]    Compiling dtoa v0.4.8
[INFO] [stderr]    Compiling difference v2.0.0
[INFO] [stderr]    Compiling serde_urlencoded v0.6.1
[INFO] [stderr]    Compiling rand_core v0.5.1
[INFO] [stderr]    Compiling rand_chacha v0.2.2
[INFO] [stderr]    Compiling rand v0.7.3
[INFO] [stderr]    Compiling extend v0.1.2
[INFO] [stderr]    Compiling assert-json-diff v1.1.0
[INFO] [stderr]    Compiling regex-automata v0.4.3
[INFO] [stderr]    Compiling is-terminal v0.4.10
[INFO] [stderr]    Compiling colored v1.9.4
[INFO] [stderr]    Compiling regex v1.10.2
[INFO] [stderr]    Compiling mockito v0.28.0
[INFO] [stderr]    Compiling rustgtrending v0.1.1 (/opt/rustwide/workdir)
[INFO] [stdout] error[E0432]: unresolved import `gtrending`
[INFO] [stdout]  --> tests/test_fetch_repos.rs:1:5
[INFO] [stdout]   |
[INFO] [stdout] 1 | use gtrending::fetch;
[INFO] [stdout]   |     ^^^^^^^^^ use of undeclared crate or module `gtrending`
[INFO] [stdout] 
[INFO] [stdout] 
[INFO] [stdout] error[E0369]: binary operation `==` cannot be applied to type `impl futures_util::Future<Output = Result<(), Box<(dyn std::error::Error + 'static)>>>`
[INFO] [stdout]   --> tests/test_fetch_repos.rs:58:5
[INFO] [stdout]    |
[INFO] [stdout] 58 |     assert_eq!(repos, Ok(()));
[INFO] [stdout]    |     ^^^^^^^^^^^^^^^^^^^^^^^^^
[INFO] [stdout]    |     |
[INFO] [stdout]    |     impl futures_util::Future<Output = Result<(), Box<(dyn std::error::Error + 'static)>>>
[INFO] [stdout]    |     Result<(), _>
[INFO] [stdout]    |
[INFO] [stdout]    = note: this error originates in the macro `assert_eq` (in Nightly builds, run with -Z macro-backtrace for more info)
[INFO] [stdout] 
[INFO] [stdout] 
[INFO] [stdout] error[E0277]: `impl futures_util::Future<Output = Result<(), Box<(dyn std::error::Error + 'static)>>>` doesn't implement `Debug`
[INFO] [stdout]   --> tests/test_fetch_repos.rs:58:5
[INFO] [stdout]    |
[INFO] [stdout] 58 |     assert_eq!(repos, Ok(()));
[INFO] [stdout]    |     ^^^^^^^^^^^^^^^^^^^^^^^^^ `impl futures_util::Future<Output = Result<(), Box<(dyn std::error::Error + 'static)>>>` cannot be formatted using `{:?}` because it doesn't implement `Debug`
[INFO] [stdout]    |
[INFO] [stdout]    = help: the trait `Debug` is not implemented for `impl futures_util::Future<Output = Result<(), Box<(dyn std::error::Error + 'static)>>>`
[INFO] [stdout]    = note: this error originates in the macro `assert_eq` (in Nightly builds, run with -Z macro-backtrace for more info)
[INFO] [stdout] 
[INFO] [stdout] 
[INFO] [stdout] error[E0369]: binary operation `==` cannot be applied to type `impl futures_util::Future<Output = Result<(), Box<(dyn std::error::Error + 'static)>>>`
[INFO] [stdout]   --> tests/test_fetch_repos.rs:60:5
[INFO] [stdout]    |
[INFO] [stdout] 60 |     assert_eq!(repos, Ok(()));
[INFO] [stdout]    |     ^^^^^^^^^^^^^^^^^^^^^^^^^
[INFO] [stdout]    |     |
[INFO] [stdout]    |     impl futures_util::Future<Output = Result<(), Box<(dyn std::error::Error + 'static)>>>
[INFO] [stdout]    |     Result<(), _>
[INFO] [stdout]    |
[INFO] [stdout]    = note: this error originates in the macro `assert_eq` (in Nightly builds, run with -Z macro-backtrace for more info)
[INFO] [stdout] 
[INFO] [stdout] 
[INFO] [stdout] error[E0277]: `impl futures_util::Future<Output = Result<(), Box<(dyn std::error::Error + 'static)>>>` doesn't implement `Debug`
[INFO] [stdout]   --> tests/test_fetch_repos.rs:60:5
[INFO] [stdout]    |
[INFO] [stdout] 60 |     assert_eq!(repos, Ok(()));
[INFO] [stdout]    |     ^^^^^^^^^^^^^^^^^^^^^^^^^ `impl futures_util::Future<Output = Result<(), Box<(dyn std::error::Error + 'static)>>>` cannot be formatted using `{:?}` because it doesn't implement `Debug`
[INFO] [stdout]    |
[INFO] [stdout]    = help: the trait `Debug` is not implemented for `impl futures_util::Future<Output = Result<(), Box<(dyn std::error::Error + 'static)>>>`
[INFO] [stdout]    = note: this error originates in the macro `assert_eq` (in Nightly builds, run with -Z macro-backtrace for more info)
[INFO] [stdout] 
[INFO] [stdout] 
[INFO] [stdout] error: cannot construct `futures_io::Error` with struct literal syntax due to private fields
[INFO] [stdout]   --> tests/test_fetch_repos.rs:68:18
[INFO] [stdout]    |
[INFO] [stdout] 68 |         Box::new(std::io::Error {})
[INFO] [stdout]    |                  ^^^^^^^^^^^^^^
[INFO] [stdout]    |
[INFO] [stdout]    = note: ... and other private field `repr` that was not provided
[INFO] [stdout] 
[INFO] [stdout] 
[INFO] [stdout] error[E0369]: binary operation `==` cannot be applied to type `impl futures_util::Future<Output = Result<(), Box<(dyn std::error::Error + 'static)>>>`
[INFO] [stdout]   --> tests/test_fetch_repos.rs:66:5
[INFO] [stdout]    |
[INFO] [stdout] 66 | /     assert_eq!(
[INFO] [stdout] 67 | |         basic_assertions(Some("invalid-language"), None, None),
[INFO] [stdout] 68 | |         Box::new(std::io::Error {})
[INFO] [stdout] 69 | |     );
[INFO] [stdout]    | |     ^
[INFO] [stdout]    | |     |
[INFO] [stdout]    | |_____impl futures_util::Future<Output = Result<(), Box<(dyn std::error::Error + 'static)>>>
[INFO] [stdout]    |       Box<futures_io::Error>
[INFO] [stdout]    |
[INFO] [stdout]    = note: this error originates in the macro `assert_eq` (in Nightly builds, run with -Z macro-backtrace for more info)
[INFO] [stdout] 
[INFO] [stdout] 
[INFO] [stdout] error[E0277]: `impl futures_util::Future<Output = Result<(), Box<(dyn std::error::Error + 'static)>>>` doesn't implement `Debug`
[INFO] [stdout]   --> tests/test_fetch_repos.rs:66:5
[INFO] [stdout]    |
[INFO] [stdout] 66 | /     assert_eq!(
[INFO] [stdout] 67 | |         basic_assertions(Some("invalid-language"), None, None),
[INFO] [stdout] 68 | |         Box::new(std::io::Error {})
[INFO] [stdout] 69 | |     );
[INFO] [stdout]    | |_____^ `impl futures_util::Future<Output = Result<(), Box<(dyn std::error::Error + 'static)>>>` cannot be formatted using `{:?}` because it doesn't implement `Debug`
[INFO] [stdout]    |
[INFO] [stdout]    = help: the trait `Debug` is not implemented for `impl futures_util::Future<Output = Result<(), Box<(dyn std::error::Error + 'static)>>>`
[INFO] [stdout]    = note: this error originates in the macro `assert_eq` (in Nightly builds, run with -Z macro-backtrace for more info)
[INFO] [stdout] 
[INFO] [stdout] 
[INFO] [stdout] error: aborting due to 8 previous errors
[INFO] [stdout] 
[INFO] [stdout] 
[INFO] [stdout] Some errors have detailed explanations: E0277, E0369, E0432.
[INFO] [stdout] 
[INFO] [stdout] For more information about an error, try `rustc --explain E0277`.
[INFO] [stdout] 
[INFO] [stderr] error: could not compile `rustgtrending` (test "test_fetch_repos") due to 9 previous errors
[INFO] [stderr] warning: build failed, waiting for other jobs to finish...
[INFO] running `Command { std: "docker" "inspect" "2a6dcf20fdcdcf13390e2395fb060a944637ed50a205ac09c502b1e281c2dc0f", kill_on_drop: false }`
[INFO] running `Command { std: "docker" "rm" "-f" "2a6dcf20fdcdcf13390e2395fb060a944637ed50a205ac09c502b1e281c2dc0f", kill_on_drop: false }`
[INFO] [stdout] 2a6dcf20fdcdcf13390e2395fb060a944637ed50a205ac09c502b1e281c2dc0f
[INFO] testing rustgtrending-0.1.1 against beta-2023-12-22 for beta-1.76-1
[INFO] extracting crate rustgtrending 0.1.1 into /workspace/builds/worker-6-tc2/source
[INFO] validating manifest of crates.io crate rustgtrending 0.1.1 on toolchain beta-2023-12-22
[INFO] running `Command { std: CARGO_HOME="/workspace/cargo-home" RUSTUP_HOME="/workspace/rustup-home" "/workspace/cargo-home/bin/cargo" "+beta-2023-12-22" "metadata" "--manifest-path" "Cargo.toml" "--no-deps", kill_on_drop: false }`
[INFO] started tweaking crates.io crate rustgtrending 0.1.1
[INFO] finished tweaking crates.io crate rustgtrending 0.1.1
[INFO] tweaked toml for crates.io crate rustgtrending 0.1.1 written to /workspace/builds/worker-6-tc2/source/Cargo.toml
[INFO] running `Command { std: CARGO_HOME="/workspace/cargo-home" RUSTUP_HOME="/workspace/rustup-home" "/workspace/cargo-home/bin/cargo" "+beta-2023-12-22" "generate-lockfile" "--manifest-path" "Cargo.toml", kill_on_drop: false }`
[INFO] [stderr]     Updating crates.io index
[INFO] running `Command { std: CARGO_HOME="/workspace/cargo-home" RUSTUP_HOME="/workspace/rustup-home" "/workspace/cargo-home/bin/cargo" "+beta-2023-12-22" "fetch" "--manifest-path" "Cargo.toml", kill_on_drop: false }`
[INFO] [stderr]     Blocking waiting for file lock on package cache
[INFO] running `Command { std: "docker" "create" "-v" "/var/lib/crater-agent-workspace/builds/worker-6-tc2/target:/opt/rustwide/target:rw,Z" "-v" "/var/lib/crater-agent-workspace/builds/worker-6-tc2/source:/opt/rustwide/workdir:ro,Z" "-v" "/var/lib/crater-agent-workspace/cargo-home:/opt/rustwide/cargo-home:ro,Z" "-v" "/var/lib/crater-agent-workspace/rustup-home:/opt/rustwide/rustup-home:ro,Z" "-e" "SOURCE_DIR=/opt/rustwide/workdir" "-e" "CARGO_TARGET_DIR=/opt/rustwide/target" "-e" "CARGO_HOME=/opt/rustwide/cargo-home" "-e" "RUSTUP_HOME=/opt/rustwide/rustup-home" "-w" "/opt/rustwide/workdir" "-m" "1610612736" "--user" "0:0" "--network" "none" "ghcr.io/rust-lang/crates-build-env/linux@sha256:2788e3201cd34a07e3172128adcd8b3090168a8e3bcc40d7c032b9dda1df7d1c" "/opt/rustwide/cargo-home/bin/cargo" "+beta-2023-12-22" "metadata" "--no-deps" "--format-version=1", kill_on_drop: false }`
[INFO] [stdout] 6af01495ca20399fc2394b8f7d387e8a7ed258b99ebc263752171e396befb38d
[INFO] running `Command { std: "docker" "start" "-a" "6af01495ca20399fc2394b8f7d387e8a7ed258b99ebc263752171e396befb38d", kill_on_drop: false }`
[INFO] running `Command { std: "docker" "inspect" "6af01495ca20399fc2394b8f7d387e8a7ed258b99ebc263752171e396befb38d", kill_on_drop: false }`
[INFO] running `Command { std: "docker" "rm" "-f" "6af01495ca20399fc2394b8f7d387e8a7ed258b99ebc263752171e396befb38d", kill_on_drop: false }`
[INFO] [stdout] 6af01495ca20399fc2394b8f7d387e8a7ed258b99ebc263752171e396befb38d
[INFO] running `Command { std: "docker" "create" "-v" "/var/lib/crater-agent-workspace/builds/worker-6-tc2/target:/opt/rustwide/target:rw,Z" "-v" "/var/lib/crater-agent-workspace/builds/worker-6-tc2/source:/opt/rustwide/workdir:ro,Z" "-v" "/var/lib/crater-agent-workspace/cargo-home:/opt/rustwide/cargo-home:ro,Z" "-v" "/var/lib/crater-agent-workspace/rustup-home:/opt/rustwide/rustup-home:ro,Z" "-e" "SOURCE_DIR=/opt/rustwide/workdir" "-e" "CARGO_TARGET_DIR=/opt/rustwide/target" "-e" "CARGO_INCREMENTAL=0" "-e" "RUST_BACKTRACE=full" "-e" "RUSTFLAGS=--cap-lints=warn" "-e" "RUSTDOCFLAGS=--cap-lints=warn" "-e" "CARGO_HOME=/opt/rustwide/cargo-home" "-e" "RUSTUP_HOME=/opt/rustwide/rustup-home" "-w" "/opt/rustwide/workdir" "-m" "1610612736" "--user" "0:0" "--network" "none" "ghcr.io/rust-lang/crates-build-env/linux@sha256:2788e3201cd34a07e3172128adcd8b3090168a8e3bcc40d7c032b9dda1df7d1c" "/opt/rustwide/cargo-home/bin/cargo" "+beta-2023-12-22" "build" "--frozen" "--message-format=json", kill_on_drop: false }`
[INFO] [stdout] a8b98163a84558a2c91b3f437a9e2a924594f5aea0da7463660e5f157346419f
[INFO] running `Command { std: "docker" "start" "-a" "a8b98163a84558a2c91b3f437a9e2a924594f5aea0da7463660e5f157346419f", kill_on_drop: false }`
[INFO] [stderr]    Compiling libc v0.2.151
[INFO] [stderr]    Compiling proc-macro2 v1.0.75
[INFO] [stderr]    Compiling unicode-ident v1.0.12
[INFO] [stderr]    Compiling autocfg v1.1.0
[INFO] [stderr]    Compiling log v0.4.20
[INFO] [stderr]    Compiling once_cell v1.19.0
[INFO] [stderr]    Compiling pkg-config v0.3.28
[INFO] [stderr]    Compiling vcpkg v0.2.15
[INFO] [stderr]    Compiling cfg-if v0.1.10
[INFO] [stderr]    Compiling syn v1.0.109
[INFO] [stderr]    Compiling fnv v1.0.7
[INFO] [stderr]    Compiling futures-core v0.3.30
[INFO] [stderr]    Compiling itoa v1.0.10
[INFO] [stderr]    Compiling bytes v0.5.6
[INFO] [stderr]    Compiling memchr v2.7.1
[INFO] [stderr]    Compiling cfg-if v1.0.0
[INFO] [stderr]    Compiling pin-project-lite v0.2.13
[INFO] [stderr]    Compiling lazy_static v1.4.0
[INFO] [stderr]    Compiling pin-project-lite v0.1.12
[INFO] [stderr]    Compiling version_check v0.9.4
[INFO] [stderr]    Compiling tracing-core v0.1.32
[INFO] [stderr]    Compiling openssl v0.10.62
[INFO] [stderr]    Compiling foreign-types-shared v0.1.1
[INFO] [stderr]    Compiling bytes v1.5.0
[INFO] [stderr]    Compiling tinyvec_macros v0.1.1
[INFO] [stderr]    Compiling hashbrown v0.12.3
[INFO] [stderr]    Compiling foreign-types v0.3.2
[INFO] [stderr]    Compiling httparse v1.8.0
[INFO] [stderr]    Compiling native-tls v0.2.11
[INFO] [stderr]    Compiling pin-utils v0.1.0
[INFO] [stderr]    Compiling bitflags v2.4.1
[INFO] [stderr]    Compiling slab v0.4.9
[INFO] [stderr]    Compiling indexmap v1.9.3
[INFO] [stderr]    Compiling tracing v0.1.40
[INFO] [stderr]    Compiling serde v1.0.194
[INFO] [stderr]    Compiling http v0.2.11
[INFO] [stderr]    Compiling futures-sink v0.3.30
[INFO] [stderr]    Compiling unicase v2.7.0
[INFO] [stderr]    Compiling futures-io v0.3.30
[INFO] [stderr]    Compiling futures-task v0.3.30
[INFO] [stderr]    Compiling quote v1.0.35
[INFO] [stderr]    Compiling tinyvec v1.6.0
[INFO] [stderr]    Compiling percent-encoding v2.3.1
[INFO] [stderr]    Compiling try-lock v0.2.5
[INFO] [stderr]    Compiling openssl-probe v0.1.5
[INFO] [stderr]    Compiling want v0.3.1
[INFO] [stderr]    Compiling form_urlencoded v1.2.1
[INFO] [stderr]    Compiling syn v2.0.48
[INFO] [stderr]    Compiling futures-channel v0.3.30
[INFO] [stderr]    Compiling tower-service v0.3.2
[INFO] [stderr]    Compiling futures-util v0.3.30
[INFO] [stderr]    Compiling ryu v1.0.16
[INFO] [stderr]    Compiling httpdate v0.3.2
[INFO] [stderr]    Compiling serde_json v1.0.111
[INFO] [stderr]    Compiling mime_guess v2.0.4
[INFO] [stderr]    Compiling itoa v0.4.8
[INFO] [stderr]    Compiling unicode-bidi v0.3.14
[INFO] [stderr]    Compiling mime v0.3.17
[INFO] [stderr]    Compiling encoding_rs v0.8.33
[INFO] [stderr]    Compiling ipnet v2.9.0
[INFO] [stderr]    Compiling base64 v0.13.1
[INFO] [stderr]    Compiling http-body v0.3.1
[INFO] [stderr]    Compiling unicode-normalization v0.1.22
[INFO] [stderr]    Compiling cc v1.0.83
[INFO] [stderr]    Compiling iovec v0.1.4
[INFO] [stderr]    Compiling net2 v0.2.39
[INFO] [stderr]    Compiling num_cpus v1.16.0
[INFO] [stderr]    Compiling signal-hook-registry v1.4.1
[INFO] [stderr]    Compiling socket2 v0.3.19
[INFO] [stderr]    Compiling mio v0.6.23
[INFO] [stderr]    Compiling idna v0.5.0
[INFO] [stderr]    Compiling url v2.5.0
[INFO] [stderr]    Compiling mio-uds v0.6.8
[INFO] [stderr]    Compiling openssl-sys v0.9.98
[INFO] [stderr]    Compiling pin-project-internal v1.1.3
[INFO] [stderr]    Compiling openssl-macros v0.1.1
[INFO] [stderr]    Compiling serde_derive v1.0.194
[INFO] [stderr]    Compiling tokio-macros v0.2.6
[INFO] [stderr]    Compiling tokio v0.2.25
[INFO] [stderr]    Compiling pin-project v1.1.3
[INFO] [stderr]    Compiling tracing-futures v0.2.5
[INFO] [stderr]    Compiling tokio-util v0.3.1
[INFO] [stderr]    Compiling tokio-tls v0.3.1
[INFO] [stderr]    Compiling h2 v0.2.7
[INFO] [stderr]    Compiling serde_urlencoded v0.7.1
[INFO] [stderr]    Compiling hyper v0.13.10
[INFO] [stderr]    Compiling hyper-tls v0.4.3
[INFO] [stderr]    Compiling reqwest v0.10.10
[INFO] [stderr]    Compiling rustgtrending v0.1.1 (/opt/rustwide/workdir)
[INFO] [stderr]     Finished dev [unoptimized + debuginfo] target(s) in 17.07s
[INFO] running `Command { std: "docker" "inspect" "a8b98163a84558a2c91b3f437a9e2a924594f5aea0da7463660e5f157346419f", kill_on_drop: false }`
[INFO] running `Command { std: "docker" "rm" "-f" "a8b98163a84558a2c91b3f437a9e2a924594f5aea0da7463660e5f157346419f", kill_on_drop: false }`
[INFO] [stdout] a8b98163a84558a2c91b3f437a9e2a924594f5aea0da7463660e5f157346419f
[INFO] running `Command { std: "docker" "create" "-v" "/var/lib/crater-agent-workspace/builds/worker-6-tc2/target:/opt/rustwide/target:rw,Z" "-v" "/var/lib/crater-agent-workspace/builds/worker-6-tc2/source:/opt/rustwide/workdir:ro,Z" "-v" "/var/lib/crater-agent-workspace/cargo-home:/opt/rustwide/cargo-home:ro,Z" "-v" "/var/lib/crater-agent-workspace/rustup-home:/opt/rustwide/rustup-home:ro,Z" "-e" "SOURCE_DIR=/opt/rustwide/workdir" "-e" "CARGO_TARGET_DIR=/opt/rustwide/target" "-e" "CARGO_INCREMENTAL=0" "-e" "RUST_BACKTRACE=full" "-e" "RUSTFLAGS=--cap-lints=warn" "-e" "RUSTDOCFLAGS=--cap-lints=warn" "-e" "CARGO_HOME=/opt/rustwide/cargo-home" "-e" "RUSTUP_HOME=/opt/rustwide/rustup-home" "-w" "/opt/rustwide/workdir" "-m" "1610612736" "--user" "0:0" "--network" "none" "ghcr.io/rust-lang/crates-build-env/linux@sha256:2788e3201cd34a07e3172128adcd8b3090168a8e3bcc40d7c032b9dda1df7d1c" "/opt/rustwide/cargo-home/bin/cargo" "+beta-2023-12-22" "test" "--frozen" "--no-run" "--message-format=json", kill_on_drop: false }`
[INFO] [stdout] 963d4f458d05e105c28ba8b62b99a18a2a6a0d9237f214283887cde9be2768d1
[INFO] running `Command { std: "docker" "start" "-a" "963d4f458d05e105c28ba8b62b99a18a2a6a0d9237f214283887cde9be2768d1", kill_on_drop: false }`
[INFO] [stderr]    Compiling proc-macro-error-attr v1.0.4
[INFO] [stderr]    Compiling getrandom v0.1.16
[INFO] [stderr]    Compiling proc-macro-error v1.0.4
[INFO] [stderr]    Compiling rustix v0.38.28
[INFO] [stderr]    Compiling linux-raw-sys v0.4.12
[INFO] [stderr]    Compiling aho-corasick v1.1.2
[INFO] [stderr]    Compiling regex-syntax v0.8.2
[INFO] [stderr]    Compiling ppv-lite86 v0.2.17
[INFO] [stderr]    Compiling dtoa v0.4.8
[INFO] [stderr]    Compiling difference v2.0.0
[INFO] [stderr]    Compiling serde_urlencoded v0.6.1
[INFO] [stderr]    Compiling rand_core v0.5.1
[INFO] [stderr]    Compiling rand_chacha v0.2.2
[INFO] [stderr]    Compiling rand v0.7.3
[INFO] [stderr]    Compiling extend v0.1.2
[INFO] [stderr]    Compiling regex-automata v0.4.3
[INFO] [stderr]    Compiling assert-json-diff v1.1.0
[INFO] [stderr]    Compiling is-terminal v0.4.10
[INFO] [stderr]    Compiling colored v1.9.4
[INFO] [stderr]    Compiling regex v1.10.2
[INFO] [stderr]    Compiling mockito v0.28.0
[INFO] [stderr]    Compiling rustgtrending v0.1.1 (/opt/rustwide/workdir)
[INFO] [stdout] error[E0432]: unresolved import `gtrending`
[INFO] [stdout]  --> tests/test_fetch_repos.rs:1:5
[INFO] [stdout]   |
[INFO] [stdout] 1 | use gtrending::fetch;
[INFO] [stdout]   |     ^^^^^^^^^ use of undeclared crate or module `gtrending`
[INFO] [stdout] 
[INFO] [stdout] 
[INFO] [stdout] error[E0369]: binary operation `==` cannot be applied to type `impl futures_util::Future<Output = Result<(), Box<(dyn std::error::Error + 'static)>>>`
[INFO] [stdout]   --> tests/test_fetch_repos.rs:58:5
[INFO] [stdout]    |
[INFO] [stdout] 58 |     assert_eq!(repos, Ok(()));
[INFO] [stdout]    |     ^^^^^^^^^^^^^^^^^^^^^^^^^
[INFO] [stdout]    |     |
[INFO] [stdout]    |     impl futures_util::Future<Output = Result<(), Box<(dyn std::error::Error + 'static)>>>
[INFO] [stdout]    |     Result<(), _>
[INFO] [stdout]    |
[INFO] [stdout]    = note: this error originates in the macro `assert_eq` (in Nightly builds, run with -Z macro-backtrace for more info)
[INFO] [stdout] 
[INFO] [stdout] 
[INFO] [stdout] error[E0277]: `impl futures_util::Future<Output = Result<(), Box<(dyn std::error::Error + 'static)>>>` doesn't implement `Debug`
[INFO] [stdout]   --> tests/test_fetch_repos.rs:58:5
[INFO] [stdout]    |
[INFO] [stdout] 58 |     assert_eq!(repos, Ok(()));
[INFO] [stdout]    |     ^^^^^^^^^^^^^^^^^^^^^^^^^ `impl futures_util::Future<Output = Result<(), Box<(dyn std::error::Error + 'static)>>>` cannot be formatted using `{:?}` because it doesn't implement `Debug`
[INFO] [stdout]    |
[INFO] [stdout]    = help: the trait `Debug` is not implemented for `impl futures_util::Future<Output = Result<(), Box<(dyn std::error::Error + 'static)>>>`
[INFO] [stdout]    = note: this error originates in the macro `assert_eq` (in Nightly builds, run with -Z macro-backtrace for more info)
[INFO] [stdout] 
[INFO] [stdout] 
[INFO] [stdout] error[E0369]: binary operation `==` cannot be applied to type `impl futures_util::Future<Output = Result<(), Box<(dyn std::error::Error + 'static)>>>`
[INFO] [stdout]   --> tests/test_fetch_repos.rs:60:5
[INFO] [stdout]    |
[INFO] [stdout] 60 |     assert_eq!(repos, Ok(()));
[INFO] [stdout]    |     ^^^^^^^^^^^^^^^^^^^^^^^^^
[INFO] [stdout]    |     |
[INFO] [stdout]    |     impl futures_util::Future<Output = Result<(), Box<(dyn std::error::Error + 'static)>>>
[INFO] [stdout]    |     Result<(), _>
[INFO] [stdout]    |
[INFO] [stdout]    = note: this error originates in the macro `assert_eq` (in Nightly builds, run with -Z macro-backtrace for more info)
[INFO] [stdout] 
[INFO] [stdout] 
[INFO] [stdout] error[E0277]: `impl futures_util::Future<Output = Result<(), Box<(dyn std::error::Error + 'static)>>>` doesn't implement `Debug`
[INFO] [stdout]   --> tests/test_fetch_repos.rs:60:5
[INFO] [stdout]    |
[INFO] [stdout] 60 |     assert_eq!(repos, Ok(()));
[INFO] [stdout]    |     ^^^^^^^^^^^^^^^^^^^^^^^^^ `impl futures_util::Future<Output = Result<(), Box<(dyn std::error::Error + 'static)>>>` cannot be formatted using `{:?}` because it doesn't implement `Debug`
[INFO] [stdout]    |
[INFO] [stdout]    = help: the trait `Debug` is not implemented for `impl futures_util::Future<Output = Result<(), Box<(dyn std::error::Error + 'static)>>>`
[INFO] [stdout]    = note: this error originates in the macro `assert_eq` (in Nightly builds, run with -Z macro-backtrace for more info)
[INFO] [stdout] 
[INFO] [stdout] 
[INFO] [stdout] error: cannot construct `futures_io::Error` with struct literal syntax due to private fields
[INFO] [stdout]   --> tests/test_fetch_repos.rs:68:18
[INFO] [stdout]    |
[INFO] [stdout] 68 |         Box::new(std::io::Error {})
[INFO] [stdout]    |                  ^^^^^^^^^^^^^^
[INFO] [stdout]    |
[INFO] [stdout]    = note: private field `repr` that was not provided
[INFO] [stdout] help: you might have meant to use an associated function to build this type
[INFO] [stdout]    |
[INFO] [stdout] 68 |         Box::new(std::io::Error::new(_, _))
[INFO] [stdout]    |                                ~~~~~~~~~~~
[INFO] [stdout] 68 |         Box::new(std::io::Error::other(_))
[INFO] [stdout]    |                                ~~~~~~~~~~
[INFO] [stdout] 68 |         Box::new(std::io::Error::_new(_, _))
[INFO] [stdout]    |                                ~~~~~~~~~~~~
[INFO] [stdout] 68 |         Box::new(std::io::Error::from_static_message(_))
[INFO] [stdout]    |                                ~~~~~~~~~~~~~~~~~~~~~~~~
[INFO] [stdout]      and 2 other candidates
[INFO] [stdout] 
[INFO] [stdout] 
[INFO] [stdout] error[E0369]: binary operation `==` cannot be applied to type `impl futures_util::Future<Output = Result<(), Box<(dyn std::error::Error + 'static)>>>`
[INFO] [stdout]   --> tests/test_fetch_repos.rs:66:5
[INFO] [stdout]    |
[INFO] [stdout] 66 | /     assert_eq!(
[INFO] [stdout] 67 | |         basic_assertions(Some("invalid-language"), None, None),
[INFO] [stdout] 68 | |         Box::new(std::io::Error {})
[INFO] [stdout] 69 | |     );
[INFO] [stdout]    | |     ^
[INFO] [stdout]    | |     |
[INFO] [stdout]    | |_____impl futures_util::Future<Output = Result<(), Box<(dyn std::error::Error + 'static)>>>
[INFO] [stdout]    |       Box<futures_io::Error>
[INFO] [stdout]    |
[INFO] [stdout]    = note: this error originates in the macro `assert_eq` (in Nightly builds, run with -Z macro-backtrace for more info)
[INFO] [stdout] 
[INFO] [stdout] 
[INFO] [stdout] error[E0277]: `impl futures_util::Future<Output = Result<(), Box<(dyn std::error::Error + 'static)>>>` doesn't implement `Debug`
[INFO] [stdout]   --> tests/test_fetch_repos.rs:66:5
[INFO] [stdout]    |
[INFO] [stdout] 66 | /     assert_eq!(
[INFO] [stdout] 67 | |         basic_assertions(Some("invalid-language"), None, None),
[INFO] [stdout] 68 | |         Box::new(std::io::Error {})
[INFO] [stdout] 69 | |     );
[INFO] [stdout]    | |_____^ `impl futures_util::Future<Output = Result<(), Box<(dyn std::error::Error + 'static)>>>` cannot be formatted using `{:?}` because it doesn't implement `Debug`
[INFO] [stdout]    |
[INFO] [stdout]    = help: the trait `Debug` is not implemented for `impl futures_util::Future<Output = Result<(), Box<(dyn std::error::Error + 'static)>>>`
[INFO] [stdout]    = note: this error originates in the macro `assert_eq` (in Nightly builds, run with -Z macro-backtrace for more info)
[INFO] [stdout] 
[INFO] [stdout] 
[INFO] [stdout] error: aborting due to 8 previous errors
[INFO] [stdout] 
[INFO] [stdout] 
[INFO] [stdout] Some errors have detailed explanations: E0277, E0369, E0432.
[INFO] [stdout] 
[INFO] [stdout] For more information about an error, try `rustc --explain E0277`.
[INFO] [stdout] 
[INFO] [stderr] error: could not compile `rustgtrending` (test "test_fetch_repos") due to 9 previous errors
[INFO] [stderr] warning: build failed, waiting for other jobs to finish...
[INFO] running `Command { std: "docker" "inspect" "963d4f458d05e105c28ba8b62b99a18a2a6a0d9237f214283887cde9be2768d1", kill_on_drop: false }`
[INFO] running `Command { std: "docker" "rm" "-f" "963d4f458d05e105c28ba8b62b99a18a2a6a0d9237f214283887cde9be2768d1", kill_on_drop: false }`
[INFO] [stdout] 963d4f458d05e105c28ba8b62b99a18a2a6a0d9237f214283887cde9be2768d1
