[INFO] fetching crate rust-macios 0.4.2...
[INFO] testing rust-macios-0.4.2 against 1.75.0 for beta-1.76-1
[INFO] extracting crate rust-macios 0.4.2 into /workspace/builds/worker-1-tc1/source
[INFO] validating manifest of crates.io crate rust-macios 0.4.2 on toolchain 1.75.0
[INFO] running `Command { std: CARGO_HOME="/workspace/cargo-home" RUSTUP_HOME="/workspace/rustup-home" "/workspace/cargo-home/bin/cargo" "+1.75.0" "metadata" "--manifest-path" "Cargo.toml" "--no-deps", kill_on_drop: false }`
[INFO] started tweaking crates.io crate rust-macios 0.4.2
[INFO] removed 0 missing examples
[INFO] finished tweaking crates.io crate rust-macios 0.4.2
[INFO] tweaked toml for crates.io crate rust-macios 0.4.2 written to /workspace/builds/worker-1-tc1/source/Cargo.toml
[INFO] crate crates.io crate rust-macios 0.4.2 already has a lockfile, it will not be regenerated
[INFO] running `Command { std: CARGO_HOME="/workspace/cargo-home" RUSTUP_HOME="/workspace/rustup-home" "/workspace/cargo-home/bin/cargo" "+1.75.0" "fetch" "--manifest-path" "Cargo.toml", kill_on_drop: false }`
[INFO] [stderr]     Updating crates.io index
[INFO] [stderr]  Downloading crates ...
[INFO] [stderr]   Downloaded test-case-macros v2.2.2
[INFO] [stderr]   Downloaded rust-macios-app-kit-proc-macros v0.2.3
[INFO] [stderr]   Downloaded test-case v2.2.2
[INFO] [stderr]   Downloaded va_list v0.1.4
[INFO] [stderr]   Downloaded rust-macios-objective-c-runtime-proc-macros v0.2.4
[INFO] running `Command { std: "docker" "create" "-v" "/var/lib/crater-agent-workspace/builds/worker-1-tc1/target:/opt/rustwide/target:rw,Z" "-v" "/var/lib/crater-agent-workspace/builds/worker-1-tc1/source:/opt/rustwide/workdir:ro,Z" "-v" "/var/lib/crater-agent-workspace/cargo-home:/opt/rustwide/cargo-home:ro,Z" "-v" "/var/lib/crater-agent-workspace/rustup-home:/opt/rustwide/rustup-home:ro,Z" "-e" "SOURCE_DIR=/opt/rustwide/workdir" "-e" "CARGO_TARGET_DIR=/opt/rustwide/target" "-e" "CARGO_HOME=/opt/rustwide/cargo-home" "-e" "RUSTUP_HOME=/opt/rustwide/rustup-home" "-w" "/opt/rustwide/workdir" "-m" "1610612736" "--user" "0:0" "--network" "none" "ghcr.io/rust-lang/crates-build-env/linux@sha256:2788e3201cd34a07e3172128adcd8b3090168a8e3bcc40d7c032b9dda1df7d1c" "/opt/rustwide/cargo-home/bin/cargo" "+1.75.0" "metadata" "--no-deps" "--format-version=1", kill_on_drop: false }`
[INFO] [stdout] b89a3dc28f50cd79148162468401650e2151edde2bc0766ffad48056718e307e
[INFO] running `Command { std: "docker" "start" "-a" "b89a3dc28f50cd79148162468401650e2151edde2bc0766ffad48056718e307e", kill_on_drop: false }`
[INFO] running `Command { std: "docker" "inspect" "b89a3dc28f50cd79148162468401650e2151edde2bc0766ffad48056718e307e", kill_on_drop: false }`
[INFO] running `Command { std: "docker" "rm" "-f" "b89a3dc28f50cd79148162468401650e2151edde2bc0766ffad48056718e307e", kill_on_drop: false }`
[INFO] [stdout] b89a3dc28f50cd79148162468401650e2151edde2bc0766ffad48056718e307e
[INFO] running `Command { std: "docker" "create" "-v" "/var/lib/crater-agent-workspace/builds/worker-1-tc1/target:/opt/rustwide/target:rw,Z" "-v" "/var/lib/crater-agent-workspace/builds/worker-1-tc1/source:/opt/rustwide/workdir:ro,Z" "-v" "/var/lib/crater-agent-workspace/cargo-home:/opt/rustwide/cargo-home:ro,Z" "-v" "/var/lib/crater-agent-workspace/rustup-home:/opt/rustwide/rustup-home:ro,Z" "-e" "SOURCE_DIR=/opt/rustwide/workdir" "-e" "CARGO_TARGET_DIR=/opt/rustwide/target" "-e" "CARGO_INCREMENTAL=0" "-e" "RUST_BACKTRACE=full" "-e" "RUSTFLAGS=--cap-lints=warn" "-e" "RUSTDOCFLAGS=--cap-lints=warn" "-e" "CARGO_HOME=/opt/rustwide/cargo-home" "-e" "RUSTUP_HOME=/opt/rustwide/rustup-home" "-w" "/opt/rustwide/workdir" "-m" "1610612736" "--user" "0:0" "--network" "none" "ghcr.io/rust-lang/crates-build-env/linux@sha256:2788e3201cd34a07e3172128adcd8b3090168a8e3bcc40d7c032b9dda1df7d1c" "/opt/rustwide/cargo-home/bin/cargo" "+1.75.0" "build" "--frozen" "--message-format=json", kill_on_drop: false }`
[INFO] [stdout] fd8263a4b0eac6f48ecfde7ad6299178aff8411c4d52266acdc914d28509cbe7
[INFO] running `Command { std: "docker" "start" "-a" "fd8263a4b0eac6f48ecfde7ad6299178aff8411c4d52266acdc914d28509cbe7", kill_on_drop: false }`
[INFO] [stderr]    Compiling proc-macro2 v1.0.49
[INFO] [stderr]    Compiling unicode-ident v1.0.6
[INFO] [stderr]    Compiling libc v0.2.139
[INFO] [stderr]    Compiling quote v1.0.23
[INFO] [stderr]    Compiling syn v1.0.107
[INFO] [stderr]    Compiling rust-macios v0.4.2 (/opt/rustwide/workdir)
[INFO] [stderr]    Compiling bitflags v1.3.2
[INFO] [stderr]    Compiling va_list v0.1.4
[INFO] [stderr]    Compiling block v0.1.6
[INFO] [stderr]    Compiling malloc_buf v0.0.6
[INFO] [stderr]    Compiling objc v0.2.7
[INFO] [stderr]    Compiling objc_id v0.1.1
[INFO] [stderr]    Compiling rust-macios-app-kit-proc-macros v0.2.3
[INFO] [stderr]    Compiling rust-macios-objective-c-runtime-proc-macros v0.2.4
[INFO] [stdout] error[E0432]: unresolved import `super::NSDecodingFailurePolicy`
[INFO] [stdout]   --> src/foundation/ns_coder.rs:15:24
[INFO] [stdout]    |
[INFO] [stdout] 15 |     Int, Int32, Int64, NSDecodingFailurePolicy, NSPoint, NSRect, NSSize, NSString, UInt, UInt8,
[INFO] [stdout]    |                        ^^^^^^^^^^^^^^^^^^^^^^^ no `NSDecodingFailurePolicy` in `foundation`
[INFO] [stdout] 
[INFO] [stdout] 
[INFO] [stdout] error[E0432]: unresolved import `super::NSFormattingContext`
[INFO] [stdout]   --> src/foundation/ns_number_formatter.rs:11:5
[INFO] [stdout]    |
[INFO] [stdout] 11 |     NSFormattingContext, NSLocale, NSNumber, NSNumberFormatterBehavior,
[INFO] [stdout]    |     ^^^^^^^^^^^^^^^^^^^ no `NSFormattingContext` in `foundation`
[INFO] [stdout] 
[INFO] [stdout] 
[INFO] [stdout] warning: unused import: `macros::*`
[INFO] [stdout]   --> src/appkit.rs:13:9
[INFO] [stdout]    |
[INFO] [stdout] 13 | pub use macros::*;
[INFO] [stdout]    |         ^^^^^^^^^
[INFO] [stdout]    |
[INFO] [stdout]    = note: `#[warn(unused_imports)]` on by default
[INFO] [stdout] 
[INFO] [stdout] 
[INFO] [stdout] error: aborting due to 2 previous errors; 1 warning emitted
[INFO] [stdout] 
[INFO] [stdout] 
[INFO] [stdout] For more information about this error, try `rustc --explain E0432`.
[INFO] [stdout] 
[INFO] [stderr] error: could not compile `rust-macios` (lib) due to 3 previous errors; 1 warning emitted
[INFO] running `Command { std: "docker" "inspect" "fd8263a4b0eac6f48ecfde7ad6299178aff8411c4d52266acdc914d28509cbe7", kill_on_drop: false }`
[INFO] running `Command { std: "docker" "rm" "-f" "fd8263a4b0eac6f48ecfde7ad6299178aff8411c4d52266acdc914d28509cbe7", kill_on_drop: false }`
[INFO] [stdout] fd8263a4b0eac6f48ecfde7ad6299178aff8411c4d52266acdc914d28509cbe7
[INFO] testing rust-macios-0.4.2 against beta-2023-12-22 for beta-1.76-1
[INFO] extracting crate rust-macios 0.4.2 into /workspace/builds/worker-1-tc2/source
[INFO] validating manifest of crates.io crate rust-macios 0.4.2 on toolchain beta-2023-12-22
[INFO] running `Command { std: CARGO_HOME="/workspace/cargo-home" RUSTUP_HOME="/workspace/rustup-home" "/workspace/cargo-home/bin/cargo" "+beta-2023-12-22" "metadata" "--manifest-path" "Cargo.toml" "--no-deps", kill_on_drop: false }`
[INFO] started tweaking crates.io crate rust-macios 0.4.2
[INFO] removed 0 missing examples
[INFO] finished tweaking crates.io crate rust-macios 0.4.2
[INFO] tweaked toml for crates.io crate rust-macios 0.4.2 written to /workspace/builds/worker-1-tc2/source/Cargo.toml
[INFO] crate crates.io crate rust-macios 0.4.2 already has a lockfile, it will not be regenerated
[INFO] running `Command { std: CARGO_HOME="/workspace/cargo-home" RUSTUP_HOME="/workspace/rustup-home" "/workspace/cargo-home/bin/cargo" "+beta-2023-12-22" "fetch" "--manifest-path" "Cargo.toml", kill_on_drop: false }`
[INFO] running `Command { std: "docker" "create" "-v" "/var/lib/crater-agent-workspace/builds/worker-1-tc2/target:/opt/rustwide/target:rw,Z" "-v" "/var/lib/crater-agent-workspace/builds/worker-1-tc2/source:/opt/rustwide/workdir:ro,Z" "-v" "/var/lib/crater-agent-workspace/cargo-home:/opt/rustwide/cargo-home:ro,Z" "-v" "/var/lib/crater-agent-workspace/rustup-home:/opt/rustwide/rustup-home:ro,Z" "-e" "SOURCE_DIR=/opt/rustwide/workdir" "-e" "CARGO_TARGET_DIR=/opt/rustwide/target" "-e" "CARGO_HOME=/opt/rustwide/cargo-home" "-e" "RUSTUP_HOME=/opt/rustwide/rustup-home" "-w" "/opt/rustwide/workdir" "-m" "1610612736" "--user" "0:0" "--network" "none" "ghcr.io/rust-lang/crates-build-env/linux@sha256:2788e3201cd34a07e3172128adcd8b3090168a8e3bcc40d7c032b9dda1df7d1c" "/opt/rustwide/cargo-home/bin/cargo" "+beta-2023-12-22" "metadata" "--no-deps" "--format-version=1", kill_on_drop: false }`
[INFO] [stdout] 343465fdd5677c7932d55dbe7bea35d7c353d3ae87e1b71b9391bca597a7cca3
[INFO] running `Command { std: "docker" "start" "-a" "343465fdd5677c7932d55dbe7bea35d7c353d3ae87e1b71b9391bca597a7cca3", kill_on_drop: false }`
[INFO] running `Command { std: "docker" "inspect" "343465fdd5677c7932d55dbe7bea35d7c353d3ae87e1b71b9391bca597a7cca3", kill_on_drop: false }`
[INFO] running `Command { std: "docker" "rm" "-f" "343465fdd5677c7932d55dbe7bea35d7c353d3ae87e1b71b9391bca597a7cca3", kill_on_drop: false }`
[INFO] [stdout] 343465fdd5677c7932d55dbe7bea35d7c353d3ae87e1b71b9391bca597a7cca3
[INFO] running `Command { std: "docker" "create" "-v" "/var/lib/crater-agent-workspace/builds/worker-1-tc2/target:/opt/rustwide/target:rw,Z" "-v" "/var/lib/crater-agent-workspace/builds/worker-1-tc2/source:/opt/rustwide/workdir:ro,Z" "-v" "/var/lib/crater-agent-workspace/cargo-home:/opt/rustwide/cargo-home:ro,Z" "-v" "/var/lib/crater-agent-workspace/rustup-home:/opt/rustwide/rustup-home:ro,Z" "-e" "SOURCE_DIR=/opt/rustwide/workdir" "-e" "CARGO_TARGET_DIR=/opt/rustwide/target" "-e" "CARGO_INCREMENTAL=0" "-e" "RUST_BACKTRACE=full" "-e" "RUSTFLAGS=--cap-lints=warn" "-e" "RUSTDOCFLAGS=--cap-lints=warn" "-e" "CARGO_HOME=/opt/rustwide/cargo-home" "-e" "RUSTUP_HOME=/opt/rustwide/rustup-home" "-w" "/opt/rustwide/workdir" "-m" "1610612736" "--user" "0:0" "--network" "none" "ghcr.io/rust-lang/crates-build-env/linux@sha256:2788e3201cd34a07e3172128adcd8b3090168a8e3bcc40d7c032b9dda1df7d1c" "/opt/rustwide/cargo-home/bin/cargo" "+beta-2023-12-22" "build" "--frozen" "--message-format=json", kill_on_drop: false }`
[INFO] [stdout] d992b352036affb9b55c8e8ef3ce300bae8824b8dee85bcd18e7c4ca1945de1c
[INFO] running `Command { std: "docker" "start" "-a" "d992b352036affb9b55c8e8ef3ce300bae8824b8dee85bcd18e7c4ca1945de1c", kill_on_drop: false }`
[INFO] [stderr]    Compiling proc-macro2 v1.0.49
[INFO] [stderr]    Compiling quote v1.0.23
[INFO] [stderr]    Compiling libc v0.2.139
[INFO] [stderr]    Compiling unicode-ident v1.0.6
[INFO] [stderr]    Compiling syn v1.0.107
[INFO] [stderr]    Compiling rust-macios v0.4.2 (/opt/rustwide/workdir)
[INFO] [stderr]    Compiling block v0.1.6
[INFO] [stderr]    Compiling bitflags v1.3.2
[INFO] [stderr]    Compiling va_list v0.1.4
[INFO] [stderr]    Compiling malloc_buf v0.0.6
[INFO] [stderr]    Compiling objc v0.2.7
[INFO] [stderr]    Compiling objc_id v0.1.1
[INFO] [stderr]    Compiling rust-macios-objective-c-runtime-proc-macros v0.2.4
[INFO] [stderr]    Compiling rust-macios-app-kit-proc-macros v0.2.3
[INFO] [stdout] error[E0432]: unresolved import `super::NSDecodingFailurePolicy`
[INFO] [stdout]   --> src/foundation/ns_coder.rs:15:24
[INFO] [stdout]    |
[INFO] [stdout] 15 |     Int, Int32, Int64, NSDecodingFailurePolicy, NSPoint, NSRect, NSSize, NSString, UInt, UInt8,
[INFO] [stdout]    |                        ^^^^^^^^^^^^^^^^^^^^^^^ no `NSDecodingFailurePolicy` in `foundation`
[INFO] [stdout] 
[INFO] [stdout] 
[INFO] [stdout] error[E0432]: unresolved import `super::NSFormattingContext`
[INFO] [stdout]   --> src/foundation/ns_number_formatter.rs:11:5
[INFO] [stdout]    |
[INFO] [stdout] 11 |     NSFormattingContext, NSLocale, NSNumber, NSNumberFormatterBehavior,
[INFO] [stdout]    |     ^^^^^^^^^^^^^^^^^^^ no `NSFormattingContext` in `foundation`
[INFO] [stdout] 
[INFO] [stdout] 
[INFO] [stdout] warning: unused import: `macros::*`
[INFO] [stdout]   --> src/appkit.rs:13:9
[INFO] [stdout]    |
[INFO] [stdout] 13 | pub use macros::*;
[INFO] [stdout]    |         ^^^^^^^^^
[INFO] [stdout]    |
[INFO] [stdout]    = note: `#[warn(unused_imports)]` on by default
[INFO] [stdout] 
[INFO] [stdout] 
[INFO] [stdout] error: aborting due to 2 previous errors; 1 warning emitted
[INFO] [stdout] 
[INFO] [stdout] 
[INFO] [stdout] For more information about this error, try `rustc --explain E0432`.
[INFO] [stdout] 
[INFO] [stderr] error: could not compile `rust-macios` (lib) due to 3 previous errors; 1 warning emitted
[INFO] running `Command { std: "docker" "inspect" "d992b352036affb9b55c8e8ef3ce300bae8824b8dee85bcd18e7c4ca1945de1c", kill_on_drop: false }`
[INFO] running `Command { std: "docker" "rm" "-f" "d992b352036affb9b55c8e8ef3ce300bae8824b8dee85bcd18e7c4ca1945de1c", kill_on_drop: false }`
[INFO] [stdout] d992b352036affb9b55c8e8ef3ce300bae8824b8dee85bcd18e7c4ca1945de1c
