[INFO] fetching crate rust-lcm-codec 0.2.1...
[INFO] testing rust-lcm-codec-0.2.1 against 1.75.0 for beta-1.76-1
[INFO] extracting crate rust-lcm-codec 0.2.1 into /workspace/builds/worker-6-tc1/source
[INFO] validating manifest of crates.io crate rust-lcm-codec 0.2.1 on toolchain 1.75.0
[INFO] running `Command { std: CARGO_HOME="/workspace/cargo-home" RUSTUP_HOME="/workspace/rustup-home" "/workspace/cargo-home/bin/cargo" "+1.75.0" "metadata" "--manifest-path" "Cargo.toml" "--no-deps", kill_on_drop: false }`
[INFO] removed /workspace/builds/worker-6-tc1/source/rust-toolchain
[INFO] started tweaking crates.io crate rust-lcm-codec 0.2.1
[INFO] finished tweaking crates.io crate rust-lcm-codec 0.2.1
[INFO] tweaked toml for crates.io crate rust-lcm-codec 0.2.1 written to /workspace/builds/worker-6-tc1/source/Cargo.toml
[INFO] running `Command { std: CARGO_HOME="/workspace/cargo-home" RUSTUP_HOME="/workspace/rustup-home" "/workspace/cargo-home/bin/cargo" "+1.75.0" "generate-lockfile" "--manifest-path" "Cargo.toml", kill_on_drop: false }`
[INFO] running `Command { std: CARGO_HOME="/workspace/cargo-home" RUSTUP_HOME="/workspace/rustup-home" "/workspace/cargo-home/bin/cargo" "+1.75.0" "fetch" "--manifest-path" "Cargo.toml", kill_on_drop: false }`
[INFO] running `Command { std: "docker" "create" "-v" "/var/lib/crater-agent-workspace/builds/worker-6-tc1/target:/opt/rustwide/target:rw,Z" "-v" "/var/lib/crater-agent-workspace/builds/worker-6-tc1/source:/opt/rustwide/workdir:ro,Z" "-v" "/var/lib/crater-agent-workspace/cargo-home:/opt/rustwide/cargo-home:ro,Z" "-v" "/var/lib/crater-agent-workspace/rustup-home:/opt/rustwide/rustup-home:ro,Z" "-e" "SOURCE_DIR=/opt/rustwide/workdir" "-e" "CARGO_TARGET_DIR=/opt/rustwide/target" "-e" "CARGO_HOME=/opt/rustwide/cargo-home" "-e" "RUSTUP_HOME=/opt/rustwide/rustup-home" "-w" "/opt/rustwide/workdir" "-m" "1610612736" "--user" "0:0" "--network" "none" "ghcr.io/rust-lang/crates-build-env/linux@sha256:2788e3201cd34a07e3172128adcd8b3090168a8e3bcc40d7c032b9dda1df7d1c" "/opt/rustwide/cargo-home/bin/cargo" "+1.75.0" "metadata" "--no-deps" "--format-version=1", kill_on_drop: false }`
[INFO] [stdout] 424cfeed6b36153557a94413853574dfa778f71176e690984b5ed9a37c299c69
[INFO] running `Command { std: "docker" "start" "-a" "424cfeed6b36153557a94413853574dfa778f71176e690984b5ed9a37c299c69", kill_on_drop: false }`
[INFO] running `Command { std: "docker" "inspect" "424cfeed6b36153557a94413853574dfa778f71176e690984b5ed9a37c299c69", kill_on_drop: false }`
[INFO] running `Command { std: "docker" "rm" "-f" "424cfeed6b36153557a94413853574dfa778f71176e690984b5ed9a37c299c69", kill_on_drop: false }`
[INFO] [stdout] 424cfeed6b36153557a94413853574dfa778f71176e690984b5ed9a37c299c69
[INFO] running `Command { std: "docker" "create" "-v" "/var/lib/crater-agent-workspace/builds/worker-6-tc1/target:/opt/rustwide/target:rw,Z" "-v" "/var/lib/crater-agent-workspace/builds/worker-6-tc1/source:/opt/rustwide/workdir:ro,Z" "-v" "/var/lib/crater-agent-workspace/cargo-home:/opt/rustwide/cargo-home:ro,Z" "-v" "/var/lib/crater-agent-workspace/rustup-home:/opt/rustwide/rustup-home:ro,Z" "-e" "SOURCE_DIR=/opt/rustwide/workdir" "-e" "CARGO_TARGET_DIR=/opt/rustwide/target" "-e" "CARGO_INCREMENTAL=0" "-e" "RUST_BACKTRACE=full" "-e" "RUSTFLAGS=--cap-lints=warn" "-e" "RUSTDOCFLAGS=--cap-lints=warn" "-e" "CARGO_HOME=/opt/rustwide/cargo-home" "-e" "RUSTUP_HOME=/opt/rustwide/rustup-home" "-w" "/opt/rustwide/workdir" "-m" "1610612736" "--user" "0:0" "--network" "none" "ghcr.io/rust-lang/crates-build-env/linux@sha256:2788e3201cd34a07e3172128adcd8b3090168a8e3bcc40d7c032b9dda1df7d1c" "/opt/rustwide/cargo-home/bin/cargo" "+1.75.0" "build" "--frozen" "--message-format=json", kill_on_drop: false }`
[INFO] [stdout] 47633725ec2d869b69ec13fcc76db84d77f4ef07f799c00ce6a3058cb63c1c4c
[INFO] running `Command { std: "docker" "start" "-a" "47633725ec2d869b69ec13fcc76db84d77f4ef07f799c00ce6a3058cb63c1c4c", kill_on_drop: false }`
[INFO] [stderr]    Compiling rust-lcm-codec v0.2.1 (/opt/rustwide/workdir)
[INFO] [stderr]     Finished dev [unoptimized + debuginfo] target(s) in 0.06s
[INFO] running `Command { std: "docker" "inspect" "47633725ec2d869b69ec13fcc76db84d77f4ef07f799c00ce6a3058cb63c1c4c", kill_on_drop: false }`
[INFO] running `Command { std: "docker" "rm" "-f" "47633725ec2d869b69ec13fcc76db84d77f4ef07f799c00ce6a3058cb63c1c4c", kill_on_drop: false }`
[INFO] [stdout] 47633725ec2d869b69ec13fcc76db84d77f4ef07f799c00ce6a3058cb63c1c4c
[INFO] running `Command { std: "docker" "create" "-v" "/var/lib/crater-agent-workspace/builds/worker-6-tc1/target:/opt/rustwide/target:rw,Z" "-v" "/var/lib/crater-agent-workspace/builds/worker-6-tc1/source:/opt/rustwide/workdir:ro,Z" "-v" "/var/lib/crater-agent-workspace/cargo-home:/opt/rustwide/cargo-home:ro,Z" "-v" "/var/lib/crater-agent-workspace/rustup-home:/opt/rustwide/rustup-home:ro,Z" "-e" "SOURCE_DIR=/opt/rustwide/workdir" "-e" "CARGO_TARGET_DIR=/opt/rustwide/target" "-e" "CARGO_INCREMENTAL=0" "-e" "RUST_BACKTRACE=full" "-e" "RUSTFLAGS=--cap-lints=warn" "-e" "RUSTDOCFLAGS=--cap-lints=warn" "-e" "CARGO_HOME=/opt/rustwide/cargo-home" "-e" "RUSTUP_HOME=/opt/rustwide/rustup-home" "-w" "/opt/rustwide/workdir" "-m" "1610612736" "--user" "0:0" "--network" "none" "ghcr.io/rust-lang/crates-build-env/linux@sha256:2788e3201cd34a07e3172128adcd8b3090168a8e3bcc40d7c032b9dda1df7d1c" "/opt/rustwide/cargo-home/bin/cargo" "+1.75.0" "test" "--frozen" "--no-run" "--message-format=json", kill_on_drop: false }`
[INFO] [stdout] 4c797800e5c2a7130c428fa2f848c2533e4eb4d07bb4badb7f98f6cb677ea5f9
[INFO] running `Command { std: "docker" "start" "-a" "4c797800e5c2a7130c428fa2f848c2533e4eb4d07bb4badb7f98f6cb677ea5f9", kill_on_drop: false }`
[INFO] [stderr]    Compiling rust-lcm-codec v0.2.1 (/opt/rustwide/workdir)
[INFO] [stdout] error[E0463]: can't find crate for `generated`
[INFO] [stdout]  --> tests/sliceable_list.rs:1:1
[INFO] [stdout]   |
[INFO] [stdout] 1 | extern crate generated;
[INFO] [stdout]   | ^^^^^^^^^^^^^^^^^^^^^^^ can't find crate
[INFO] [stdout] 
[INFO] [stdout] 
[INFO] [stdout] error[E0463]: can't find crate for `generated`
[INFO] [stdout]  --> tests/nested_list.rs:1:1
[INFO] [stdout]   |
[INFO] [stdout] 1 | extern crate generated;
[INFO] [stdout]   | ^^^^^^^^^^^^^^^^^^^^^^^ can't find crate
[INFO] [stdout] 
[INFO] [stdout] 
[INFO] [stdout] error[E0463]: can't find crate for `generated`
[INFO] [stdout]  --> tests/nested.rs:1:1
[INFO] [stdout]   |
[INFO] [stdout] 1 | extern crate generated;
[INFO] [stdout]   | ^^^^^^^^^^^^^^^^^^^^^^^ can't find crate
[INFO] [stdout] 
[INFO] [stdout] 
[INFO] [stdout] error[E0463]: can't find crate for `generated`
[INFO] [stdout]  --> tests/single_dimension_list.rs:1:1
[INFO] [stdout]   |
[INFO] [stdout] 1 | extern crate generated;
[INFO] [stdout]   | ^^^^^^^^^^^^^^^^^^^^^^^ can't find crate
[INFO] [stdout] 
[INFO] [stdout] 
[INFO] [stdout] error[E0463]: can't find crate for `generated`
[INFO] [stdout]  --> tests/primitives.rs:1:1
[INFO] [stdout]   |
[INFO] [stdout] 1 | extern crate generated;
[INFO] [stdout]   | ^^^^^^^^^^^^^^^^^^^^^^^ can't find crate
[INFO] [stdout] 
[INFO] [stdout] 
[INFO] [stdout] error[E0282]: type annotations needed
[INFO] [stdout]   --> tests/single_dimension_list.rs:30:55
[INFO] [stdout]    |
[INFO] [stdout] 30 |     for (item_reader, point_destination) in (&mut pr).zip(point_storage.iter_mut()) {
[INFO] [stdout]    |                                                       ^^^ cannot infer type
[INFO] [stdout] 
[INFO] [stdout] 
[INFO] [stdout] error[E0282]: type annotations needed
[INFO] [stdout]   --> tests/sliceable_list.rs:26:55
[INFO] [stdout]    |
[INFO] [stdout] 26 |     for (item_reader, point_destination) in (&mut pr).zip(point_storage.iter_mut()) {
[INFO] [stdout]    |                                                       ^^^ cannot infer type
[INFO] [stdout] 
[INFO] [stdout] 
[INFO] [stdout] error: aborting due to previous error
[INFO] [stdout] 
[INFO] [stdout] 
[INFO] [stdout] For more information about this error, try `rustc --explain E0463`.
[INFO] [stdout] 
[INFO] [stdout] error: aborting due to previous error
[INFO] [stdout] 
[INFO] [stdout] 
[INFO] [stdout] For more information about this error, try `rustc --explain E0463`.
[INFO] [stdout] 
[INFO] [stdout] error: aborting due to previous error
[INFO] [stdout] 
[INFO] [stdout] 
[INFO] [stderr] error: could not compile `rust-lcm-codec` (test "nested") due to 2 previous errors
[INFO] [stdout] For more information about this error, try `rustc --explain E0463`.
[INFO] [stdout] 
[INFO] [stderr] warning: build failed, waiting for other jobs to finish...
[INFO] [stderr] error: could not compile `rust-lcm-codec` (test "primitives") due to 2 previous errors
[INFO] [stderr] error: could not compile `rust-lcm-codec` (test "nested_list") due to 2 previous errors
[INFO] [stdout] error[E0282]: type annotations needed
[INFO] [stdout]   --> tests/sliceable_list.rs:58:55
[INFO] [stdout]    |
[INFO] [stdout] 58 |     for (item_reader, point_destination) in (&mut pr).zip(point_storage.iter_mut()) {
[INFO] [stdout]    |                                                       ^^^ cannot infer type
[INFO] [stdout] 
[INFO] [stdout] 
[INFO] [stdout] error: aborting due to 2 previous errors
[INFO] [stdout] 
[INFO] [stdout] 
[INFO] [stdout] Some errors have detailed explanations: E0282, E0463.
[INFO] [stdout] 
[INFO] [stdout] For more information about an error, try `rustc --explain E0282`.
[INFO] [stdout] 
[INFO] [stdout] error[E0282]: type annotations needed
[INFO] [stdout]   --> tests/sliceable_list.rs:87:55
[INFO] [stdout]    |
[INFO] [stdout] 87 |     for (item_reader, point_destination) in (&mut pr).zip(point_storage.iter_mut()) {
[INFO] [stdout]    |                                                       ^^^ cannot infer type
[INFO] [stdout] 
[INFO] [stdout] 
[INFO] [stderr] error: could not compile `rust-lcm-codec` (test "single_dimension_list") due to 3 previous errors
[INFO] [stdout] error[E0282]: type annotations needed
[INFO] [stdout]    --> tests/sliceable_list.rs:115:55
[INFO] [stdout]     |
[INFO] [stdout] 115 |     for (item_reader, point_destination) in (&mut pr).zip(point_storage.iter_mut()) {
[INFO] [stdout]     |                                                       ^^^ cannot infer type
[INFO] [stdout] 
[INFO] [stdout] 
[INFO] [stdout] error[E0282]: type annotations needed
[INFO] [stdout]    --> tests/sliceable_list.rs:169:63
[INFO] [stdout]     |
[INFO] [stdout] 169 |     for (bytes_item_reader, storage_destination) in (&mut pr).zip(point_storage.iter_mut()) {
[INFO] [stdout]     |                                                               ^^^ cannot infer type
[INFO] [stdout] 
[INFO] [stdout] 
[INFO] [stdout] error[E0282]: type annotations needed
[INFO] [stdout]    --> tests/sliceable_list.rs:200:63
[INFO] [stdout]     |
[INFO] [stdout] 200 |     for (bytes_item_reader, storage_destination) in (&mut pr).zip(point_storage.iter_mut()).take(3)
[INFO] [stdout]     |                                                               ^^^ cannot infer type
[INFO] [stdout] 
[INFO] [stdout] 
[INFO] [stdout] error: aborting due to 7 previous errors
[INFO] [stdout] 
[INFO] [stdout] 
[INFO] [stdout] Some errors have detailed explanations: E0282, E0463.
[INFO] [stdout] 
[INFO] [stdout] For more information about an error, try `rustc --explain E0282`.
[INFO] [stdout] 
[INFO] [stderr] error: could not compile `rust-lcm-codec` (test "sliceable_list") due to 8 previous errors
[INFO] running `Command { std: "docker" "inspect" "4c797800e5c2a7130c428fa2f848c2533e4eb4d07bb4badb7f98f6cb677ea5f9", kill_on_drop: false }`
[INFO] running `Command { std: "docker" "rm" "-f" "4c797800e5c2a7130c428fa2f848c2533e4eb4d07bb4badb7f98f6cb677ea5f9", kill_on_drop: false }`
[INFO] [stdout] 4c797800e5c2a7130c428fa2f848c2533e4eb4d07bb4badb7f98f6cb677ea5f9
[INFO] testing rust-lcm-codec-0.2.1 against beta-2023-12-22 for beta-1.76-1
[INFO] extracting crate rust-lcm-codec 0.2.1 into /workspace/builds/worker-6-tc2/source
[INFO] validating manifest of crates.io crate rust-lcm-codec 0.2.1 on toolchain beta-2023-12-22
[INFO] running `Command { std: CARGO_HOME="/workspace/cargo-home" RUSTUP_HOME="/workspace/rustup-home" "/workspace/cargo-home/bin/cargo" "+beta-2023-12-22" "metadata" "--manifest-path" "Cargo.toml" "--no-deps", kill_on_drop: false }`
[INFO] removed /workspace/builds/worker-6-tc2/source/rust-toolchain
[INFO] started tweaking crates.io crate rust-lcm-codec 0.2.1
[INFO] finished tweaking crates.io crate rust-lcm-codec 0.2.1
[INFO] tweaked toml for crates.io crate rust-lcm-codec 0.2.1 written to /workspace/builds/worker-6-tc2/source/Cargo.toml
[INFO] running `Command { std: CARGO_HOME="/workspace/cargo-home" RUSTUP_HOME="/workspace/rustup-home" "/workspace/cargo-home/bin/cargo" "+beta-2023-12-22" "generate-lockfile" "--manifest-path" "Cargo.toml", kill_on_drop: false }`
[INFO] running `Command { std: CARGO_HOME="/workspace/cargo-home" RUSTUP_HOME="/workspace/rustup-home" "/workspace/cargo-home/bin/cargo" "+beta-2023-12-22" "fetch" "--manifest-path" "Cargo.toml", kill_on_drop: false }`
[INFO] running `Command { std: "docker" "create" "-v" "/var/lib/crater-agent-workspace/builds/worker-6-tc2/target:/opt/rustwide/target:rw,Z" "-v" "/var/lib/crater-agent-workspace/builds/worker-6-tc2/source:/opt/rustwide/workdir:ro,Z" "-v" "/var/lib/crater-agent-workspace/cargo-home:/opt/rustwide/cargo-home:ro,Z" "-v" "/var/lib/crater-agent-workspace/rustup-home:/opt/rustwide/rustup-home:ro,Z" "-e" "SOURCE_DIR=/opt/rustwide/workdir" "-e" "CARGO_TARGET_DIR=/opt/rustwide/target" "-e" "CARGO_HOME=/opt/rustwide/cargo-home" "-e" "RUSTUP_HOME=/opt/rustwide/rustup-home" "-w" "/opt/rustwide/workdir" "-m" "1610612736" "--user" "0:0" "--network" "none" "ghcr.io/rust-lang/crates-build-env/linux@sha256:2788e3201cd34a07e3172128adcd8b3090168a8e3bcc40d7c032b9dda1df7d1c" "/opt/rustwide/cargo-home/bin/cargo" "+beta-2023-12-22" "metadata" "--no-deps" "--format-version=1", kill_on_drop: false }`
[INFO] [stdout] bfe78fb92b80651f407ac280e9f4f7e87126d0e23df045f259928180da842ef9
[INFO] running `Command { std: "docker" "start" "-a" "bfe78fb92b80651f407ac280e9f4f7e87126d0e23df045f259928180da842ef9", kill_on_drop: false }`
[INFO] running `Command { std: "docker" "inspect" "bfe78fb92b80651f407ac280e9f4f7e87126d0e23df045f259928180da842ef9", kill_on_drop: false }`
[INFO] running `Command { std: "docker" "rm" "-f" "bfe78fb92b80651f407ac280e9f4f7e87126d0e23df045f259928180da842ef9", kill_on_drop: false }`
[INFO] [stdout] bfe78fb92b80651f407ac280e9f4f7e87126d0e23df045f259928180da842ef9
[INFO] running `Command { std: "docker" "create" "-v" "/var/lib/crater-agent-workspace/builds/worker-6-tc2/target:/opt/rustwide/target:rw,Z" "-v" "/var/lib/crater-agent-workspace/builds/worker-6-tc2/source:/opt/rustwide/workdir:ro,Z" "-v" "/var/lib/crater-agent-workspace/cargo-home:/opt/rustwide/cargo-home:ro,Z" "-v" "/var/lib/crater-agent-workspace/rustup-home:/opt/rustwide/rustup-home:ro,Z" "-e" "SOURCE_DIR=/opt/rustwide/workdir" "-e" "CARGO_TARGET_DIR=/opt/rustwide/target" "-e" "CARGO_INCREMENTAL=0" "-e" "RUST_BACKTRACE=full" "-e" "RUSTFLAGS=--cap-lints=warn" "-e" "RUSTDOCFLAGS=--cap-lints=warn" "-e" "CARGO_HOME=/opt/rustwide/cargo-home" "-e" "RUSTUP_HOME=/opt/rustwide/rustup-home" "-w" "/opt/rustwide/workdir" "-m" "1610612736" "--user" "0:0" "--network" "none" "ghcr.io/rust-lang/crates-build-env/linux@sha256:2788e3201cd34a07e3172128adcd8b3090168a8e3bcc40d7c032b9dda1df7d1c" "/opt/rustwide/cargo-home/bin/cargo" "+beta-2023-12-22" "build" "--frozen" "--message-format=json", kill_on_drop: false }`
[INFO] [stdout] 4d7f6c7cd08541021c75a721c5ff0624c3d2b189e68eaa3942cc095050abcf26
[INFO] running `Command { std: "docker" "start" "-a" "4d7f6c7cd08541021c75a721c5ff0624c3d2b189e68eaa3942cc095050abcf26", kill_on_drop: false }`
[INFO] [stderr]    Compiling rust-lcm-codec v0.2.1 (/opt/rustwide/workdir)
[INFO] [stderr]     Finished dev [unoptimized + debuginfo] target(s) in 0.07s
[INFO] running `Command { std: "docker" "inspect" "4d7f6c7cd08541021c75a721c5ff0624c3d2b189e68eaa3942cc095050abcf26", kill_on_drop: false }`
[INFO] running `Command { std: "docker" "rm" "-f" "4d7f6c7cd08541021c75a721c5ff0624c3d2b189e68eaa3942cc095050abcf26", kill_on_drop: false }`
[INFO] [stdout] 4d7f6c7cd08541021c75a721c5ff0624c3d2b189e68eaa3942cc095050abcf26
[INFO] running `Command { std: "docker" "create" "-v" "/var/lib/crater-agent-workspace/builds/worker-6-tc2/target:/opt/rustwide/target:rw,Z" "-v" "/var/lib/crater-agent-workspace/builds/worker-6-tc2/source:/opt/rustwide/workdir:ro,Z" "-v" "/var/lib/crater-agent-workspace/cargo-home:/opt/rustwide/cargo-home:ro,Z" "-v" "/var/lib/crater-agent-workspace/rustup-home:/opt/rustwide/rustup-home:ro,Z" "-e" "SOURCE_DIR=/opt/rustwide/workdir" "-e" "CARGO_TARGET_DIR=/opt/rustwide/target" "-e" "CARGO_INCREMENTAL=0" "-e" "RUST_BACKTRACE=full" "-e" "RUSTFLAGS=--cap-lints=warn" "-e" "RUSTDOCFLAGS=--cap-lints=warn" "-e" "CARGO_HOME=/opt/rustwide/cargo-home" "-e" "RUSTUP_HOME=/opt/rustwide/rustup-home" "-w" "/opt/rustwide/workdir" "-m" "1610612736" "--user" "0:0" "--network" "none" "ghcr.io/rust-lang/crates-build-env/linux@sha256:2788e3201cd34a07e3172128adcd8b3090168a8e3bcc40d7c032b9dda1df7d1c" "/opt/rustwide/cargo-home/bin/cargo" "+beta-2023-12-22" "test" "--frozen" "--no-run" "--message-format=json", kill_on_drop: false }`
[INFO] [stdout] c74ffdbeb2e15b54b46b58edd8437143e23bbff6951fdd886ed1fc501c2e8638
[INFO] running `Command { std: "docker" "start" "-a" "c74ffdbeb2e15b54b46b58edd8437143e23bbff6951fdd886ed1fc501c2e8638", kill_on_drop: false }`
[INFO] [stderr]    Compiling rust-lcm-codec v0.2.1 (/opt/rustwide/workdir)
[INFO] [stdout] error[E0463]: can't find crate for `generated`
[INFO] [stdout]  --> tests/single_dimension_list.rs:1:1
[INFO] [stdout]   |
[INFO] [stdout] 1 | extern crate generated;
[INFO] [stdout]   | ^^^^^^^^^^^^^^^^^^^^^^^ can't find crate
[INFO] [stdout] 
[INFO] [stdout] 
[INFO] [stdout] error[E0463]: can't find crate for `generated`
[INFO] [stdout]  --> tests/nested.rs:1:1
[INFO] [stdout]   |
[INFO] [stdout] 1 | extern crate generated;
[INFO] [stdout]   | ^^^^^^^^^^^^^^^^^^^^^^^ can't find crate
[INFO] [stdout] 
[INFO] [stdout] 
[INFO] [stdout] error[E0463]: can't find crate for `generated`
[INFO] [stdout]  --> tests/primitives.rs:1:1
[INFO] [stdout]   |
[INFO] [stdout] 1 | extern crate generated;
[INFO] [stdout]   | ^^^^^^^^^^^^^^^^^^^^^^^ can't find crate
[INFO] [stdout] 
[INFO] [stdout] 
[INFO] [stdout] error[E0463]: can't find crate for `generated`
[INFO] [stdout]  --> tests/nested_list.rs:1:1
[INFO] [stdout]   |
[INFO] [stdout] 1 | extern crate generated;
[INFO] [stdout]   | ^^^^^^^^^^^^^^^^^^^^^^^ can't find crate
[INFO] [stdout] 
[INFO] [stdout] 
[INFO] [stdout] error[E0463]: can't find crate for `generated`
[INFO] [stdout]  --> tests/sliceable_list.rs:1:1
[INFO] [stdout]   |
[INFO] [stdout] 1 | extern crate generated;
[INFO] [stdout]   | ^^^^^^^^^^^^^^^^^^^^^^^ can't find crate
[INFO] [stdout] 
[INFO] [stdout] 
[INFO] [stdout] error[E0282]: type annotations needed
[INFO] [stdout]   --> tests/single_dimension_list.rs:30:55
[INFO] [stdout]    |
[INFO] [stdout] 30 |     for (item_reader, point_destination) in (&mut pr).zip(point_storage.iter_mut()) {
[INFO] [stdout]    |                                                       ^^^ cannot infer type
[INFO] [stdout] 
[INFO] [stdout] 
[INFO] [stdout] error[E0282]: type annotations needed
[INFO] [stdout]   --> tests/sliceable_list.rs:26:55
[INFO] [stdout]    |
[INFO] [stdout] 26 |     for (item_reader, point_destination) in (&mut pr).zip(point_storage.iter_mut()) {
[INFO] [stdout]    |                                                       ^^^ cannot infer type
[INFO] [stdout] 
[INFO] [stdout] 
[INFO] [stdout] error: aborting due to 1 previous error
[INFO] [stdout] 
[INFO] [stdout] 
[INFO] [stdout] error: aborting due to 1 previous error
[INFO] [stdout] 
[INFO] [stdout] 
[INFO] [stdout] For more information about this error, try `rustc --explain E0463`.
[INFO] [stdout] 
[INFO] [stdout] For more information about this error, try `rustc --explain E0463`.
[INFO] [stdout] 
[INFO] [stdout] error: aborting due to 1 previous error
[INFO] [stdout] 
[INFO] [stdout] 
[INFO] [stdout] For more information about this error, try `rustc --explain E0463`.
[INFO] [stdout] 
[INFO] [stderr] error: could not compile `rust-lcm-codec` (test "nested") due to 2 previous errors
[INFO] [stdout] error[E0282]: type annotations needed
[INFO] [stdout]   --> tests/sliceable_list.rs:58:55
[INFO] [stdout]    |
[INFO] [stdout] 58 |     for (item_reader, point_destination) in (&mut pr).zip(point_storage.iter_mut()) {
[INFO] [stdout]    |                                                       ^^^ cannot infer type
[INFO] [stdout] 
[INFO] [stdout] 
[INFO] [stderr] warning: build failed, waiting for other jobs to finish...
[INFO] [stderr] error: could not compile `rust-lcm-codec` (test "primitives") due to 2 previous errors
[INFO] [stderr] error: could not compile `rust-lcm-codec` (test "nested_list") due to 2 previous errors
[INFO] [stdout] error[E0282]: type annotations needed
[INFO] [stdout]   --> tests/sliceable_list.rs:87:55
[INFO] [stdout]    |
[INFO] [stdout] 87 |     for (item_reader, point_destination) in (&mut pr).zip(point_storage.iter_mut()) {
[INFO] [stdout]    |                                                       ^^^ cannot infer type
[INFO] [stdout] 
[INFO] [stdout] 
[INFO] [stdout] error: aborting due to 2 previous errors
[INFO] [stdout] 
[INFO] [stdout] 
[INFO] [stdout] Some errors have detailed explanations: E0282, E0463.
[INFO] [stdout] 
[INFO] [stdout] For more information about an error, try `rustc --explain E0282`.
[INFO] [stdout] 
[INFO] [stdout] error[E0282]: type annotations needed
[INFO] [stdout]    --> tests/sliceable_list.rs:115:55
[INFO] [stdout]     |
[INFO] [stdout] 115 |     for (item_reader, point_destination) in (&mut pr).zip(point_storage.iter_mut()) {
[INFO] [stdout]     |                                                       ^^^ cannot infer type
[INFO] [stdout] 
[INFO] [stdout] 
[INFO] [stderr] error: could not compile `rust-lcm-codec` (test "single_dimension_list") due to 3 previous errors
[INFO] [stdout] error[E0282]: type annotations needed
[INFO] [stdout]    --> tests/sliceable_list.rs:169:63
[INFO] [stdout]     |
[INFO] [stdout] 169 |     for (bytes_item_reader, storage_destination) in (&mut pr).zip(point_storage.iter_mut()) {
[INFO] [stdout]     |                                                               ^^^ cannot infer type
[INFO] [stdout] 
[INFO] [stdout] 
[INFO] [stdout] error[E0282]: type annotations needed
[INFO] [stdout]    --> tests/sliceable_list.rs:200:63
[INFO] [stdout]     |
[INFO] [stdout] 200 |     for (bytes_item_reader, storage_destination) in (&mut pr).zip(point_storage.iter_mut()).take(3)
[INFO] [stdout]     |                                                               ^^^ cannot infer type
[INFO] [stdout] 
[INFO] [stdout] 
[INFO] [stdout] error: aborting due to 7 previous errors
[INFO] [stdout] 
[INFO] [stdout] 
[INFO] [stdout] Some errors have detailed explanations: E0282, E0463.
[INFO] [stdout] 
[INFO] [stdout] For more information about an error, try `rustc --explain E0282`.
[INFO] [stdout] 
[INFO] [stderr] error: could not compile `rust-lcm-codec` (test "sliceable_list") due to 8 previous errors
[INFO] running `Command { std: "docker" "inspect" "c74ffdbeb2e15b54b46b58edd8437143e23bbff6951fdd886ed1fc501c2e8638", kill_on_drop: false }`
[INFO] running `Command { std: "docker" "rm" "-f" "c74ffdbeb2e15b54b46b58edd8437143e23bbff6951fdd886ed1fc501c2e8638", kill_on_drop: false }`
[INFO] [stdout] c74ffdbeb2e15b54b46b58edd8437143e23bbff6951fdd886ed1fc501c2e8638
