[INFO] fetching crate rusqlcipher 0.14.9...
[INFO] testing rusqlcipher-0.14.9 against 1.75.0 for beta-1.76-1
[INFO] extracting crate rusqlcipher 0.14.9 into /workspace/builds/worker-4-tc1/source
[INFO] validating manifest of crates.io crate rusqlcipher 0.14.9 on toolchain 1.75.0
[INFO] running `Command { std: CARGO_HOME="/workspace/cargo-home" RUSTUP_HOME="/workspace/rustup-home" "/workspace/cargo-home/bin/cargo" "+1.75.0" "metadata" "--manifest-path" "Cargo.toml" "--no-deps", kill_on_drop: false }`
[INFO] started tweaking crates.io crate rusqlcipher 0.14.9
[INFO] removed 0 missing tests
[INFO] finished tweaking crates.io crate rusqlcipher 0.14.9
[INFO] tweaked toml for crates.io crate rusqlcipher 0.14.9 written to /workspace/builds/worker-4-tc1/source/Cargo.toml
[INFO] running `Command { std: CARGO_HOME="/workspace/cargo-home" RUSTUP_HOME="/workspace/rustup-home" "/workspace/cargo-home/bin/cargo" "+1.75.0" "generate-lockfile" "--manifest-path" "Cargo.toml", kill_on_drop: false }`
[INFO] [stderr]     Blocking waiting for file lock on package cache
[INFO] [stderr]     Updating crates.io index
[INFO] running `Command { std: CARGO_HOME="/workspace/cargo-home" RUSTUP_HOME="/workspace/rustup-home" "/workspace/cargo-home/bin/cargo" "+1.75.0" "fetch" "--manifest-path" "Cargo.toml", kill_on_drop: false }`
[INFO] [stderr]  Downloading crates ...
[INFO] [stderr]   Downloaded clang-sys v0.22.0
[INFO] [stderr]   Downloaded bindgen v0.36.1
[INFO] [stderr]   Downloaded libsqlcipher-sys v0.9.0
[INFO] running `Command { std: "docker" "create" "-v" "/var/lib/crater-agent-workspace/builds/worker-4-tc1/target:/opt/rustwide/target:rw,Z" "-v" "/var/lib/crater-agent-workspace/builds/worker-4-tc1/source:/opt/rustwide/workdir:ro,Z" "-v" "/var/lib/crater-agent-workspace/cargo-home:/opt/rustwide/cargo-home:ro,Z" "-v" "/var/lib/crater-agent-workspace/rustup-home:/opt/rustwide/rustup-home:ro,Z" "-e" "SOURCE_DIR=/opt/rustwide/workdir" "-e" "CARGO_TARGET_DIR=/opt/rustwide/target" "-e" "CARGO_HOME=/opt/rustwide/cargo-home" "-e" "RUSTUP_HOME=/opt/rustwide/rustup-home" "-w" "/opt/rustwide/workdir" "-m" "1610612736" "--user" "0:0" "--network" "none" "ghcr.io/rust-lang/crates-build-env/linux@sha256:2788e3201cd34a07e3172128adcd8b3090168a8e3bcc40d7c032b9dda1df7d1c" "/opt/rustwide/cargo-home/bin/cargo" "+1.75.0" "metadata" "--no-deps" "--format-version=1", kill_on_drop: false }`
[INFO] [stdout] 14e109beae752e0c26e3ff460d337c421e19dec9bcdd02bbc64f8bef9b6d3d2d
[INFO] running `Command { std: "docker" "start" "-a" "14e109beae752e0c26e3ff460d337c421e19dec9bcdd02bbc64f8bef9b6d3d2d", kill_on_drop: false }`
[INFO] running `Command { std: "docker" "inspect" "14e109beae752e0c26e3ff460d337c421e19dec9bcdd02bbc64f8bef9b6d3d2d", kill_on_drop: false }`
[INFO] running `Command { std: "docker" "rm" "-f" "14e109beae752e0c26e3ff460d337c421e19dec9bcdd02bbc64f8bef9b6d3d2d", kill_on_drop: false }`
[INFO] [stdout] 14e109beae752e0c26e3ff460d337c421e19dec9bcdd02bbc64f8bef9b6d3d2d
[INFO] running `Command { std: "docker" "create" "-v" "/var/lib/crater-agent-workspace/builds/worker-4-tc1/target:/opt/rustwide/target:rw,Z" "-v" "/var/lib/crater-agent-workspace/builds/worker-4-tc1/source:/opt/rustwide/workdir:ro,Z" "-v" "/var/lib/crater-agent-workspace/cargo-home:/opt/rustwide/cargo-home:ro,Z" "-v" "/var/lib/crater-agent-workspace/rustup-home:/opt/rustwide/rustup-home:ro,Z" "-e" "SOURCE_DIR=/opt/rustwide/workdir" "-e" "CARGO_TARGET_DIR=/opt/rustwide/target" "-e" "CARGO_INCREMENTAL=0" "-e" "RUST_BACKTRACE=full" "-e" "RUSTFLAGS=--cap-lints=warn" "-e" "RUSTDOCFLAGS=--cap-lints=warn" "-e" "CARGO_HOME=/opt/rustwide/cargo-home" "-e" "RUSTUP_HOME=/opt/rustwide/rustup-home" "-w" "/opt/rustwide/workdir" "-m" "1610612736" "--user" "0:0" "--network" "none" "ghcr.io/rust-lang/crates-build-env/linux@sha256:2788e3201cd34a07e3172128adcd8b3090168a8e3bcc40d7c032b9dda1df7d1c" "/opt/rustwide/cargo-home/bin/cargo" "+1.75.0" "build" "--frozen" "--message-format=json", kill_on_drop: false }`
[INFO] [stdout] c4ca2037e3f247f525d9229a6c7e2c6b27d666ccb2cb16e2e46f3e39d221f1ca
[INFO] running `Command { std: "docker" "start" "-a" "c4ca2037e3f247f525d9229a6c7e2c6b27d666ccb2cb16e2e46f3e39d221f1ca", kill_on_drop: false }`
[INFO] [stderr]    Compiling libc v0.2.151
[INFO] [stderr]    Compiling pkg-config v0.3.28
[INFO] [stderr]    Compiling linked-hash-map v0.5.6
[INFO] [stderr]    Compiling bitflags v1.3.2
[INFO] [stderr]    Compiling lru-cache v0.1.2
[INFO] [stderr]    Compiling libsqlcipher-sys v0.9.0
[INFO] [stderr]    Compiling time v0.1.45
[INFO] [stderr]    Compiling rusqlcipher v0.14.9 (/opt/rustwide/workdir)
[INFO] [stdout] warning: use of deprecated macro `try`: use the `?` operator instead
[INFO] [stdout]    --> src/row.rs:178:19
[INFO] [stdout]     |
[INFO] [stdout] 178 |         let idx = try!(idx.idx(self.stmt));
[INFO] [stdout]     |                   ^^^
[INFO] [stdout]     |
[INFO] [stdout]     = note: `#[warn(deprecated)]` on by default
[INFO] [stdout] 
[INFO] [stdout] 
[INFO] [stdout] warning: use of deprecated macro `try`: use the `?` operator instead
[INFO] [stdout]   --> src/statement.rs:79:9
[INFO] [stdout]    |
[INFO] [stdout] 79 |         try!(self.bind_parameters(params));
[INFO] [stdout]    |         ^^^
[INFO] [stdout] 
[INFO] [stdout] 
[INFO] [stdout] warning: use of deprecated macro `try`: use the `?` operator instead
[INFO] [stdout]    --> src/statement.rs:106:9
[INFO] [stdout]     |
[INFO] [stdout] 106 |         try!(self.bind_parameters_named(params));
[INFO] [stdout]     |         ^^^
[INFO] [stdout] 
[INFO] [stdout] 
[INFO] [stdout] warning: use of deprecated macro `try`: use the `?` operator instead
[INFO] [stdout]    --> src/statement.rs:123:23
[INFO] [stdout]     |
[INFO] [stdout] 123 |         let changes = try!(self.execute(params));
[INFO] [stdout]     |                       ^^^
[INFO] [stdout] 
[INFO] [stdout] 
[INFO] [stdout] warning: use of deprecated macro `try`: use the `?` operator instead
[INFO] [stdout]    --> src/statement.rs:158:9
[INFO] [stdout]     |
[INFO] [stdout] 158 |         try!(self.bind_parameters(params));
[INFO] [stdout]     |         ^^^
[INFO] [stdout] 
[INFO] [stdout] 
[INFO] [stdout] warning: use of deprecated macro `try`: use the `?` operator instead
[INFO] [stdout]    --> src/statement.rs:185:9
[INFO] [stdout]     |
[INFO] [stdout] 185 |         try!(self.bind_parameters_named(params));
[INFO] [stdout]     |         ^^^
[INFO] [stdout] 
[INFO] [stdout] 
[INFO] [stdout] warning: use of deprecated macro `try`: use the `?` operator instead
[INFO] [stdout]    --> src/statement.rs:322:24
[INFO] [stdout]     |
[INFO] [stdout] 322 |         let mut rows = try!(self.query(params));
[INFO] [stdout]     |                        ^^^
[INFO] [stdout] 
[INFO] [stdout] 
[INFO] [stdout] warning: use of deprecated macro `try`: use the `?` operator instead
[INFO] [stdout]    --> src/statement.rs:342:24
[INFO] [stdout]     |
[INFO] [stdout] 342 |         let mut rows = try!(self.query(params));
[INFO] [stdout]     |                        ^^^
[INFO] [stdout] 
[INFO] [stdout] 
[INFO] [stdout] warning: use of deprecated macro `try`: use the `?` operator instead
[INFO] [stdout]    --> src/statement.rs:366:22
[INFO] [stdout]     |
[INFO] [stdout] 366 |         let c_name = try!(str_to_cstring(name));
[INFO] [stdout]     |                      ^^^
[INFO] [stdout] 
[INFO] [stdout] 
[INFO] [stdout] warning: use of deprecated macro `try`: use the `?` operator instead
[INFO] [stdout]    --> src/statement.rs:377:13
[INFO] [stdout]     |
[INFO] [stdout] 377 |             try!(self.bind_parameter(*p, (i + 1) as c_int));
[INFO] [stdout]     |             ^^^
[INFO] [stdout] 
[INFO] [stdout] 
[INFO] [stdout] warning: use of deprecated macro `try`: use the `?` operator instead
[INFO] [stdout]    --> src/statement.rs:386:17
[INFO] [stdout]     |
[INFO] [stdout] 386 |                 try!(self.bind_parameter(value, i));
[INFO] [stdout]     |                 ^^^
[INFO] [stdout] 
[INFO] [stdout] 
[INFO] [stdout] warning: use of deprecated macro `try`: use the `?` operator instead
[INFO] [stdout]    --> src/statement.rs:385:30
[INFO] [stdout]     |
[INFO] [stdout] 385 |             if let Some(i) = try!(self.parameter_index(name)) {
[INFO] [stdout]     |                              ^^^
[INFO] [stdout] 
[INFO] [stdout] 
[INFO] [stdout] warning: use of deprecated macro `try`: use the `?` operator instead
[INFO] [stdout]    --> src/statement.rs:395:21
[INFO] [stdout]     |
[INFO] [stdout] 395 |         let value = try!(param.to_sql());
[INFO] [stdout]     |                     ^^^
[INFO] [stdout] 
[INFO] [stdout] 
[INFO] [stdout] warning: use of deprecated macro `try`: use the `?` operator instead
[INFO] [stdout]    --> src/statement.rs:422:33
[INFO] [stdout]     |
[INFO] [stdout] 422 |                     let c_str = try!(str_to_cstring(s));
[INFO] [stdout]     |                                 ^^^
[INFO] [stdout] 
[INFO] [stdout] 
[INFO] [stdout] warning: use of deprecated macro `try`: use the `?` operator instead
[INFO] [stdout]    --> src/lib.rs:145:8
[INFO] [stdout]     |
[INFO] [stdout] 145 |     Ok(try!(CString::new(s)))
[INFO] [stdout]     |        ^^^
[INFO] [stdout] 
[INFO] [stdout] 
[INFO] [stdout] warning: use of deprecated macro `try`: use the `?` operator instead
[INFO] [stdout]    --> src/lib.rs:149:13
[INFO] [stdout]     |
[INFO] [stdout] 149 |     let s = try!(p.to_str().ok_or_else(|| Error::InvalidPath(p.to_owned())));
[INFO] [stdout]     |             ^^^
[INFO] [stdout] 
[INFO] [stdout] 
[INFO] [stdout] warning: use of deprecated macro `try`: use the `?` operator instead
[INFO] [stdout]    --> src/lib.rs:233:22
[INFO] [stdout]     |
[INFO] [stdout] 233 |         let c_path = try!(path_to_cstring(path.as_ref()));
[INFO] [stdout]     |                      ^^^
[INFO] [stdout] 
[INFO] [stdout] 
[INFO] [stdout] warning: use of deprecated macro `try`: use the `?` operator instead
[INFO] [stdout]    --> src/lib.rs:252:24
[INFO] [stdout]     |
[INFO] [stdout] 252 |         let c_memory = try!(str_to_cstring(":memory:"));
[INFO] [stdout]     |                        ^^^
[INFO] [stdout] 
[INFO] [stdout] 
[INFO] [stdout] warning: use of deprecated macro `try`: use the `?` operator instead
[INFO] [stdout]    --> src/lib.rs:365:24
[INFO] [stdout]     |
[INFO] [stdout] 365 |         let mut stmt = try!(self.prepare(sql));
[INFO] [stdout]     |                        ^^^
[INFO] [stdout] 
[INFO] [stdout] 
[INFO] [stdout] warning: use of deprecated macro `try`: use the `?` operator instead
[INFO] [stdout]    --> src/lib.rs:381:24
[INFO] [stdout]     |
[INFO] [stdout] 381 |         let mut stmt = try!(self.prepare(sql));
[INFO] [stdout]     |                        ^^^
[INFO] [stdout] 
[INFO] [stdout] 
[INFO] [stdout] warning: use of deprecated macro `try`: use the `?` operator instead
[INFO] [stdout]    --> src/lib.rs:382:24
[INFO] [stdout]     |
[INFO] [stdout] 382 |         let mut rows = try!(stmt.query_named(params));
[INFO] [stdout]     |                        ^^^
[INFO] [stdout] 
[INFO] [stdout] 
[INFO] [stdout] warning: use of deprecated macro `try`: use the `?` operator instead
[INFO] [stdout]    --> src/lib.rs:418:24
[INFO] [stdout]     |
[INFO] [stdout] 418 |         let mut stmt = try!(self.prepare(sql));
[INFO] [stdout]     |                        ^^^
[INFO] [stdout] 
[INFO] [stdout] 
[INFO] [stdout] warning: use of deprecated macro `try`: use the `?` operator instead
[INFO] [stdout]    --> src/lib.rs:419:24
[INFO] [stdout]     |
[INFO] [stdout] 419 |         let mut rows = try!(stmt.query(params));
[INFO] [stdout]     |                        ^^^
[INFO] [stdout] 
[INFO] [stdout] 
[INFO] [stdout] warning: use of deprecated macro `try`: use the `?` operator instead
[INFO] [stdout]    --> src/lib.rs:814:21
[INFO] [stdout]     |
[INFO] [stdout] 814 |         let c_sql = try!(str_to_cstring(sql));
[INFO] [stdout]     |                     ^^^
[INFO] [stdout] 
[INFO] [stdout] 
[INFO] [stdout] warning: use of deprecated macro `try`: use the `?` operator instead
[INFO] [stdout]    --> src/lib.rs:864:21
[INFO] [stdout]     |
[INFO] [stdout] 864 |         let c_sql = try!(str_to_cstring(sql));
[INFO] [stdout]     |                     ^^^
[INFO] [stdout] 
[INFO] [stdout] 
[INFO] [stdout] warning: use of deprecated constant `std::sync::ONCE_INIT`: the `new` function is now preferred
[INFO] [stdout]   --> src/lib.rs:73:23
[INFO] [stdout]    |
[INFO] [stdout] 73 | use std::sync::{Once, ONCE_INIT};
[INFO] [stdout]    |                       ^^^^^^^^^
[INFO] [stdout] 
[INFO] [stdout] 
[INFO] [stdout] warning: use of deprecated constant `std::sync::atomic::ATOMIC_BOOL_INIT`: the `new` function is now preferred
[INFO] [stdout]   --> src/lib.rs:74:37
[INFO] [stdout]    |
[INFO] [stdout] 74 | use std::sync::atomic::{AtomicBool, ATOMIC_BOOL_INIT, Ordering};
[INFO] [stdout]    |                                     ^^^^^^^^^^^^^^^^
[INFO] [stdout] 
[INFO] [stdout] 
[INFO] [stdout] warning: use of deprecated constant `std::sync::ONCE_INIT`: the `new` function is now preferred
[INFO] [stdout]    --> src/lib.rs:617:28
[INFO] [stdout]     |
[INFO] [stdout] 617 | static SQLITE_INIT: Once = ONCE_INIT;
[INFO] [stdout]     |                            ^^^^^^^^^
[INFO] [stdout]     |
[INFO] [stdout] help: replace the use of the deprecated constant
[INFO] [stdout]     |
[INFO] [stdout] 617 | static SQLITE_INIT: Once = Once::new();
[INFO] [stdout]     |                            ~~~~~~~~~~~
[INFO] [stdout] 
[INFO] [stdout] 
[INFO] [stdout] warning: use of deprecated constant `std::sync::ONCE_INIT`: the `new` function is now preferred
[INFO] [stdout]    --> src/lib.rs:618:37
[INFO] [stdout]     |
[INFO] [stdout] 618 | static SQLITE_VERSION_CHECK: Once = ONCE_INIT;
[INFO] [stdout]     |                                     ^^^^^^^^^
[INFO] [stdout]     |
[INFO] [stdout] help: replace the use of the deprecated constant
[INFO] [stdout]     |
[INFO] [stdout] 618 | static SQLITE_VERSION_CHECK: Once = Once::new();
[INFO] [stdout]     |                                     ~~~~~~~~~~~
[INFO] [stdout] 
[INFO] [stdout] 
[INFO] [stdout] warning: use of deprecated constant `std::sync::atomic::ATOMIC_BOOL_INIT`: the `new` function is now preferred
[INFO] [stdout]    --> src/lib.rs:619:41
[INFO] [stdout]     |
[INFO] [stdout] 619 | static BYPASS_SQLITE_INIT: AtomicBool = ATOMIC_BOOL_INIT;
[INFO] [stdout]     |                                         ^^^^^^^^^^^^^^^^
[INFO] [stdout]     |
[INFO] [stdout] help: replace the use of the deprecated constant
[INFO] [stdout]     |
[INFO] [stdout] 619 | static BYPASS_SQLITE_INIT: AtomicBool = AtomicBool::new(false);
[INFO] [stdout]     |                                         ~~~~~~~~~~~~~~~~~~~~~~
[INFO] [stdout] 
[INFO] [stdout] 
[INFO] [stdout] warning: use of deprecated constant `std::sync::atomic::ATOMIC_BOOL_INIT`: the `new` function is now preferred
[INFO] [stdout]    --> src/lib.rs:620:43
[INFO] [stdout]     |
[INFO] [stdout] 620 | static BYPASS_VERSION_CHECK: AtomicBool = ATOMIC_BOOL_INIT;
[INFO] [stdout]     |                                           ^^^^^^^^^^^^^^^^
[INFO] [stdout]     |
[INFO] [stdout] help: replace the use of the deprecated constant
[INFO] [stdout]     |
[INFO] [stdout] 620 | static BYPASS_VERSION_CHECK: AtomicBool = AtomicBool::new(false);
[INFO] [stdout]     |                                           ~~~~~~~~~~~~~~~~~~~~~~
[INFO] [stdout] 
[INFO] [stdout] 
[INFO] [stdout] warning: use of deprecated function `std::mem::uninitialized`: use `mem::MaybeUninit` instead
[INFO] [stdout]    --> src/lib.rs:759:50
[INFO] [stdout]     |
[INFO] [stdout] 759 |             let mut db: *mut ffi::sqlite3 = mem::uninitialized();
[INFO] [stdout]     |                                                  ^^^^^^^^^^^^^
[INFO] [stdout] 
[INFO] [stdout] 
[INFO] [stdout] warning: use of deprecated function `std::mem::uninitialized`: use `mem::MaybeUninit` instead
[INFO] [stdout]    --> src/lib.rs:863:64
[INFO] [stdout]     |
[INFO] [stdout] 863 |         let mut c_stmt: *mut ffi::sqlite3_stmt = unsafe { mem::uninitialized() };
[INFO] [stdout]     |                                                                ^^^^^^^^^^^^^
[INFO] [stdout] 
[INFO] [stdout] 
[INFO] [stdout] warning: trait objects without an explicit `dyn` are deprecated
[INFO] [stdout]   --> src/types/from_sql.rs:16:15
[INFO] [stdout]    |
[INFO] [stdout] 16 |     Other(Box<Error + Send + Sync>),
[INFO] [stdout]    |               ^^^^^^^^^^^^^^^^^^^
[INFO] [stdout]    |
[INFO] [stdout]    = warning: this is accepted in the current edition (Rust 2015) but is a hard error in Rust 2021!
[INFO] [stdout]    = note: for more information, see <https://doc.rust-lang.org/nightly/edition-guide/rust-2021/warnings-promoted-to-error.html>
[INFO] [stdout]    = note: `#[warn(bare_trait_objects)]` on by default
[INFO] [stdout] help: use `dyn`
[INFO] [stdout]    |
[INFO] [stdout] 16 |     Other(Box<dyn Error + Send + Sync>),
[INFO] [stdout]    |               +++
[INFO] [stdout] 
[INFO] [stdout] 
[INFO] [stdout] warning: trait objects without an explicit `dyn` are deprecated
[INFO] [stdout]   --> src/error.rs:26:47
[INFO] [stdout]    |
[INFO] [stdout] 26 |     FromSqlConversionFailure(usize, Type, Box<error::Error + Send + Sync>),
[INFO] [stdout]    |                                               ^^^^^^^^^^^^^^^^^^^^^^^^^^
[INFO] [stdout]    |
[INFO] [stdout]    = warning: this is accepted in the current edition (Rust 2015) but is a hard error in Rust 2021!
[INFO] [stdout]    = note: for more information, see <https://doc.rust-lang.org/nightly/edition-guide/rust-2021/warnings-promoted-to-error.html>
[INFO] [stdout] help: use `dyn`
[INFO] [stdout]    |
[INFO] [stdout] 26 |     FromSqlConversionFailure(usize, Type, Box<dyn error::Error + Send + Sync>),
[INFO] [stdout]    |                                               +++
[INFO] [stdout] 
[INFO] [stdout] 
[INFO] [stdout] warning: trait objects without an explicit `dyn` are deprecated
[INFO] [stdout]   --> src/error.rs:79:32
[INFO] [stdout]    |
[INFO] [stdout] 79 |     ToSqlConversionFailure(Box<error::Error + Send + Sync>),
[INFO] [stdout]    |                                ^^^^^^^^^^^^^^^^^^^^^^^^^^
[INFO] [stdout]    |
[INFO] [stdout]    = warning: this is accepted in the current edition (Rust 2015) but is a hard error in Rust 2021!
[INFO] [stdout]    = note: for more information, see <https://doc.rust-lang.org/nightly/edition-guide/rust-2021/warnings-promoted-to-error.html>
[INFO] [stdout] help: use `dyn`
[INFO] [stdout]    |
[INFO] [stdout] 79 |     ToSqlConversionFailure(Box<dyn error::Error + Send + Sync>),
[INFO] [stdout]    |                                +++
[INFO] [stdout] 
[INFO] [stdout] 
[INFO] [stdout] warning: trait objects without an explicit `dyn` are deprecated
[INFO] [stdout]    --> src/lib.rs:307:49
[INFO] [stdout]     |
[INFO] [stdout] 307 |     pub fn execute(&self, sql: &str, params: &[&ToSql]) -> Result<c_int> {
[INFO] [stdout]     |                                                 ^^^^^
[INFO] [stdout]     |
[INFO] [stdout]     = warning: this is accepted in the current edition (Rust 2015) but is a hard error in Rust 2021!
[INFO] [stdout]     = note: for more information, see <https://doc.rust-lang.org/nightly/edition-guide/rust-2021/warnings-promoted-to-error.html>
[INFO] [stdout] help: use `dyn`
[INFO] [stdout]     |
[INFO] [stdout] 307 |     pub fn execute(&self, sql: &str, params: &[&dyn ToSql]) -> Result<c_int> {
[INFO] [stdout]     |                                                 +++
[INFO] [stdout] 
[INFO] [stdout] 
[INFO] [stdout] warning: trait objects without an explicit `dyn` are deprecated
[INFO] [stdout]    --> src/lib.rs:330:62
[INFO] [stdout]     |
[INFO] [stdout] 330 |     pub fn execute_named(&self, sql: &str, params: &[(&str, &ToSql)]) -> Result<c_int> {
[INFO] [stdout]     |                                                              ^^^^^
[INFO] [stdout]     |
[INFO] [stdout]     = warning: this is accepted in the current edition (Rust 2015) but is a hard error in Rust 2021!
[INFO] [stdout]     = note: for more information, see <https://doc.rust-lang.org/nightly/edition-guide/rust-2021/warnings-promoted-to-error.html>
[INFO] [stdout] help: use `dyn`
[INFO] [stdout]     |
[INFO] [stdout] 330 |     pub fn execute_named(&self, sql: &str, params: &[(&str, &dyn ToSql)]) -> Result<c_int> {
[INFO] [stdout]     |                                                              +++
[INFO] [stdout] 
[INFO] [stdout] 
[INFO] [stdout] warning: trait objects without an explicit `dyn` are deprecated
[INFO] [stdout]    --> src/lib.rs:362:57
[INFO] [stdout]     |
[INFO] [stdout] 362 |     pub fn query_row<T, F>(&self, sql: &str, params: &[&ToSql], f: F) -> Result<T>
[INFO] [stdout]     |                                                         ^^^^^
[INFO] [stdout]     |
[INFO] [stdout]     = warning: this is accepted in the current edition (Rust 2015) but is a hard error in Rust 2021!
[INFO] [stdout]     = note: for more information, see <https://doc.rust-lang.org/nightly/edition-guide/rust-2021/warnings-promoted-to-error.html>
[INFO] [stdout] help: use `dyn`
[INFO] [stdout]     |
[INFO] [stdout] 362 |     pub fn query_row<T, F>(&self, sql: &str, params: &[&dyn ToSql], f: F) -> Result<T>
[INFO] [stdout]     |                                                         +++
[INFO] [stdout] 
[INFO] [stdout] 
[INFO] [stdout] warning: trait objects without an explicit `dyn` are deprecated
[INFO] [stdout]    --> src/lib.rs:378:70
[INFO] [stdout]     |
[INFO] [stdout] 378 |     pub fn query_row_named<T, F>(&self, sql: &str, params: &[(&str, &ToSql)], f: F) -> Result<T>
[INFO] [stdout]     |                                                                      ^^^^^
[INFO] [stdout]     |
[INFO] [stdout]     = warning: this is accepted in the current edition (Rust 2015) but is a hard error in Rust 2021!
[INFO] [stdout]     = note: for more information, see <https://doc.rust-lang.org/nightly/edition-guide/rust-2021/warnings-promoted-to-error.html>
[INFO] [stdout] help: use `dyn`
[INFO] [stdout]     |
[INFO] [stdout] 378 |     pub fn query_row_named<T, F>(&self, sql: &str, params: &[(&str, &dyn ToSql)], f: F) -> Result<T>
[INFO] [stdout]     |                                                                      +++
[INFO] [stdout] 
[INFO] [stdout] 
[INFO] [stdout] warning: trait objects without an explicit `dyn` are deprecated
[INFO] [stdout]    --> src/lib.rs:412:51
[INFO] [stdout]     |
[INFO] [stdout] 412 | ...                   params: &[&ToSql],
[INFO] [stdout]     |                                  ^^^^^
[INFO] [stdout]     |
[INFO] [stdout]     = warning: this is accepted in the current edition (Rust 2015) but is a hard error in Rust 2021!
[INFO] [stdout]     = note: for more information, see <https://doc.rust-lang.org/nightly/edition-guide/rust-2021/warnings-promoted-to-error.html>
[INFO] [stdout] help: use `dyn`
[INFO] [stdout]     |
[INFO] [stdout] 412 |                                        params: &[&dyn ToSql],
[INFO] [stdout]     |                                                   +++
[INFO] [stdout] 
[INFO] [stdout] 
[INFO] [stdout] warning: trait objects without an explicit `dyn` are deprecated
[INFO] [stdout]    --> src/lib.rs:446:62
[INFO] [stdout]     |
[INFO] [stdout] 446 |     pub fn query_row_safe<T, F>(&self, sql: &str, params: &[&ToSql], f: F) -> Result<T>
[INFO] [stdout]     |                                                              ^^^^^
[INFO] [stdout]     |
[INFO] [stdout]     = warning: this is accepted in the current edition (Rust 2015) but is a hard error in Rust 2021!
[INFO] [stdout]     = note: for more information, see <https://doc.rust-lang.org/nightly/edition-guide/rust-2021/warnings-promoted-to-error.html>
[INFO] [stdout] help: use `dyn`
[INFO] [stdout]     |
[INFO] [stdout] 446 |     pub fn query_row_safe<T, F>(&self, sql: &str, params: &[&dyn ToSql], f: F) -> Result<T>
[INFO] [stdout]     |                                                              +++
[INFO] [stdout] 
[INFO] [stdout] 
[INFO] [stdout] warning: trait objects without an explicit `dyn` are deprecated
[INFO] [stdout]   --> src/types/from_sql.rs:39:32
[INFO] [stdout]    |
[INFO] [stdout] 39 |     fn cause(&self) -> Option<&Error> {
[INFO] [stdout]    |                                ^^^^^
[INFO] [stdout]    |
[INFO] [stdout]    = warning: this is accepted in the current edition (Rust 2015) but is a hard error in Rust 2021!
[INFO] [stdout]    = note: for more information, see <https://doc.rust-lang.org/nightly/edition-guide/rust-2021/warnings-promoted-to-error.html>
[INFO] [stdout] help: use `dyn`
[INFO] [stdout]    |
[INFO] [stdout] 39 |     fn cause(&self) -> Option<&dyn Error> {
[INFO] [stdout]    |                                +++
[INFO] [stdout] 
[INFO] [stdout] 
[INFO] [stdout] warning: trait objects without an explicit `dyn` are deprecated
[INFO] [stdout]    --> src/error.rs:166:32
[INFO] [stdout]     |
[INFO] [stdout] 166 |     fn cause(&self) -> Option<&error::Error> {
[INFO] [stdout]     |                                ^^^^^^^^^^^^
[INFO] [stdout]     |
[INFO] [stdout]     = warning: this is accepted in the current edition (Rust 2015) but is a hard error in Rust 2021!
[INFO] [stdout]     = note: for more information, see <https://doc.rust-lang.org/nightly/edition-guide/rust-2021/warnings-promoted-to-error.html>
[INFO] [stdout] help: use `dyn`
[INFO] [stdout]     |
[INFO] [stdout] 166 |     fn cause(&self) -> Option<&dyn error::Error> {
[INFO] [stdout]     |                                +++
[INFO] [stdout] 
[INFO] [stdout] 
[INFO] [stdout] warning: trait objects without an explicit `dyn` are deprecated
[INFO] [stdout]   --> src/statement.rs:78:42
[INFO] [stdout]    |
[INFO] [stdout] 78 |     pub fn execute(&mut self, params: &[&ToSql]) -> Result<c_int> {
[INFO] [stdout]    |                                          ^^^^^
[INFO] [stdout]    |
[INFO] [stdout]    = warning: this is accepted in the current edition (Rust 2015) but is a hard error in Rust 2021!
[INFO] [stdout]    = note: for more information, see <https://doc.rust-lang.org/nightly/edition-guide/rust-2021/warnings-promoted-to-error.html>
[INFO] [stdout] help: use `dyn`
[INFO] [stdout]    |
[INFO] [stdout] 78 |     pub fn execute(&mut self, params: &[&dyn ToSql]) -> Result<c_int> {
[INFO] [stdout]    |                                          +++
[INFO] [stdout] 
[INFO] [stdout] 
[INFO] [stdout] warning: trait objects without an explicit `dyn` are deprecated
[INFO] [stdout]    --> src/statement.rs:105:55
[INFO] [stdout]     |
[INFO] [stdout] 105 |     pub fn execute_named(&mut self, params: &[(&str, &ToSql)]) -> Result<c_int> {
[INFO] [stdout]     |                                                       ^^^^^
[INFO] [stdout]     |
[INFO] [stdout]     = warning: this is accepted in the current edition (Rust 2015) but is a hard error in Rust 2021!
[INFO] [stdout]     = note: for more information, see <https://doc.rust-lang.org/nightly/edition-guide/rust-2021/warnings-promoted-to-error.html>
[INFO] [stdout] help: use `dyn`
[INFO] [stdout]     |
[INFO] [stdout] 105 |     pub fn execute_named(&mut self, params: &[(&str, &dyn ToSql)]) -> Result<c_int> {
[INFO] [stdout]     |                                                       +++
[INFO] [stdout] 
[INFO] [stdout] 
[INFO] [stdout] warning: trait objects without an explicit `dyn` are deprecated
[INFO] [stdout]    --> src/statement.rs:122:41
[INFO] [stdout]     |
[INFO] [stdout] 122 |     pub fn insert(&mut self, params: &[&ToSql]) -> Result<i64> {
[INFO] [stdout]     |                                         ^^^^^
[INFO] [stdout]     |
[INFO] [stdout]     = warning: this is accepted in the current edition (Rust 2015) but is a hard error in Rust 2021!
[INFO] [stdout]     = note: for more information, see <https://doc.rust-lang.org/nightly/edition-guide/rust-2021/warnings-promoted-to-error.html>
[INFO] [stdout] help: use `dyn`
[INFO] [stdout]     |
[INFO] [stdout] 122 |     pub fn insert(&mut self, params: &[&dyn ToSql]) -> Result<i64> {
[INFO] [stdout]     |                                         +++
[INFO] [stdout] 
[INFO] [stdout] 
[INFO] [stdout] warning: trait objects without an explicit `dyn` are deprecated
[INFO] [stdout]    --> src/statement.rs:157:47
[INFO] [stdout]     |
[INFO] [stdout] 157 |     pub fn query<'a>(&'a mut self, params: &[&ToSql]) -> Result<Rows<'a>> {
[INFO] [stdout]     |                                               ^^^^^
[INFO] [stdout]     |
[INFO] [stdout]     = warning: this is accepted in the current edition (Rust 2015) but is a hard error in Rust 2021!
[INFO] [stdout]     = note: for more information, see <https://doc.rust-lang.org/nightly/edition-guide/rust-2021/warnings-promoted-to-error.html>
[INFO] [stdout] help: use `dyn`
[INFO] [stdout]     |
[INFO] [stdout] 157 |     pub fn query<'a>(&'a mut self, params: &[&dyn ToSql]) -> Result<Rows<'a>> {
[INFO] [stdout]     |                                               +++
[INFO] [stdout] 
[INFO] [stdout] 
[INFO] [stdout] warning: trait objects without an explicit `dyn` are deprecated
[INFO] [stdout]    --> src/statement.rs:184:60
[INFO] [stdout]     |
[INFO] [stdout] 184 |     pub fn query_named<'a>(&'a mut self, params: &[(&str, &ToSql)]) -> Result<Rows<'a>> {
[INFO] [stdout]     |                                                            ^^^^^
[INFO] [stdout]     |
[INFO] [stdout]     = warning: this is accepted in the current edition (Rust 2015) but is a hard error in Rust 2021!
[INFO] [stdout]     = note: for more information, see <https://doc.rust-lang.org/nightly/edition-guide/rust-2021/warnings-promoted-to-error.html>
[INFO] [stdout] help: use `dyn`
[INFO] [stdout]     |
[INFO] [stdout] 184 |     pub fn query_named<'a>(&'a mut self, params: &[(&str, &dyn ToSql)]) -> Result<Rows<'a>> {
[INFO] [stdout]     |                                                            +++
[INFO] [stdout] 
[INFO] [stdout] 
[INFO] [stdout] warning: trait objects without an explicit `dyn` are deprecated
[INFO] [stdout]    --> src/statement.rs:212:57
[INFO] [stdout]     |
[INFO] [stdout] 212 |     pub fn query_map<'a, T, F>(&'a mut self, params: &[&ToSql], f: F) -> Result<MappedRows<'a, F>>
[INFO] [stdout]     |                                                         ^^^^^
[INFO] [stdout]     |
[INFO] [stdout]     = warning: this is accepted in the current edition (Rust 2015) but is a hard error in Rust 2021!
[INFO] [stdout]     = note: for more information, see <https://doc.rust-lang.org/nightly/edition-guide/rust-2021/warnings-promoted-to-error.html>
[INFO] [stdout] help: use `dyn`
[INFO] [stdout]     |
[INFO] [stdout] 212 |     pub fn query_map<'a, T, F>(&'a mut self, params: &[&dyn ToSql], f: F) -> Result<MappedRows<'a, F>>
[INFO] [stdout]     |                                                         +++
[INFO] [stdout] 
[INFO] [stdout] 
[INFO] [stdout] warning: trait objects without an explicit `dyn` are deprecated
[INFO] [stdout]    --> src/statement.rs:246:56
[INFO] [stdout]     |
[INFO] [stdout] 246 | ...                   params: &[(&str, &ToSql)],
[INFO] [stdout]     |                                         ^^^^^
[INFO] [stdout]     |
[INFO] [stdout]     = warning: this is accepted in the current edition (Rust 2015) but is a hard error in Rust 2021!
[INFO] [stdout]     = note: for more information, see <https://doc.rust-lang.org/nightly/edition-guide/rust-2021/warnings-promoted-to-error.html>
[INFO] [stdout] help: use `dyn`
[INFO] [stdout]     |
[INFO] [stdout] 246 |                                      params: &[(&str, &dyn ToSql)],
[INFO] [stdout]     |                                                        +++
[INFO] [stdout] 
[INFO] [stdout] 
[INFO] [stdout] warning: trait objects without an explicit `dyn` are deprecated
[INFO] [stdout]    --> src/statement.rs:263:51
[INFO] [stdout]     |
[INFO] [stdout] 263 | ...                   params: &[&ToSql],
[INFO] [stdout]     |                                  ^^^^^
[INFO] [stdout]     |
[INFO] [stdout]     = warning: this is accepted in the current edition (Rust 2015) but is a hard error in Rust 2021!
[INFO] [stdout]     = note: for more information, see <https://doc.rust-lang.org/nightly/edition-guide/rust-2021/warnings-promoted-to-error.html>
[INFO] [stdout] help: use `dyn`
[INFO] [stdout]     |
[INFO] [stdout] 263 |                                        params: &[&dyn ToSql],
[INFO] [stdout]     |                                                   +++
[INFO] [stdout] 
[INFO] [stdout] 
[INFO] [stdout] warning: trait objects without an explicit `dyn` are deprecated
[INFO] [stdout]    --> src/statement.rs:309:64
[INFO] [stdout]     |
[INFO] [stdout] 309 | ...                   params: &[(&str, &ToSql)],
[INFO] [stdout]     |                                         ^^^^^
[INFO] [stdout]     |
[INFO] [stdout]     = warning: this is accepted in the current edition (Rust 2015) but is a hard error in Rust 2021!
[INFO] [stdout]     = note: for more information, see <https://doc.rust-lang.org/nightly/edition-guide/rust-2021/warnings-promoted-to-error.html>
[INFO] [stdout] help: use `dyn`
[INFO] [stdout]     |
[INFO] [stdout] 309 |                                              params: &[(&str, &dyn ToSql)],
[INFO] [stdout]     |                                                                +++
[INFO] [stdout] 
[INFO] [stdout] 
[INFO] [stdout] warning: trait objects without an explicit `dyn` are deprecated
[INFO] [stdout]    --> src/statement.rs:321:41
[INFO] [stdout]     |
[INFO] [stdout] 321 |     pub fn exists(&mut self, params: &[&ToSql]) -> Result<bool> {
[INFO] [stdout]     |                                         ^^^^^
[INFO] [stdout]     |
[INFO] [stdout]     = warning: this is accepted in the current edition (Rust 2015) but is a hard error in Rust 2021!
[INFO] [stdout]     = note: for more information, see <https://doc.rust-lang.org/nightly/edition-guide/rust-2021/warnings-promoted-to-error.html>
[INFO] [stdout] help: use `dyn`
[INFO] [stdout]     |
[INFO] [stdout] 321 |     pub fn exists(&mut self, params: &[&dyn ToSql]) -> Result<bool> {
[INFO] [stdout]     |                                         +++
[INFO] [stdout] 
[INFO] [stdout] 
[INFO] [stdout] warning: trait objects without an explicit `dyn` are deprecated
[INFO] [stdout]    --> src/statement.rs:339:50
[INFO] [stdout]     |
[INFO] [stdout] 339 |     pub fn query_row<T, F>(&mut self, params: &[&ToSql], f: F) -> Result<T>
[INFO] [stdout]     |                                                  ^^^^^
[INFO] [stdout]     |
[INFO] [stdout]     = warning: this is accepted in the current edition (Rust 2015) but is a hard error in Rust 2021!
[INFO] [stdout]     = note: for more information, see <https://doc.rust-lang.org/nightly/edition-guide/rust-2021/warnings-promoted-to-error.html>
[INFO] [stdout] help: use `dyn`
[INFO] [stdout]     |
[INFO] [stdout] 339 |     pub fn query_row<T, F>(&mut self, params: &[&dyn ToSql], f: F) -> Result<T>
[INFO] [stdout]     |                                                  +++
[INFO] [stdout] 
[INFO] [stdout] 
[INFO] [stdout] warning: trait objects without an explicit `dyn` are deprecated
[INFO] [stdout]    --> src/statement.rs:370:46
[INFO] [stdout]     |
[INFO] [stdout] 370 |     fn bind_parameters(&mut self, params: &[&ToSql]) -> Result<()> {
[INFO] [stdout]     |                                              ^^^^^
[INFO] [stdout]     |
[INFO] [stdout]     = warning: this is accepted in the current edition (Rust 2015) but is a hard error in Rust 2021!
[INFO] [stdout]     = note: for more information, see <https://doc.rust-lang.org/nightly/edition-guide/rust-2021/warnings-promoted-to-error.html>
[INFO] [stdout] help: use `dyn`
[INFO] [stdout]     |
[INFO] [stdout] 370 |     fn bind_parameters(&mut self, params: &[&dyn ToSql]) -> Result<()> {
[INFO] [stdout]     |                                              +++
[INFO] [stdout] 
[INFO] [stdout] 
[INFO] [stdout] warning: trait objects without an explicit `dyn` are deprecated
[INFO] [stdout]    --> src/statement.rs:383:59
[INFO] [stdout]     |
[INFO] [stdout] 383 |     fn bind_parameters_named(&mut self, params: &[(&str, &ToSql)]) -> Result<()> {
[INFO] [stdout]     |                                                           ^^^^^
[INFO] [stdout]     |
[INFO] [stdout]     = warning: this is accepted in the current edition (Rust 2015) but is a hard error in Rust 2021!
[INFO] [stdout]     = note: for more information, see <https://doc.rust-lang.org/nightly/edition-guide/rust-2021/warnings-promoted-to-error.html>
[INFO] [stdout] help: use `dyn`
[INFO] [stdout]     |
[INFO] [stdout] 383 |     fn bind_parameters_named(&mut self, params: &[(&str, &dyn ToSql)]) -> Result<()> {
[INFO] [stdout]     |                                                           +++
[INFO] [stdout] 
[INFO] [stdout] 
[INFO] [stdout] warning: trait objects without an explicit `dyn` are deprecated
[INFO] [stdout]    --> src/statement.rs:394:38
[INFO] [stdout]     |
[INFO] [stdout] 394 |     fn bind_parameter(&self, param: &ToSql, col: c_int) -> Result<()> {
[INFO] [stdout]     |                                      ^^^^^
[INFO] [stdout]     |
[INFO] [stdout]     = warning: this is accepted in the current edition (Rust 2015) but is a hard error in Rust 2021!
[INFO] [stdout]     = note: for more information, see <https://doc.rust-lang.org/nightly/edition-guide/rust-2021/warnings-promoted-to-error.html>
[INFO] [stdout] help: use `dyn`
[INFO] [stdout]     |
[INFO] [stdout] 394 |     fn bind_parameter(&self, param: &dyn ToSql, col: c_int) -> Result<()> {
[INFO] [stdout]     |                                      +++
[INFO] [stdout] 
[INFO] [stdout] 
[INFO] [stdout] error[E0119]: conflicting implementations of trait `From<&_>` for type `ToSqlOutput<'_>`
[INFO] [stdout]   --> src/types/to_sql.rs:26:1
[INFO] [stdout]    |
[INFO] [stdout] 18 | / impl<'a, T: ?Sized> From<&'a T> for ToSqlOutput<'a>
[INFO] [stdout] 19 | |     where &'a T: Into<ValueRef<'a>>
[INFO] [stdout]    | |___________________________________- first implementation here
[INFO] [stdout] ...
[INFO] [stdout] 26 |   impl<'a, T: Into<Value>> From<T> for ToSqlOutput<'a> {
[INFO] [stdout]    |   ^^^^^^^^^^^^^^^^^^^^^^^^^^^^^^^^^^^^^^^^^^^^^^^^^^^^ conflicting implementation for `ToSqlOutput<'_>`
[INFO] [stdout]    |
[INFO] [stdout]    = note: downstream crates may implement trait `std::convert::From<&_>` for type `types::value::Value`
[INFO] [stdout] 
[INFO] [stdout] 
[INFO] [stdout] error: aborting due to previous error; 58 warnings emitted
[INFO] [stdout] 
[INFO] [stdout] 
[INFO] [stdout] For more information about this error, try `rustc --explain E0119`.
[INFO] [stdout] 
[INFO] [stderr] error: could not compile `rusqlcipher` (lib) due to 2 previous errors; 58 warnings emitted
[INFO] running `Command { std: "docker" "inspect" "c4ca2037e3f247f525d9229a6c7e2c6b27d666ccb2cb16e2e46f3e39d221f1ca", kill_on_drop: false }`
[INFO] running `Command { std: "docker" "rm" "-f" "c4ca2037e3f247f525d9229a6c7e2c6b27d666ccb2cb16e2e46f3e39d221f1ca", kill_on_drop: false }`
[INFO] [stdout] c4ca2037e3f247f525d9229a6c7e2c6b27d666ccb2cb16e2e46f3e39d221f1ca
[INFO] testing rusqlcipher-0.14.9 against beta-2023-12-22 for beta-1.76-1
[INFO] extracting crate rusqlcipher 0.14.9 into /workspace/builds/worker-4-tc2/source
[INFO] validating manifest of crates.io crate rusqlcipher 0.14.9 on toolchain beta-2023-12-22
[INFO] running `Command { std: CARGO_HOME="/workspace/cargo-home" RUSTUP_HOME="/workspace/rustup-home" "/workspace/cargo-home/bin/cargo" "+beta-2023-12-22" "metadata" "--manifest-path" "Cargo.toml" "--no-deps", kill_on_drop: false }`
[INFO] started tweaking crates.io crate rusqlcipher 0.14.9
[INFO] removed 0 missing tests
[INFO] finished tweaking crates.io crate rusqlcipher 0.14.9
[INFO] tweaked toml for crates.io crate rusqlcipher 0.14.9 written to /workspace/builds/worker-4-tc2/source/Cargo.toml
[INFO] running `Command { std: CARGO_HOME="/workspace/cargo-home" RUSTUP_HOME="/workspace/rustup-home" "/workspace/cargo-home/bin/cargo" "+beta-2023-12-22" "generate-lockfile" "--manifest-path" "Cargo.toml", kill_on_drop: false }`
[INFO] [stderr]     Updating crates.io index
[INFO] running `Command { std: CARGO_HOME="/workspace/cargo-home" RUSTUP_HOME="/workspace/rustup-home" "/workspace/cargo-home/bin/cargo" "+beta-2023-12-22" "fetch" "--manifest-path" "Cargo.toml", kill_on_drop: false }`
[INFO] running `Command { std: "docker" "create" "-v" "/var/lib/crater-agent-workspace/builds/worker-4-tc2/target:/opt/rustwide/target:rw,Z" "-v" "/var/lib/crater-agent-workspace/builds/worker-4-tc2/source:/opt/rustwide/workdir:ro,Z" "-v" "/var/lib/crater-agent-workspace/cargo-home:/opt/rustwide/cargo-home:ro,Z" "-v" "/var/lib/crater-agent-workspace/rustup-home:/opt/rustwide/rustup-home:ro,Z" "-e" "SOURCE_DIR=/opt/rustwide/workdir" "-e" "CARGO_TARGET_DIR=/opt/rustwide/target" "-e" "CARGO_HOME=/opt/rustwide/cargo-home" "-e" "RUSTUP_HOME=/opt/rustwide/rustup-home" "-w" "/opt/rustwide/workdir" "-m" "1610612736" "--user" "0:0" "--network" "none" "ghcr.io/rust-lang/crates-build-env/linux@sha256:2788e3201cd34a07e3172128adcd8b3090168a8e3bcc40d7c032b9dda1df7d1c" "/opt/rustwide/cargo-home/bin/cargo" "+beta-2023-12-22" "metadata" "--no-deps" "--format-version=1", kill_on_drop: false }`
[INFO] [stdout] 5c45ed07eced88bf49005e82782b7620befb0d791391393cff6df2463e65ffdf
[INFO] running `Command { std: "docker" "start" "-a" "5c45ed07eced88bf49005e82782b7620befb0d791391393cff6df2463e65ffdf", kill_on_drop: false }`
[INFO] running `Command { std: "docker" "inspect" "5c45ed07eced88bf49005e82782b7620befb0d791391393cff6df2463e65ffdf", kill_on_drop: false }`
[INFO] running `Command { std: "docker" "rm" "-f" "5c45ed07eced88bf49005e82782b7620befb0d791391393cff6df2463e65ffdf", kill_on_drop: false }`
[INFO] [stdout] 5c45ed07eced88bf49005e82782b7620befb0d791391393cff6df2463e65ffdf
[INFO] running `Command { std: "docker" "create" "-v" "/var/lib/crater-agent-workspace/builds/worker-4-tc2/target:/opt/rustwide/target:rw,Z" "-v" "/var/lib/crater-agent-workspace/builds/worker-4-tc2/source:/opt/rustwide/workdir:ro,Z" "-v" "/var/lib/crater-agent-workspace/cargo-home:/opt/rustwide/cargo-home:ro,Z" "-v" "/var/lib/crater-agent-workspace/rustup-home:/opt/rustwide/rustup-home:ro,Z" "-e" "SOURCE_DIR=/opt/rustwide/workdir" "-e" "CARGO_TARGET_DIR=/opt/rustwide/target" "-e" "CARGO_INCREMENTAL=0" "-e" "RUST_BACKTRACE=full" "-e" "RUSTFLAGS=--cap-lints=warn" "-e" "RUSTDOCFLAGS=--cap-lints=warn" "-e" "CARGO_HOME=/opt/rustwide/cargo-home" "-e" "RUSTUP_HOME=/opt/rustwide/rustup-home" "-w" "/opt/rustwide/workdir" "-m" "1610612736" "--user" "0:0" "--network" "none" "ghcr.io/rust-lang/crates-build-env/linux@sha256:2788e3201cd34a07e3172128adcd8b3090168a8e3bcc40d7c032b9dda1df7d1c" "/opt/rustwide/cargo-home/bin/cargo" "+beta-2023-12-22" "build" "--frozen" "--message-format=json", kill_on_drop: false }`
[INFO] [stdout] 6f9d116d80c1f8670f061ca51f7d48940448c3a21ac7e52c7daefa27097069ed
[INFO] running `Command { std: "docker" "start" "-a" "6f9d116d80c1f8670f061ca51f7d48940448c3a21ac7e52c7daefa27097069ed", kill_on_drop: false }`
[INFO] [stderr]    Compiling pkg-config v0.3.28
[INFO] [stderr]    Compiling libc v0.2.151
[INFO] [stderr]    Compiling linked-hash-map v0.5.6
[INFO] [stderr]    Compiling bitflags v1.3.2
[INFO] [stderr]    Compiling lru-cache v0.1.2
[INFO] [stderr]    Compiling libsqlcipher-sys v0.9.0
[INFO] [stderr]    Compiling time v0.1.45
[INFO] [stderr]    Compiling rusqlcipher v0.14.9 (/opt/rustwide/workdir)
[INFO] [stdout] warning: use of deprecated macro `try`: use the `?` operator instead
[INFO] [stdout]    --> src/row.rs:178:19
[INFO] [stdout]     |
[INFO] [stdout] 178 |         let idx = try!(idx.idx(self.stmt));
[INFO] [stdout]     |                   ^^^
[INFO] [stdout]     |
[INFO] [stdout]     = note: `#[warn(deprecated)]` on by default
[INFO] [stdout] 
[INFO] [stdout] 
[INFO] [stdout] warning: use of deprecated macro `try`: use the `?` operator instead
[INFO] [stdout]   --> src/statement.rs:79:9
[INFO] [stdout]    |
[INFO] [stdout] 79 |         try!(self.bind_parameters(params));
[INFO] [stdout]    |         ^^^
[INFO] [stdout] 
[INFO] [stdout] 
[INFO] [stdout] warning: use of deprecated macro `try`: use the `?` operator instead
[INFO] [stdout]    --> src/statement.rs:106:9
[INFO] [stdout]     |
[INFO] [stdout] 106 |         try!(self.bind_parameters_named(params));
[INFO] [stdout]     |         ^^^
[INFO] [stdout] 
[INFO] [stdout] 
[INFO] [stdout] warning: use of deprecated macro `try`: use the `?` operator instead
[INFO] [stdout]    --> src/statement.rs:123:23
[INFO] [stdout]     |
[INFO] [stdout] 123 |         let changes = try!(self.execute(params));
[INFO] [stdout]     |                       ^^^
[INFO] [stdout] 
[INFO] [stdout] 
[INFO] [stdout] warning: use of deprecated macro `try`: use the `?` operator instead
[INFO] [stdout]    --> src/statement.rs:158:9
[INFO] [stdout]     |
[INFO] [stdout] 158 |         try!(self.bind_parameters(params));
[INFO] [stdout]     |         ^^^
[INFO] [stdout] 
[INFO] [stdout] 
[INFO] [stdout] warning: use of deprecated macro `try`: use the `?` operator instead
[INFO] [stdout]    --> src/statement.rs:185:9
[INFO] [stdout]     |
[INFO] [stdout] 185 |         try!(self.bind_parameters_named(params));
[INFO] [stdout]     |         ^^^
[INFO] [stdout] 
[INFO] [stdout] 
[INFO] [stdout] warning: use of deprecated macro `try`: use the `?` operator instead
[INFO] [stdout]    --> src/statement.rs:322:24
[INFO] [stdout]     |
[INFO] [stdout] 322 |         let mut rows = try!(self.query(params));
[INFO] [stdout]     |                        ^^^
[INFO] [stdout] 
[INFO] [stdout] 
[INFO] [stdout] warning: use of deprecated macro `try`: use the `?` operator instead
[INFO] [stdout]    --> src/statement.rs:342:24
[INFO] [stdout]     |
[INFO] [stdout] 342 |         let mut rows = try!(self.query(params));
[INFO] [stdout]     |                        ^^^
[INFO] [stdout] 
[INFO] [stdout] 
[INFO] [stdout] warning: use of deprecated macro `try`: use the `?` operator instead
[INFO] [stdout]    --> src/statement.rs:366:22
[INFO] [stdout]     |
[INFO] [stdout] 366 |         let c_name = try!(str_to_cstring(name));
[INFO] [stdout]     |                      ^^^
[INFO] [stdout] 
[INFO] [stdout] 
[INFO] [stdout] warning: use of deprecated macro `try`: use the `?` operator instead
[INFO] [stdout]    --> src/statement.rs:377:13
[INFO] [stdout]     |
[INFO] [stdout] 377 |             try!(self.bind_parameter(*p, (i + 1) as c_int));
[INFO] [stdout]     |             ^^^
[INFO] [stdout] 
[INFO] [stdout] 
[INFO] [stdout] warning: use of deprecated macro `try`: use the `?` operator instead
[INFO] [stdout]    --> src/statement.rs:386:17
[INFO] [stdout]     |
[INFO] [stdout] 386 |                 try!(self.bind_parameter(value, i));
[INFO] [stdout]     |                 ^^^
[INFO] [stdout] 
[INFO] [stdout] 
[INFO] [stdout] warning: use of deprecated macro `try`: use the `?` operator instead
[INFO] [stdout]    --> src/statement.rs:385:30
[INFO] [stdout]     |
[INFO] [stdout] 385 |             if let Some(i) = try!(self.parameter_index(name)) {
[INFO] [stdout]     |                              ^^^
[INFO] [stdout] 
[INFO] [stdout] 
[INFO] [stdout] warning: use of deprecated macro `try`: use the `?` operator instead
[INFO] [stdout]    --> src/statement.rs:395:21
[INFO] [stdout]     |
[INFO] [stdout] 395 |         let value = try!(param.to_sql());
[INFO] [stdout]     |                     ^^^
[INFO] [stdout] 
[INFO] [stdout] 
[INFO] [stdout] warning: use of deprecated macro `try`: use the `?` operator instead
[INFO] [stdout]    --> src/statement.rs:422:33
[INFO] [stdout]     |
[INFO] [stdout] 422 |                     let c_str = try!(str_to_cstring(s));
[INFO] [stdout]     |                                 ^^^
[INFO] [stdout] 
[INFO] [stdout] 
[INFO] [stdout] warning: use of deprecated macro `try`: use the `?` operator instead
[INFO] [stdout]    --> src/lib.rs:145:8
[INFO] [stdout]     |
[INFO] [stdout] 145 |     Ok(try!(CString::new(s)))
[INFO] [stdout]     |        ^^^
[INFO] [stdout] 
[INFO] [stdout] 
[INFO] [stdout] warning: use of deprecated macro `try`: use the `?` operator instead
[INFO] [stdout]    --> src/lib.rs:149:13
[INFO] [stdout]     |
[INFO] [stdout] 149 |     let s = try!(p.to_str().ok_or_else(|| Error::InvalidPath(p.to_owned())));
[INFO] [stdout]     |             ^^^
[INFO] [stdout] 
[INFO] [stdout] 
[INFO] [stdout] warning: use of deprecated macro `try`: use the `?` operator instead
[INFO] [stdout]    --> src/lib.rs:233:22
[INFO] [stdout]     |
[INFO] [stdout] 233 |         let c_path = try!(path_to_cstring(path.as_ref()));
[INFO] [stdout]     |                      ^^^
[INFO] [stdout] 
[INFO] [stdout] 
[INFO] [stdout] warning: use of deprecated macro `try`: use the `?` operator instead
[INFO] [stdout]    --> src/lib.rs:252:24
[INFO] [stdout]     |
[INFO] [stdout] 252 |         let c_memory = try!(str_to_cstring(":memory:"));
[INFO] [stdout]     |                        ^^^
[INFO] [stdout] 
[INFO] [stdout] 
[INFO] [stdout] warning: use of deprecated macro `try`: use the `?` operator instead
[INFO] [stdout]    --> src/lib.rs:365:24
[INFO] [stdout]     |
[INFO] [stdout] 365 |         let mut stmt = try!(self.prepare(sql));
[INFO] [stdout]     |                        ^^^
[INFO] [stdout] 
[INFO] [stdout] 
[INFO] [stdout] warning: use of deprecated macro `try`: use the `?` operator instead
[INFO] [stdout]    --> src/lib.rs:381:24
[INFO] [stdout]     |
[INFO] [stdout] 381 |         let mut stmt = try!(self.prepare(sql));
[INFO] [stdout]     |                        ^^^
[INFO] [stdout] 
[INFO] [stdout] 
[INFO] [stdout] warning: use of deprecated macro `try`: use the `?` operator instead
[INFO] [stdout]    --> src/lib.rs:382:24
[INFO] [stdout]     |
[INFO] [stdout] 382 |         let mut rows = try!(stmt.query_named(params));
[INFO] [stdout]     |                        ^^^
[INFO] [stdout] 
[INFO] [stdout] 
[INFO] [stdout] warning: use of deprecated macro `try`: use the `?` operator instead
[INFO] [stdout]    --> src/lib.rs:418:24
[INFO] [stdout]     |
[INFO] [stdout] 418 |         let mut stmt = try!(self.prepare(sql));
[INFO] [stdout]     |                        ^^^
[INFO] [stdout] 
[INFO] [stdout] 
[INFO] [stdout] warning: use of deprecated macro `try`: use the `?` operator instead
[INFO] [stdout]    --> src/lib.rs:419:24
[INFO] [stdout]     |
[INFO] [stdout] 419 |         let mut rows = try!(stmt.query(params));
[INFO] [stdout]     |                        ^^^
[INFO] [stdout] 
[INFO] [stdout] 
[INFO] [stdout] warning: use of deprecated macro `try`: use the `?` operator instead
[INFO] [stdout]    --> src/lib.rs:814:21
[INFO] [stdout]     |
[INFO] [stdout] 814 |         let c_sql = try!(str_to_cstring(sql));
[INFO] [stdout]     |                     ^^^
[INFO] [stdout] 
[INFO] [stdout] 
[INFO] [stdout] warning: use of deprecated macro `try`: use the `?` operator instead
[INFO] [stdout]    --> src/lib.rs:864:21
[INFO] [stdout]     |
[INFO] [stdout] 864 |         let c_sql = try!(str_to_cstring(sql));
[INFO] [stdout]     |                     ^^^
[INFO] [stdout] 
[INFO] [stdout] 
[INFO] [stdout] warning: use of deprecated constant `std::sync::ONCE_INIT`: the `new` function is now preferred
[INFO] [stdout]   --> src/lib.rs:73:23
[INFO] [stdout]    |
[INFO] [stdout] 73 | use std::sync::{Once, ONCE_INIT};
[INFO] [stdout]    |                       ^^^^^^^^^
[INFO] [stdout] 
[INFO] [stdout] 
[INFO] [stdout] warning: use of deprecated constant `std::sync::atomic::ATOMIC_BOOL_INIT`: the `new` function is now preferred
[INFO] [stdout]   --> src/lib.rs:74:37
[INFO] [stdout]    |
[INFO] [stdout] 74 | use std::sync::atomic::{AtomicBool, ATOMIC_BOOL_INIT, Ordering};
[INFO] [stdout]    |                                     ^^^^^^^^^^^^^^^^
[INFO] [stdout] 
[INFO] [stdout] 
[INFO] [stdout] warning: use of deprecated constant `std::sync::ONCE_INIT`: the `new` function is now preferred
[INFO] [stdout]    --> src/lib.rs:617:28
[INFO] [stdout]     |
[INFO] [stdout] 617 | static SQLITE_INIT: Once = ONCE_INIT;
[INFO] [stdout]     |                            ^^^^^^^^^
[INFO] [stdout]     |
[INFO] [stdout] help: replace the use of the deprecated constant
[INFO] [stdout]     |
[INFO] [stdout] 617 | static SQLITE_INIT: Once = Once::new();
[INFO] [stdout]     |                            ~~~~~~~~~~~
[INFO] [stdout] 
[INFO] [stdout] 
[INFO] [stdout] warning: use of deprecated constant `std::sync::ONCE_INIT`: the `new` function is now preferred
[INFO] [stdout]    --> src/lib.rs:618:37
[INFO] [stdout]     |
[INFO] [stdout] 618 | static SQLITE_VERSION_CHECK: Once = ONCE_INIT;
[INFO] [stdout]     |                                     ^^^^^^^^^
[INFO] [stdout]     |
[INFO] [stdout] help: replace the use of the deprecated constant
[INFO] [stdout]     |
[INFO] [stdout] 618 | static SQLITE_VERSION_CHECK: Once = Once::new();
[INFO] [stdout]     |                                     ~~~~~~~~~~~
[INFO] [stdout] 
[INFO] [stdout] 
[INFO] [stdout] warning: use of deprecated constant `std::sync::atomic::ATOMIC_BOOL_INIT`: the `new` function is now preferred
[INFO] [stdout]    --> src/lib.rs:619:41
[INFO] [stdout]     |
[INFO] [stdout] 619 | static BYPASS_SQLITE_INIT: AtomicBool = ATOMIC_BOOL_INIT;
[INFO] [stdout]     |                                         ^^^^^^^^^^^^^^^^
[INFO] [stdout]     |
[INFO] [stdout] help: replace the use of the deprecated constant
[INFO] [stdout]     |
[INFO] [stdout] 619 | static BYPASS_SQLITE_INIT: AtomicBool = AtomicBool::new(false);
[INFO] [stdout]     |                                         ~~~~~~~~~~~~~~~~~~~~~~
[INFO] [stdout] 
[INFO] [stdout] 
[INFO] [stdout] warning: use of deprecated constant `std::sync::atomic::ATOMIC_BOOL_INIT`: the `new` function is now preferred
[INFO] [stdout]    --> src/lib.rs:620:43
[INFO] [stdout]     |
[INFO] [stdout] 620 | static BYPASS_VERSION_CHECK: AtomicBool = ATOMIC_BOOL_INIT;
[INFO] [stdout]     |                                           ^^^^^^^^^^^^^^^^
[INFO] [stdout]     |
[INFO] [stdout] help: replace the use of the deprecated constant
[INFO] [stdout]     |
[INFO] [stdout] 620 | static BYPASS_VERSION_CHECK: AtomicBool = AtomicBool::new(false);
[INFO] [stdout]     |                                           ~~~~~~~~~~~~~~~~~~~~~~
[INFO] [stdout] 
[INFO] [stdout] 
[INFO] [stdout] warning: use of deprecated function `std::mem::uninitialized`: use `mem::MaybeUninit` instead
[INFO] [stdout]    --> src/lib.rs:759:50
[INFO] [stdout]     |
[INFO] [stdout] 759 |             let mut db: *mut ffi::sqlite3 = mem::uninitialized();
[INFO] [stdout]     |                                                  ^^^^^^^^^^^^^
[INFO] [stdout] 
[INFO] [stdout] 
[INFO] [stdout] warning: use of deprecated function `std::mem::uninitialized`: use `mem::MaybeUninit` instead
[INFO] [stdout]    --> src/lib.rs:863:64
[INFO] [stdout]     |
[INFO] [stdout] 863 |         let mut c_stmt: *mut ffi::sqlite3_stmt = unsafe { mem::uninitialized() };
[INFO] [stdout]     |                                                                ^^^^^^^^^^^^^
[INFO] [stdout] 
[INFO] [stdout] 
[INFO] [stdout] warning: trait objects without an explicit `dyn` are deprecated
[INFO] [stdout]   --> src/types/from_sql.rs:16:15
[INFO] [stdout]    |
[INFO] [stdout] 16 |     Other(Box<Error + Send + Sync>),
[INFO] [stdout]    |               ^^^^^^^^^^^^^^^^^^^
[INFO] [stdout]    |
[INFO] [stdout]    = warning: this is accepted in the current edition (Rust 2015) but is a hard error in Rust 2021!
[INFO] [stdout]    = note: for more information, see <https://doc.rust-lang.org/nightly/edition-guide/rust-2021/warnings-promoted-to-error.html>
[INFO] [stdout]    = note: `#[warn(bare_trait_objects)]` on by default
[INFO] [stdout] help: use `dyn`
[INFO] [stdout]    |
[INFO] [stdout] 16 |     Other(Box<dyn Error + Send + Sync>),
[INFO] [stdout]    |               +++
[INFO] [stdout] 
[INFO] [stdout] 
[INFO] [stdout] warning: trait objects without an explicit `dyn` are deprecated
[INFO] [stdout]   --> src/error.rs:26:47
[INFO] [stdout]    |
[INFO] [stdout] 26 |     FromSqlConversionFailure(usize, Type, Box<error::Error + Send + Sync>),
[INFO] [stdout]    |                                               ^^^^^^^^^^^^^^^^^^^^^^^^^^
[INFO] [stdout]    |
[INFO] [stdout]    = warning: this is accepted in the current edition (Rust 2015) but is a hard error in Rust 2021!
[INFO] [stdout]    = note: for more information, see <https://doc.rust-lang.org/nightly/edition-guide/rust-2021/warnings-promoted-to-error.html>
[INFO] [stdout] help: use `dyn`
[INFO] [stdout]    |
[INFO] [stdout] 26 |     FromSqlConversionFailure(usize, Type, Box<dyn error::Error + Send + Sync>),
[INFO] [stdout]    |                                               +++
[INFO] [stdout] 
[INFO] [stdout] 
[INFO] [stdout] warning: trait objects without an explicit `dyn` are deprecated
[INFO] [stdout]   --> src/error.rs:79:32
[INFO] [stdout]    |
[INFO] [stdout] 79 |     ToSqlConversionFailure(Box<error::Error + Send + Sync>),
[INFO] [stdout]    |                                ^^^^^^^^^^^^^^^^^^^^^^^^^^
[INFO] [stdout]    |
[INFO] [stdout]    = warning: this is accepted in the current edition (Rust 2015) but is a hard error in Rust 2021!
[INFO] [stdout]    = note: for more information, see <https://doc.rust-lang.org/nightly/edition-guide/rust-2021/warnings-promoted-to-error.html>
[INFO] [stdout] help: use `dyn`
[INFO] [stdout]    |
[INFO] [stdout] 79 |     ToSqlConversionFailure(Box<dyn error::Error + Send + Sync>),
[INFO] [stdout]    |                                +++
[INFO] [stdout] 
[INFO] [stdout] 
[INFO] [stdout] warning: trait objects without an explicit `dyn` are deprecated
[INFO] [stdout]    --> src/lib.rs:307:49
[INFO] [stdout]     |
[INFO] [stdout] 307 |     pub fn execute(&self, sql: &str, params: &[&ToSql]) -> Result<c_int> {
[INFO] [stdout]     |                                                 ^^^^^
[INFO] [stdout]     |
[INFO] [stdout]     = warning: this is accepted in the current edition (Rust 2015) but is a hard error in Rust 2021!
[INFO] [stdout]     = note: for more information, see <https://doc.rust-lang.org/nightly/edition-guide/rust-2021/warnings-promoted-to-error.html>
[INFO] [stdout] help: use `dyn`
[INFO] [stdout]     |
[INFO] [stdout] 307 |     pub fn execute(&self, sql: &str, params: &[&dyn ToSql]) -> Result<c_int> {
[INFO] [stdout]     |                                                 +++
[INFO] [stdout] 
[INFO] [stdout] 
[INFO] [stdout] warning: trait objects without an explicit `dyn` are deprecated
[INFO] [stdout]    --> src/lib.rs:330:62
[INFO] [stdout]     |
[INFO] [stdout] 330 |     pub fn execute_named(&self, sql: &str, params: &[(&str, &ToSql)]) -> Result<c_int> {
[INFO] [stdout]     |                                                              ^^^^^
[INFO] [stdout]     |
[INFO] [stdout]     = warning: this is accepted in the current edition (Rust 2015) but is a hard error in Rust 2021!
[INFO] [stdout]     = note: for more information, see <https://doc.rust-lang.org/nightly/edition-guide/rust-2021/warnings-promoted-to-error.html>
[INFO] [stdout] help: use `dyn`
[INFO] [stdout]     |
[INFO] [stdout] 330 |     pub fn execute_named(&self, sql: &str, params: &[(&str, &dyn ToSql)]) -> Result<c_int> {
[INFO] [stdout]     |                                                              +++
[INFO] [stdout] 
[INFO] [stdout] 
[INFO] [stdout] warning: trait objects without an explicit `dyn` are deprecated
[INFO] [stdout]    --> src/lib.rs:362:57
[INFO] [stdout]     |
[INFO] [stdout] 362 |     pub fn query_row<T, F>(&self, sql: &str, params: &[&ToSql], f: F) -> Result<T>
[INFO] [stdout]     |                                                         ^^^^^
[INFO] [stdout]     |
[INFO] [stdout]     = warning: this is accepted in the current edition (Rust 2015) but is a hard error in Rust 2021!
[INFO] [stdout]     = note: for more information, see <https://doc.rust-lang.org/nightly/edition-guide/rust-2021/warnings-promoted-to-error.html>
[INFO] [stdout] help: use `dyn`
[INFO] [stdout]     |
[INFO] [stdout] 362 |     pub fn query_row<T, F>(&self, sql: &str, params: &[&dyn ToSql], f: F) -> Result<T>
[INFO] [stdout]     |                                                         +++
[INFO] [stdout] 
[INFO] [stdout] 
[INFO] [stdout] warning: trait objects without an explicit `dyn` are deprecated
[INFO] [stdout]    --> src/lib.rs:378:70
[INFO] [stdout]     |
[INFO] [stdout] 378 |     pub fn query_row_named<T, F>(&self, sql: &str, params: &[(&str, &ToSql)], f: F) -> Result<T>
[INFO] [stdout]     |                                                                      ^^^^^
[INFO] [stdout]     |
[INFO] [stdout]     = warning: this is accepted in the current edition (Rust 2015) but is a hard error in Rust 2021!
[INFO] [stdout]     = note: for more information, see <https://doc.rust-lang.org/nightly/edition-guide/rust-2021/warnings-promoted-to-error.html>
[INFO] [stdout] help: use `dyn`
[INFO] [stdout]     |
[INFO] [stdout] 378 |     pub fn query_row_named<T, F>(&self, sql: &str, params: &[(&str, &dyn ToSql)], f: F) -> Result<T>
[INFO] [stdout]     |                                                                      +++
[INFO] [stdout] 
[INFO] [stdout] 
[INFO] [stdout] warning: trait objects without an explicit `dyn` are deprecated
[INFO] [stdout]    --> src/lib.rs:412:51
[INFO] [stdout]     |
[INFO] [stdout] 412 | ...                   params: &[&ToSql],
[INFO] [stdout]     |                                  ^^^^^
[INFO] [stdout]     |
[INFO] [stdout]     = warning: this is accepted in the current edition (Rust 2015) but is a hard error in Rust 2021!
[INFO] [stdout]     = note: for more information, see <https://doc.rust-lang.org/nightly/edition-guide/rust-2021/warnings-promoted-to-error.html>
[INFO] [stdout] help: use `dyn`
[INFO] [stdout]     |
[INFO] [stdout] 412 |                                        params: &[&dyn ToSql],
[INFO] [stdout]     |                                                   +++
[INFO] [stdout] 
[INFO] [stdout] 
[INFO] [stdout] warning: trait objects without an explicit `dyn` are deprecated
[INFO] [stdout]    --> src/lib.rs:446:62
[INFO] [stdout]     |
[INFO] [stdout] 446 |     pub fn query_row_safe<T, F>(&self, sql: &str, params: &[&ToSql], f: F) -> Result<T>
[INFO] [stdout]     |                                                              ^^^^^
[INFO] [stdout]     |
[INFO] [stdout]     = warning: this is accepted in the current edition (Rust 2015) but is a hard error in Rust 2021!
[INFO] [stdout]     = note: for more information, see <https://doc.rust-lang.org/nightly/edition-guide/rust-2021/warnings-promoted-to-error.html>
[INFO] [stdout] help: use `dyn`
[INFO] [stdout]     |
[INFO] [stdout] 446 |     pub fn query_row_safe<T, F>(&self, sql: &str, params: &[&dyn ToSql], f: F) -> Result<T>
[INFO] [stdout]     |                                                              +++
[INFO] [stdout] 
[INFO] [stdout] 
[INFO] [stdout] warning: trait objects without an explicit `dyn` are deprecated
[INFO] [stdout]   --> src/types/from_sql.rs:39:32
[INFO] [stdout]    |
[INFO] [stdout] 39 |     fn cause(&self) -> Option<&Error> {
[INFO] [stdout]    |                                ^^^^^
[INFO] [stdout]    |
[INFO] [stdout]    = warning: this is accepted in the current edition (Rust 2015) but is a hard error in Rust 2021!
[INFO] [stdout]    = note: for more information, see <https://doc.rust-lang.org/nightly/edition-guide/rust-2021/warnings-promoted-to-error.html>
[INFO] [stdout] help: use `dyn`
[INFO] [stdout]    |
[INFO] [stdout] 39 |     fn cause(&self) -> Option<&dyn Error> {
[INFO] [stdout]    |                                +++
[INFO] [stdout] 
[INFO] [stdout] 
[INFO] [stdout] warning: trait objects without an explicit `dyn` are deprecated
[INFO] [stdout]    --> src/error.rs:166:32
[INFO] [stdout]     |
[INFO] [stdout] 166 |     fn cause(&self) -> Option<&error::Error> {
[INFO] [stdout]     |                                ^^^^^^^^^^^^
[INFO] [stdout]     |
[INFO] [stdout]     = warning: this is accepted in the current edition (Rust 2015) but is a hard error in Rust 2021!
[INFO] [stdout]     = note: for more information, see <https://doc.rust-lang.org/nightly/edition-guide/rust-2021/warnings-promoted-to-error.html>
[INFO] [stdout] help: use `dyn`
[INFO] [stdout]     |
[INFO] [stdout] 166 |     fn cause(&self) -> Option<&dyn error::Error> {
[INFO] [stdout]     |                                +++
[INFO] [stdout] 
[INFO] [stdout] 
[INFO] [stdout] warning: trait objects without an explicit `dyn` are deprecated
[INFO] [stdout]   --> src/statement.rs:78:42
[INFO] [stdout]    |
[INFO] [stdout] 78 |     pub fn execute(&mut self, params: &[&ToSql]) -> Result<c_int> {
[INFO] [stdout]    |                                          ^^^^^
[INFO] [stdout]    |
[INFO] [stdout]    = warning: this is accepted in the current edition (Rust 2015) but is a hard error in Rust 2021!
[INFO] [stdout]    = note: for more information, see <https://doc.rust-lang.org/nightly/edition-guide/rust-2021/warnings-promoted-to-error.html>
[INFO] [stdout] help: use `dyn`
[INFO] [stdout]    |
[INFO] [stdout] 78 |     pub fn execute(&mut self, params: &[&dyn ToSql]) -> Result<c_int> {
[INFO] [stdout]    |                                          +++
[INFO] [stdout] 
[INFO] [stdout] 
[INFO] [stdout] warning: trait objects without an explicit `dyn` are deprecated
[INFO] [stdout]    --> src/statement.rs:105:55
[INFO] [stdout]     |
[INFO] [stdout] 105 |     pub fn execute_named(&mut self, params: &[(&str, &ToSql)]) -> Result<c_int> {
[INFO] [stdout]     |                                                       ^^^^^
[INFO] [stdout]     |
[INFO] [stdout]     = warning: this is accepted in the current edition (Rust 2015) but is a hard error in Rust 2021!
[INFO] [stdout]     = note: for more information, see <https://doc.rust-lang.org/nightly/edition-guide/rust-2021/warnings-promoted-to-error.html>
[INFO] [stdout] help: use `dyn`
[INFO] [stdout]     |
[INFO] [stdout] 105 |     pub fn execute_named(&mut self, params: &[(&str, &dyn ToSql)]) -> Result<c_int> {
[INFO] [stdout]     |                                                       +++
[INFO] [stdout] 
[INFO] [stdout] 
[INFO] [stdout] warning: trait objects without an explicit `dyn` are deprecated
[INFO] [stdout]    --> src/statement.rs:122:41
[INFO] [stdout]     |
[INFO] [stdout] 122 |     pub fn insert(&mut self, params: &[&ToSql]) -> Result<i64> {
[INFO] [stdout]     |                                         ^^^^^
[INFO] [stdout]     |
[INFO] [stdout]     = warning: this is accepted in the current edition (Rust 2015) but is a hard error in Rust 2021!
[INFO] [stdout]     = note: for more information, see <https://doc.rust-lang.org/nightly/edition-guide/rust-2021/warnings-promoted-to-error.html>
[INFO] [stdout] help: use `dyn`
[INFO] [stdout]     |
[INFO] [stdout] 122 |     pub fn insert(&mut self, params: &[&dyn ToSql]) -> Result<i64> {
[INFO] [stdout]     |                                         +++
[INFO] [stdout] 
[INFO] [stdout] 
[INFO] [stdout] warning: trait objects without an explicit `dyn` are deprecated
[INFO] [stdout]    --> src/statement.rs:157:47
[INFO] [stdout]     |
[INFO] [stdout] 157 |     pub fn query<'a>(&'a mut self, params: &[&ToSql]) -> Result<Rows<'a>> {
[INFO] [stdout]     |                                               ^^^^^
[INFO] [stdout]     |
[INFO] [stdout]     = warning: this is accepted in the current edition (Rust 2015) but is a hard error in Rust 2021!
[INFO] [stdout]     = note: for more information, see <https://doc.rust-lang.org/nightly/edition-guide/rust-2021/warnings-promoted-to-error.html>
[INFO] [stdout] help: use `dyn`
[INFO] [stdout]     |
[INFO] [stdout] 157 |     pub fn query<'a>(&'a mut self, params: &[&dyn ToSql]) -> Result<Rows<'a>> {
[INFO] [stdout]     |                                               +++
[INFO] [stdout] 
[INFO] [stdout] 
[INFO] [stdout] warning: trait objects without an explicit `dyn` are deprecated
[INFO] [stdout]    --> src/statement.rs:184:60
[INFO] [stdout]     |
[INFO] [stdout] 184 |     pub fn query_named<'a>(&'a mut self, params: &[(&str, &ToSql)]) -> Result<Rows<'a>> {
[INFO] [stdout]     |                                                            ^^^^^
[INFO] [stdout]     |
[INFO] [stdout]     = warning: this is accepted in the current edition (Rust 2015) but is a hard error in Rust 2021!
[INFO] [stdout]     = note: for more information, see <https://doc.rust-lang.org/nightly/edition-guide/rust-2021/warnings-promoted-to-error.html>
[INFO] [stdout] help: use `dyn`
[INFO] [stdout]     |
[INFO] [stdout] 184 |     pub fn query_named<'a>(&'a mut self, params: &[(&str, &dyn ToSql)]) -> Result<Rows<'a>> {
[INFO] [stdout]     |                                                            +++
[INFO] [stdout] 
[INFO] [stdout] 
[INFO] [stdout] warning: trait objects without an explicit `dyn` are deprecated
[INFO] [stdout]    --> src/statement.rs:212:57
[INFO] [stdout]     |
[INFO] [stdout] 212 |     pub fn query_map<'a, T, F>(&'a mut self, params: &[&ToSql], f: F) -> Result<MappedRows<'a, F>>
[INFO] [stdout]     |                                                         ^^^^^
[INFO] [stdout]     |
[INFO] [stdout]     = warning: this is accepted in the current edition (Rust 2015) but is a hard error in Rust 2021!
[INFO] [stdout]     = note: for more information, see <https://doc.rust-lang.org/nightly/edition-guide/rust-2021/warnings-promoted-to-error.html>
[INFO] [stdout] help: use `dyn`
[INFO] [stdout]     |
[INFO] [stdout] 212 |     pub fn query_map<'a, T, F>(&'a mut self, params: &[&dyn ToSql], f: F) -> Result<MappedRows<'a, F>>
[INFO] [stdout]     |                                                         +++
[INFO] [stdout] 
[INFO] [stdout] 
[INFO] [stdout] warning: trait objects without an explicit `dyn` are deprecated
[INFO] [stdout]    --> src/statement.rs:246:56
[INFO] [stdout]     |
[INFO] [stdout] 246 | ...                   params: &[(&str, &ToSql)],
[INFO] [stdout]     |                                         ^^^^^
[INFO] [stdout]     |
[INFO] [stdout]     = warning: this is accepted in the current edition (Rust 2015) but is a hard error in Rust 2021!
[INFO] [stdout]     = note: for more information, see <https://doc.rust-lang.org/nightly/edition-guide/rust-2021/warnings-promoted-to-error.html>
[INFO] [stdout] help: use `dyn`
[INFO] [stdout]     |
[INFO] [stdout] 246 |                                      params: &[(&str, &dyn ToSql)],
[INFO] [stdout]     |                                                        +++
[INFO] [stdout] 
[INFO] [stdout] 
[INFO] [stdout] warning: trait objects without an explicit `dyn` are deprecated
[INFO] [stdout]    --> src/statement.rs:263:51
[INFO] [stdout]     |
[INFO] [stdout] 263 | ...                   params: &[&ToSql],
[INFO] [stdout]     |                                  ^^^^^
[INFO] [stdout]     |
[INFO] [stdout]     = warning: this is accepted in the current edition (Rust 2015) but is a hard error in Rust 2021!
[INFO] [stdout]     = note: for more information, see <https://doc.rust-lang.org/nightly/edition-guide/rust-2021/warnings-promoted-to-error.html>
[INFO] [stdout] help: use `dyn`
[INFO] [stdout]     |
[INFO] [stdout] 263 |                                        params: &[&dyn ToSql],
[INFO] [stdout]     |                                                   +++
[INFO] [stdout] 
[INFO] [stdout] 
[INFO] [stdout] warning: trait objects without an explicit `dyn` are deprecated
[INFO] [stdout]    --> src/statement.rs:309:64
[INFO] [stdout]     |
[INFO] [stdout] 309 | ...                   params: &[(&str, &ToSql)],
[INFO] [stdout]     |                                         ^^^^^
[INFO] [stdout]     |
[INFO] [stdout]     = warning: this is accepted in the current edition (Rust 2015) but is a hard error in Rust 2021!
[INFO] [stdout]     = note: for more information, see <https://doc.rust-lang.org/nightly/edition-guide/rust-2021/warnings-promoted-to-error.html>
[INFO] [stdout] help: use `dyn`
[INFO] [stdout]     |
[INFO] [stdout] 309 |                                              params: &[(&str, &dyn ToSql)],
[INFO] [stdout]     |                                                                +++
[INFO] [stdout] 
[INFO] [stdout] 
[INFO] [stdout] warning: trait objects without an explicit `dyn` are deprecated
[INFO] [stdout]    --> src/statement.rs:321:41
[INFO] [stdout]     |
[INFO] [stdout] 321 |     pub fn exists(&mut self, params: &[&ToSql]) -> Result<bool> {
[INFO] [stdout]     |                                         ^^^^^
[INFO] [stdout]     |
[INFO] [stdout]     = warning: this is accepted in the current edition (Rust 2015) but is a hard error in Rust 2021!
[INFO] [stdout]     = note: for more information, see <https://doc.rust-lang.org/nightly/edition-guide/rust-2021/warnings-promoted-to-error.html>
[INFO] [stdout] help: use `dyn`
[INFO] [stdout]     |
[INFO] [stdout] 321 |     pub fn exists(&mut self, params: &[&dyn ToSql]) -> Result<bool> {
[INFO] [stdout]     |                                         +++
[INFO] [stdout] 
[INFO] [stdout] 
[INFO] [stdout] warning: trait objects without an explicit `dyn` are deprecated
[INFO] [stdout]    --> src/statement.rs:339:50
[INFO] [stdout]     |
[INFO] [stdout] 339 |     pub fn query_row<T, F>(&mut self, params: &[&ToSql], f: F) -> Result<T>
[INFO] [stdout]     |                                                  ^^^^^
[INFO] [stdout]     |
[INFO] [stdout]     = warning: this is accepted in the current edition (Rust 2015) but is a hard error in Rust 2021!
[INFO] [stdout]     = note: for more information, see <https://doc.rust-lang.org/nightly/edition-guide/rust-2021/warnings-promoted-to-error.html>
[INFO] [stdout] help: use `dyn`
[INFO] [stdout]     |
[INFO] [stdout] 339 |     pub fn query_row<T, F>(&mut self, params: &[&dyn ToSql], f: F) -> Result<T>
[INFO] [stdout]     |                                                  +++
[INFO] [stdout] 
[INFO] [stdout] 
[INFO] [stdout] warning: trait objects without an explicit `dyn` are deprecated
[INFO] [stdout]    --> src/statement.rs:370:46
[INFO] [stdout]     |
[INFO] [stdout] 370 |     fn bind_parameters(&mut self, params: &[&ToSql]) -> Result<()> {
[INFO] [stdout]     |                                              ^^^^^
[INFO] [stdout]     |
[INFO] [stdout]     = warning: this is accepted in the current edition (Rust 2015) but is a hard error in Rust 2021!
[INFO] [stdout]     = note: for more information, see <https://doc.rust-lang.org/nightly/edition-guide/rust-2021/warnings-promoted-to-error.html>
[INFO] [stdout] help: use `dyn`
[INFO] [stdout]     |
[INFO] [stdout] 370 |     fn bind_parameters(&mut self, params: &[&dyn ToSql]) -> Result<()> {
[INFO] [stdout]     |                                              +++
[INFO] [stdout] 
[INFO] [stdout] 
[INFO] [stdout] warning: trait objects without an explicit `dyn` are deprecated
[INFO] [stdout]    --> src/statement.rs:383:59
[INFO] [stdout]     |
[INFO] [stdout] 383 |     fn bind_parameters_named(&mut self, params: &[(&str, &ToSql)]) -> Result<()> {
[INFO] [stdout]     |                                                           ^^^^^
[INFO] [stdout]     |
[INFO] [stdout]     = warning: this is accepted in the current edition (Rust 2015) but is a hard error in Rust 2021!
[INFO] [stdout]     = note: for more information, see <https://doc.rust-lang.org/nightly/edition-guide/rust-2021/warnings-promoted-to-error.html>
[INFO] [stdout] help: use `dyn`
[INFO] [stdout]     |
[INFO] [stdout] 383 |     fn bind_parameters_named(&mut self, params: &[(&str, &dyn ToSql)]) -> Result<()> {
[INFO] [stdout]     |                                                           +++
[INFO] [stdout] 
[INFO] [stdout] 
[INFO] [stdout] warning: trait objects without an explicit `dyn` are deprecated
[INFO] [stdout]    --> src/statement.rs:394:38
[INFO] [stdout]     |
[INFO] [stdout] 394 |     fn bind_parameter(&self, param: &ToSql, col: c_int) -> Result<()> {
[INFO] [stdout]     |                                      ^^^^^
[INFO] [stdout]     |
[INFO] [stdout]     = warning: this is accepted in the current edition (Rust 2015) but is a hard error in Rust 2021!
[INFO] [stdout]     = note: for more information, see <https://doc.rust-lang.org/nightly/edition-guide/rust-2021/warnings-promoted-to-error.html>
[INFO] [stdout] help: use `dyn`
[INFO] [stdout]     |
[INFO] [stdout] 394 |     fn bind_parameter(&self, param: &dyn ToSql, col: c_int) -> Result<()> {
[INFO] [stdout]     |                                      +++
[INFO] [stdout] 
[INFO] [stdout] 
[INFO] [stdout] error[E0119]: conflicting implementations of trait `From<&_>` for type `ToSqlOutput<'_>`
[INFO] [stdout]   --> src/types/to_sql.rs:26:1
[INFO] [stdout]    |
[INFO] [stdout] 18 | / impl<'a, T: ?Sized> From<&'a T> for ToSqlOutput<'a>
[INFO] [stdout] 19 | |     where &'a T: Into<ValueRef<'a>>
[INFO] [stdout]    | |___________________________________- first implementation here
[INFO] [stdout] ...
[INFO] [stdout] 26 |   impl<'a, T: Into<Value>> From<T> for ToSqlOutput<'a> {
[INFO] [stdout]    |   ^^^^^^^^^^^^^^^^^^^^^^^^^^^^^^^^^^^^^^^^^^^^^^^^^^^^ conflicting implementation for `ToSqlOutput<'_>`
[INFO] [stdout]    |
[INFO] [stdout]    = note: downstream crates may implement trait `std::convert::From<&_>` for type `types::value::Value`
[INFO] [stdout] 
[INFO] [stdout] 
[INFO] [stdout] error: aborting due to 1 previous error; 58 warnings emitted
[INFO] [stdout] 
[INFO] [stdout] 
[INFO] [stdout] For more information about this error, try `rustc --explain E0119`.
[INFO] [stdout] 
[INFO] [stderr] error: could not compile `rusqlcipher` (lib) due to 2 previous errors; 58 warnings emitted
[INFO] [stderr] warning: build failed, waiting for other jobs to finish...
[INFO] running `Command { std: "docker" "inspect" "6f9d116d80c1f8670f061ca51f7d48940448c3a21ac7e52c7daefa27097069ed", kill_on_drop: false }`
[INFO] running `Command { std: "docker" "rm" "-f" "6f9d116d80c1f8670f061ca51f7d48940448c3a21ac7e52c7daefa27097069ed", kill_on_drop: false }`
[INFO] [stdout] 6f9d116d80c1f8670f061ca51f7d48940448c3a21ac7e52c7daefa27097069ed
