[INFO] fetching crate ruspiro-boot 0.5.4...
[INFO] testing ruspiro-boot-0.5.4 against 1.75.0 for beta-1.76-1
[INFO] extracting crate ruspiro-boot 0.5.4 into /workspace/builds/worker-3-tc1/source
[INFO] validating manifest of crates.io crate ruspiro-boot 0.5.4 on toolchain 1.75.0
[INFO] running `Command { std: CARGO_HOME="/workspace/cargo-home" RUSTUP_HOME="/workspace/rustup-home" "/workspace/cargo-home/bin/cargo" "+1.75.0" "metadata" "--manifest-path" "Cargo.toml" "--no-deps", kill_on_drop: false }`
[INFO] removed /workspace/builds/worker-3-tc1/source/rust-toolchain.toml
[INFO] started tweaking crates.io crate ruspiro-boot 0.5.4
[INFO] finished tweaking crates.io crate ruspiro-boot 0.5.4
[INFO] tweaked toml for crates.io crate ruspiro-boot 0.5.4 written to /workspace/builds/worker-3-tc1/source/Cargo.toml
[INFO] running `Command { std: CARGO_HOME="/workspace/cargo-home" RUSTUP_HOME="/workspace/rustup-home" "/workspace/cargo-home/bin/cargo" "+1.75.0" "generate-lockfile" "--manifest-path" "Cargo.toml", kill_on_drop: false }`
[INFO] [stderr]     Updating crates.io index
[INFO] running `Command { std: CARGO_HOME="/workspace/cargo-home" RUSTUP_HOME="/workspace/rustup-home" "/workspace/cargo-home/bin/cargo" "+1.75.0" "fetch" "--manifest-path" "Cargo.toml", kill_on_drop: false }`
[INFO] [stderr]  Downloading crates ...
[INFO] [stderr]   Downloaded ruspiro-cache v0.4.1
[INFO] [stderr]   Downloaded ruspiro-register v0.5.5
[INFO] [stderr]   Downloaded ruspiro-arch-aarch64 v0.1.7
[INFO] running `Command { std: "docker" "create" "-v" "/var/lib/crater-agent-workspace/builds/worker-3-tc1/target:/opt/rustwide/target:rw,Z" "-v" "/var/lib/crater-agent-workspace/builds/worker-3-tc1/source:/opt/rustwide/workdir:ro,Z" "-v" "/var/lib/crater-agent-workspace/cargo-home:/opt/rustwide/cargo-home:ro,Z" "-v" "/var/lib/crater-agent-workspace/rustup-home:/opt/rustwide/rustup-home:ro,Z" "-e" "SOURCE_DIR=/opt/rustwide/workdir" "-e" "CARGO_TARGET_DIR=/opt/rustwide/target" "-e" "CARGO_HOME=/opt/rustwide/cargo-home" "-e" "RUSTUP_HOME=/opt/rustwide/rustup-home" "-w" "/opt/rustwide/workdir" "-m" "1610612736" "--user" "0:0" "--network" "none" "ghcr.io/rust-lang/crates-build-env/linux@sha256:2788e3201cd34a07e3172128adcd8b3090168a8e3bcc40d7c032b9dda1df7d1c" "/opt/rustwide/cargo-home/bin/cargo" "+1.75.0" "metadata" "--no-deps" "--format-version=1", kill_on_drop: false }`
[INFO] [stdout] 681974ed2ccc89345527bdef65c762114ca52b16859018d874f0473de82e00f7
[INFO] running `Command { std: "docker" "start" "-a" "681974ed2ccc89345527bdef65c762114ca52b16859018d874f0473de82e00f7", kill_on_drop: false }`
[INFO] running `Command { std: "docker" "inspect" "681974ed2ccc89345527bdef65c762114ca52b16859018d874f0473de82e00f7", kill_on_drop: false }`
[INFO] running `Command { std: "docker" "rm" "-f" "681974ed2ccc89345527bdef65c762114ca52b16859018d874f0473de82e00f7", kill_on_drop: false }`
[INFO] [stdout] 681974ed2ccc89345527bdef65c762114ca52b16859018d874f0473de82e00f7
[INFO] running `Command { std: "docker" "create" "-v" "/var/lib/crater-agent-workspace/builds/worker-3-tc1/target:/opt/rustwide/target:rw,Z" "-v" "/var/lib/crater-agent-workspace/builds/worker-3-tc1/source:/opt/rustwide/workdir:ro,Z" "-v" "/var/lib/crater-agent-workspace/cargo-home:/opt/rustwide/cargo-home:ro,Z" "-v" "/var/lib/crater-agent-workspace/rustup-home:/opt/rustwide/rustup-home:ro,Z" "-e" "SOURCE_DIR=/opt/rustwide/workdir" "-e" "CARGO_TARGET_DIR=/opt/rustwide/target" "-e" "CARGO_INCREMENTAL=0" "-e" "RUST_BACKTRACE=full" "-e" "RUSTFLAGS=--cap-lints=warn" "-e" "RUSTDOCFLAGS=--cap-lints=warn" "-e" "CARGO_HOME=/opt/rustwide/cargo-home" "-e" "RUSTUP_HOME=/opt/rustwide/rustup-home" "-w" "/opt/rustwide/workdir" "-m" "1610612736" "--user" "0:0" "--network" "none" "ghcr.io/rust-lang/crates-build-env/linux@sha256:2788e3201cd34a07e3172128adcd8b3090168a8e3bcc40d7c032b9dda1df7d1c" "/opt/rustwide/cargo-home/bin/cargo" "+1.75.0" "build" "--frozen" "--message-format=json", kill_on_drop: false }`
[INFO] [stdout] 57b31d6cef2ee6807e2ea52886badec30876895f592e63a1bf3aeec56dd31afa
[INFO] running `Command { std: "docker" "start" "-a" "57b31d6cef2ee6807e2ea52886badec30876895f592e63a1bf3aeec56dd31afa", kill_on_drop: false }`
[INFO] [stderr]    Compiling libc v0.2.151
[INFO] [stderr]    Compiling ruspiro-register v0.5.5
[INFO] [stderr]    Compiling log v0.4.20
[INFO] [stderr]    Compiling ruspiro-arch-aarch64 v0.1.7
[INFO] [stderr]    Compiling cc v1.0.83
[INFO] [stderr]    Compiling ruspiro-cache v0.4.1
[INFO] [stderr]    Compiling ruspiro-boot v0.5.4 (/opt/rustwide/workdir)
[INFO] [stdout] error[E0554]: `#![feature]` may not be used on the stable release channel
[INFO] [stdout]  --> /opt/rustwide/cargo-home/registry/src/index.crates.io-6f17d22bba15001f/ruspiro-cache-0.4.1/src/lib.rs:9:12
[INFO] [stdout]   |
[INFO] [stdout] 9 | #![feature(llvm_asm, core_intrinsics)]
[INFO] [stdout]   |            ^^^^^^^^
[INFO] [stdout] 
[INFO] [stdout] 
[INFO] [stdout] error[E0554]: `#![feature]` may not be used on the stable release channel
[INFO] [stdout]  --> /opt/rustwide/cargo-home/registry/src/index.crates.io-6f17d22bba15001f/ruspiro-cache-0.4.1/src/lib.rs:9:22
[INFO] [stdout]   |
[INFO] [stdout] 9 | #![feature(llvm_asm, core_intrinsics)]
[INFO] [stdout]   |                      ^^^^^^^^^^^^^^^
[INFO] [stdout] 
[INFO] [stdout] 
[INFO] [stdout] error[E0635]: unknown feature `llvm_asm`
[INFO] [stdout]  --> /opt/rustwide/cargo-home/registry/src/index.crates.io-6f17d22bba15001f/ruspiro-cache-0.4.1/src/lib.rs:9:12
[INFO] [stdout]   |
[INFO] [stdout] 9 | #![feature(llvm_asm, core_intrinsics)]
[INFO] [stdout]   |            ^^^^^^^^
[INFO] [stdout] 
[INFO] [stdout] 
[INFO] [stdout] error: aborting due to 3 previous errors
[INFO] [stdout] 
[INFO] [stdout] 
[INFO] [stdout] Some errors have detailed explanations: E0554, E0635.
[INFO] [stdout] 
[INFO] [stdout] For more information about an error, try `rustc --explain E0554`.
[INFO] [stdout] 
[INFO] [stderr] error: could not compile `ruspiro-cache` (lib) due to 4 previous errors
[INFO] [stderr] warning: build failed, waiting for other jobs to finish...
[INFO] running `Command { std: "docker" "inspect" "57b31d6cef2ee6807e2ea52886badec30876895f592e63a1bf3aeec56dd31afa", kill_on_drop: false }`
[INFO] running `Command { std: "docker" "rm" "-f" "57b31d6cef2ee6807e2ea52886badec30876895f592e63a1bf3aeec56dd31afa", kill_on_drop: false }`
[INFO] [stdout] 57b31d6cef2ee6807e2ea52886badec30876895f592e63a1bf3aeec56dd31afa
[INFO] testing ruspiro-boot-0.5.4 against beta-2023-12-22 for beta-1.76-1
[INFO] extracting crate ruspiro-boot 0.5.4 into /workspace/builds/worker-3-tc2/source
[INFO] validating manifest of crates.io crate ruspiro-boot 0.5.4 on toolchain beta-2023-12-22
[INFO] running `Command { std: CARGO_HOME="/workspace/cargo-home" RUSTUP_HOME="/workspace/rustup-home" "/workspace/cargo-home/bin/cargo" "+beta-2023-12-22" "metadata" "--manifest-path" "Cargo.toml" "--no-deps", kill_on_drop: false }`
[INFO] removed /workspace/builds/worker-3-tc2/source/rust-toolchain.toml
[INFO] started tweaking crates.io crate ruspiro-boot 0.5.4
[INFO] finished tweaking crates.io crate ruspiro-boot 0.5.4
[INFO] tweaked toml for crates.io crate ruspiro-boot 0.5.4 written to /workspace/builds/worker-3-tc2/source/Cargo.toml
[INFO] running `Command { std: CARGO_HOME="/workspace/cargo-home" RUSTUP_HOME="/workspace/rustup-home" "/workspace/cargo-home/bin/cargo" "+beta-2023-12-22" "generate-lockfile" "--manifest-path" "Cargo.toml", kill_on_drop: false }`
[INFO] [stderr]     Updating crates.io index
[INFO] running `Command { std: CARGO_HOME="/workspace/cargo-home" RUSTUP_HOME="/workspace/rustup-home" "/workspace/cargo-home/bin/cargo" "+beta-2023-12-22" "fetch" "--manifest-path" "Cargo.toml", kill_on_drop: false }`
[INFO] running `Command { std: "docker" "create" "-v" "/var/lib/crater-agent-workspace/builds/worker-3-tc2/target:/opt/rustwide/target:rw,Z" "-v" "/var/lib/crater-agent-workspace/builds/worker-3-tc2/source:/opt/rustwide/workdir:ro,Z" "-v" "/var/lib/crater-agent-workspace/cargo-home:/opt/rustwide/cargo-home:ro,Z" "-v" "/var/lib/crater-agent-workspace/rustup-home:/opt/rustwide/rustup-home:ro,Z" "-e" "SOURCE_DIR=/opt/rustwide/workdir" "-e" "CARGO_TARGET_DIR=/opt/rustwide/target" "-e" "CARGO_HOME=/opt/rustwide/cargo-home" "-e" "RUSTUP_HOME=/opt/rustwide/rustup-home" "-w" "/opt/rustwide/workdir" "-m" "1610612736" "--user" "0:0" "--network" "none" "ghcr.io/rust-lang/crates-build-env/linux@sha256:2788e3201cd34a07e3172128adcd8b3090168a8e3bcc40d7c032b9dda1df7d1c" "/opt/rustwide/cargo-home/bin/cargo" "+beta-2023-12-22" "metadata" "--no-deps" "--format-version=1", kill_on_drop: false }`
[INFO] [stdout] fef57c193e5e57e3cb8e056d986b6ff001885142caccd16f80a0715511b12ca8
[INFO] running `Command { std: "docker" "start" "-a" "fef57c193e5e57e3cb8e056d986b6ff001885142caccd16f80a0715511b12ca8", kill_on_drop: false }`
[INFO] running `Command { std: "docker" "inspect" "fef57c193e5e57e3cb8e056d986b6ff001885142caccd16f80a0715511b12ca8", kill_on_drop: false }`
[INFO] running `Command { std: "docker" "rm" "-f" "fef57c193e5e57e3cb8e056d986b6ff001885142caccd16f80a0715511b12ca8", kill_on_drop: false }`
[INFO] [stdout] fef57c193e5e57e3cb8e056d986b6ff001885142caccd16f80a0715511b12ca8
[INFO] running `Command { std: "docker" "create" "-v" "/var/lib/crater-agent-workspace/builds/worker-3-tc2/target:/opt/rustwide/target:rw,Z" "-v" "/var/lib/crater-agent-workspace/builds/worker-3-tc2/source:/opt/rustwide/workdir:ro,Z" "-v" "/var/lib/crater-agent-workspace/cargo-home:/opt/rustwide/cargo-home:ro,Z" "-v" "/var/lib/crater-agent-workspace/rustup-home:/opt/rustwide/rustup-home:ro,Z" "-e" "SOURCE_DIR=/opt/rustwide/workdir" "-e" "CARGO_TARGET_DIR=/opt/rustwide/target" "-e" "CARGO_INCREMENTAL=0" "-e" "RUST_BACKTRACE=full" "-e" "RUSTFLAGS=--cap-lints=warn" "-e" "RUSTDOCFLAGS=--cap-lints=warn" "-e" "CARGO_HOME=/opt/rustwide/cargo-home" "-e" "RUSTUP_HOME=/opt/rustwide/rustup-home" "-w" "/opt/rustwide/workdir" "-m" "1610612736" "--user" "0:0" "--network" "none" "ghcr.io/rust-lang/crates-build-env/linux@sha256:2788e3201cd34a07e3172128adcd8b3090168a8e3bcc40d7c032b9dda1df7d1c" "/opt/rustwide/cargo-home/bin/cargo" "+beta-2023-12-22" "build" "--frozen" "--message-format=json", kill_on_drop: false }`
[INFO] [stdout] 93ef188cb0037b89cad975014d4be9627972b2dd1fb724e99e5d2c7acea3f7d8
[INFO] running `Command { std: "docker" "start" "-a" "93ef188cb0037b89cad975014d4be9627972b2dd1fb724e99e5d2c7acea3f7d8", kill_on_drop: false }`
[INFO] [stderr]    Compiling libc v0.2.151
[INFO] [stderr]    Compiling ruspiro-register v0.5.5
[INFO] [stderr]    Compiling log v0.4.20
[INFO] [stderr]    Compiling ruspiro-arch-aarch64 v0.1.7
[INFO] [stderr]    Compiling cc v1.0.83
[INFO] [stderr]    Compiling ruspiro-cache v0.4.1
[INFO] [stderr]    Compiling ruspiro-boot v0.5.4 (/opt/rustwide/workdir)
[INFO] [stdout] error[E0554]: `#![feature]` may not be used on the beta release channel
[INFO] [stdout]  --> /opt/rustwide/cargo-home/registry/src/index.crates.io-6f17d22bba15001f/ruspiro-cache-0.4.1/src/lib.rs:9:12
[INFO] [stdout]   |
[INFO] [stdout] 9 | #![feature(llvm_asm, core_intrinsics)]
[INFO] [stdout]   |            ^^^^^^^^
[INFO] [stdout] 
[INFO] [stdout] 
[INFO] [stdout] error[E0554]: `#![feature]` may not be used on the beta release channel
[INFO] [stdout]  --> /opt/rustwide/cargo-home/registry/src/index.crates.io-6f17d22bba15001f/ruspiro-cache-0.4.1/src/lib.rs:9:22
[INFO] [stdout]   |
[INFO] [stdout] 9 | #![feature(llvm_asm, core_intrinsics)]
[INFO] [stdout]   |                      ^^^^^^^^^^^^^^^
[INFO] [stdout] 
[INFO] [stdout] 
[INFO] [stdout] error[E0635]: unknown feature `llvm_asm`
[INFO] [stdout]  --> /opt/rustwide/cargo-home/registry/src/index.crates.io-6f17d22bba15001f/ruspiro-cache-0.4.1/src/lib.rs:9:12
[INFO] [stdout]   |
[INFO] [stdout] 9 | #![feature(llvm_asm, core_intrinsics)]
[INFO] [stdout]   |            ^^^^^^^^
[INFO] [stdout] 
[INFO] [stdout] 
[INFO] [stdout] error: aborting due to 3 previous errors
[INFO] [stdout] 
[INFO] [stdout] 
[INFO] [stdout] Some errors have detailed explanations: E0554, E0635.
[INFO] [stdout] 
[INFO] [stdout] For more information about an error, try `rustc --explain E0554`.
[INFO] [stdout] 
[INFO] [stderr] error: could not compile `ruspiro-cache` (lib) due to 4 previous errors
[INFO] [stderr] warning: build failed, waiting for other jobs to finish...
[INFO] running `Command { std: "docker" "inspect" "93ef188cb0037b89cad975014d4be9627972b2dd1fb724e99e5d2c7acea3f7d8", kill_on_drop: false }`
[INFO] running `Command { std: "docker" "rm" "-f" "93ef188cb0037b89cad975014d4be9627972b2dd1fb724e99e5d2c7acea3f7d8", kill_on_drop: false }`
[INFO] [stdout] 93ef188cb0037b89cad975014d4be9627972b2dd1fb724e99e5d2c7acea3f7d8
