[INFO] fetching crate rush-sys 0.0.2-alpha.2...
[INFO] testing rush-sys-0.0.2-alpha.2 against 1.75.0 for beta-1.76-1
[INFO] extracting crate rush-sys 0.0.2-alpha.2 into /workspace/builds/worker-3-tc1/source
[INFO] validating manifest of crates.io crate rush-sys 0.0.2-alpha.2 on toolchain 1.75.0
[INFO] running `Command { std: CARGO_HOME="/workspace/cargo-home" RUSTUP_HOME="/workspace/rustup-home" "/workspace/cargo-home/bin/cargo" "+1.75.0" "metadata" "--manifest-path" "Cargo.toml" "--no-deps", kill_on_drop: false }`
[INFO] started tweaking crates.io crate rush-sys 0.0.2-alpha.2
[INFO] finished tweaking crates.io crate rush-sys 0.0.2-alpha.2
[INFO] tweaked toml for crates.io crate rush-sys 0.0.2-alpha.2 written to /workspace/builds/worker-3-tc1/source/Cargo.toml
[INFO] running `Command { std: CARGO_HOME="/workspace/cargo-home" RUSTUP_HOME="/workspace/rustup-home" "/workspace/cargo-home/bin/cargo" "+1.75.0" "generate-lockfile" "--manifest-path" "Cargo.toml", kill_on_drop: false }`
[INFO] [stderr]     Updating crates.io index
[INFO] running `Command { std: CARGO_HOME="/workspace/cargo-home" RUSTUP_HOME="/workspace/rustup-home" "/workspace/cargo-home/bin/cargo" "+1.75.0" "fetch" "--manifest-path" "Cargo.toml", kill_on_drop: false }`
[INFO] [stderr]  Downloading crates ...
[INFO] [stderr]   Downloaded const-cstr v0.1.0
[INFO] running `Command { std: "docker" "create" "-v" "/var/lib/crater-agent-workspace/builds/worker-3-tc1/target:/opt/rustwide/target:rw,Z" "-v" "/var/lib/crater-agent-workspace/builds/worker-3-tc1/source:/opt/rustwide/workdir:ro,Z" "-v" "/var/lib/crater-agent-workspace/cargo-home:/opt/rustwide/cargo-home:ro,Z" "-v" "/var/lib/crater-agent-workspace/rustup-home:/opt/rustwide/rustup-home:ro,Z" "-e" "SOURCE_DIR=/opt/rustwide/workdir" "-e" "CARGO_TARGET_DIR=/opt/rustwide/target" "-e" "CARGO_HOME=/opt/rustwide/cargo-home" "-e" "RUSTUP_HOME=/opt/rustwide/rustup-home" "-w" "/opt/rustwide/workdir" "-m" "1610612736" "--user" "0:0" "--network" "none" "ghcr.io/rust-lang/crates-build-env/linux@sha256:2788e3201cd34a07e3172128adcd8b3090168a8e3bcc40d7c032b9dda1df7d1c" "/opt/rustwide/cargo-home/bin/cargo" "+1.75.0" "metadata" "--no-deps" "--format-version=1", kill_on_drop: false }`
[INFO] [stdout] 7567612ae94c44d718f942f16df78aa7f7a965586fe7ee81eb2aa23988171d34
[INFO] running `Command { std: "docker" "start" "-a" "7567612ae94c44d718f942f16df78aa7f7a965586fe7ee81eb2aa23988171d34", kill_on_drop: false }`
[INFO] running `Command { std: "docker" "inspect" "7567612ae94c44d718f942f16df78aa7f7a965586fe7ee81eb2aa23988171d34", kill_on_drop: false }`
[INFO] running `Command { std: "docker" "rm" "-f" "7567612ae94c44d718f942f16df78aa7f7a965586fe7ee81eb2aa23988171d34", kill_on_drop: false }`
[INFO] [stdout] 7567612ae94c44d718f942f16df78aa7f7a965586fe7ee81eb2aa23988171d34
[INFO] running `Command { std: "docker" "create" "-v" "/var/lib/crater-agent-workspace/builds/worker-3-tc1/target:/opt/rustwide/target:rw,Z" "-v" "/var/lib/crater-agent-workspace/builds/worker-3-tc1/source:/opt/rustwide/workdir:ro,Z" "-v" "/var/lib/crater-agent-workspace/cargo-home:/opt/rustwide/cargo-home:ro,Z" "-v" "/var/lib/crater-agent-workspace/rustup-home:/opt/rustwide/rustup-home:ro,Z" "-e" "SOURCE_DIR=/opt/rustwide/workdir" "-e" "CARGO_TARGET_DIR=/opt/rustwide/target" "-e" "CARGO_INCREMENTAL=0" "-e" "RUST_BACKTRACE=full" "-e" "RUSTFLAGS=--cap-lints=warn" "-e" "RUSTDOCFLAGS=--cap-lints=warn" "-e" "CARGO_HOME=/opt/rustwide/cargo-home" "-e" "RUSTUP_HOME=/opt/rustwide/rustup-home" "-w" "/opt/rustwide/workdir" "-m" "1610612736" "--user" "0:0" "--network" "none" "ghcr.io/rust-lang/crates-build-env/linux@sha256:2788e3201cd34a07e3172128adcd8b3090168a8e3bcc40d7c032b9dda1df7d1c" "/opt/rustwide/cargo-home/bin/cargo" "+1.75.0" "build" "--frozen" "--message-format=json", kill_on_drop: false }`
[INFO] [stdout] 68d94b33121e40c6181a97296533c6731f2b2fbe080c1b26f6a75d889278bbee
[INFO] running `Command { std: "docker" "start" "-a" "68d94b33121e40c6181a97296533c6731f2b2fbe080c1b26f6a75d889278bbee", kill_on_drop: false }`
[INFO] [stderr]    Compiling libc v0.2.151
[INFO] [stderr]    Compiling libc v0.1.12
[INFO] [stderr]    Compiling const-cstr v0.1.0
[INFO] [stderr]    Compiling cc v1.0.83
[INFO] [stderr]    Compiling rush-sys v0.0.2-alpha.2 (/opt/rustwide/workdir)
[INFO] [stderr] The following warnings were emitted during compilation:
[INFO] [stderr] 
[INFO] [stderr] warning: rush-sys@0.0.2-alpha.2: vendor/Rush/WindowXCB.cpp:9:10: fatal error: xcb/xcb_keysyms.h: No such file or directory
[INFO] [stderr] warning: rush-sys@0.0.2-alpha.2:     9 | #include <xcb/xcb_keysyms.h>
[INFO] [stderr] warning: rush-sys@0.0.2-alpha.2:       |          ^~~~~~~~~~~~~~~~~~~
[INFO] [stderr] warning: rush-sys@0.0.2-alpha.2: compilation terminated.
[INFO] [stderr] 
[INFO] [stderr] error: failed to run custom build command for `rush-sys v0.0.2-alpha.2 (/opt/rustwide/workdir)`
[INFO] [stderr] note: To improve backtraces for build dependencies, set the CARGO_PROFILE_DEV_BUILD_OVERRIDE_DEBUG=true environment variable to enable debug information generation.
[INFO] [stderr] 
[INFO] [stderr] Caused by:
[INFO] [stderr]   process didn't exit successfully: `/opt/rustwide/target/debug/build/rush-sys-6ea637d657424607/build-script-build` (exit status: 1)
[INFO] [stderr]   --- stdout
[INFO] [stderr]   cargo:rustc-link-lib=xcb
[INFO] [stderr]   cargo:rustc-link-lib=xcb-keysyms
[INFO] [stderr]   cargo:rustc-link-lib=pthread
[INFO] [stderr]   cargo:rustc-link-lib=dl
[INFO] [stderr]   TARGET = Some("x86_64-unknown-linux-gnu")
[INFO] [stderr]   OPT_LEVEL = Some("0")
[INFO] [stderr]   HOST = Some("x86_64-unknown-linux-gnu")
[INFO] [stderr]   cargo:rerun-if-env-changed=CXX_x86_64-unknown-linux-gnu
[INFO] [stderr]   CXX_x86_64-unknown-linux-gnu = None
[INFO] [stderr]   cargo:rerun-if-env-changed=CXX_x86_64_unknown_linux_gnu
[INFO] [stderr]   CXX_x86_64_unknown_linux_gnu = None
[INFO] [stderr]   cargo:rerun-if-env-changed=HOST_CXX
[INFO] [stderr]   HOST_CXX = None
[INFO] [stderr]   cargo:rerun-if-env-changed=CXX
[INFO] [stderr]   CXX = None
[INFO] [stderr]   cargo:rerun-if-env-changed=CRATE_CC_NO_DEFAULTS
[INFO] [stderr]   CRATE_CC_NO_DEFAULTS = None
[INFO] [stderr]   DEBUG = Some("true")
[INFO] [stderr]   CARGO_CFG_TARGET_FEATURE = Some("fxsr,sse,sse2")
[INFO] [stderr]   cargo:rerun-if-env-changed=CXXFLAGS_x86_64-unknown-linux-gnu
[INFO] [stderr]   CXXFLAGS_x86_64-unknown-linux-gnu = None
[INFO] [stderr]   cargo:rerun-if-env-changed=CXXFLAGS_x86_64_unknown_linux_gnu
[INFO] [stderr]   CXXFLAGS_x86_64_unknown_linux_gnu = None
[INFO] [stderr]   cargo:rerun-if-env-changed=HOST_CXXFLAGS
[INFO] [stderr]   HOST_CXXFLAGS = None
[INFO] [stderr]   cargo:rerun-if-env-changed=CXXFLAGS
[INFO] [stderr]   CXXFLAGS = None
[INFO] [stderr]   running: "c++" "-O0" "-ffunction-sections" "-fdata-sections" "-fPIC" "-gdwarf-4" "-fno-omit-frame-pointer" "-m64" "-I" "vendor/Rush" "-I" "vendor/External/Vulkan-Headers" "-I" "vendor/External/Volk" "-std=c++17" "-DRUSH_RENDER_API=RUSH_RENDER_API_VK" "-DRUSH_PLATFORM_LINUX=1" "-DVK_USE_PLATFORM_XCB_KHR=1" "-o" "/opt/rustwide/target/debug/build/rush-sys-6826b000f695578b/out/vendor/Rush/GfxBitmapFont.o" "-c" "vendor/Rush/GfxBitmapFont.cpp"
[INFO] [stderr]   exit status: 0
[INFO] [stderr]   running: "c++" "-O0" "-ffunction-sections" "-fdata-sections" "-fPIC" "-gdwarf-4" "-fno-omit-frame-pointer" "-m64" "-I" "vendor/Rush" "-I" "vendor/External/Vulkan-Headers" "-I" "vendor/External/Volk" "-std=c++17" "-DRUSH_RENDER_API=RUSH_RENDER_API_VK" "-DRUSH_PLATFORM_LINUX=1" "-DVK_USE_PLATFORM_XCB_KHR=1" "-o" "/opt/rustwide/target/debug/build/rush-sys-6826b000f695578b/out/vendor/Rush/GfxCommon.o" "-c" "vendor/Rush/GfxCommon.cpp"
[INFO] [stderr]   exit status: 0
[INFO] [stderr]   running: "c++" "-O0" "-ffunction-sections" "-fdata-sections" "-fPIC" "-gdwarf-4" "-fno-omit-frame-pointer" "-m64" "-I" "vendor/Rush" "-I" "vendor/External/Vulkan-Headers" "-I" "vendor/External/Volk" "-std=c++17" "-DRUSH_RENDER_API=RUSH_RENDER_API_VK" "-DRUSH_PLATFORM_LINUX=1" "-DVK_USE_PLATFORM_XCB_KHR=1" "-o" "/opt/rustwide/target/debug/build/rush-sys-6826b000f695578b/out/vendor/Rush/GfxEmbeddedShaders.o" "-c" "vendor/Rush/GfxEmbeddedShaders.cpp"
[INFO] [stderr]   exit status: 0
[INFO] [stderr]   running: "c++" "-O0" "-ffunction-sections" "-fdata-sections" "-fPIC" "-gdwarf-4" "-fno-omit-frame-pointer" "-m64" "-I" "vendor/Rush" "-I" "vendor/External/Vulkan-Headers" "-I" "vendor/External/Volk" "-std=c++17" "-DRUSH_RENDER_API=RUSH_RENDER_API_VK" "-DRUSH_PLATFORM_LINUX=1" "-DVK_USE_PLATFORM_XCB_KHR=1" "-o" "/opt/rustwide/target/debug/build/rush-sys-6826b000f695578b/out/vendor/Rush/GfxEmbeddedShadersMSL.o" "-c" "vendor/Rush/GfxEmbeddedShadersMSL.cpp"
[INFO] [stderr]   exit status: 0
[INFO] [stderr]   running: "c++" "-O0" "-ffunction-sections" "-fdata-sections" "-fPIC" "-gdwarf-4" "-fno-omit-frame-pointer" "-m64" "-I" "vendor/Rush" "-I" "vendor/External/Vulkan-Headers" "-I" "vendor/External/Volk" "-std=c++17" "-DRUSH_RENDER_API=RUSH_RENDER_API_VK" "-DRUSH_PLATFORM_LINUX=1" "-DVK_USE_PLATFORM_XCB_KHR=1" "-o" "/opt/rustwide/target/debug/build/rush-sys-6826b000f695578b/out/vendor/Rush/GfxPrimitiveBatch.o" "-c" "vendor/Rush/GfxPrimitiveBatch.cpp"
[INFO] [stderr]   exit status: 0
[INFO] [stderr]   running: "c++" "-O0" "-ffunction-sections" "-fdata-sections" "-fPIC" "-gdwarf-4" "-fno-omit-frame-pointer" "-m64" "-I" "vendor/Rush" "-I" "vendor/External/Vulkan-Headers" "-I" "vendor/External/Volk" "-std=c++17" "-DRUSH_RENDER_API=RUSH_RENDER_API_VK" "-DRUSH_PLATFORM_LINUX=1" "-DVK_USE_PLATFORM_XCB_KHR=1" "-o" "/opt/rustwide/target/debug/build/rush-sys-6826b000f695578b/out/vendor/Rush/MathTypes.o" "-c" "vendor/Rush/MathTypes.cpp"
[INFO] [stderr]   exit status: 0
[INFO] [stderr]   running: "c++" "-O0" "-ffunction-sections" "-fdata-sections" "-fPIC" "-gdwarf-4" "-fno-omit-frame-pointer" "-m64" "-I" "vendor/Rush" "-I" "vendor/External/Vulkan-Headers" "-I" "vendor/External/Volk" "-std=c++17" "-DRUSH_RENDER_API=RUSH_RENDER_API_VK" "-DRUSH_PLATFORM_LINUX=1" "-DVK_USE_PLATFORM_XCB_KHR=1" "-o" "/opt/rustwide/target/debug/build/rush-sys-6826b000f695578b/out/vendor/Rush/UtilCamera.o" "-c" "vendor/Rush/UtilCamera.cpp"
[INFO] [stderr]   exit status: 0
[INFO] [stderr]   running: "c++" "-O0" "-ffunction-sections" "-fdata-sections" "-fPIC" "-gdwarf-4" "-fno-omit-frame-pointer" "-m64" "-I" "vendor/Rush" "-I" "vendor/External/Vulkan-Headers" "-I" "vendor/External/Volk" "-std=c++17" "-DRUSH_RENDER_API=RUSH_RENDER_API_VK" "-DRUSH_PLATFORM_LINUX=1" "-DVK_USE_PLATFORM_XCB_KHR=1" "-o" "/opt/rustwide/target/debug/build/rush-sys-6826b000f695578b/out/vendor/Rush/UtilFile.o" "-c" "vendor/Rush/UtilFile.cpp"
[INFO] [stderr]   exit status: 0
[INFO] [stderr]   running: "c++" "-O0" "-ffunction-sections" "-fdata-sections" "-fPIC" "-gdwarf-4" "-fno-omit-frame-pointer" "-m64" "-I" "vendor/Rush" "-I" "vendor/External/Vulkan-Headers" "-I" "vendor/External/Volk" "-std=c++17" "-DRUSH_RENDER_API=RUSH_RENDER_API_VK" "-DRUSH_PLATFORM_LINUX=1" "-DVK_USE_PLATFORM_XCB_KHR=1" "-o" "/opt/rustwide/target/debug/build/rush-sys-6826b000f695578b/out/vendor/Rush/UtilLog.o" "-c" "vendor/Rush/UtilLog.cpp"
[INFO] [stderr]   exit status: 0
[INFO] [stderr]   running: "c++" "-O0" "-ffunction-sections" "-fdata-sections" "-fPIC" "-gdwarf-4" "-fno-omit-frame-pointer" "-m64" "-I" "vendor/Rush" "-I" "vendor/External/Vulkan-Headers" "-I" "vendor/External/Volk" "-std=c++17" "-DRUSH_RENDER_API=RUSH_RENDER_API_VK" "-DRUSH_PLATFORM_LINUX=1" "-DVK_USE_PLATFORM_XCB_KHR=1" "-o" "/opt/rustwide/target/debug/build/rush-sys-6826b000f695578b/out/vendor/Rush/UtilTimer.o" "-c" "vendor/Rush/UtilTimer.cpp"
[INFO] [stderr]   exit status: 0
[INFO] [stderr]   running: "c++" "-O0" "-ffunction-sections" "-fdata-sections" "-fPIC" "-gdwarf-4" "-fno-omit-frame-pointer" "-m64" "-I" "vendor/Rush" "-I" "vendor/External/Vulkan-Headers" "-I" "vendor/External/Volk" "-std=c++17" "-DRUSH_RENDER_API=RUSH_RENDER_API_VK" "-DRUSH_PLATFORM_LINUX=1" "-DVK_USE_PLATFORM_XCB_KHR=1" "-o" "/opt/rustwide/target/debug/build/rush-sys-6826b000f695578b/out/vendor/Rush/Window.o" "-c" "vendor/Rush/Window.cpp"
[INFO] [stderr]   exit status: 0
[INFO] [stderr]   running: "c++" "-O0" "-ffunction-sections" "-fdata-sections" "-fPIC" "-gdwarf-4" "-fno-omit-frame-pointer" "-m64" "-I" "vendor/Rush" "-I" "vendor/External/Vulkan-Headers" "-I" "vendor/External/Volk" "-std=c++17" "-DRUSH_RENDER_API=RUSH_RENDER_API_VK" "-DRUSH_PLATFORM_LINUX=1" "-DVK_USE_PLATFORM_XCB_KHR=1" "-o" "/opt/rustwide/target/debug/build/rush-sys-6826b000f695578b/out/vendor/Rush/RushC.o" "-c" "vendor/Rush/RushC.cpp"
[INFO] [stderr]   exit status: 0
[INFO] [stderr]   running: "c++" "-O0" "-ffunction-sections" "-fdata-sections" "-fPIC" "-gdwarf-4" "-fno-omit-frame-pointer" "-m64" "-I" "vendor/Rush" "-I" "vendor/External/Vulkan-Headers" "-I" "vendor/External/Volk" "-std=c++17" "-DRUSH_RENDER_API=RUSH_RENDER_API_VK" "-DRUSH_PLATFORM_LINUX=1" "-DVK_USE_PLATFORM_XCB_KHR=1" "-o" "/opt/rustwide/target/debug/build/rush-sys-6826b000f695578b/out/vendor/External/Volk/volk.o" "-c" "vendor/External/Volk/volk.c"
[INFO] [stderr]   exit status: 0
[INFO] [stderr]   running: "c++" "-O0" "-ffunction-sections" "-fdata-sections" "-fPIC" "-gdwarf-4" "-fno-omit-frame-pointer" "-m64" "-I" "vendor/Rush" "-I" "vendor/External/Vulkan-Headers" "-I" "vendor/External/Volk" "-std=c++17" "-DRUSH_RENDER_API=RUSH_RENDER_API_VK" "-DRUSH_PLATFORM_LINUX=1" "-DVK_USE_PLATFORM_XCB_KHR=1" "-o" "/opt/rustwide/target/debug/build/rush-sys-6826b000f695578b/out/vendor/Rush/GfxDeviceVK.o" "-c" "vendor/Rush/GfxDeviceVK.cpp"
[INFO] [stderr]   exit status: 0
[INFO] [stderr]   running: "c++" "-O0" "-ffunction-sections" "-fdata-sections" "-fPIC" "-gdwarf-4" "-fno-omit-frame-pointer" "-m64" "-I" "vendor/Rush" "-I" "vendor/External/Vulkan-Headers" "-I" "vendor/External/Volk" "-std=c++17" "-DRUSH_RENDER_API=RUSH_RENDER_API_VK" "-DRUSH_PLATFORM_LINUX=1" "-DVK_USE_PLATFORM_XCB_KHR=1" "-o" "/opt/rustwide/target/debug/build/rush-sys-6826b000f695578b/out/vendor/Rush/PlatformLinux.o" "-c" "vendor/Rush/PlatformLinux.cpp"
[INFO] [stderr]   exit status: 0
[INFO] [stderr]   running: "c++" "-O0" "-ffunction-sections" "-fdata-sections" "-fPIC" "-gdwarf-4" "-fno-omit-frame-pointer" "-m64" "-I" "vendor/Rush" "-I" "vendor/External/Vulkan-Headers" "-I" "vendor/External/Volk" "-std=c++17" "-DRUSH_RENDER_API=RUSH_RENDER_API_VK" "-DRUSH_PLATFORM_LINUX=1" "-DVK_USE_PLATFORM_XCB_KHR=1" "-o" "/opt/rustwide/target/debug/build/rush-sys-6826b000f695578b/out/vendor/Rush/WindowXCB.o" "-c" "vendor/Rush/WindowXCB.cpp"
[INFO] [stderr]   cargo:warning=vendor/Rush/WindowXCB.cpp:9:10: fatal error: xcb/xcb_keysyms.h: No such file or directory
[INFO] [stderr] 
[INFO] [stderr]   cargo:warning=    9 | #include <xcb/xcb_keysyms.h>
[INFO] [stderr] 
[INFO] [stderr]   cargo:warning=      |          ^~~~~~~~~~~~~~~~~~~
[INFO] [stderr] 
[INFO] [stderr]   cargo:warning=compilation terminated.
[INFO] [stderr] 
[INFO] [stderr]   exit status: 1
[INFO] [stderr] 
[INFO] [stderr]   --- stderr
[INFO] [stderr] 
[INFO] [stderr] 
[INFO] [stderr]   error occurred: Command "c++" "-O0" "-ffunction-sections" "-fdata-sections" "-fPIC" "-gdwarf-4" "-fno-omit-frame-pointer" "-m64" "-I" "vendor/Rush" "-I" "vendor/External/Vulkan-Headers" "-I" "vendor/External/Volk" "-std=c++17" "-DRUSH_RENDER_API=RUSH_RENDER_API_VK" "-DRUSH_PLATFORM_LINUX=1" "-DVK_USE_PLATFORM_XCB_KHR=1" "-o" "/opt/rustwide/target/debug/build/rush-sys-6826b000f695578b/out/vendor/Rush/WindowXCB.o" "-c" "vendor/Rush/WindowXCB.cpp" with args "c++" did not execute successfully (status code exit status: 1).
[INFO] [stderr] 
[INFO] [stderr] 
[INFO] running `Command { std: "docker" "inspect" "68d94b33121e40c6181a97296533c6731f2b2fbe080c1b26f6a75d889278bbee", kill_on_drop: false }`
[INFO] running `Command { std: "docker" "rm" "-f" "68d94b33121e40c6181a97296533c6731f2b2fbe080c1b26f6a75d889278bbee", kill_on_drop: false }`
[INFO] [stdout] 68d94b33121e40c6181a97296533c6731f2b2fbe080c1b26f6a75d889278bbee
[INFO] testing rush-sys-0.0.2-alpha.2 against beta-2023-12-22 for beta-1.76-1
[INFO] extracting crate rush-sys 0.0.2-alpha.2 into /workspace/builds/worker-3-tc2/source
[INFO] validating manifest of crates.io crate rush-sys 0.0.2-alpha.2 on toolchain beta-2023-12-22
[INFO] running `Command { std: CARGO_HOME="/workspace/cargo-home" RUSTUP_HOME="/workspace/rustup-home" "/workspace/cargo-home/bin/cargo" "+beta-2023-12-22" "metadata" "--manifest-path" "Cargo.toml" "--no-deps", kill_on_drop: false }`
[INFO] started tweaking crates.io crate rush-sys 0.0.2-alpha.2
[INFO] finished tweaking crates.io crate rush-sys 0.0.2-alpha.2
[INFO] tweaked toml for crates.io crate rush-sys 0.0.2-alpha.2 written to /workspace/builds/worker-3-tc2/source/Cargo.toml
[INFO] running `Command { std: CARGO_HOME="/workspace/cargo-home" RUSTUP_HOME="/workspace/rustup-home" "/workspace/cargo-home/bin/cargo" "+beta-2023-12-22" "generate-lockfile" "--manifest-path" "Cargo.toml", kill_on_drop: false }`
[INFO] [stderr]     Updating crates.io index
[INFO] running `Command { std: CARGO_HOME="/workspace/cargo-home" RUSTUP_HOME="/workspace/rustup-home" "/workspace/cargo-home/bin/cargo" "+beta-2023-12-22" "fetch" "--manifest-path" "Cargo.toml", kill_on_drop: false }`
[INFO] [stderr]     Blocking waiting for file lock on package cache
[INFO] running `Command { std: "docker" "create" "-v" "/var/lib/crater-agent-workspace/builds/worker-3-tc2/target:/opt/rustwide/target:rw,Z" "-v" "/var/lib/crater-agent-workspace/builds/worker-3-tc2/source:/opt/rustwide/workdir:ro,Z" "-v" "/var/lib/crater-agent-workspace/cargo-home:/opt/rustwide/cargo-home:ro,Z" "-v" "/var/lib/crater-agent-workspace/rustup-home:/opt/rustwide/rustup-home:ro,Z" "-e" "SOURCE_DIR=/opt/rustwide/workdir" "-e" "CARGO_TARGET_DIR=/opt/rustwide/target" "-e" "CARGO_HOME=/opt/rustwide/cargo-home" "-e" "RUSTUP_HOME=/opt/rustwide/rustup-home" "-w" "/opt/rustwide/workdir" "-m" "1610612736" "--user" "0:0" "--network" "none" "ghcr.io/rust-lang/crates-build-env/linux@sha256:2788e3201cd34a07e3172128adcd8b3090168a8e3bcc40d7c032b9dda1df7d1c" "/opt/rustwide/cargo-home/bin/cargo" "+beta-2023-12-22" "metadata" "--no-deps" "--format-version=1", kill_on_drop: false }`
[INFO] [stdout] 79e164cc3dd0f9af6a588937d372f0be3d9b14e02d2d6c76fedb375a59d097b4
[INFO] running `Command { std: "docker" "start" "-a" "79e164cc3dd0f9af6a588937d372f0be3d9b14e02d2d6c76fedb375a59d097b4", kill_on_drop: false }`
[INFO] running `Command { std: "docker" "inspect" "79e164cc3dd0f9af6a588937d372f0be3d9b14e02d2d6c76fedb375a59d097b4", kill_on_drop: false }`
[INFO] running `Command { std: "docker" "rm" "-f" "79e164cc3dd0f9af6a588937d372f0be3d9b14e02d2d6c76fedb375a59d097b4", kill_on_drop: false }`
[INFO] [stdout] 79e164cc3dd0f9af6a588937d372f0be3d9b14e02d2d6c76fedb375a59d097b4
[INFO] running `Command { std: "docker" "create" "-v" "/var/lib/crater-agent-workspace/builds/worker-3-tc2/target:/opt/rustwide/target:rw,Z" "-v" "/var/lib/crater-agent-workspace/builds/worker-3-tc2/source:/opt/rustwide/workdir:ro,Z" "-v" "/var/lib/crater-agent-workspace/cargo-home:/opt/rustwide/cargo-home:ro,Z" "-v" "/var/lib/crater-agent-workspace/rustup-home:/opt/rustwide/rustup-home:ro,Z" "-e" "SOURCE_DIR=/opt/rustwide/workdir" "-e" "CARGO_TARGET_DIR=/opt/rustwide/target" "-e" "CARGO_INCREMENTAL=0" "-e" "RUST_BACKTRACE=full" "-e" "RUSTFLAGS=--cap-lints=warn" "-e" "RUSTDOCFLAGS=--cap-lints=warn" "-e" "CARGO_HOME=/opt/rustwide/cargo-home" "-e" "RUSTUP_HOME=/opt/rustwide/rustup-home" "-w" "/opt/rustwide/workdir" "-m" "1610612736" "--user" "0:0" "--network" "none" "ghcr.io/rust-lang/crates-build-env/linux@sha256:2788e3201cd34a07e3172128adcd8b3090168a8e3bcc40d7c032b9dda1df7d1c" "/opt/rustwide/cargo-home/bin/cargo" "+beta-2023-12-22" "build" "--frozen" "--message-format=json", kill_on_drop: false }`
[INFO] [stdout] e13aaed18ac5cf9a58eeea17f4d1e82ee685fbe081e0e35977590d0e47540f38
[INFO] running `Command { std: "docker" "start" "-a" "e13aaed18ac5cf9a58eeea17f4d1e82ee685fbe081e0e35977590d0e47540f38", kill_on_drop: false }`
[INFO] [stderr]    Compiling libc v0.2.151
[INFO] [stderr]    Compiling libc v0.1.12
[INFO] [stderr]    Compiling const-cstr v0.1.0
[INFO] [stderr]    Compiling cc v1.0.83
[INFO] [stderr]    Compiling rush-sys v0.0.2-alpha.2 (/opt/rustwide/workdir)
[INFO] [stderr] The following warnings were emitted during compilation:
[INFO] [stderr] 
[INFO] [stderr] warning: rush-sys@0.0.2-alpha.2: vendor/Rush/WindowXCB.cpp:9:10: fatal error: xcb/xcb_keysyms.h: No such file or directory
[INFO] [stderr] warning: rush-sys@0.0.2-alpha.2:     9 | #include <xcb/xcb_keysyms.h>
[INFO] [stderr] warning: rush-sys@0.0.2-alpha.2:       |          ^~~~~~~~~~~~~~~~~~~
[INFO] [stderr] warning: rush-sys@0.0.2-alpha.2: compilation terminated.
[INFO] [stderr] 
[INFO] [stderr] error: failed to run custom build command for `rush-sys v0.0.2-alpha.2 (/opt/rustwide/workdir)`
[INFO] [stderr] note: To improve backtraces for build dependencies, set the CARGO_PROFILE_DEV_BUILD_OVERRIDE_DEBUG=true environment variable to enable debug information generation.
[INFO] [stderr] 
[INFO] [stderr] Caused by:
[INFO] [stderr]   process didn't exit successfully: `/opt/rustwide/target/debug/build/rush-sys-3e2810a052e7c390/build-script-build` (exit status: 1)
[INFO] [stderr]   --- stdout
[INFO] [stderr]   cargo:rustc-link-lib=xcb
[INFO] [stderr]   cargo:rustc-link-lib=xcb-keysyms
[INFO] [stderr]   cargo:rustc-link-lib=pthread
[INFO] [stderr]   cargo:rustc-link-lib=dl
[INFO] [stderr]   TARGET = Some("x86_64-unknown-linux-gnu")
[INFO] [stderr]   OPT_LEVEL = Some("0")
[INFO] [stderr]   HOST = Some("x86_64-unknown-linux-gnu")
[INFO] [stderr]   cargo:rerun-if-env-changed=CXX_x86_64-unknown-linux-gnu
[INFO] [stderr]   CXX_x86_64-unknown-linux-gnu = None
[INFO] [stderr]   cargo:rerun-if-env-changed=CXX_x86_64_unknown_linux_gnu
[INFO] [stderr]   CXX_x86_64_unknown_linux_gnu = None
[INFO] [stderr]   cargo:rerun-if-env-changed=HOST_CXX
[INFO] [stderr]   HOST_CXX = None
[INFO] [stderr]   cargo:rerun-if-env-changed=CXX
[INFO] [stderr]   CXX = None
[INFO] [stderr]   cargo:rerun-if-env-changed=CRATE_CC_NO_DEFAULTS
[INFO] [stderr]   CRATE_CC_NO_DEFAULTS = None
[INFO] [stderr]   DEBUG = Some("true")
[INFO] [stderr]   CARGO_CFG_TARGET_FEATURE = Some("fxsr,sse,sse2")
[INFO] [stderr]   cargo:rerun-if-env-changed=CXXFLAGS_x86_64-unknown-linux-gnu
[INFO] [stderr]   CXXFLAGS_x86_64-unknown-linux-gnu = None
[INFO] [stderr]   cargo:rerun-if-env-changed=CXXFLAGS_x86_64_unknown_linux_gnu
[INFO] [stderr]   CXXFLAGS_x86_64_unknown_linux_gnu = None
[INFO] [stderr]   cargo:rerun-if-env-changed=HOST_CXXFLAGS
[INFO] [stderr]   HOST_CXXFLAGS = None
[INFO] [stderr]   cargo:rerun-if-env-changed=CXXFLAGS
[INFO] [stderr]   CXXFLAGS = None
[INFO] [stderr]   running: "c++" "-O0" "-ffunction-sections" "-fdata-sections" "-fPIC" "-gdwarf-4" "-fno-omit-frame-pointer" "-m64" "-I" "vendor/Rush" "-I" "vendor/External/Vulkan-Headers" "-I" "vendor/External/Volk" "-std=c++17" "-DRUSH_RENDER_API=RUSH_RENDER_API_VK" "-DRUSH_PLATFORM_LINUX=1" "-DVK_USE_PLATFORM_XCB_KHR=1" "-o" "/opt/rustwide/target/debug/build/rush-sys-e2c5e7bc071c0666/out/vendor/Rush/GfxBitmapFont.o" "-c" "vendor/Rush/GfxBitmapFont.cpp"
[INFO] [stderr]   exit status: 0
[INFO] [stderr]   running: "c++" "-O0" "-ffunction-sections" "-fdata-sections" "-fPIC" "-gdwarf-4" "-fno-omit-frame-pointer" "-m64" "-I" "vendor/Rush" "-I" "vendor/External/Vulkan-Headers" "-I" "vendor/External/Volk" "-std=c++17" "-DRUSH_RENDER_API=RUSH_RENDER_API_VK" "-DRUSH_PLATFORM_LINUX=1" "-DVK_USE_PLATFORM_XCB_KHR=1" "-o" "/opt/rustwide/target/debug/build/rush-sys-e2c5e7bc071c0666/out/vendor/Rush/GfxCommon.o" "-c" "vendor/Rush/GfxCommon.cpp"
[INFO] [stderr]   exit status: 0
[INFO] [stderr]   running: "c++" "-O0" "-ffunction-sections" "-fdata-sections" "-fPIC" "-gdwarf-4" "-fno-omit-frame-pointer" "-m64" "-I" "vendor/Rush" "-I" "vendor/External/Vulkan-Headers" "-I" "vendor/External/Volk" "-std=c++17" "-DRUSH_RENDER_API=RUSH_RENDER_API_VK" "-DRUSH_PLATFORM_LINUX=1" "-DVK_USE_PLATFORM_XCB_KHR=1" "-o" "/opt/rustwide/target/debug/build/rush-sys-e2c5e7bc071c0666/out/vendor/Rush/GfxEmbeddedShaders.o" "-c" "vendor/Rush/GfxEmbeddedShaders.cpp"
[INFO] [stderr]   exit status: 0
[INFO] [stderr]   running: "c++" "-O0" "-ffunction-sections" "-fdata-sections" "-fPIC" "-gdwarf-4" "-fno-omit-frame-pointer" "-m64" "-I" "vendor/Rush" "-I" "vendor/External/Vulkan-Headers" "-I" "vendor/External/Volk" "-std=c++17" "-DRUSH_RENDER_API=RUSH_RENDER_API_VK" "-DRUSH_PLATFORM_LINUX=1" "-DVK_USE_PLATFORM_XCB_KHR=1" "-o" "/opt/rustwide/target/debug/build/rush-sys-e2c5e7bc071c0666/out/vendor/Rush/GfxEmbeddedShadersMSL.o" "-c" "vendor/Rush/GfxEmbeddedShadersMSL.cpp"
[INFO] [stderr]   exit status: 0
[INFO] [stderr]   running: "c++" "-O0" "-ffunction-sections" "-fdata-sections" "-fPIC" "-gdwarf-4" "-fno-omit-frame-pointer" "-m64" "-I" "vendor/Rush" "-I" "vendor/External/Vulkan-Headers" "-I" "vendor/External/Volk" "-std=c++17" "-DRUSH_RENDER_API=RUSH_RENDER_API_VK" "-DRUSH_PLATFORM_LINUX=1" "-DVK_USE_PLATFORM_XCB_KHR=1" "-o" "/opt/rustwide/target/debug/build/rush-sys-e2c5e7bc071c0666/out/vendor/Rush/GfxPrimitiveBatch.o" "-c" "vendor/Rush/GfxPrimitiveBatch.cpp"
[INFO] [stderr]   exit status: 0
[INFO] [stderr]   running: "c++" "-O0" "-ffunction-sections" "-fdata-sections" "-fPIC" "-gdwarf-4" "-fno-omit-frame-pointer" "-m64" "-I" "vendor/Rush" "-I" "vendor/External/Vulkan-Headers" "-I" "vendor/External/Volk" "-std=c++17" "-DRUSH_RENDER_API=RUSH_RENDER_API_VK" "-DRUSH_PLATFORM_LINUX=1" "-DVK_USE_PLATFORM_XCB_KHR=1" "-o" "/opt/rustwide/target/debug/build/rush-sys-e2c5e7bc071c0666/out/vendor/Rush/MathTypes.o" "-c" "vendor/Rush/MathTypes.cpp"
[INFO] [stderr]   exit status: 0
[INFO] [stderr]   running: "c++" "-O0" "-ffunction-sections" "-fdata-sections" "-fPIC" "-gdwarf-4" "-fno-omit-frame-pointer" "-m64" "-I" "vendor/Rush" "-I" "vendor/External/Vulkan-Headers" "-I" "vendor/External/Volk" "-std=c++17" "-DRUSH_RENDER_API=RUSH_RENDER_API_VK" "-DRUSH_PLATFORM_LINUX=1" "-DVK_USE_PLATFORM_XCB_KHR=1" "-o" "/opt/rustwide/target/debug/build/rush-sys-e2c5e7bc071c0666/out/vendor/Rush/UtilCamera.o" "-c" "vendor/Rush/UtilCamera.cpp"
[INFO] [stderr]   exit status: 0
[INFO] [stderr]   running: "c++" "-O0" "-ffunction-sections" "-fdata-sections" "-fPIC" "-gdwarf-4" "-fno-omit-frame-pointer" "-m64" "-I" "vendor/Rush" "-I" "vendor/External/Vulkan-Headers" "-I" "vendor/External/Volk" "-std=c++17" "-DRUSH_RENDER_API=RUSH_RENDER_API_VK" "-DRUSH_PLATFORM_LINUX=1" "-DVK_USE_PLATFORM_XCB_KHR=1" "-o" "/opt/rustwide/target/debug/build/rush-sys-e2c5e7bc071c0666/out/vendor/Rush/UtilFile.o" "-c" "vendor/Rush/UtilFile.cpp"
[INFO] [stderr]   exit status: 0
[INFO] [stderr]   running: "c++" "-O0" "-ffunction-sections" "-fdata-sections" "-fPIC" "-gdwarf-4" "-fno-omit-frame-pointer" "-m64" "-I" "vendor/Rush" "-I" "vendor/External/Vulkan-Headers" "-I" "vendor/External/Volk" "-std=c++17" "-DRUSH_RENDER_API=RUSH_RENDER_API_VK" "-DRUSH_PLATFORM_LINUX=1" "-DVK_USE_PLATFORM_XCB_KHR=1" "-o" "/opt/rustwide/target/debug/build/rush-sys-e2c5e7bc071c0666/out/vendor/Rush/UtilLog.o" "-c" "vendor/Rush/UtilLog.cpp"
[INFO] [stderr]   exit status: 0
[INFO] [stderr]   running: "c++" "-O0" "-ffunction-sections" "-fdata-sections" "-fPIC" "-gdwarf-4" "-fno-omit-frame-pointer" "-m64" "-I" "vendor/Rush" "-I" "vendor/External/Vulkan-Headers" "-I" "vendor/External/Volk" "-std=c++17" "-DRUSH_RENDER_API=RUSH_RENDER_API_VK" "-DRUSH_PLATFORM_LINUX=1" "-DVK_USE_PLATFORM_XCB_KHR=1" "-o" "/opt/rustwide/target/debug/build/rush-sys-e2c5e7bc071c0666/out/vendor/Rush/UtilTimer.o" "-c" "vendor/Rush/UtilTimer.cpp"
[INFO] [stderr]   exit status: 0
[INFO] [stderr]   running: "c++" "-O0" "-ffunction-sections" "-fdata-sections" "-fPIC" "-gdwarf-4" "-fno-omit-frame-pointer" "-m64" "-I" "vendor/Rush" "-I" "vendor/External/Vulkan-Headers" "-I" "vendor/External/Volk" "-std=c++17" "-DRUSH_RENDER_API=RUSH_RENDER_API_VK" "-DRUSH_PLATFORM_LINUX=1" "-DVK_USE_PLATFORM_XCB_KHR=1" "-o" "/opt/rustwide/target/debug/build/rush-sys-e2c5e7bc071c0666/out/vendor/Rush/Window.o" "-c" "vendor/Rush/Window.cpp"
[INFO] [stderr]   exit status: 0
[INFO] [stderr]   running: "c++" "-O0" "-ffunction-sections" "-fdata-sections" "-fPIC" "-gdwarf-4" "-fno-omit-frame-pointer" "-m64" "-I" "vendor/Rush" "-I" "vendor/External/Vulkan-Headers" "-I" "vendor/External/Volk" "-std=c++17" "-DRUSH_RENDER_API=RUSH_RENDER_API_VK" "-DRUSH_PLATFORM_LINUX=1" "-DVK_USE_PLATFORM_XCB_KHR=1" "-o" "/opt/rustwide/target/debug/build/rush-sys-e2c5e7bc071c0666/out/vendor/Rush/RushC.o" "-c" "vendor/Rush/RushC.cpp"
[INFO] [stderr]   exit status: 0
[INFO] [stderr]   running: "c++" "-O0" "-ffunction-sections" "-fdata-sections" "-fPIC" "-gdwarf-4" "-fno-omit-frame-pointer" "-m64" "-I" "vendor/Rush" "-I" "vendor/External/Vulkan-Headers" "-I" "vendor/External/Volk" "-std=c++17" "-DRUSH_RENDER_API=RUSH_RENDER_API_VK" "-DRUSH_PLATFORM_LINUX=1" "-DVK_USE_PLATFORM_XCB_KHR=1" "-o" "/opt/rustwide/target/debug/build/rush-sys-e2c5e7bc071c0666/out/vendor/External/Volk/volk.o" "-c" "vendor/External/Volk/volk.c"
[INFO] [stderr]   exit status: 0
[INFO] [stderr]   running: "c++" "-O0" "-ffunction-sections" "-fdata-sections" "-fPIC" "-gdwarf-4" "-fno-omit-frame-pointer" "-m64" "-I" "vendor/Rush" "-I" "vendor/External/Vulkan-Headers" "-I" "vendor/External/Volk" "-std=c++17" "-DRUSH_RENDER_API=RUSH_RENDER_API_VK" "-DRUSH_PLATFORM_LINUX=1" "-DVK_USE_PLATFORM_XCB_KHR=1" "-o" "/opt/rustwide/target/debug/build/rush-sys-e2c5e7bc071c0666/out/vendor/Rush/GfxDeviceVK.o" "-c" "vendor/Rush/GfxDeviceVK.cpp"
[INFO] [stderr]   exit status: 0
[INFO] [stderr]   running: "c++" "-O0" "-ffunction-sections" "-fdata-sections" "-fPIC" "-gdwarf-4" "-fno-omit-frame-pointer" "-m64" "-I" "vendor/Rush" "-I" "vendor/External/Vulkan-Headers" "-I" "vendor/External/Volk" "-std=c++17" "-DRUSH_RENDER_API=RUSH_RENDER_API_VK" "-DRUSH_PLATFORM_LINUX=1" "-DVK_USE_PLATFORM_XCB_KHR=1" "-o" "/opt/rustwide/target/debug/build/rush-sys-e2c5e7bc071c0666/out/vendor/Rush/PlatformLinux.o" "-c" "vendor/Rush/PlatformLinux.cpp"
[INFO] [stderr]   exit status: 0
[INFO] [stderr]   running: "c++" "-O0" "-ffunction-sections" "-fdata-sections" "-fPIC" "-gdwarf-4" "-fno-omit-frame-pointer" "-m64" "-I" "vendor/Rush" "-I" "vendor/External/Vulkan-Headers" "-I" "vendor/External/Volk" "-std=c++17" "-DRUSH_RENDER_API=RUSH_RENDER_API_VK" "-DRUSH_PLATFORM_LINUX=1" "-DVK_USE_PLATFORM_XCB_KHR=1" "-o" "/opt/rustwide/target/debug/build/rush-sys-e2c5e7bc071c0666/out/vendor/Rush/WindowXCB.o" "-c" "vendor/Rush/WindowXCB.cpp"
[INFO] [stderr]   cargo:warning=vendor/Rush/WindowXCB.cpp:9:10: fatal error: xcb/xcb_keysyms.h: No such file or directory
[INFO] [stderr] 
[INFO] [stderr]   cargo:warning=    9 | #include <xcb/xcb_keysyms.h>
[INFO] [stderr] 
[INFO] [stderr]   cargo:warning=      |          ^~~~~~~~~~~~~~~~~~~
[INFO] [stderr] 
[INFO] [stderr]   cargo:warning=compilation terminated.
[INFO] [stderr] 
[INFO] [stderr]   exit status: 1
[INFO] [stderr] 
[INFO] [stderr]   --- stderr
[INFO] [stderr] 
[INFO] [stderr] 
[INFO] [stderr]   error occurred: Command "c++" "-O0" "-ffunction-sections" "-fdata-sections" "-fPIC" "-gdwarf-4" "-fno-omit-frame-pointer" "-m64" "-I" "vendor/Rush" "-I" "vendor/External/Vulkan-Headers" "-I" "vendor/External/Volk" "-std=c++17" "-DRUSH_RENDER_API=RUSH_RENDER_API_VK" "-DRUSH_PLATFORM_LINUX=1" "-DVK_USE_PLATFORM_XCB_KHR=1" "-o" "/opt/rustwide/target/debug/build/rush-sys-e2c5e7bc071c0666/out/vendor/Rush/WindowXCB.o" "-c" "vendor/Rush/WindowXCB.cpp" with args "c++" did not execute successfully (status code exit status: 1).
[INFO] [stderr] 
[INFO] [stderr] 
[INFO] running `Command { std: "docker" "inspect" "e13aaed18ac5cf9a58eeea17f4d1e82ee685fbe081e0e35977590d0e47540f38", kill_on_drop: false }`
[INFO] running `Command { std: "docker" "rm" "-f" "e13aaed18ac5cf9a58eeea17f4d1e82ee685fbe081e0e35977590d0e47540f38", kill_on_drop: false }`
[INFO] [stdout] e13aaed18ac5cf9a58eeea17f4d1e82ee685fbe081e0e35977590d0e47540f38
