[INFO] fetching crate rune-macros 0.13.1...
[INFO] testing rune-macros-0.13.1 against 1.75.0 for beta-1.76-1
[INFO] extracting crate rune-macros 0.13.1 into /workspace/builds/worker-4-tc1/source
[INFO] validating manifest of crates.io crate rune-macros 0.13.1 on toolchain 1.75.0
[INFO] running `Command { std: CARGO_HOME="/workspace/cargo-home" RUSTUP_HOME="/workspace/rustup-home" "/workspace/cargo-home/bin/cargo" "+1.75.0" "metadata" "--manifest-path" "Cargo.toml" "--no-deps", kill_on_drop: false }`
[INFO] started tweaking crates.io crate rune-macros 0.13.1
[INFO] finished tweaking crates.io crate rune-macros 0.13.1
[INFO] tweaked toml for crates.io crate rune-macros 0.13.1 written to /workspace/builds/worker-4-tc1/source/Cargo.toml
[INFO] running `Command { std: CARGO_HOME="/workspace/cargo-home" RUSTUP_HOME="/workspace/rustup-home" "/workspace/cargo-home/bin/cargo" "+1.75.0" "generate-lockfile" "--manifest-path" "Cargo.toml", kill_on_drop: false }`
[INFO] [stderr]     Updating crates.io index
[INFO] running `Command { std: CARGO_HOME="/workspace/cargo-home" RUSTUP_HOME="/workspace/rustup-home" "/workspace/cargo-home/bin/cargo" "+1.75.0" "fetch" "--manifest-path" "Cargo.toml", kill_on_drop: false }`
[INFO] [stderr]  Downloading crates ...
[INFO] [stderr]   Downloaded rune-core v0.13.1
[INFO] [stderr]   Downloaded rune-alloc-macros v0.13.1
[INFO] [stderr]   Downloaded rune-alloc v0.13.1
[INFO] running `Command { std: "docker" "create" "-v" "/var/lib/crater-agent-workspace/builds/worker-4-tc1/target:/opt/rustwide/target:rw,Z" "-v" "/var/lib/crater-agent-workspace/builds/worker-4-tc1/source:/opt/rustwide/workdir:ro,Z" "-v" "/var/lib/crater-agent-workspace/cargo-home:/opt/rustwide/cargo-home:ro,Z" "-v" "/var/lib/crater-agent-workspace/rustup-home:/opt/rustwide/rustup-home:ro,Z" "-e" "SOURCE_DIR=/opt/rustwide/workdir" "-e" "CARGO_TARGET_DIR=/opt/rustwide/target" "-e" "CARGO_HOME=/opt/rustwide/cargo-home" "-e" "RUSTUP_HOME=/opt/rustwide/rustup-home" "-w" "/opt/rustwide/workdir" "-m" "1610612736" "--user" "0:0" "--network" "none" "ghcr.io/rust-lang/crates-build-env/linux@sha256:2788e3201cd34a07e3172128adcd8b3090168a8e3bcc40d7c032b9dda1df7d1c" "/opt/rustwide/cargo-home/bin/cargo" "+1.75.0" "metadata" "--no-deps" "--format-version=1", kill_on_drop: false }`
[INFO] [stdout] 764884977a0cb17301fbe136746048b97a7746185ec2c42611032c07ccda4486
[INFO] running `Command { std: "docker" "start" "-a" "764884977a0cb17301fbe136746048b97a7746185ec2c42611032c07ccda4486", kill_on_drop: false }`
[INFO] running `Command { std: "docker" "inspect" "764884977a0cb17301fbe136746048b97a7746185ec2c42611032c07ccda4486", kill_on_drop: false }`
[INFO] running `Command { std: "docker" "rm" "-f" "764884977a0cb17301fbe136746048b97a7746185ec2c42611032c07ccda4486", kill_on_drop: false }`
[INFO] [stdout] 764884977a0cb17301fbe136746048b97a7746185ec2c42611032c07ccda4486
[INFO] running `Command { std: "docker" "create" "-v" "/var/lib/crater-agent-workspace/builds/worker-4-tc1/target:/opt/rustwide/target:rw,Z" "-v" "/var/lib/crater-agent-workspace/builds/worker-4-tc1/source:/opt/rustwide/workdir:ro,Z" "-v" "/var/lib/crater-agent-workspace/cargo-home:/opt/rustwide/cargo-home:ro,Z" "-v" "/var/lib/crater-agent-workspace/rustup-home:/opt/rustwide/rustup-home:ro,Z" "-e" "SOURCE_DIR=/opt/rustwide/workdir" "-e" "CARGO_TARGET_DIR=/opt/rustwide/target" "-e" "CARGO_INCREMENTAL=0" "-e" "RUST_BACKTRACE=full" "-e" "RUSTFLAGS=--cap-lints=warn" "-e" "RUSTDOCFLAGS=--cap-lints=warn" "-e" "CARGO_HOME=/opt/rustwide/cargo-home" "-e" "RUSTUP_HOME=/opt/rustwide/rustup-home" "-w" "/opt/rustwide/workdir" "-m" "1610612736" "--user" "0:0" "--network" "none" "ghcr.io/rust-lang/crates-build-env/linux@sha256:2788e3201cd34a07e3172128adcd8b3090168a8e3bcc40d7c032b9dda1df7d1c" "/opt/rustwide/cargo-home/bin/cargo" "+1.75.0" "build" "--frozen" "--message-format=json", kill_on_drop: false }`
[INFO] [stdout] fde2f490938ff9ab6da628706589f05d773cc767d1117352c3a799f971e6e66c
[INFO] running `Command { std: "docker" "start" "-a" "fde2f490938ff9ab6da628706589f05d773cc767d1117352c3a799f971e6e66c", kill_on_drop: false }`
[INFO] [stderr]    Compiling syn v2.0.48
[INFO] [stderr]    Compiling cfg-if v1.0.0
[INFO] [stderr]    Compiling serde v1.0.194
[INFO] [stderr]    Compiling zerocopy v0.7.32
[INFO] [stderr]    Compiling once_cell v1.19.0
[INFO] [stderr]    Compiling static_assertions v1.1.0
[INFO] [stderr]    Compiling byteorder v1.5.0
[INFO] [stderr]    Compiling ahash v0.8.7
[INFO] [stderr]    Compiling twox-hash v1.6.3
[INFO] [stderr]    Compiling pin-project-internal v1.1.3
[INFO] [stderr]    Compiling serde_derive v1.0.194
[INFO] [stderr]    Compiling rune-alloc-macros v0.13.1
[INFO] [stderr]    Compiling pin-project v1.1.3
[INFO] [stderr]    Compiling rune-alloc v0.13.1
[INFO] [stderr]    Compiling rune-core v0.13.1
[INFO] [stderr]    Compiling rune-macros v0.13.1 (/opt/rustwide/workdir)
[INFO] [stderr]     Finished dev [unoptimized + debuginfo] target(s) in 11.21s
[INFO] running `Command { std: "docker" "inspect" "fde2f490938ff9ab6da628706589f05d773cc767d1117352c3a799f971e6e66c", kill_on_drop: false }`
[INFO] running `Command { std: "docker" "rm" "-f" "fde2f490938ff9ab6da628706589f05d773cc767d1117352c3a799f971e6e66c", kill_on_drop: false }`
[INFO] [stdout] fde2f490938ff9ab6da628706589f05d773cc767d1117352c3a799f971e6e66c
[INFO] running `Command { std: "docker" "create" "-v" "/var/lib/crater-agent-workspace/builds/worker-4-tc1/target:/opt/rustwide/target:rw,Z" "-v" "/var/lib/crater-agent-workspace/builds/worker-4-tc1/source:/opt/rustwide/workdir:ro,Z" "-v" "/var/lib/crater-agent-workspace/cargo-home:/opt/rustwide/cargo-home:ro,Z" "-v" "/var/lib/crater-agent-workspace/rustup-home:/opt/rustwide/rustup-home:ro,Z" "-e" "SOURCE_DIR=/opt/rustwide/workdir" "-e" "CARGO_TARGET_DIR=/opt/rustwide/target" "-e" "CARGO_INCREMENTAL=0" "-e" "RUST_BACKTRACE=full" "-e" "RUSTFLAGS=--cap-lints=warn" "-e" "RUSTDOCFLAGS=--cap-lints=warn" "-e" "CARGO_HOME=/opt/rustwide/cargo-home" "-e" "RUSTUP_HOME=/opt/rustwide/rustup-home" "-w" "/opt/rustwide/workdir" "-m" "1610612736" "--user" "0:0" "--network" "none" "ghcr.io/rust-lang/crates-build-env/linux@sha256:2788e3201cd34a07e3172128adcd8b3090168a8e3bcc40d7c032b9dda1df7d1c" "/opt/rustwide/cargo-home/bin/cargo" "+1.75.0" "test" "--frozen" "--no-run" "--message-format=json", kill_on_drop: false }`
[INFO] [stdout] 25254c0c958e9448f368c1679c7868aab486ec68efc9028c7b247ef1a3c2205e
[INFO] running `Command { std: "docker" "start" "-a" "25254c0c958e9448f368c1679c7868aab486ec68efc9028c7b247ef1a3c2205e", kill_on_drop: false }`
[INFO] [stderr]    Compiling proc-macro2 v1.0.75
[INFO] [stderr]    Compiling unicode-ident v1.0.12
[INFO] [stderr]    Compiling once_cell v1.19.0
[INFO] [stderr]    Compiling zerocopy v0.7.32
[INFO] [stderr]    Compiling serde v1.0.194
[INFO] [stderr]    Compiling twox-hash v1.6.3
[INFO] [stderr]    Compiling ahash v0.8.7
[INFO] [stderr]    Compiling quote v1.0.35
[INFO] [stderr]    Compiling syn v2.0.48
[INFO] [stderr]    Compiling serde_derive v1.0.194
[INFO] [stderr]    Compiling pin-project-internal v1.1.3
[INFO] [stderr]    Compiling rune-alloc-macros v0.13.1
[INFO] [stderr]    Compiling pin-project v1.1.3
[INFO] [stderr]    Compiling rune-alloc v0.13.1
[INFO] [stderr]    Compiling rune-core v0.13.1
[INFO] [stderr]    Compiling rune-macros v0.13.1 (/opt/rustwide/workdir)
[INFO] [stdout] error[E0432]: unresolved import `rune`
[INFO] [stdout]  --> tests/derive.rs:1:5
[INFO] [stdout]   |
[INFO] [stdout] 1 | use rune::T;
[INFO] [stdout]   |     ^^^^ use of undeclared crate or module `rune`
[INFO] [stdout] 
[INFO] [stdout] 
[INFO] [stdout] error: cannot determine resolution for the macro `T`
[INFO] [stdout]  --> tests/derive.rs:8:13
[INFO] [stdout]   |
[INFO] [stdout] 8 |         eq: T![=],
[INFO] [stdout]   |             ^
[INFO] [stdout]   |
[INFO] [stdout]   = note: import resolution is stuck, try simplifying macro imports
[INFO] [stdout] 
[INFO] [stdout] 
[INFO] [stdout] error[E0433]: failed to resolve: use of undeclared crate or module `rune`
[INFO] [stdout]  --> tests/derive.rs:6:43
[INFO] [stdout]   |
[INFO] [stdout] 6 |     #[derive(Debug, Clone, PartialEq, Eq, ToTokens, Parse, Spanned)]
[INFO] [stdout]   |                                           ^^^^^^^^ use of undeclared crate or module `rune`
[INFO] [stdout]   |
[INFO] [stdout]   = note: this error originates in the derive macro `ToTokens` (in Nightly builds, run with -Z macro-backtrace for more info)
[INFO] [stdout] 
[INFO] [stdout] 
[INFO] [stdout] error[E0433]: failed to resolve: use of undeclared crate or module `rune`
[INFO] [stdout]  --> tests/derive.rs:6:53
[INFO] [stdout]   |
[INFO] [stdout] 6 |     #[derive(Debug, Clone, PartialEq, Eq, ToTokens, Parse, Spanned)]
[INFO] [stdout]   |                                                     ^^^^^ use of undeclared crate or module `rune`
[INFO] [stdout]   |
[INFO] [stdout]   = note: this error originates in the derive macro `Parse` (in Nightly builds, run with -Z macro-backtrace for more info)
[INFO] [stdout] 
[INFO] [stdout] 
[INFO] [stdout] error[E0433]: failed to resolve: use of undeclared crate or module `rune`
[INFO] [stdout]  --> tests/derive.rs:6:60
[INFO] [stdout]   |
[INFO] [stdout] 6 |     #[derive(Debug, Clone, PartialEq, Eq, ToTokens, Parse, Spanned)]
[INFO] [stdout]   |                                                            ^^^^^^^ use of undeclared crate or module `rune`
[INFO] [stdout]   |
[INFO] [stdout]   = note: this error originates in the derive macro `Spanned` (in Nightly builds, run with -Z macro-backtrace for more info)
[INFO] [stdout] 
[INFO] [stdout] 
[INFO] [stdout] error[E0433]: failed to resolve: use of undeclared crate or module `rune`
[INFO] [stdout]   --> tests/derive.rs:16:13
[INFO] [stdout]    |
[INFO] [stdout] 16 |         eq: rune::ast::Eq,
[INFO] [stdout]    |             ^^^^ use of undeclared crate or module `rune`
[INFO] [stdout] 
[INFO] [stdout] 
[INFO] [stdout] error[E0433]: failed to resolve: use of undeclared crate or module `rune`
[INFO] [stdout]   --> tests/derive.rs:14:43
[INFO] [stdout]    |
[INFO] [stdout] 14 |     #[derive(Debug, Clone, PartialEq, Eq, ToTokens, Parse, Spanned)]
[INFO] [stdout]    |                                           ^^^^^^^^ use of undeclared crate or module `rune`
[INFO] [stdout]    |
[INFO] [stdout]    = note: this error originates in the derive macro `ToTokens` (in Nightly builds, run with -Z macro-backtrace for more info)
[INFO] [stdout] 
[INFO] [stdout] 
[INFO] [stdout] error[E0433]: failed to resolve: use of undeclared crate or module `rune`
[INFO] [stdout]   --> tests/derive.rs:14:53
[INFO] [stdout]    |
[INFO] [stdout] 14 |     #[derive(Debug, Clone, PartialEq, Eq, ToTokens, Parse, Spanned)]
[INFO] [stdout]    |                                                     ^^^^^ use of undeclared crate or module `rune`
[INFO] [stdout]    |
[INFO] [stdout]    = note: this error originates in the derive macro `Parse` (in Nightly builds, run with -Z macro-backtrace for more info)
[INFO] [stdout] 
[INFO] [stdout] 
[INFO] [stdout] error[E0433]: failed to resolve: use of undeclared crate or module `rune`
[INFO] [stdout]   --> tests/derive.rs:14:60
[INFO] [stdout]    |
[INFO] [stdout] 14 |     #[derive(Debug, Clone, PartialEq, Eq, ToTokens, Parse, Spanned)]
[INFO] [stdout]    |                                                            ^^^^^^^ use of undeclared crate or module `rune`
[INFO] [stdout]    |
[INFO] [stdout]    = note: this error originates in the derive macro `Spanned` (in Nightly builds, run with -Z macro-backtrace for more info)
[INFO] [stdout] 
[INFO] [stdout] 
[INFO] [stdout] error[E0433]: failed to resolve: use of undeclared crate or module `rune`
[INFO] [stdout]  --> tests/derive.rs:6:43
[INFO] [stdout]   |
[INFO] [stdout] 6 |     #[derive(Debug, Clone, PartialEq, Eq, ToTokens, Parse, Spanned)]
[INFO] [stdout]   |                                           ^^^^^^^^ use of undeclared crate or module `rune`
[INFO] [stdout]   |
[INFO] [stdout]   = note: this error originates in the derive macro `ToTokens` (in Nightly builds, run with -Z macro-backtrace for more info)
[INFO] [stdout] help: consider importing this crate
[INFO] [stdout]   |
[INFO] [stdout] 1 + use rune_core::alloc;
[INFO] [stdout]   |
[INFO] [stdout] 
[INFO] [stdout] 
[INFO] [stdout] error[E0433]: failed to resolve: use of undeclared crate or module `rune`
[INFO] [stdout]  --> tests/derive.rs:6:43
[INFO] [stdout]   |
[INFO] [stdout] 6 |     #[derive(Debug, Clone, PartialEq, Eq, ToTokens, Parse, Spanned)]
[INFO] [stdout]   |                                           ^^^^^^^^ use of undeclared crate or module `rune`
[INFO] [stdout]   |
[INFO] [stdout]   = note: this error originates in the derive macro `ToTokens` (in Nightly builds, run with -Z macro-backtrace for more info)
[INFO] [stdout] help: consider importing one of these items
[INFO] [stdout]   |
[INFO] [stdout] 1 + use quote::ToTokens;
[INFO] [stdout]   |
[INFO] [stdout] 1 + use syn::__private::ToTokens;
[INFO] [stdout]   |
[INFO] [stdout] 
[INFO] [stdout] 
[INFO] [stdout] error[E0433]: failed to resolve: use of undeclared crate or module `rune`
[INFO] [stdout]  --> tests/derive.rs:6:53
[INFO] [stdout]   |
[INFO] [stdout] 6 |     #[derive(Debug, Clone, PartialEq, Eq, ToTokens, Parse, Spanned)]
[INFO] [stdout]   |                                                     ^^^^^ use of undeclared crate or module `rune`
[INFO] [stdout]   |
[INFO] [stdout]   = note: this error originates in the derive macro `Parse` (in Nightly builds, run with -Z macro-backtrace for more info)
[INFO] [stdout] help: consider importing this module
[INFO] [stdout]   |
[INFO] [stdout] 1 + use syn::parse;
[INFO] [stdout]   |
[INFO] [stdout] 
[INFO] [stdout] 
[INFO] [stdout] error[E0433]: failed to resolve: use of undeclared crate or module `rune`
[INFO] [stdout]  --> tests/derive.rs:6:60
[INFO] [stdout]   |
[INFO] [stdout] 6 |     #[derive(Debug, Clone, PartialEq, Eq, ToTokens, Parse, Spanned)]
[INFO] [stdout]   |                                                            ^^^^^^^ use of undeclared crate or module `rune`
[INFO] [stdout]   |
[INFO] [stdout]   = note: this error originates in the derive macro `Spanned` (in Nightly builds, run with -Z macro-backtrace for more info)
[INFO] [stdout] help: consider importing one of these items
[INFO] [stdout]   |
[INFO] [stdout] 1 + use quote::spanned::Spanned;
[INFO] [stdout]   |
[INFO] [stdout] 1 + use syn::spanned::Spanned;
[INFO] [stdout]   |
[INFO] [stdout] 
[INFO] [stdout] 
[INFO] [stdout] error[E0433]: failed to resolve: use of undeclared crate or module `rune`
[INFO] [stdout]  --> tests/derive.rs:6:60
[INFO] [stdout]   |
[INFO] [stdout] 6 |     #[derive(Debug, Clone, PartialEq, Eq, ToTokens, Parse, Spanned)]
[INFO] [stdout]   |                                                            ^^^^^^^ use of undeclared crate or module `rune`
[INFO] [stdout]   |
[INFO] [stdout]   = note: this error originates in the derive macro `Spanned` (in Nightly builds, run with -Z macro-backtrace for more info)
[INFO] [stdout] help: consider importing one of these items
[INFO] [stdout]   |
[INFO] [stdout] 1 + use proc_macro2::Span;
[INFO] [stdout]   |
[INFO] [stdout] 1 + use quote::__private::Span;
[INFO] [stdout]   |
[INFO] [stdout] 1 + use syn::__private::Span;
[INFO] [stdout]   |
[INFO] [stdout] 
[INFO] [stdout] 
[INFO] [stdout] error[E0433]: failed to resolve: use of undeclared crate or module `rune`
[INFO] [stdout]   --> tests/derive.rs:14:43
[INFO] [stdout]    |
[INFO] [stdout] 14 |     #[derive(Debug, Clone, PartialEq, Eq, ToTokens, Parse, Spanned)]
[INFO] [stdout]    |                                           ^^^^^^^^ use of undeclared crate or module `rune`
[INFO] [stdout]    |
[INFO] [stdout]    = note: this error originates in the derive macro `ToTokens` (in Nightly builds, run with -Z macro-backtrace for more info)
[INFO] [stdout] help: consider importing this crate
[INFO] [stdout]    |
[INFO] [stdout] 1  + use rune_core::alloc;
[INFO] [stdout]    |
[INFO] [stdout] 
[INFO] [stdout] 
[INFO] [stdout] error[E0433]: failed to resolve: use of undeclared crate or module `rune`
[INFO] [stdout]   --> tests/derive.rs:14:43
[INFO] [stdout]    |
[INFO] [stdout] 14 |     #[derive(Debug, Clone, PartialEq, Eq, ToTokens, Parse, Spanned)]
[INFO] [stdout]    |                                           ^^^^^^^^ use of undeclared crate or module `rune`
[INFO] [stdout]    |
[INFO] [stdout]    = note: this error originates in the derive macro `ToTokens` (in Nightly builds, run with -Z macro-backtrace for more info)
[INFO] [stdout] help: consider importing one of these items
[INFO] [stdout]    |
[INFO] [stdout] 1  + use quote::ToTokens;
[INFO] [stdout]    |
[INFO] [stdout] 1  + use syn::__private::ToTokens;
[INFO] [stdout]    |
[INFO] [stdout] 
[INFO] [stdout] 
[INFO] [stdout] error[E0433]: failed to resolve: use of undeclared crate or module `rune`
[INFO] [stdout]   --> tests/derive.rs:14:53
[INFO] [stdout]    |
[INFO] [stdout] 14 |     #[derive(Debug, Clone, PartialEq, Eq, ToTokens, Parse, Spanned)]
[INFO] [stdout]    |                                                     ^^^^^ use of undeclared crate or module `rune`
[INFO] [stdout]    |
[INFO] [stdout]    = note: this error originates in the derive macro `Parse` (in Nightly builds, run with -Z macro-backtrace for more info)
[INFO] [stdout] help: consider importing this module
[INFO] [stdout]    |
[INFO] [stdout] 1  + use syn::parse;
[INFO] [stdout]    |
[INFO] [stdout] 
[INFO] [stdout] 
[INFO] [stdout] error[E0433]: failed to resolve: use of undeclared crate or module `rune`
[INFO] [stdout]   --> tests/derive.rs:14:60
[INFO] [stdout]    |
[INFO] [stdout] 14 |     #[derive(Debug, Clone, PartialEq, Eq, ToTokens, Parse, Spanned)]
[INFO] [stdout]    |                                                            ^^^^^^^ use of undeclared crate or module `rune`
[INFO] [stdout]    |
[INFO] [stdout]    = note: this error originates in the derive macro `Spanned` (in Nightly builds, run with -Z macro-backtrace for more info)
[INFO] [stdout] help: consider importing one of these items
[INFO] [stdout]    |
[INFO] [stdout] 1  + use quote::spanned::Spanned;
[INFO] [stdout]    |
[INFO] [stdout] 1  + use syn::spanned::Spanned;
[INFO] [stdout]    |
[INFO] [stdout] 
[INFO] [stdout] 
[INFO] [stdout] error[E0433]: failed to resolve: use of undeclared crate or module `rune`
[INFO] [stdout]   --> tests/derive.rs:14:60
[INFO] [stdout]    |
[INFO] [stdout] 14 |     #[derive(Debug, Clone, PartialEq, Eq, ToTokens, Parse, Spanned)]
[INFO] [stdout]    |                                                            ^^^^^^^ use of undeclared crate or module `rune`
[INFO] [stdout]    |
[INFO] [stdout]    = note: this error originates in the derive macro `Spanned` (in Nightly builds, run with -Z macro-backtrace for more info)
[INFO] [stdout] help: consider importing one of these items
[INFO] [stdout]    |
[INFO] [stdout] 1  + use proc_macro2::Span;
[INFO] [stdout]    |
[INFO] [stdout] 1  + use quote::__private::Span;
[INFO] [stdout]    |
[INFO] [stdout] 1  + use syn::__private::Span;
[INFO] [stdout]    |
[INFO] [stdout] 
[INFO] [stdout] 
[INFO] [stdout] error: aborting due to 19 previous errors
[INFO] [stdout] 
[INFO] [stdout] 
[INFO] [stdout] Some errors have detailed explanations: E0432, E0433.
[INFO] [stdout] 
[INFO] [stdout] For more information about an error, try `rustc --explain E0432`.
[INFO] [stdout] 
[INFO] [stderr] error: could not compile `rune-macros` (test "derive") due to 20 previous errors
[INFO] running `Command { std: "docker" "inspect" "25254c0c958e9448f368c1679c7868aab486ec68efc9028c7b247ef1a3c2205e", kill_on_drop: false }`
[INFO] running `Command { std: "docker" "rm" "-f" "25254c0c958e9448f368c1679c7868aab486ec68efc9028c7b247ef1a3c2205e", kill_on_drop: false }`
[INFO] [stdout] 25254c0c958e9448f368c1679c7868aab486ec68efc9028c7b247ef1a3c2205e
