[INFO] fetching crate runa-wayland-scanner-codegen 0.1.0...
[INFO] testing runa-wayland-scanner-codegen-0.1.0 against 1.75.0 for beta-1.76-1
[INFO] extracting crate runa-wayland-scanner-codegen 0.1.0 into /workspace/builds/worker-7-tc1/source
[INFO] validating manifest of crates.io crate runa-wayland-scanner-codegen 0.1.0 on toolchain 1.75.0
[INFO] running `Command { std: CARGO_HOME="/workspace/cargo-home" RUSTUP_HOME="/workspace/rustup-home" "/workspace/cargo-home/bin/cargo" "+1.75.0" "metadata" "--manifest-path" "Cargo.toml" "--no-deps", kill_on_drop: false }`
[INFO] started tweaking crates.io crate runa-wayland-scanner-codegen 0.1.0
[INFO] finished tweaking crates.io crate runa-wayland-scanner-codegen 0.1.0
[INFO] tweaked toml for crates.io crate runa-wayland-scanner-codegen 0.1.0 written to /workspace/builds/worker-7-tc1/source/Cargo.toml
[INFO] running `Command { std: CARGO_HOME="/workspace/cargo-home" RUSTUP_HOME="/workspace/rustup-home" "/workspace/cargo-home/bin/cargo" "+1.75.0" "generate-lockfile" "--manifest-path" "Cargo.toml", kill_on_drop: false }`
[INFO] [stderr]     Updating crates.io index
[INFO] running `Command { std: CARGO_HOME="/workspace/cargo-home" RUSTUP_HOME="/workspace/rustup-home" "/workspace/cargo-home/bin/cargo" "+1.75.0" "fetch" "--manifest-path" "Cargo.toml", kill_on_drop: false }`
[INFO] [stderr]  Downloading crates ...
[INFO] [stderr]   Downloaded runa-wayland-spec-parser v0.1.0
[INFO] [stderr]   Downloaded quick-xml v0.28.2
[INFO] [stderr]   Downloaded linkify v0.9.0
[INFO] running `Command { std: "docker" "create" "-v" "/var/lib/crater-agent-workspace/builds/worker-7-tc1/target:/opt/rustwide/target:rw,Z" "-v" "/var/lib/crater-agent-workspace/builds/worker-7-tc1/source:/opt/rustwide/workdir:ro,Z" "-v" "/var/lib/crater-agent-workspace/cargo-home:/opt/rustwide/cargo-home:ro,Z" "-v" "/var/lib/crater-agent-workspace/rustup-home:/opt/rustwide/rustup-home:ro,Z" "-e" "SOURCE_DIR=/opt/rustwide/workdir" "-e" "CARGO_TARGET_DIR=/opt/rustwide/target" "-e" "CARGO_HOME=/opt/rustwide/cargo-home" "-e" "RUSTUP_HOME=/opt/rustwide/rustup-home" "-w" "/opt/rustwide/workdir" "-m" "1610612736" "--user" "0:0" "--network" "none" "ghcr.io/rust-lang/crates-build-env/linux@sha256:2788e3201cd34a07e3172128adcd8b3090168a8e3bcc40d7c032b9dda1df7d1c" "/opt/rustwide/cargo-home/bin/cargo" "+1.75.0" "metadata" "--no-deps" "--format-version=1", kill_on_drop: false }`
[INFO] [stdout] 0632bf94e7e60aa4dafd3798bf888308fa133e7b06a9d17cd6c9f0e1d33151fb
[INFO] running `Command { std: "docker" "start" "-a" "0632bf94e7e60aa4dafd3798bf888308fa133e7b06a9d17cd6c9f0e1d33151fb", kill_on_drop: false }`
[INFO] running `Command { std: "docker" "inspect" "0632bf94e7e60aa4dafd3798bf888308fa133e7b06a9d17cd6c9f0e1d33151fb", kill_on_drop: false }`
[INFO] running `Command { std: "docker" "rm" "-f" "0632bf94e7e60aa4dafd3798bf888308fa133e7b06a9d17cd6c9f0e1d33151fb", kill_on_drop: false }`
[INFO] [stdout] 0632bf94e7e60aa4dafd3798bf888308fa133e7b06a9d17cd6c9f0e1d33151fb
[INFO] running `Command { std: "docker" "create" "-v" "/var/lib/crater-agent-workspace/builds/worker-7-tc1/target:/opt/rustwide/target:rw,Z" "-v" "/var/lib/crater-agent-workspace/builds/worker-7-tc1/source:/opt/rustwide/workdir:ro,Z" "-v" "/var/lib/crater-agent-workspace/cargo-home:/opt/rustwide/cargo-home:ro,Z" "-v" "/var/lib/crater-agent-workspace/rustup-home:/opt/rustwide/rustup-home:ro,Z" "-e" "SOURCE_DIR=/opt/rustwide/workdir" "-e" "CARGO_TARGET_DIR=/opt/rustwide/target" "-e" "CARGO_INCREMENTAL=0" "-e" "RUST_BACKTRACE=full" "-e" "RUSTFLAGS=--cap-lints=warn" "-e" "RUSTDOCFLAGS=--cap-lints=warn" "-e" "CARGO_HOME=/opt/rustwide/cargo-home" "-e" "RUSTUP_HOME=/opt/rustwide/rustup-home" "-w" "/opt/rustwide/workdir" "-m" "1610612736" "--user" "0:0" "--network" "none" "ghcr.io/rust-lang/crates-build-env/linux@sha256:2788e3201cd34a07e3172128adcd8b3090168a8e3bcc40d7c032b9dda1df7d1c" "/opt/rustwide/cargo-home/bin/cargo" "+1.75.0" "build" "--frozen" "--message-format=json", kill_on_drop: false }`
[INFO] [stdout] f6ab33ab650c90f8f206a7860c91da8ba4cab6feaba28730ce7bfc1761011664
[INFO] running `Command { std: "docker" "start" "-a" "f6ab33ab650c90f8f206a7860c91da8ba4cab6feaba28730ce7bfc1761011664", kill_on_drop: false }`
[INFO] [stderr]    Compiling proc-macro2 v1.0.75
[INFO] [stderr]    Compiling unicode-ident v1.0.12
[INFO] [stderr]    Compiling regex-syntax v0.8.2
[INFO] [stderr]    Compiling syn v1.0.109
[INFO] [stderr]    Compiling zerocopy v0.7.32
[INFO] [stderr]    Compiling ahash v0.8.7
[INFO] [stderr]    Compiling aho-corasick v1.1.2
[INFO] [stderr]    Compiling quick-xml v0.28.2
[INFO] [stderr]    Compiling once_cell v1.19.0
[INFO] [stderr]    Compiling linkify v0.9.0
[INFO] [stderr]    Compiling heck v0.4.1
[INFO] [stderr]    Compiling getrandom v0.2.11
[INFO] [stderr]    Compiling quote v1.0.35
[INFO] [stderr]    Compiling rust-format v0.3.4
[INFO] [stderr]    Compiling syn v2.0.48
[INFO] [stderr]    Compiling regex-automata v0.4.3
[INFO] [stderr]    Compiling thiserror-impl v1.0.56
[INFO] [stderr]    Compiling thiserror v1.0.56
[INFO] [stderr]    Compiling runa-wayland-spec-parser v0.1.0
[INFO] [stderr]    Compiling regex v1.10.2
[INFO] [stderr]    Compiling runa-wayland-scanner-codegen v0.1.0 (/opt/rustwide/workdir)
[INFO] [stderr]     Finished dev [unoptimized + debuginfo] target(s) in 3.56s
[INFO] running `Command { std: "docker" "inspect" "f6ab33ab650c90f8f206a7860c91da8ba4cab6feaba28730ce7bfc1761011664", kill_on_drop: false }`
[INFO] running `Command { std: "docker" "rm" "-f" "f6ab33ab650c90f8f206a7860c91da8ba4cab6feaba28730ce7bfc1761011664", kill_on_drop: false }`
[INFO] [stdout] f6ab33ab650c90f8f206a7860c91da8ba4cab6feaba28730ce7bfc1761011664
[INFO] running `Command { std: "docker" "create" "-v" "/var/lib/crater-agent-workspace/builds/worker-7-tc1/target:/opt/rustwide/target:rw,Z" "-v" "/var/lib/crater-agent-workspace/builds/worker-7-tc1/source:/opt/rustwide/workdir:ro,Z" "-v" "/var/lib/crater-agent-workspace/cargo-home:/opt/rustwide/cargo-home:ro,Z" "-v" "/var/lib/crater-agent-workspace/rustup-home:/opt/rustwide/rustup-home:ro,Z" "-e" "SOURCE_DIR=/opt/rustwide/workdir" "-e" "CARGO_TARGET_DIR=/opt/rustwide/target" "-e" "CARGO_INCREMENTAL=0" "-e" "RUST_BACKTRACE=full" "-e" "RUSTFLAGS=--cap-lints=warn" "-e" "RUSTDOCFLAGS=--cap-lints=warn" "-e" "CARGO_HOME=/opt/rustwide/cargo-home" "-e" "RUSTUP_HOME=/opt/rustwide/rustup-home" "-w" "/opt/rustwide/workdir" "-m" "1610612736" "--user" "0:0" "--network" "none" "ghcr.io/rust-lang/crates-build-env/linux@sha256:2788e3201cd34a07e3172128adcd8b3090168a8e3bcc40d7c032b9dda1df7d1c" "/opt/rustwide/cargo-home/bin/cargo" "+1.75.0" "test" "--frozen" "--no-run" "--message-format=json", kill_on_drop: false }`
[INFO] [stdout] bb16141e4b428bc3a38da3a61f42d77a5cfc80105d8dec6d52ee67039dc9e841
[INFO] running `Command { std: "docker" "start" "-a" "bb16141e4b428bc3a38da3a61f42d77a5cfc80105d8dec6d52ee67039dc9e841", kill_on_drop: false }`
[INFO] [stderr]    Compiling runa-wayland-scanner-codegen v0.1.0 (/opt/rustwide/workdir)
[INFO] [stdout] error[E0432]: unresolved import `wl_scanner`
[INFO] [stdout]  --> tests/generate.rs:1:5
[INFO] [stdout]   |
[INFO] [stdout] 1 | use wl_scanner::generate_protocol;
[INFO] [stdout]   |     ^^^^^^^^^^ use of undeclared crate or module `wl_scanner`
[INFO] [stdout] 
[INFO] [stdout] 
[INFO] [stdout] error[E0433]: failed to resolve: use of undeclared crate or module `wl_spec`
[INFO] [stdout]   --> tests/generate.rs:10:17
[INFO] [stdout]    |
[INFO] [stdout] 10 |     let proto = wl_spec::parse::parse(f).unwrap();
[INFO] [stdout]    |                 ^^^^^^^ use of undeclared crate or module `wl_spec`
[INFO] [stdout]    |
[INFO] [stdout] help: consider importing this module
[INFO] [stdout]    |
[INFO] [stdout] 1  + use spec_parser::parse;
[INFO] [stdout]    |
[INFO] [stdout] help: if you import `parse`, refer to it directly
[INFO] [stdout]    |
[INFO] [stdout] 10 -     let proto = wl_spec::parse::parse(f).unwrap();
[INFO] [stdout] 10 +     let proto = parse::parse(f).unwrap();
[INFO] [stdout]    |
[INFO] [stdout] 
[INFO] [stdout] 
[INFO] [stdout] error: aborting due to 2 previous errors
[INFO] [stdout] 
[INFO] [stdout] 
[INFO] [stdout] Some errors have detailed explanations: E0432, E0433.
[INFO] [stdout] 
[INFO] [stdout] For more information about an error, try `rustc --explain E0432`.
[INFO] [stdout] 
[INFO] [stderr] error: could not compile `runa-wayland-scanner-codegen` (test "generate") due to 3 previous errors
[INFO] [stderr] warning: build failed, waiting for other jobs to finish...
[INFO] running `Command { std: "docker" "inspect" "bb16141e4b428bc3a38da3a61f42d77a5cfc80105d8dec6d52ee67039dc9e841", kill_on_drop: false }`
[INFO] running `Command { std: "docker" "rm" "-f" "bb16141e4b428bc3a38da3a61f42d77a5cfc80105d8dec6d52ee67039dc9e841", kill_on_drop: false }`
[INFO] [stdout] bb16141e4b428bc3a38da3a61f42d77a5cfc80105d8dec6d52ee67039dc9e841
[INFO] testing runa-wayland-scanner-codegen-0.1.0 against beta-2023-12-22 for beta-1.76-1
[INFO] extracting crate runa-wayland-scanner-codegen 0.1.0 into /workspace/builds/worker-7-tc2/source
[INFO] validating manifest of crates.io crate runa-wayland-scanner-codegen 0.1.0 on toolchain beta-2023-12-22
[INFO] running `Command { std: CARGO_HOME="/workspace/cargo-home" RUSTUP_HOME="/workspace/rustup-home" "/workspace/cargo-home/bin/cargo" "+beta-2023-12-22" "metadata" "--manifest-path" "Cargo.toml" "--no-deps", kill_on_drop: false }`
[INFO] started tweaking crates.io crate runa-wayland-scanner-codegen 0.1.0
[INFO] finished tweaking crates.io crate runa-wayland-scanner-codegen 0.1.0
[INFO] tweaked toml for crates.io crate runa-wayland-scanner-codegen 0.1.0 written to /workspace/builds/worker-7-tc2/source/Cargo.toml
[INFO] running `Command { std: CARGO_HOME="/workspace/cargo-home" RUSTUP_HOME="/workspace/rustup-home" "/workspace/cargo-home/bin/cargo" "+beta-2023-12-22" "generate-lockfile" "--manifest-path" "Cargo.toml", kill_on_drop: false }`
[INFO] [stderr]     Updating crates.io index
[INFO] running `Command { std: CARGO_HOME="/workspace/cargo-home" RUSTUP_HOME="/workspace/rustup-home" "/workspace/cargo-home/bin/cargo" "+beta-2023-12-22" "fetch" "--manifest-path" "Cargo.toml", kill_on_drop: false }`
[INFO] running `Command { std: "docker" "create" "-v" "/var/lib/crater-agent-workspace/builds/worker-7-tc2/target:/opt/rustwide/target:rw,Z" "-v" "/var/lib/crater-agent-workspace/builds/worker-7-tc2/source:/opt/rustwide/workdir:ro,Z" "-v" "/var/lib/crater-agent-workspace/cargo-home:/opt/rustwide/cargo-home:ro,Z" "-v" "/var/lib/crater-agent-workspace/rustup-home:/opt/rustwide/rustup-home:ro,Z" "-e" "SOURCE_DIR=/opt/rustwide/workdir" "-e" "CARGO_TARGET_DIR=/opt/rustwide/target" "-e" "CARGO_HOME=/opt/rustwide/cargo-home" "-e" "RUSTUP_HOME=/opt/rustwide/rustup-home" "-w" "/opt/rustwide/workdir" "-m" "1610612736" "--user" "0:0" "--network" "none" "ghcr.io/rust-lang/crates-build-env/linux@sha256:2788e3201cd34a07e3172128adcd8b3090168a8e3bcc40d7c032b9dda1df7d1c" "/opt/rustwide/cargo-home/bin/cargo" "+beta-2023-12-22" "metadata" "--no-deps" "--format-version=1", kill_on_drop: false }`
[INFO] [stdout] c62ccca425f44206a5309624da439ef84c29de07cd8addf162ba9b3a88d4082f
[INFO] running `Command { std: "docker" "start" "-a" "c62ccca425f44206a5309624da439ef84c29de07cd8addf162ba9b3a88d4082f", kill_on_drop: false }`
[INFO] running `Command { std: "docker" "inspect" "c62ccca425f44206a5309624da439ef84c29de07cd8addf162ba9b3a88d4082f", kill_on_drop: false }`
[INFO] running `Command { std: "docker" "rm" "-f" "c62ccca425f44206a5309624da439ef84c29de07cd8addf162ba9b3a88d4082f", kill_on_drop: false }`
[INFO] [stdout] c62ccca425f44206a5309624da439ef84c29de07cd8addf162ba9b3a88d4082f
[INFO] running `Command { std: "docker" "create" "-v" "/var/lib/crater-agent-workspace/builds/worker-7-tc2/target:/opt/rustwide/target:rw,Z" "-v" "/var/lib/crater-agent-workspace/builds/worker-7-tc2/source:/opt/rustwide/workdir:ro,Z" "-v" "/var/lib/crater-agent-workspace/cargo-home:/opt/rustwide/cargo-home:ro,Z" "-v" "/var/lib/crater-agent-workspace/rustup-home:/opt/rustwide/rustup-home:ro,Z" "-e" "SOURCE_DIR=/opt/rustwide/workdir" "-e" "CARGO_TARGET_DIR=/opt/rustwide/target" "-e" "CARGO_INCREMENTAL=0" "-e" "RUST_BACKTRACE=full" "-e" "RUSTFLAGS=--cap-lints=warn" "-e" "RUSTDOCFLAGS=--cap-lints=warn" "-e" "CARGO_HOME=/opt/rustwide/cargo-home" "-e" "RUSTUP_HOME=/opt/rustwide/rustup-home" "-w" "/opt/rustwide/workdir" "-m" "1610612736" "--user" "0:0" "--network" "none" "ghcr.io/rust-lang/crates-build-env/linux@sha256:2788e3201cd34a07e3172128adcd8b3090168a8e3bcc40d7c032b9dda1df7d1c" "/opt/rustwide/cargo-home/bin/cargo" "+beta-2023-12-22" "build" "--frozen" "--message-format=json", kill_on_drop: false }`
[INFO] [stdout] 3bbf835bd65363180c3d2fe2b28d1b265986c057914949f686213ead4a4ea3e4
[INFO] running `Command { std: "docker" "start" "-a" "3bbf835bd65363180c3d2fe2b28d1b265986c057914949f686213ead4a4ea3e4", kill_on_drop: false }`
[INFO] [stderr]    Compiling proc-macro2 v1.0.75
[INFO] [stderr]    Compiling unicode-ident v1.0.12
[INFO] [stderr]    Compiling syn v1.0.109
[INFO] [stderr]    Compiling regex-syntax v0.8.2
[INFO] [stderr]    Compiling once_cell v1.19.0
[INFO] [stderr]    Compiling zerocopy v0.7.32
[INFO] [stderr]    Compiling heck v0.4.1
[INFO] [stderr]    Compiling ahash v0.8.7
[INFO] [stderr]    Compiling aho-corasick v1.1.2
[INFO] [stderr]    Compiling quick-xml v0.28.2
[INFO] [stderr]    Compiling linkify v0.9.0
[INFO] [stderr]    Compiling getrandom v0.2.11
[INFO] [stderr]    Compiling quote v1.0.35
[INFO] [stderr]    Compiling rust-format v0.3.4
[INFO] [stderr]    Compiling syn v2.0.48
[INFO] [stderr]    Compiling regex-automata v0.4.3
[INFO] [stderr]    Compiling thiserror-impl v1.0.56
[INFO] [stderr]    Compiling thiserror v1.0.56
[INFO] [stderr]    Compiling runa-wayland-spec-parser v0.1.0
[INFO] [stderr]    Compiling regex v1.10.2
[INFO] [stderr]    Compiling runa-wayland-scanner-codegen v0.1.0 (/opt/rustwide/workdir)
[INFO] [stderr]     Finished dev [unoptimized + debuginfo] target(s) in 3.77s
[INFO] running `Command { std: "docker" "inspect" "3bbf835bd65363180c3d2fe2b28d1b265986c057914949f686213ead4a4ea3e4", kill_on_drop: false }`
[INFO] running `Command { std: "docker" "rm" "-f" "3bbf835bd65363180c3d2fe2b28d1b265986c057914949f686213ead4a4ea3e4", kill_on_drop: false }`
[INFO] [stdout] 3bbf835bd65363180c3d2fe2b28d1b265986c057914949f686213ead4a4ea3e4
[INFO] running `Command { std: "docker" "create" "-v" "/var/lib/crater-agent-workspace/builds/worker-7-tc2/target:/opt/rustwide/target:rw,Z" "-v" "/var/lib/crater-agent-workspace/builds/worker-7-tc2/source:/opt/rustwide/workdir:ro,Z" "-v" "/var/lib/crater-agent-workspace/cargo-home:/opt/rustwide/cargo-home:ro,Z" "-v" "/var/lib/crater-agent-workspace/rustup-home:/opt/rustwide/rustup-home:ro,Z" "-e" "SOURCE_DIR=/opt/rustwide/workdir" "-e" "CARGO_TARGET_DIR=/opt/rustwide/target" "-e" "CARGO_INCREMENTAL=0" "-e" "RUST_BACKTRACE=full" "-e" "RUSTFLAGS=--cap-lints=warn" "-e" "RUSTDOCFLAGS=--cap-lints=warn" "-e" "CARGO_HOME=/opt/rustwide/cargo-home" "-e" "RUSTUP_HOME=/opt/rustwide/rustup-home" "-w" "/opt/rustwide/workdir" "-m" "1610612736" "--user" "0:0" "--network" "none" "ghcr.io/rust-lang/crates-build-env/linux@sha256:2788e3201cd34a07e3172128adcd8b3090168a8e3bcc40d7c032b9dda1df7d1c" "/opt/rustwide/cargo-home/bin/cargo" "+beta-2023-12-22" "test" "--frozen" "--no-run" "--message-format=json", kill_on_drop: false }`
[INFO] [stdout] 0f880915b6242bc94098c8b53ebebd1f1828aab4c0ef41f11030643688a1bb32
[INFO] running `Command { std: "docker" "start" "-a" "0f880915b6242bc94098c8b53ebebd1f1828aab4c0ef41f11030643688a1bb32", kill_on_drop: false }`
[INFO] [stderr]    Compiling runa-wayland-scanner-codegen v0.1.0 (/opt/rustwide/workdir)
[INFO] [stdout] error[E0432]: unresolved import `wl_scanner`
[INFO] [stdout]  --> tests/generate.rs:1:5
[INFO] [stdout]   |
[INFO] [stdout] 1 | use wl_scanner::generate_protocol;
[INFO] [stdout]   |     ^^^^^^^^^^ use of undeclared crate or module `wl_scanner`
[INFO] [stdout] 
[INFO] [stdout] 
[INFO] [stdout] error[E0433]: failed to resolve: use of undeclared crate or module `wl_spec`
[INFO] [stdout]   --> tests/generate.rs:10:17
[INFO] [stdout]    |
[INFO] [stdout] 10 |     let proto = wl_spec::parse::parse(f).unwrap();
[INFO] [stdout]    |                 ^^^^^^^ use of undeclared crate or module `wl_spec`
[INFO] [stdout]    |
[INFO] [stdout] help: consider importing this module
[INFO] [stdout]    |
[INFO] [stdout] 1  + use spec_parser::parse;
[INFO] [stdout]    |
[INFO] [stdout] help: if you import `parse`, refer to it directly
[INFO] [stdout]    |
[INFO] [stdout] 10 -     let proto = wl_spec::parse::parse(f).unwrap();
[INFO] [stdout] 10 +     let proto = parse::parse(f).unwrap();
[INFO] [stdout]    |
[INFO] [stdout] 
[INFO] [stdout] 
[INFO] [stdout] error: aborting due to 2 previous errors
[INFO] [stdout] 
[INFO] [stdout] 
[INFO] [stdout] Some errors have detailed explanations: E0432, E0433.
[INFO] [stdout] 
[INFO] [stdout] For more information about an error, try `rustc --explain E0432`.
[INFO] [stdout] 
[INFO] [stderr] error: could not compile `runa-wayland-scanner-codegen` (test "generate") due to 3 previous errors
[INFO] [stderr] warning: build failed, waiting for other jobs to finish...
[INFO] running `Command { std: "docker" "inspect" "0f880915b6242bc94098c8b53ebebd1f1828aab4c0ef41f11030643688a1bb32", kill_on_drop: false }`
[INFO] running `Command { std: "docker" "rm" "-f" "0f880915b6242bc94098c8b53ebebd1f1828aab4c0ef41f11030643688a1bb32", kill_on_drop: false }`
[INFO] [stdout] 0f880915b6242bc94098c8b53ebebd1f1828aab4c0ef41f11030643688a1bb32
