[INFO] fetching crate rsvg 0.4.0...
[INFO] testing rsvg-0.4.0 against 1.75.0 for beta-1.76-1
[INFO] extracting crate rsvg 0.4.0 into /workspace/builds/worker-1-tc1/source
[INFO] validating manifest of crates.io crate rsvg 0.4.0 on toolchain 1.75.0
[INFO] running `Command { std: CARGO_HOME="/workspace/cargo-home" RUSTUP_HOME="/workspace/rustup-home" "/workspace/cargo-home/bin/cargo" "+1.75.0" "metadata" "--manifest-path" "Cargo.toml" "--no-deps", kill_on_drop: false }`
[INFO] started tweaking crates.io crate rsvg 0.4.0
[INFO] finished tweaking crates.io crate rsvg 0.4.0
[INFO] tweaked toml for crates.io crate rsvg 0.4.0 written to /workspace/builds/worker-1-tc1/source/Cargo.toml
[INFO] running `Command { std: CARGO_HOME="/workspace/cargo-home" RUSTUP_HOME="/workspace/rustup-home" "/workspace/cargo-home/bin/cargo" "+1.75.0" "generate-lockfile" "--manifest-path" "Cargo.toml", kill_on_drop: false }`
[INFO] [stderr]     Updating crates.io index
[INFO] running `Command { std: CARGO_HOME="/workspace/cargo-home" RUSTUP_HOME="/workspace/rustup-home" "/workspace/cargo-home/bin/cargo" "+1.75.0" "fetch" "--manifest-path" "Cargo.toml", kill_on_drop: false }`
[INFO] [stderr]  Downloading crates ...
[INFO] [stderr]   Downloaded gtk-sys v0.6.0
[INFO] [stderr]   Downloaded gdk-pixbuf-sys v0.6.0
[INFO] [stderr]   Downloaded gdk-pixbuf v0.4.0
[INFO] [stderr]   Downloaded gif v0.9.2
[INFO] [stderr]   Downloaded gdk-sys v0.6.0
[INFO] [stderr]   Downloaded c_vec v1.3.3
[INFO] [stderr]   Downloaded rusttype v0.4.3
[INFO] [stderr]   Downloaded gdk v0.8.0
[INFO] [stderr]   Downloaded gtk v0.4.1
[INFO] [stderr]   Downloaded image v0.18.0
[INFO] [stderr]   Downloaded gio-sys v0.6.0
[INFO] [stderr]   Downloaded gio v0.4.1
[INFO] [stderr]   Downloaded glib v0.5.0
[INFO] [stderr]   Downloaded glib-sys v0.6.0
[INFO] [stderr]   Downloaded stb_truetype v0.2.8
[INFO] [stderr]   Downloaded cairo-sys-rs v0.6.0
[INFO] [stderr]   Downloaded cairo-rs v0.4.1
[INFO] [stderr]   Downloaded pango v0.4.0
[INFO] [stderr]   Downloaded atk-sys v0.6.0
[INFO] [stderr]   Downloaded gobject-sys v0.6.0
[INFO] [stderr]   Downloaded pango-sys v0.6.0
[INFO] [stderr]   Downloaded rsvg-sys v0.6.0
[INFO] [stderr]   Downloaded imageproc v0.14.0
[INFO] running `Command { std: "docker" "create" "-v" "/var/lib/crater-agent-workspace/builds/worker-1-tc1/target:/opt/rustwide/target:rw,Z" "-v" "/var/lib/crater-agent-workspace/builds/worker-1-tc1/source:/opt/rustwide/workdir:ro,Z" "-v" "/var/lib/crater-agent-workspace/cargo-home:/opt/rustwide/cargo-home:ro,Z" "-v" "/var/lib/crater-agent-workspace/rustup-home:/opt/rustwide/rustup-home:ro,Z" "-e" "SOURCE_DIR=/opt/rustwide/workdir" "-e" "CARGO_TARGET_DIR=/opt/rustwide/target" "-e" "CARGO_HOME=/opt/rustwide/cargo-home" "-e" "RUSTUP_HOME=/opt/rustwide/rustup-home" "-w" "/opt/rustwide/workdir" "-m" "1610612736" "--user" "0:0" "--network" "none" "ghcr.io/rust-lang/crates-build-env/linux@sha256:2788e3201cd34a07e3172128adcd8b3090168a8e3bcc40d7c032b9dda1df7d1c" "/opt/rustwide/cargo-home/bin/cargo" "+1.75.0" "metadata" "--no-deps" "--format-version=1", kill_on_drop: false }`
[INFO] [stdout] ec7308abe0c7a559180019f9bd92b7ebdd5fa2f94062fa402f6289bffd2c209d
[INFO] running `Command { std: "docker" "start" "-a" "ec7308abe0c7a559180019f9bd92b7ebdd5fa2f94062fa402f6289bffd2c209d", kill_on_drop: false }`
[INFO] running `Command { std: "docker" "inspect" "ec7308abe0c7a559180019f9bd92b7ebdd5fa2f94062fa402f6289bffd2c209d", kill_on_drop: false }`
[INFO] running `Command { std: "docker" "rm" "-f" "ec7308abe0c7a559180019f9bd92b7ebdd5fa2f94062fa402f6289bffd2c209d", kill_on_drop: false }`
[INFO] [stdout] ec7308abe0c7a559180019f9bd92b7ebdd5fa2f94062fa402f6289bffd2c209d
[INFO] running `Command { std: "docker" "create" "-v" "/var/lib/crater-agent-workspace/builds/worker-1-tc1/target:/opt/rustwide/target:rw,Z" "-v" "/var/lib/crater-agent-workspace/builds/worker-1-tc1/source:/opt/rustwide/workdir:ro,Z" "-v" "/var/lib/crater-agent-workspace/cargo-home:/opt/rustwide/cargo-home:ro,Z" "-v" "/var/lib/crater-agent-workspace/rustup-home:/opt/rustwide/rustup-home:ro,Z" "-e" "SOURCE_DIR=/opt/rustwide/workdir" "-e" "CARGO_TARGET_DIR=/opt/rustwide/target" "-e" "CARGO_INCREMENTAL=0" "-e" "RUST_BACKTRACE=full" "-e" "RUSTFLAGS=--cap-lints=warn" "-e" "RUSTDOCFLAGS=--cap-lints=warn" "-e" "CARGO_HOME=/opt/rustwide/cargo-home" "-e" "RUSTUP_HOME=/opt/rustwide/rustup-home" "-w" "/opt/rustwide/workdir" "-m" "1610612736" "--user" "0:0" "--network" "none" "ghcr.io/rust-lang/crates-build-env/linux@sha256:2788e3201cd34a07e3172128adcd8b3090168a8e3bcc40d7c032b9dda1df7d1c" "/opt/rustwide/cargo-home/bin/cargo" "+1.75.0" "build" "--frozen" "--message-format=json", kill_on_drop: false }`
[INFO] [stdout] 13ea4c3cc7cdca2eb54380c5744c961f3a47f1cc05efc9d3e3b110998ed5462c
[INFO] running `Command { std: "docker" "start" "-a" "13ea4c3cc7cdca2eb54380c5744c961f3a47f1cc05efc9d3e3b110998ed5462c", kill_on_drop: false }`
[INFO] [stderr]    Compiling glib-sys v0.6.0
[INFO] [stderr]    Compiling gobject-sys v0.6.0
[INFO] [stderr]    Compiling gio-sys v0.6.0
[INFO] [stderr]    Compiling gdk-pixbuf-sys v0.6.0
[INFO] [stderr]    Compiling cairo-sys-rs v0.6.0
[INFO] [stderr]    Compiling pango-sys v0.6.0
[INFO] [stderr]    Compiling gdk-sys v0.6.0
[INFO] [stderr]    Compiling atk-sys v0.6.0
[INFO] [stderr]    Compiling gio v0.4.1
[INFO] [stderr]    Compiling rsvg-sys v0.6.0
[INFO] [stderr]    Compiling gdk-pixbuf v0.4.0
[INFO] [stderr]    Compiling cairo-rs v0.4.1
[INFO] [stderr]    Compiling c_vec v1.3.3
[INFO] [stderr]    Compiling glib v0.5.0
[INFO] [stderr]    Compiling rsvg v0.4.0 (/opt/rustwide/workdir)
[INFO] [stdout] warning: use of deprecated function `std::mem::uninitialized`: use `mem::MaybeUninit` instead
[INFO] [stdout]   --> src/position_data.rs:29:14
[INFO] [stdout]    |
[INFO] [stdout] 29 |         mem::uninitialized()
[INFO] [stdout]    |              ^^^^^^^^^^^^^
[INFO] [stdout]    |
[INFO] [stdout]    = note: `#[warn(deprecated)]` on by default
[INFO] [stdout] 
[INFO] [stdout] 
[INFO] [stdout] warning: use of deprecated function `std::mem::uninitialized`: use `mem::MaybeUninit` instead
[INFO] [stdout]   --> src/dimension_data.rs:29:14
[INFO] [stdout]    |
[INFO] [stdout] 29 |         mem::uninitialized()
[INFO] [stdout]    |              ^^^^^^^^^^^^^
[INFO] [stdout] 
[INFO] [stdout] 
[INFO] [stdout] warning: trait objects without an explicit `dyn` are deprecated
[INFO] [stdout]    --> src/auto/handle.rs:318:30
[INFO] [stdout]     |
[INFO] [stdout] 318 |             let f: Box_<Box_<Fn(&Self) + 'static>> = Box_::new(Box_::new(f));
[INFO] [stdout]     |                              ^^^^^^^^^^^^^^^^^^^
[INFO] [stdout]     |
[INFO] [stdout]     = warning: this is accepted in the current edition (Rust 2015) but is a hard error in Rust 2021!
[INFO] [stdout]     = note: for more information, see <https://doc.rust-lang.org/nightly/edition-guide/rust-2021/warnings-promoted-to-error.html>
[INFO] [stdout]     = note: `#[warn(bare_trait_objects)]` on by default
[INFO] [stdout] help: use `dyn`
[INFO] [stdout]     |
[INFO] [stdout] 318 |             let f: Box_<Box_<dyn Fn(&Self) + 'static>> = Box_::new(Box_::new(f));
[INFO] [stdout]     |                              +++
[INFO] [stdout] 
[INFO] [stdout] 
[INFO] [stdout] warning: trait objects without an explicit `dyn` are deprecated
[INFO] [stdout]    --> src/auto/handle.rs:326:30
[INFO] [stdout]     |
[INFO] [stdout] 326 |             let f: Box_<Box_<Fn(&Self) + 'static>> = Box_::new(Box_::new(f));
[INFO] [stdout]     |                              ^^^^^^^^^^^^^^^^^^^
[INFO] [stdout]     |
[INFO] [stdout]     = warning: this is accepted in the current edition (Rust 2015) but is a hard error in Rust 2021!
[INFO] [stdout]     = note: for more information, see <https://doc.rust-lang.org/nightly/edition-guide/rust-2021/warnings-promoted-to-error.html>
[INFO] [stdout] help: use `dyn`
[INFO] [stdout]     |
[INFO] [stdout] 326 |             let f: Box_<Box_<dyn Fn(&Self) + 'static>> = Box_::new(Box_::new(f));
[INFO] [stdout]     |                              +++
[INFO] [stdout] 
[INFO] [stdout] 
[INFO] [stdout] warning: trait objects without an explicit `dyn` are deprecated
[INFO] [stdout]    --> src/auto/handle.rs:334:30
[INFO] [stdout]     |
[INFO] [stdout] 334 |             let f: Box_<Box_<Fn(&Self) + 'static>> = Box_::new(Box_::new(f));
[INFO] [stdout]     |                              ^^^^^^^^^^^^^^^^^^^
[INFO] [stdout]     |
[INFO] [stdout]     = warning: this is accepted in the current edition (Rust 2015) but is a hard error in Rust 2021!
[INFO] [stdout]     = note: for more information, see <https://doc.rust-lang.org/nightly/edition-guide/rust-2021/warnings-promoted-to-error.html>
[INFO] [stdout] help: use `dyn`
[INFO] [stdout]     |
[INFO] [stdout] 334 |             let f: Box_<Box_<dyn Fn(&Self) + 'static>> = Box_::new(Box_::new(f));
[INFO] [stdout]     |                              +++
[INFO] [stdout] 
[INFO] [stdout] 
[INFO] [stdout] warning: trait objects without an explicit `dyn` are deprecated
[INFO] [stdout]    --> src/auto/handle.rs:342:30
[INFO] [stdout]     |
[INFO] [stdout] 342 |             let f: Box_<Box_<Fn(&Self) + 'static>> = Box_::new(Box_::new(f));
[INFO] [stdout]     |                              ^^^^^^^^^^^^^^^^^^^
[INFO] [stdout]     |
[INFO] [stdout]     = warning: this is accepted in the current edition (Rust 2015) but is a hard error in Rust 2021!
[INFO] [stdout]     = note: for more information, see <https://doc.rust-lang.org/nightly/edition-guide/rust-2021/warnings-promoted-to-error.html>
[INFO] [stdout] help: use `dyn`
[INFO] [stdout]     |
[INFO] [stdout] 342 |             let f: Box_<Box_<dyn Fn(&Self) + 'static>> = Box_::new(Box_::new(f));
[INFO] [stdout]     |                              +++
[INFO] [stdout] 
[INFO] [stdout] 
[INFO] [stdout] warning: trait objects without an explicit `dyn` are deprecated
[INFO] [stdout]    --> src/auto/handle.rs:350:30
[INFO] [stdout]     |
[INFO] [stdout] 350 |             let f: Box_<Box_<Fn(&Self) + 'static>> = Box_::new(Box_::new(f));
[INFO] [stdout]     |                              ^^^^^^^^^^^^^^^^^^^
[INFO] [stdout]     |
[INFO] [stdout]     = warning: this is accepted in the current edition (Rust 2015) but is a hard error in Rust 2021!
[INFO] [stdout]     = note: for more information, see <https://doc.rust-lang.org/nightly/edition-guide/rust-2021/warnings-promoted-to-error.html>
[INFO] [stdout] help: use `dyn`
[INFO] [stdout]     |
[INFO] [stdout] 350 |             let f: Box_<Box_<dyn Fn(&Self) + 'static>> = Box_::new(Box_::new(f));
[INFO] [stdout]     |                              +++
[INFO] [stdout] 
[INFO] [stdout] 
[INFO] [stdout] warning: trait objects without an explicit `dyn` are deprecated
[INFO] [stdout]    --> src/auto/handle.rs:358:30
[INFO] [stdout]     |
[INFO] [stdout] 358 |             let f: Box_<Box_<Fn(&Self) + 'static>> = Box_::new(Box_::new(f));
[INFO] [stdout]     |                              ^^^^^^^^^^^^^^^^^^^
[INFO] [stdout]     |
[INFO] [stdout]     = warning: this is accepted in the current edition (Rust 2015) but is a hard error in Rust 2021!
[INFO] [stdout]     = note: for more information, see <https://doc.rust-lang.org/nightly/edition-guide/rust-2021/warnings-promoted-to-error.html>
[INFO] [stdout] help: use `dyn`
[INFO] [stdout]     |
[INFO] [stdout] 358 |             let f: Box_<Box_<dyn Fn(&Self) + 'static>> = Box_::new(Box_::new(f));
[INFO] [stdout]     |                              +++
[INFO] [stdout] 
[INFO] [stdout] 
[INFO] [stdout] warning: trait objects without an explicit `dyn` are deprecated
[INFO] [stdout]    --> src/auto/handle.rs:366:30
[INFO] [stdout]     |
[INFO] [stdout] 366 |             let f: Box_<Box_<Fn(&Self) + 'static>> = Box_::new(Box_::new(f));
[INFO] [stdout]     |                              ^^^^^^^^^^^^^^^^^^^
[INFO] [stdout]     |
[INFO] [stdout]     = warning: this is accepted in the current edition (Rust 2015) but is a hard error in Rust 2021!
[INFO] [stdout]     = note: for more information, see <https://doc.rust-lang.org/nightly/edition-guide/rust-2021/warnings-promoted-to-error.html>
[INFO] [stdout] help: use `dyn`
[INFO] [stdout]     |
[INFO] [stdout] 366 |             let f: Box_<Box_<dyn Fn(&Self) + 'static>> = Box_::new(Box_::new(f));
[INFO] [stdout]     |                              +++
[INFO] [stdout] 
[INFO] [stdout] 
[INFO] [stdout] warning: trait objects without an explicit `dyn` are deprecated
[INFO] [stdout]    --> src/auto/handle.rs:376:15
[INFO] [stdout]     |
[INFO] [stdout] 376 |     let f: &&(Fn(&P) + 'static) = transmute(f);
[INFO] [stdout]     |               ^^^^^^^^^^^^^^^^
[INFO] [stdout]     |
[INFO] [stdout]     = warning: this is accepted in the current edition (Rust 2015) but is a hard error in Rust 2021!
[INFO] [stdout]     = note: for more information, see <https://doc.rust-lang.org/nightly/edition-guide/rust-2021/warnings-promoted-to-error.html>
[INFO] [stdout] help: use `dyn`
[INFO] [stdout]     |
[INFO] [stdout] 376 |     let f: &&(dyn Fn(&P) + 'static) = transmute(f);
[INFO] [stdout]     |               +++
[INFO] [stdout] 
[INFO] [stdout] 
[INFO] [stdout] warning: trait objects without an explicit `dyn` are deprecated
[INFO] [stdout]    --> src/auto/handle.rs:383:15
[INFO] [stdout]     |
[INFO] [stdout] 383 |     let f: &&(Fn(&P) + 'static) = transmute(f);
[INFO] [stdout]     |               ^^^^^^^^^^^^^^^^
[INFO] [stdout]     |
[INFO] [stdout]     = warning: this is accepted in the current edition (Rust 2015) but is a hard error in Rust 2021!
[INFO] [stdout]     = note: for more information, see <https://doc.rust-lang.org/nightly/edition-guide/rust-2021/warnings-promoted-to-error.html>
[INFO] [stdout] help: use `dyn`
[INFO] [stdout]     |
[INFO] [stdout] 383 |     let f: &&(dyn Fn(&P) + 'static) = transmute(f);
[INFO] [stdout]     |               +++
[INFO] [stdout] 
[INFO] [stdout] 
[INFO] [stdout] warning: trait objects without an explicit `dyn` are deprecated
[INFO] [stdout]    --> src/auto/handle.rs:390:15
[INFO] [stdout]     |
[INFO] [stdout] 390 |     let f: &&(Fn(&P) + 'static) = transmute(f);
[INFO] [stdout]     |               ^^^^^^^^^^^^^^^^
[INFO] [stdout]     |
[INFO] [stdout]     = warning: this is accepted in the current edition (Rust 2015) but is a hard error in Rust 2021!
[INFO] [stdout]     = note: for more information, see <https://doc.rust-lang.org/nightly/edition-guide/rust-2021/warnings-promoted-to-error.html>
[INFO] [stdout] help: use `dyn`
[INFO] [stdout]     |
[INFO] [stdout] 390 |     let f: &&(dyn Fn(&P) + 'static) = transmute(f);
[INFO] [stdout]     |               +++
[INFO] [stdout] 
[INFO] [stdout] 
[INFO] [stdout] warning: trait objects without an explicit `dyn` are deprecated
[INFO] [stdout]    --> src/auto/handle.rs:397:15
[INFO] [stdout]     |
[INFO] [stdout] 397 |     let f: &&(Fn(&P) + 'static) = transmute(f);
[INFO] [stdout]     |               ^^^^^^^^^^^^^^^^
[INFO] [stdout]     |
[INFO] [stdout]     = warning: this is accepted in the current edition (Rust 2015) but is a hard error in Rust 2021!
[INFO] [stdout]     = note: for more information, see <https://doc.rust-lang.org/nightly/edition-guide/rust-2021/warnings-promoted-to-error.html>
[INFO] [stdout] help: use `dyn`
[INFO] [stdout]     |
[INFO] [stdout] 397 |     let f: &&(dyn Fn(&P) + 'static) = transmute(f);
[INFO] [stdout]     |               +++
[INFO] [stdout] 
[INFO] [stdout] 
[INFO] [stdout] warning: trait objects without an explicit `dyn` are deprecated
[INFO] [stdout]    --> src/auto/handle.rs:404:15
[INFO] [stdout]     |
[INFO] [stdout] 404 |     let f: &&(Fn(&P) + 'static) = transmute(f);
[INFO] [stdout]     |               ^^^^^^^^^^^^^^^^
[INFO] [stdout]     |
[INFO] [stdout]     = warning: this is accepted in the current edition (Rust 2015) but is a hard error in Rust 2021!
[INFO] [stdout]     = note: for more information, see <https://doc.rust-lang.org/nightly/edition-guide/rust-2021/warnings-promoted-to-error.html>
[INFO] [stdout] help: use `dyn`
[INFO] [stdout]     |
[INFO] [stdout] 404 |     let f: &&(dyn Fn(&P) + 'static) = transmute(f);
[INFO] [stdout]     |               +++
[INFO] [stdout] 
[INFO] [stdout] 
[INFO] [stdout] warning: trait objects without an explicit `dyn` are deprecated
[INFO] [stdout]    --> src/auto/handle.rs:411:15
[INFO] [stdout]     |
[INFO] [stdout] 411 |     let f: &&(Fn(&P) + 'static) = transmute(f);
[INFO] [stdout]     |               ^^^^^^^^^^^^^^^^
[INFO] [stdout]     |
[INFO] [stdout]     = warning: this is accepted in the current edition (Rust 2015) but is a hard error in Rust 2021!
[INFO] [stdout]     = note: for more information, see <https://doc.rust-lang.org/nightly/edition-guide/rust-2021/warnings-promoted-to-error.html>
[INFO] [stdout] help: use `dyn`
[INFO] [stdout]     |
[INFO] [stdout] 411 |     let f: &&(dyn Fn(&P) + 'static) = transmute(f);
[INFO] [stdout]     |               +++
[INFO] [stdout] 
[INFO] [stdout] 
[INFO] [stdout] warning: trait objects without an explicit `dyn` are deprecated
[INFO] [stdout]    --> src/auto/handle.rs:418:15
[INFO] [stdout]     |
[INFO] [stdout] 418 |     let f: &&(Fn(&P) + 'static) = transmute(f);
[INFO] [stdout]     |               ^^^^^^^^^^^^^^^^
[INFO] [stdout]     |
[INFO] [stdout]     = warning: this is accepted in the current edition (Rust 2015) but is a hard error in Rust 2021!
[INFO] [stdout]     = note: for more information, see <https://doc.rust-lang.org/nightly/edition-guide/rust-2021/warnings-promoted-to-error.html>
[INFO] [stdout] help: use `dyn`
[INFO] [stdout]     |
[INFO] [stdout] 418 |     let f: &&(dyn Fn(&P) + 'static) = transmute(f);
[INFO] [stdout]     |               +++
[INFO] [stdout] 
[INFO] [stdout] 
[INFO] [stdout] warning: the type `PositionData` does not permit being left uninitialized
[INFO] [stdout]   --> src/position_data.rs:29:9
[INFO] [stdout]    |
[INFO] [stdout] 29 |         mem::uninitialized()
[INFO] [stdout]    |         ^^^^^^^^^^^^^^^^^^^^
[INFO] [stdout]    |         |
[INFO] [stdout]    |         this code causes undefined behavior when executed
[INFO] [stdout]    |         help: use `MaybeUninit<T>` instead, and only call `assume_init` after initialization is done
[INFO] [stdout]    |
[INFO] [stdout] note: integers must be initialized (in this struct field)
[INFO] [stdout]   --> src/position_data.rs:8:5
[INFO] [stdout]    |
[INFO] [stdout] 8  |     pub x: i32,
[INFO] [stdout]    |     ^^^^^^^^^^
[INFO] [stdout]    = note: `#[warn(invalid_value)]` on by default
[INFO] [stdout] 
[INFO] [stdout] 
[INFO] [stdout] warning: the type `DimensionData` does not permit being left uninitialized
[INFO] [stdout]   --> src/dimension_data.rs:29:9
[INFO] [stdout]    |
[INFO] [stdout] 29 |         mem::uninitialized()
[INFO] [stdout]    |         ^^^^^^^^^^^^^^^^^^^^
[INFO] [stdout]    |         |
[INFO] [stdout]    |         this code causes undefined behavior when executed
[INFO] [stdout]    |         help: use `MaybeUninit<T>` instead, and only call `assume_init` after initialization is done
[INFO] [stdout]    |
[INFO] [stdout] note: integers must be initialized (in this struct field)
[INFO] [stdout]   --> src/dimension_data.rs:8:5
[INFO] [stdout]    |
[INFO] [stdout] 8  |     pub width: i32,
[INFO] [stdout]    |     ^^^^^^^^^^^^^^
[INFO] [stdout] 
[INFO] [stdout] 
[INFO] [stdout] warning: 18 warnings emitted
[INFO] [stdout] 
[INFO] [stdout] 
[INFO] [stderr]     Finished dev [unoptimized + debuginfo] target(s) in 18.14s
[INFO] running `Command { std: "docker" "inspect" "13ea4c3cc7cdca2eb54380c5744c961f3a47f1cc05efc9d3e3b110998ed5462c", kill_on_drop: false }`
[INFO] running `Command { std: "docker" "rm" "-f" "13ea4c3cc7cdca2eb54380c5744c961f3a47f1cc05efc9d3e3b110998ed5462c", kill_on_drop: false }`
[INFO] [stdout] 13ea4c3cc7cdca2eb54380c5744c961f3a47f1cc05efc9d3e3b110998ed5462c
[INFO] running `Command { std: "docker" "create" "-v" "/var/lib/crater-agent-workspace/builds/worker-1-tc1/target:/opt/rustwide/target:rw,Z" "-v" "/var/lib/crater-agent-workspace/builds/worker-1-tc1/source:/opt/rustwide/workdir:ro,Z" "-v" "/var/lib/crater-agent-workspace/cargo-home:/opt/rustwide/cargo-home:ro,Z" "-v" "/var/lib/crater-agent-workspace/rustup-home:/opt/rustwide/rustup-home:ro,Z" "-e" "SOURCE_DIR=/opt/rustwide/workdir" "-e" "CARGO_TARGET_DIR=/opt/rustwide/target" "-e" "CARGO_INCREMENTAL=0" "-e" "RUST_BACKTRACE=full" "-e" "RUSTFLAGS=--cap-lints=warn" "-e" "RUSTDOCFLAGS=--cap-lints=warn" "-e" "CARGO_HOME=/opt/rustwide/cargo-home" "-e" "RUSTUP_HOME=/opt/rustwide/rustup-home" "-w" "/opt/rustwide/workdir" "-m" "1610612736" "--user" "0:0" "--network" "none" "ghcr.io/rust-lang/crates-build-env/linux@sha256:2788e3201cd34a07e3172128adcd8b3090168a8e3bcc40d7c032b9dda1df7d1c" "/opt/rustwide/cargo-home/bin/cargo" "+1.75.0" "test" "--frozen" "--no-run" "--message-format=json", kill_on_drop: false }`
[INFO] [stdout] 11de360c4692346d0c899e08930cb1a7a77d749a0ff318fa77603b7f02c86b9b
[INFO] running `Command { std: "docker" "start" "-a" "11de360c4692346d0c899e08930cb1a7a77d749a0ff318fa77603b7f02c86b9b", kill_on_drop: false }`
[INFO] [stderr]    Compiling num-traits v0.2.17
[INFO] [stderr]    Compiling num-integer v0.1.45
[INFO] [stderr]    Compiling rustc-serialize v0.3.25
[INFO] [stderr]    Compiling rand v0.4.6
[INFO] [stderr]    Compiling crossbeam-epoch v0.9.17
[INFO] [stderr]    Compiling num-iter v0.1.43
[INFO] [stderr]    Compiling nodrop v0.1.14
[INFO] [stderr]    Compiling adler32 v1.2.0
[INFO] [stderr]    Compiling gtk-sys v0.6.0
[INFO] [stderr]    Compiling matrixmultiply v0.1.15
[INFO] [stderr]    Compiling arrayvec v0.4.12
[INFO] [stderr]    Compiling void v1.0.2
[INFO] [stderr]    Compiling quick-error v1.2.3
[INFO] [stderr]    Compiling crossbeam-deque v0.8.4
[INFO] [stderr]    Compiling humantime v1.3.0
[INFO] [stderr]    Compiling unreachable v1.0.0
[INFO] [stderr]    Compiling deflate v0.7.20
[INFO] [stderr]    Compiling inflate v0.3.4
[INFO] [stderr]    Compiling rayon-core v1.12.0
[INFO] [stderr]    Compiling stb_truetype v0.3.1
[INFO] [stderr]    Compiling atty v0.2.14
[INFO] [stderr]    Compiling gdk v0.8.0
[INFO] [stderr]    Compiling rayon v1.8.0
[INFO] [stderr]    Compiling approx v0.1.1
[INFO] [stderr]    Compiling rawpointer v0.1.0
[INFO] [stderr]    Compiling lzw v0.10.0
[INFO] [stderr]    Compiling color_quant v1.1.0
[INFO] [stderr]    Compiling env_logger v0.5.13
[INFO] [stderr]    Compiling gif v0.9.2
[INFO] [stderr]    Compiling stb_truetype v0.2.8
[INFO] [stderr]    Compiling rand v0.3.23
[INFO] [stderr]    Compiling generic-array v0.8.4
[INFO] [stderr]    Compiling num-traits v0.1.43
[INFO] [stderr]    Compiling ordered-float v0.5.2
[INFO] [stderr]    Compiling enum_primitive v0.1.1
[INFO] [stderr]    Compiling pango v0.4.0
[INFO] [stderr]    Compiling scoped_threadpool v0.1.9
[INFO] [stderr]    Compiling gtk v0.4.1
[INFO] [stderr]    Compiling custom_derive v0.1.7
[INFO] [stderr]    Compiling conv v0.3.3
[INFO] [stderr]    Compiling num-complex v0.1.43
[INFO] [stderr]    Compiling num-bigint v0.1.44
[INFO] [stderr]    Compiling png v0.11.0
[INFO] [stderr]    Compiling rusttype v0.4.3
[INFO] [stderr]    Compiling alga v0.5.4
[INFO] [stderr]    Compiling num-rational v0.1.42
[INFO] [stderr]    Compiling nalgebra v0.13.1
[INFO] [stderr]    Compiling quickcheck v0.6.2
[INFO] [stderr]    Compiling num v0.1.42
[INFO] [stderr]    Compiling jpeg-decoder v0.1.22
[INFO] [stderr]    Compiling itertools v0.7.11
[INFO] [stdout] warning: use of deprecated function `std::mem::uninitialized`: use `mem::MaybeUninit` instead
[INFO] [stdout]   --> src/position_data.rs:29:14
[INFO] [stdout]    |
[INFO] [stdout] 29 |         mem::uninitialized()
[INFO] [stdout]    |              ^^^^^^^^^^^^^
[INFO] [stdout]    |
[INFO] [stdout]    = note: `#[warn(deprecated)]` on by default
[INFO] [stdout] 
[INFO] [stdout] 
[INFO] [stdout] warning: use of deprecated function `std::mem::uninitialized`: use `mem::MaybeUninit` instead
[INFO] [stdout]   --> src/dimension_data.rs:29:14
[INFO] [stdout]    |
[INFO] [stdout] 29 |         mem::uninitialized()
[INFO] [stdout]    |              ^^^^^^^^^^^^^
[INFO] [stdout] 
[INFO] [stdout] 
[INFO] [stdout] warning: trait objects without an explicit `dyn` are deprecated
[INFO] [stdout]    --> src/auto/handle.rs:318:30
[INFO] [stdout]     |
[INFO] [stdout] 318 |             let f: Box_<Box_<Fn(&Self) + 'static>> = Box_::new(Box_::new(f));
[INFO] [stdout]     |                              ^^^^^^^^^^^^^^^^^^^
[INFO] [stdout]     |
[INFO] [stdout]     = warning: this is accepted in the current edition (Rust 2015) but is a hard error in Rust 2021!
[INFO] [stdout]     = note: for more information, see <https://doc.rust-lang.org/nightly/edition-guide/rust-2021/warnings-promoted-to-error.html>
[INFO] [stdout]     = note: `#[warn(bare_trait_objects)]` on by default
[INFO] [stdout] help: use `dyn`
[INFO] [stdout]     |
[INFO] [stdout] 318 |             let f: Box_<Box_<dyn Fn(&Self) + 'static>> = Box_::new(Box_::new(f));
[INFO] [stdout]     |                              +++
[INFO] [stdout] 
[INFO] [stdout] 
[INFO] [stdout] warning: trait objects without an explicit `dyn` are deprecated
[INFO] [stdout]    --> src/auto/handle.rs:326:30
[INFO] [stdout]     |
[INFO] [stdout] 326 |             let f: Box_<Box_<Fn(&Self) + 'static>> = Box_::new(Box_::new(f));
[INFO] [stdout]     |                              ^^^^^^^^^^^^^^^^^^^
[INFO] [stdout]     |
[INFO] [stdout]     = warning: this is accepted in the current edition (Rust 2015) but is a hard error in Rust 2021!
[INFO] [stdout]     = note: for more information, see <https://doc.rust-lang.org/nightly/edition-guide/rust-2021/warnings-promoted-to-error.html>
[INFO] [stdout] help: use `dyn`
[INFO] [stdout]     |
[INFO] [stdout] 326 |             let f: Box_<Box_<dyn Fn(&Self) + 'static>> = Box_::new(Box_::new(f));
[INFO] [stdout]     |                              +++
[INFO] [stdout] 
[INFO] [stdout] 
[INFO] [stdout] warning: trait objects without an explicit `dyn` are deprecated
[INFO] [stdout]    --> src/auto/handle.rs:334:30
[INFO] [stdout]     |
[INFO] [stdout] 334 |             let f: Box_<Box_<Fn(&Self) + 'static>> = Box_::new(Box_::new(f));
[INFO] [stdout]     |                              ^^^^^^^^^^^^^^^^^^^
[INFO] [stdout]     |
[INFO] [stdout]     = warning: this is accepted in the current edition (Rust 2015) but is a hard error in Rust 2021!
[INFO] [stdout]     = note: for more information, see <https://doc.rust-lang.org/nightly/edition-guide/rust-2021/warnings-promoted-to-error.html>
[INFO] [stdout] help: use `dyn`
[INFO] [stdout]     |
[INFO] [stdout] 334 |             let f: Box_<Box_<dyn Fn(&Self) + 'static>> = Box_::new(Box_::new(f));
[INFO] [stdout]     |                              +++
[INFO] [stdout] 
[INFO] [stdout] 
[INFO] [stdout] warning: trait objects without an explicit `dyn` are deprecated
[INFO] [stdout]    --> src/auto/handle.rs:342:30
[INFO] [stdout]     |
[INFO] [stdout] 342 |             let f: Box_<Box_<Fn(&Self) + 'static>> = Box_::new(Box_::new(f));
[INFO] [stdout]     |                              ^^^^^^^^^^^^^^^^^^^
[INFO] [stdout]     |
[INFO] [stdout]     = warning: this is accepted in the current edition (Rust 2015) but is a hard error in Rust 2021!
[INFO] [stdout]     = note: for more information, see <https://doc.rust-lang.org/nightly/edition-guide/rust-2021/warnings-promoted-to-error.html>
[INFO] [stdout] help: use `dyn`
[INFO] [stdout]     |
[INFO] [stdout] 342 |             let f: Box_<Box_<dyn Fn(&Self) + 'static>> = Box_::new(Box_::new(f));
[INFO] [stdout]     |                              +++
[INFO] [stdout] 
[INFO] [stdout] 
[INFO] [stdout] warning: trait objects without an explicit `dyn` are deprecated
[INFO] [stdout]    --> src/auto/handle.rs:350:30
[INFO] [stdout]     |
[INFO] [stdout] 350 |             let f: Box_<Box_<Fn(&Self) + 'static>> = Box_::new(Box_::new(f));
[INFO] [stdout]     |                              ^^^^^^^^^^^^^^^^^^^
[INFO] [stdout]     |
[INFO] [stdout]     = warning: this is accepted in the current edition (Rust 2015) but is a hard error in Rust 2021!
[INFO] [stdout]     = note: for more information, see <https://doc.rust-lang.org/nightly/edition-guide/rust-2021/warnings-promoted-to-error.html>
[INFO] [stdout] help: use `dyn`
[INFO] [stdout]     |
[INFO] [stdout] 350 |             let f: Box_<Box_<dyn Fn(&Self) + 'static>> = Box_::new(Box_::new(f));
[INFO] [stdout]     |                              +++
[INFO] [stdout] 
[INFO] [stdout] 
[INFO] [stdout] warning: trait objects without an explicit `dyn` are deprecated
[INFO] [stdout]    --> src/auto/handle.rs:358:30
[INFO] [stdout]     |
[INFO] [stdout] 358 |             let f: Box_<Box_<Fn(&Self) + 'static>> = Box_::new(Box_::new(f));
[INFO] [stdout]     |                              ^^^^^^^^^^^^^^^^^^^
[INFO] [stdout]     |
[INFO] [stdout]     = warning: this is accepted in the current edition (Rust 2015) but is a hard error in Rust 2021!
[INFO] [stdout]     = note: for more information, see <https://doc.rust-lang.org/nightly/edition-guide/rust-2021/warnings-promoted-to-error.html>
[INFO] [stdout] help: use `dyn`
[INFO] [stdout]     |
[INFO] [stdout] 358 |             let f: Box_<Box_<dyn Fn(&Self) + 'static>> = Box_::new(Box_::new(f));
[INFO] [stdout]     |                              +++
[INFO] [stdout] 
[INFO] [stdout] 
[INFO] [stdout] warning: trait objects without an explicit `dyn` are deprecated
[INFO] [stdout]    --> src/auto/handle.rs:366:30
[INFO] [stdout]     |
[INFO] [stdout] 366 |             let f: Box_<Box_<Fn(&Self) + 'static>> = Box_::new(Box_::new(f));
[INFO] [stdout]     |                              ^^^^^^^^^^^^^^^^^^^
[INFO] [stdout]     |
[INFO] [stdout]     = warning: this is accepted in the current edition (Rust 2015) but is a hard error in Rust 2021!
[INFO] [stdout]     = note: for more information, see <https://doc.rust-lang.org/nightly/edition-guide/rust-2021/warnings-promoted-to-error.html>
[INFO] [stdout] help: use `dyn`
[INFO] [stdout]     |
[INFO] [stdout] 366 |             let f: Box_<Box_<dyn Fn(&Self) + 'static>> = Box_::new(Box_::new(f));
[INFO] [stdout]     |                              +++
[INFO] [stdout] 
[INFO] [stdout] 
[INFO] [stdout] warning: trait objects without an explicit `dyn` are deprecated
[INFO] [stdout]    --> src/auto/handle.rs:376:15
[INFO] [stdout]     |
[INFO] [stdout] 376 |     let f: &&(Fn(&P) + 'static) = transmute(f);
[INFO] [stdout]     |               ^^^^^^^^^^^^^^^^
[INFO] [stdout]     |
[INFO] [stdout]     = warning: this is accepted in the current edition (Rust 2015) but is a hard error in Rust 2021!
[INFO] [stdout]     = note: for more information, see <https://doc.rust-lang.org/nightly/edition-guide/rust-2021/warnings-promoted-to-error.html>
[INFO] [stdout] help: use `dyn`
[INFO] [stdout]     |
[INFO] [stdout] 376 |     let f: &&(dyn Fn(&P) + 'static) = transmute(f);
[INFO] [stdout]     |               +++
[INFO] [stdout] 
[INFO] [stdout] 
[INFO] [stdout] warning: trait objects without an explicit `dyn` are deprecated
[INFO] [stdout]    --> src/auto/handle.rs:383:15
[INFO] [stdout]     |
[INFO] [stdout] 383 |     let f: &&(Fn(&P) + 'static) = transmute(f);
[INFO] [stdout]     |               ^^^^^^^^^^^^^^^^
[INFO] [stdout]     |
[INFO] [stdout]     = warning: this is accepted in the current edition (Rust 2015) but is a hard error in Rust 2021!
[INFO] [stdout]     = note: for more information, see <https://doc.rust-lang.org/nightly/edition-guide/rust-2021/warnings-promoted-to-error.html>
[INFO] [stdout] help: use `dyn`
[INFO] [stdout]     |
[INFO] [stdout] 383 |     let f: &&(dyn Fn(&P) + 'static) = transmute(f);
[INFO] [stdout]     |               +++
[INFO] [stdout] 
[INFO] [stdout] 
[INFO] [stdout] warning: trait objects without an explicit `dyn` are deprecated
[INFO] [stdout]    --> src/auto/handle.rs:390:15
[INFO] [stdout]     |
[INFO] [stdout] 390 |     let f: &&(Fn(&P) + 'static) = transmute(f);
[INFO] [stdout]     |               ^^^^^^^^^^^^^^^^
[INFO] [stdout]     |
[INFO] [stdout]     = warning: this is accepted in the current edition (Rust 2015) but is a hard error in Rust 2021!
[INFO] [stdout]     = note: for more information, see <https://doc.rust-lang.org/nightly/edition-guide/rust-2021/warnings-promoted-to-error.html>
[INFO] [stdout] help: use `dyn`
[INFO] [stdout]     |
[INFO] [stdout] 390 |     let f: &&(dyn Fn(&P) + 'static) = transmute(f);
[INFO] [stdout]     |               +++
[INFO] [stdout] 
[INFO] [stdout] 
[INFO] [stdout] warning: trait objects without an explicit `dyn` are deprecated
[INFO] [stdout]    --> src/auto/handle.rs:397:15
[INFO] [stdout]     |
[INFO] [stdout] 397 |     let f: &&(Fn(&P) + 'static) = transmute(f);
[INFO] [stdout]     |               ^^^^^^^^^^^^^^^^
[INFO] [stdout]     |
[INFO] [stdout]     = warning: this is accepted in the current edition (Rust 2015) but is a hard error in Rust 2021!
[INFO] [stdout]     = note: for more information, see <https://doc.rust-lang.org/nightly/edition-guide/rust-2021/warnings-promoted-to-error.html>
[INFO] [stdout] help: use `dyn`
[INFO] [stdout]     |
[INFO] [stdout] 397 |     let f: &&(dyn Fn(&P) + 'static) = transmute(f);
[INFO] [stdout]     |               +++
[INFO] [stdout] 
[INFO] [stdout] 
[INFO] [stdout] warning: trait objects without an explicit `dyn` are deprecated
[INFO] [stdout]    --> src/auto/handle.rs:404:15
[INFO] [stdout]     |
[INFO] [stdout] 404 |     let f: &&(Fn(&P) + 'static) = transmute(f);
[INFO] [stdout]     |               ^^^^^^^^^^^^^^^^
[INFO] [stdout]     |
[INFO] [stdout]     = warning: this is accepted in the current edition (Rust 2015) but is a hard error in Rust 2021!
[INFO] [stdout]     = note: for more information, see <https://doc.rust-lang.org/nightly/edition-guide/rust-2021/warnings-promoted-to-error.html>
[INFO] [stdout] help: use `dyn`
[INFO] [stdout]     |
[INFO] [stdout] 404 |     let f: &&(dyn Fn(&P) + 'static) = transmute(f);
[INFO] [stdout]     |               +++
[INFO] [stdout] 
[INFO] [stdout] 
[INFO] [stdout] warning: trait objects without an explicit `dyn` are deprecated
[INFO] [stdout]    --> src/auto/handle.rs:411:15
[INFO] [stdout]     |
[INFO] [stdout] 411 |     let f: &&(Fn(&P) + 'static) = transmute(f);
[INFO] [stdout]     |               ^^^^^^^^^^^^^^^^
[INFO] [stdout]     |
[INFO] [stdout]     = warning: this is accepted in the current edition (Rust 2015) but is a hard error in Rust 2021!
[INFO] [stdout]     = note: for more information, see <https://doc.rust-lang.org/nightly/edition-guide/rust-2021/warnings-promoted-to-error.html>
[INFO] [stdout] help: use `dyn`
[INFO] [stdout]     |
[INFO] [stdout] 411 |     let f: &&(dyn Fn(&P) + 'static) = transmute(f);
[INFO] [stdout]     |               +++
[INFO] [stdout] 
[INFO] [stdout] 
[INFO] [stdout] warning: trait objects without an explicit `dyn` are deprecated
[INFO] [stdout]    --> src/auto/handle.rs:418:15
[INFO] [stdout]     |
[INFO] [stdout] 418 |     let f: &&(Fn(&P) + 'static) = transmute(f);
[INFO] [stdout]     |               ^^^^^^^^^^^^^^^^
[INFO] [stdout]     |
[INFO] [stdout]     = warning: this is accepted in the current edition (Rust 2015) but is a hard error in Rust 2021!
[INFO] [stdout]     = note: for more information, see <https://doc.rust-lang.org/nightly/edition-guide/rust-2021/warnings-promoted-to-error.html>
[INFO] [stdout] help: use `dyn`
[INFO] [stdout]     |
[INFO] [stdout] 418 |     let f: &&(dyn Fn(&P) + 'static) = transmute(f);
[INFO] [stdout]     |               +++
[INFO] [stdout] 
[INFO] [stdout] 
[INFO] [stdout] warning: the type `PositionData` does not permit being left uninitialized
[INFO] [stdout]   --> src/position_data.rs:29:9
[INFO] [stdout]    |
[INFO] [stdout] 29 |         mem::uninitialized()
[INFO] [stdout]    |         ^^^^^^^^^^^^^^^^^^^^
[INFO] [stdout]    |         |
[INFO] [stdout]    |         this code causes undefined behavior when executed
[INFO] [stdout]    |         help: use `MaybeUninit<T>` instead, and only call `assume_init` after initialization is done
[INFO] [stdout]    |
[INFO] [stdout] note: integers must be initialized (in this struct field)
[INFO] [stdout]   --> src/position_data.rs:8:5
[INFO] [stdout]    |
[INFO] [stdout] 8  |     pub x: i32,
[INFO] [stdout]    |     ^^^^^^^^^^
[INFO] [stdout]    = note: `#[warn(invalid_value)]` on by default
[INFO] [stdout] 
[INFO] [stdout] 
[INFO] [stdout] warning: the type `DimensionData` does not permit being left uninitialized
[INFO] [stdout]   --> src/dimension_data.rs:29:9
[INFO] [stdout]    |
[INFO] [stdout] 29 |         mem::uninitialized()
[INFO] [stdout]    |         ^^^^^^^^^^^^^^^^^^^^
[INFO] [stdout]    |         |
[INFO] [stdout]    |         this code causes undefined behavior when executed
[INFO] [stdout]    |         help: use `MaybeUninit<T>` instead, and only call `assume_init` after initialization is done
[INFO] [stdout]    |
[INFO] [stdout] note: integers must be initialized (in this struct field)
[INFO] [stdout]   --> src/dimension_data.rs:8:5
[INFO] [stdout]    |
[INFO] [stdout] 8  |     pub width: i32,
[INFO] [stdout]    |     ^^^^^^^^^^^^^^
[INFO] [stdout] 
[INFO] [stdout] 
[INFO] [stdout] warning: 18 warnings emitted
[INFO] [stdout] 
[INFO] [stdout] 
[INFO] [stdout] error[E0119]: conflicting implementations of trait `Mul<&_>` for type `translation::Translation<_, _>`
[INFO] [stdout]    --> /opt/rustwide/cargo-home/registry/src/index.crates.io-6f17d22bba15001f/nalgebra-0.13.1/src/geometry/isometry_ops.rs:67:9
[INFO] [stdout]     |
[INFO] [stdout] 67  | /         impl<$($lives ,)* N: Real, D: DimName, R> $Op<$Rhs> for $Lhs
[INFO] [stdout] 68  | |             where R: AlgaRotation<Point<N, D>>,
[INFO] [stdout] 69  | |                   DefaultAllocator: Allocator<N, D> {
[INFO] [stdout]     | |                                                   ^
[INFO] [stdout]     | |                                                   |
[INFO] [stdout]     | |___________________________________________________first implementation here
[INFO] [stdout]     |                                                     conflicting implementation for `translation::Translation<_, _>`
[INFO] [stdout] ...
[INFO] [stdout] 281 | / isometry_binop_impl_all!(
[INFO] [stdout] 282 | |     Mul, mul;
[INFO] [stdout] 283 | |     self: Translation<N, D>, right: R, Output = Isometry<N, D, R>;
[INFO] [stdout] 284 | |     [val val] => Isometry::from_parts(self, right);
[INFO] [stdout] ...   |
[INFO] [stdout] 287 | |     [ref ref] => Isometry::from_parts(self.clone(), right.clone());
[INFO] [stdout] 288 | | );
[INFO] [stdout]     | |_- in this macro invocation
[INFO] [stdout]     |
[INFO] [stdout]     = note: downstream crates may implement trait `alga::linear::Rotation<geometry::point::Point<_, _>>` for type `&_`
[INFO] [stdout]     = note: this error originates in the macro `isometry_binop_impl` which comes from the expansion of the macro `isometry_binop_impl_all` (in Nightly builds, run with -Z macro-backtrace for more info)
[INFO] [stdout] 
[INFO] [stdout] 
[INFO] [stdout] error[E0119]: conflicting implementations of trait `Mul<&_>` for type `&translation::Translation<_, _>`
[INFO] [stdout]    --> /opt/rustwide/cargo-home/registry/src/index.crates.io-6f17d22bba15001f/nalgebra-0.13.1/src/geometry/isometry_ops.rs:67:9
[INFO] [stdout]     |
[INFO] [stdout] 67  | /         impl<$($lives ,)* N: Real, D: DimName, R> $Op<$Rhs> for $Lhs
[INFO] [stdout] 68  | |             where R: AlgaRotation<Point<N, D>>,
[INFO] [stdout] 69  | |                   DefaultAllocator: Allocator<N, D> {
[INFO] [stdout]     | |                                                   ^
[INFO] [stdout]     | |                                                   |
[INFO] [stdout]     | |___________________________________________________first implementation here
[INFO] [stdout]     |                                                     conflicting implementation for `&translation::Translation<_, _>`
[INFO] [stdout] ...
[INFO] [stdout] 281 | / isometry_binop_impl_all!(
[INFO] [stdout] 282 | |     Mul, mul;
[INFO] [stdout] 283 | |     self: Translation<N, D>, right: R, Output = Isometry<N, D, R>;
[INFO] [stdout] 284 | |     [val val] => Isometry::from_parts(self, right);
[INFO] [stdout] ...   |
[INFO] [stdout] 287 | |     [ref ref] => Isometry::from_parts(self.clone(), right.clone());
[INFO] [stdout] 288 | | );
[INFO] [stdout]     | |_- in this macro invocation
[INFO] [stdout]     |
[INFO] [stdout]     = note: downstream crates may implement trait `alga::linear::Rotation<geometry::point::Point<_, _>>` for type `&_`
[INFO] [stdout]     = note: this error originates in the macro `isometry_binop_impl` which comes from the expansion of the macro `isometry_binop_impl_all` (in Nightly builds, run with -Z macro-backtrace for more info)
[INFO] [stdout] 
[INFO] [stdout] 
[INFO] [stdout] error: aborting due to 2 previous errors
[INFO] [stdout] 
[INFO] [stdout] 
[INFO] [stderr]    Compiling image v0.18.0
[INFO] [stdout] For more information about this error, try `rustc --explain E0119`.
[INFO] [stdout] 
[INFO] [stderr] error: could not compile `nalgebra` (lib) due to 3 previous errors
[INFO] [stderr] warning: build failed, waiting for other jobs to finish...
[INFO] running `Command { std: "docker" "inspect" "11de360c4692346d0c899e08930cb1a7a77d749a0ff318fa77603b7f02c86b9b", kill_on_drop: false }`
[INFO] running `Command { std: "docker" "rm" "-f" "11de360c4692346d0c899e08930cb1a7a77d749a0ff318fa77603b7f02c86b9b", kill_on_drop: false }`
[INFO] [stdout] 11de360c4692346d0c899e08930cb1a7a77d749a0ff318fa77603b7f02c86b9b
[INFO] testing rsvg-0.4.0 against beta-2023-12-22 for beta-1.76-1
[INFO] extracting crate rsvg 0.4.0 into /workspace/builds/worker-1-tc2/source
[INFO] validating manifest of crates.io crate rsvg 0.4.0 on toolchain beta-2023-12-22
[INFO] running `Command { std: CARGO_HOME="/workspace/cargo-home" RUSTUP_HOME="/workspace/rustup-home" "/workspace/cargo-home/bin/cargo" "+beta-2023-12-22" "metadata" "--manifest-path" "Cargo.toml" "--no-deps", kill_on_drop: false }`
[INFO] started tweaking crates.io crate rsvg 0.4.0
[INFO] finished tweaking crates.io crate rsvg 0.4.0
[INFO] tweaked toml for crates.io crate rsvg 0.4.0 written to /workspace/builds/worker-1-tc2/source/Cargo.toml
[INFO] running `Command { std: CARGO_HOME="/workspace/cargo-home" RUSTUP_HOME="/workspace/rustup-home" "/workspace/cargo-home/bin/cargo" "+beta-2023-12-22" "generate-lockfile" "--manifest-path" "Cargo.toml", kill_on_drop: false }`
[INFO] [stderr]     Updating crates.io index
[INFO] running `Command { std: CARGO_HOME="/workspace/cargo-home" RUSTUP_HOME="/workspace/rustup-home" "/workspace/cargo-home/bin/cargo" "+beta-2023-12-22" "fetch" "--manifest-path" "Cargo.toml", kill_on_drop: false }`
[INFO] running `Command { std: "docker" "create" "-v" "/var/lib/crater-agent-workspace/builds/worker-1-tc2/target:/opt/rustwide/target:rw,Z" "-v" "/var/lib/crater-agent-workspace/builds/worker-1-tc2/source:/opt/rustwide/workdir:ro,Z" "-v" "/var/lib/crater-agent-workspace/cargo-home:/opt/rustwide/cargo-home:ro,Z" "-v" "/var/lib/crater-agent-workspace/rustup-home:/opt/rustwide/rustup-home:ro,Z" "-e" "SOURCE_DIR=/opt/rustwide/workdir" "-e" "CARGO_TARGET_DIR=/opt/rustwide/target" "-e" "CARGO_HOME=/opt/rustwide/cargo-home" "-e" "RUSTUP_HOME=/opt/rustwide/rustup-home" "-w" "/opt/rustwide/workdir" "-m" "1610612736" "--user" "0:0" "--network" "none" "ghcr.io/rust-lang/crates-build-env/linux@sha256:2788e3201cd34a07e3172128adcd8b3090168a8e3bcc40d7c032b9dda1df7d1c" "/opt/rustwide/cargo-home/bin/cargo" "+beta-2023-12-22" "metadata" "--no-deps" "--format-version=1", kill_on_drop: false }`
[INFO] [stdout] 418538dcb547dddb1fd2eda5e7a3ff4a73e976e007d24a4f17694918a6cf60f2
[INFO] running `Command { std: "docker" "start" "-a" "418538dcb547dddb1fd2eda5e7a3ff4a73e976e007d24a4f17694918a6cf60f2", kill_on_drop: false }`
[INFO] running `Command { std: "docker" "inspect" "418538dcb547dddb1fd2eda5e7a3ff4a73e976e007d24a4f17694918a6cf60f2", kill_on_drop: false }`
[INFO] running `Command { std: "docker" "rm" "-f" "418538dcb547dddb1fd2eda5e7a3ff4a73e976e007d24a4f17694918a6cf60f2", kill_on_drop: false }`
[INFO] [stdout] 418538dcb547dddb1fd2eda5e7a3ff4a73e976e007d24a4f17694918a6cf60f2
[INFO] running `Command { std: "docker" "create" "-v" "/var/lib/crater-agent-workspace/builds/worker-1-tc2/target:/opt/rustwide/target:rw,Z" "-v" "/var/lib/crater-agent-workspace/builds/worker-1-tc2/source:/opt/rustwide/workdir:ro,Z" "-v" "/var/lib/crater-agent-workspace/cargo-home:/opt/rustwide/cargo-home:ro,Z" "-v" "/var/lib/crater-agent-workspace/rustup-home:/opt/rustwide/rustup-home:ro,Z" "-e" "SOURCE_DIR=/opt/rustwide/workdir" "-e" "CARGO_TARGET_DIR=/opt/rustwide/target" "-e" "CARGO_INCREMENTAL=0" "-e" "RUST_BACKTRACE=full" "-e" "RUSTFLAGS=--cap-lints=warn" "-e" "RUSTDOCFLAGS=--cap-lints=warn" "-e" "CARGO_HOME=/opt/rustwide/cargo-home" "-e" "RUSTUP_HOME=/opt/rustwide/rustup-home" "-w" "/opt/rustwide/workdir" "-m" "1610612736" "--user" "0:0" "--network" "none" "ghcr.io/rust-lang/crates-build-env/linux@sha256:2788e3201cd34a07e3172128adcd8b3090168a8e3bcc40d7c032b9dda1df7d1c" "/opt/rustwide/cargo-home/bin/cargo" "+beta-2023-12-22" "build" "--frozen" "--message-format=json", kill_on_drop: false }`
[INFO] [stdout] 324342b11bef7f0049cf01b70e8afc2bd4193dfea9776870dbc4da9de0151adb
[INFO] running `Command { std: "docker" "start" "-a" "324342b11bef7f0049cf01b70e8afc2bd4193dfea9776870dbc4da9de0151adb", kill_on_drop: false }`
[INFO] [stderr]    Compiling glib-sys v0.6.0
[INFO] [stderr]    Compiling gobject-sys v0.6.0
[INFO] [stderr]    Compiling gio-sys v0.6.0
[INFO] [stderr]    Compiling cairo-sys-rs v0.6.0
[INFO] [stderr]    Compiling gdk-pixbuf-sys v0.6.0
[INFO] [stderr]    Compiling pango-sys v0.6.0
[INFO] [stderr]    Compiling gdk-sys v0.6.0
[INFO] [stderr]    Compiling atk-sys v0.6.0
[INFO] [stderr]    Compiling gio v0.4.1
[INFO] [stderr]    Compiling rsvg-sys v0.6.0
[INFO] [stderr]    Compiling cairo-rs v0.4.1
[INFO] [stderr]    Compiling gdk-pixbuf v0.4.0
[INFO] [stderr]    Compiling c_vec v1.3.3
[INFO] [stderr]    Compiling glib v0.5.0
[INFO] [stderr]    Compiling rsvg v0.4.0 (/opt/rustwide/workdir)
[INFO] [stdout] warning: use of deprecated function `std::mem::uninitialized`: use `mem::MaybeUninit` instead
[INFO] [stdout]   --> src/position_data.rs:29:14
[INFO] [stdout]    |
[INFO] [stdout] 29 |         mem::uninitialized()
[INFO] [stdout]    |              ^^^^^^^^^^^^^
[INFO] [stdout]    |
[INFO] [stdout]    = note: `#[warn(deprecated)]` on by default
[INFO] [stdout] 
[INFO] [stdout] 
[INFO] [stdout] warning: use of deprecated function `std::mem::uninitialized`: use `mem::MaybeUninit` instead
[INFO] [stdout]   --> src/dimension_data.rs:29:14
[INFO] [stdout]    |
[INFO] [stdout] 29 |         mem::uninitialized()
[INFO] [stdout]    |              ^^^^^^^^^^^^^
[INFO] [stdout] 
[INFO] [stdout] 
[INFO] [stdout] warning: trait objects without an explicit `dyn` are deprecated
[INFO] [stdout]    --> src/auto/handle.rs:318:30
[INFO] [stdout]     |
[INFO] [stdout] 318 |             let f: Box_<Box_<Fn(&Self) + 'static>> = Box_::new(Box_::new(f));
[INFO] [stdout]     |                              ^^^^^^^^^^^^^^^^^^^
[INFO] [stdout]     |
[INFO] [stdout]     = warning: this is accepted in the current edition (Rust 2015) but is a hard error in Rust 2021!
[INFO] [stdout]     = note: for more information, see <https://doc.rust-lang.org/nightly/edition-guide/rust-2021/warnings-promoted-to-error.html>
[INFO] [stdout]     = note: `#[warn(bare_trait_objects)]` on by default
[INFO] [stdout] help: use `dyn`
[INFO] [stdout]     |
[INFO] [stdout] 318 |             let f: Box_<Box_<dyn Fn(&Self) + 'static>> = Box_::new(Box_::new(f));
[INFO] [stdout]     |                              +++
[INFO] [stdout] 
[INFO] [stdout] 
[INFO] [stdout] warning: trait objects without an explicit `dyn` are deprecated
[INFO] [stdout]    --> src/auto/handle.rs:326:30
[INFO] [stdout]     |
[INFO] [stdout] 326 |             let f: Box_<Box_<Fn(&Self) + 'static>> = Box_::new(Box_::new(f));
[INFO] [stdout]     |                              ^^^^^^^^^^^^^^^^^^^
[INFO] [stdout]     |
[INFO] [stdout]     = warning: this is accepted in the current edition (Rust 2015) but is a hard error in Rust 2021!
[INFO] [stdout]     = note: for more information, see <https://doc.rust-lang.org/nightly/edition-guide/rust-2021/warnings-promoted-to-error.html>
[INFO] [stdout] help: use `dyn`
[INFO] [stdout]     |
[INFO] [stdout] 326 |             let f: Box_<Box_<dyn Fn(&Self) + 'static>> = Box_::new(Box_::new(f));
[INFO] [stdout]     |                              +++
[INFO] [stdout] 
[INFO] [stdout] 
[INFO] [stdout] warning: trait objects without an explicit `dyn` are deprecated
[INFO] [stdout]    --> src/auto/handle.rs:334:30
[INFO] [stdout]     |
[INFO] [stdout] 334 |             let f: Box_<Box_<Fn(&Self) + 'static>> = Box_::new(Box_::new(f));
[INFO] [stdout]     |                              ^^^^^^^^^^^^^^^^^^^
[INFO] [stdout]     |
[INFO] [stdout]     = warning: this is accepted in the current edition (Rust 2015) but is a hard error in Rust 2021!
[INFO] [stdout]     = note: for more information, see <https://doc.rust-lang.org/nightly/edition-guide/rust-2021/warnings-promoted-to-error.html>
[INFO] [stdout] help: use `dyn`
[INFO] [stdout]     |
[INFO] [stdout] 334 |             let f: Box_<Box_<dyn Fn(&Self) + 'static>> = Box_::new(Box_::new(f));
[INFO] [stdout]     |                              +++
[INFO] [stdout] 
[INFO] [stdout] 
[INFO] [stdout] warning: trait objects without an explicit `dyn` are deprecated
[INFO] [stdout]    --> src/auto/handle.rs:342:30
[INFO] [stdout]     |
[INFO] [stdout] 342 |             let f: Box_<Box_<Fn(&Self) + 'static>> = Box_::new(Box_::new(f));
[INFO] [stdout]     |                              ^^^^^^^^^^^^^^^^^^^
[INFO] [stdout]     |
[INFO] [stdout]     = warning: this is accepted in the current edition (Rust 2015) but is a hard error in Rust 2021!
[INFO] [stdout]     = note: for more information, see <https://doc.rust-lang.org/nightly/edition-guide/rust-2021/warnings-promoted-to-error.html>
[INFO] [stdout] help: use `dyn`
[INFO] [stdout]     |
[INFO] [stdout] 342 |             let f: Box_<Box_<dyn Fn(&Self) + 'static>> = Box_::new(Box_::new(f));
[INFO] [stdout]     |                              +++
[INFO] [stdout] 
[INFO] [stdout] 
[INFO] [stdout] warning: trait objects without an explicit `dyn` are deprecated
[INFO] [stdout]    --> src/auto/handle.rs:350:30
[INFO] [stdout]     |
[INFO] [stdout] 350 |             let f: Box_<Box_<Fn(&Self) + 'static>> = Box_::new(Box_::new(f));
[INFO] [stdout]     |                              ^^^^^^^^^^^^^^^^^^^
[INFO] [stdout]     |
[INFO] [stdout]     = warning: this is accepted in the current edition (Rust 2015) but is a hard error in Rust 2021!
[INFO] [stdout]     = note: for more information, see <https://doc.rust-lang.org/nightly/edition-guide/rust-2021/warnings-promoted-to-error.html>
[INFO] [stdout] help: use `dyn`
[INFO] [stdout]     |
[INFO] [stdout] 350 |             let f: Box_<Box_<dyn Fn(&Self) + 'static>> = Box_::new(Box_::new(f));
[INFO] [stdout]     |                              +++
[INFO] [stdout] 
[INFO] [stdout] 
[INFO] [stdout] warning: trait objects without an explicit `dyn` are deprecated
[INFO] [stdout]    --> src/auto/handle.rs:358:30
[INFO] [stdout]     |
[INFO] [stdout] 358 |             let f: Box_<Box_<Fn(&Self) + 'static>> = Box_::new(Box_::new(f));
[INFO] [stdout]     |                              ^^^^^^^^^^^^^^^^^^^
[INFO] [stdout]     |
[INFO] [stdout]     = warning: this is accepted in the current edition (Rust 2015) but is a hard error in Rust 2021!
[INFO] [stdout]     = note: for more information, see <https://doc.rust-lang.org/nightly/edition-guide/rust-2021/warnings-promoted-to-error.html>
[INFO] [stdout] help: use `dyn`
[INFO] [stdout]     |
[INFO] [stdout] 358 |             let f: Box_<Box_<dyn Fn(&Self) + 'static>> = Box_::new(Box_::new(f));
[INFO] [stdout]     |                              +++
[INFO] [stdout] 
[INFO] [stdout] 
[INFO] [stdout] warning: trait objects without an explicit `dyn` are deprecated
[INFO] [stdout]    --> src/auto/handle.rs:366:30
[INFO] [stdout]     |
[INFO] [stdout] 366 |             let f: Box_<Box_<Fn(&Self) + 'static>> = Box_::new(Box_::new(f));
[INFO] [stdout]     |                              ^^^^^^^^^^^^^^^^^^^
[INFO] [stdout]     |
[INFO] [stdout]     = warning: this is accepted in the current edition (Rust 2015) but is a hard error in Rust 2021!
[INFO] [stdout]     = note: for more information, see <https://doc.rust-lang.org/nightly/edition-guide/rust-2021/warnings-promoted-to-error.html>
[INFO] [stdout] help: use `dyn`
[INFO] [stdout]     |
[INFO] [stdout] 366 |             let f: Box_<Box_<dyn Fn(&Self) + 'static>> = Box_::new(Box_::new(f));
[INFO] [stdout]     |                              +++
[INFO] [stdout] 
[INFO] [stdout] 
[INFO] [stdout] warning: trait objects without an explicit `dyn` are deprecated
[INFO] [stdout]    --> src/auto/handle.rs:376:15
[INFO] [stdout]     |
[INFO] [stdout] 376 |     let f: &&(Fn(&P) + 'static) = transmute(f);
[INFO] [stdout]     |               ^^^^^^^^^^^^^^^^
[INFO] [stdout]     |
[INFO] [stdout]     = warning: this is accepted in the current edition (Rust 2015) but is a hard error in Rust 2021!
[INFO] [stdout]     = note: for more information, see <https://doc.rust-lang.org/nightly/edition-guide/rust-2021/warnings-promoted-to-error.html>
[INFO] [stdout] help: use `dyn`
[INFO] [stdout]     |
[INFO] [stdout] 376 |     let f: &&(dyn Fn(&P) + 'static) = transmute(f);
[INFO] [stdout]     |               +++
[INFO] [stdout] 
[INFO] [stdout] 
[INFO] [stdout] warning: trait objects without an explicit `dyn` are deprecated
[INFO] [stdout]    --> src/auto/handle.rs:383:15
[INFO] [stdout]     |
[INFO] [stdout] 383 |     let f: &&(Fn(&P) + 'static) = transmute(f);
[INFO] [stdout]     |               ^^^^^^^^^^^^^^^^
[INFO] [stdout]     |
[INFO] [stdout]     = warning: this is accepted in the current edition (Rust 2015) but is a hard error in Rust 2021!
[INFO] [stdout]     = note: for more information, see <https://doc.rust-lang.org/nightly/edition-guide/rust-2021/warnings-promoted-to-error.html>
[INFO] [stdout] help: use `dyn`
[INFO] [stdout]     |
[INFO] [stdout] 383 |     let f: &&(dyn Fn(&P) + 'static) = transmute(f);
[INFO] [stdout]     |               +++
[INFO] [stdout] 
[INFO] [stdout] 
[INFO] [stdout] warning: trait objects without an explicit `dyn` are deprecated
[INFO] [stdout]    --> src/auto/handle.rs:390:15
[INFO] [stdout]     |
[INFO] [stdout] 390 |     let f: &&(Fn(&P) + 'static) = transmute(f);
[INFO] [stdout]     |               ^^^^^^^^^^^^^^^^
[INFO] [stdout]     |
[INFO] [stdout]     = warning: this is accepted in the current edition (Rust 2015) but is a hard error in Rust 2021!
[INFO] [stdout]     = note: for more information, see <https://doc.rust-lang.org/nightly/edition-guide/rust-2021/warnings-promoted-to-error.html>
[INFO] [stdout] help: use `dyn`
[INFO] [stdout]     |
[INFO] [stdout] 390 |     let f: &&(dyn Fn(&P) + 'static) = transmute(f);
[INFO] [stdout]     |               +++
[INFO] [stdout] 
[INFO] [stdout] 
[INFO] [stdout] warning: trait objects without an explicit `dyn` are deprecated
[INFO] [stdout]    --> src/auto/handle.rs:397:15
[INFO] [stdout]     |
[INFO] [stdout] 397 |     let f: &&(Fn(&P) + 'static) = transmute(f);
[INFO] [stdout]     |               ^^^^^^^^^^^^^^^^
[INFO] [stdout]     |
[INFO] [stdout]     = warning: this is accepted in the current edition (Rust 2015) but is a hard error in Rust 2021!
[INFO] [stdout]     = note: for more information, see <https://doc.rust-lang.org/nightly/edition-guide/rust-2021/warnings-promoted-to-error.html>
[INFO] [stdout] help: use `dyn`
[INFO] [stdout]     |
[INFO] [stdout] 397 |     let f: &&(dyn Fn(&P) + 'static) = transmute(f);
[INFO] [stdout]     |               +++
[INFO] [stdout] 
[INFO] [stdout] 
[INFO] [stdout] warning: trait objects without an explicit `dyn` are deprecated
[INFO] [stdout]    --> src/auto/handle.rs:404:15
[INFO] [stdout]     |
[INFO] [stdout] 404 |     let f: &&(Fn(&P) + 'static) = transmute(f);
[INFO] [stdout]     |               ^^^^^^^^^^^^^^^^
[INFO] [stdout]     |
[INFO] [stdout]     = warning: this is accepted in the current edition (Rust 2015) but is a hard error in Rust 2021!
[INFO] [stdout]     = note: for more information, see <https://doc.rust-lang.org/nightly/edition-guide/rust-2021/warnings-promoted-to-error.html>
[INFO] [stdout] help: use `dyn`
[INFO] [stdout]     |
[INFO] [stdout] 404 |     let f: &&(dyn Fn(&P) + 'static) = transmute(f);
[INFO] [stdout]     |               +++
[INFO] [stdout] 
[INFO] [stdout] 
[INFO] [stdout] warning: trait objects without an explicit `dyn` are deprecated
[INFO] [stdout]    --> src/auto/handle.rs:411:15
[INFO] [stdout]     |
[INFO] [stdout] 411 |     let f: &&(Fn(&P) + 'static) = transmute(f);
[INFO] [stdout]     |               ^^^^^^^^^^^^^^^^
[INFO] [stdout]     |
[INFO] [stdout]     = warning: this is accepted in the current edition (Rust 2015) but is a hard error in Rust 2021!
[INFO] [stdout]     = note: for more information, see <https://doc.rust-lang.org/nightly/edition-guide/rust-2021/warnings-promoted-to-error.html>
[INFO] [stdout] help: use `dyn`
[INFO] [stdout]     |
[INFO] [stdout] 411 |     let f: &&(dyn Fn(&P) + 'static) = transmute(f);
[INFO] [stdout]     |               +++
[INFO] [stdout] 
[INFO] [stdout] 
[INFO] [stdout] warning: trait objects without an explicit `dyn` are deprecated
[INFO] [stdout]    --> src/auto/handle.rs:418:15
[INFO] [stdout]     |
[INFO] [stdout] 418 |     let f: &&(Fn(&P) + 'static) = transmute(f);
[INFO] [stdout]     |               ^^^^^^^^^^^^^^^^
[INFO] [stdout]     |
[INFO] [stdout]     = warning: this is accepted in the current edition (Rust 2015) but is a hard error in Rust 2021!
[INFO] [stdout]     = note: for more information, see <https://doc.rust-lang.org/nightly/edition-guide/rust-2021/warnings-promoted-to-error.html>
[INFO] [stdout] help: use `dyn`
[INFO] [stdout]     |
[INFO] [stdout] 418 |     let f: &&(dyn Fn(&P) + 'static) = transmute(f);
[INFO] [stdout]     |               +++
[INFO] [stdout] 
[INFO] [stdout] 
[INFO] [stdout] warning: the type `PositionData` does not permit being left uninitialized
[INFO] [stdout]   --> src/position_data.rs:29:9
[INFO] [stdout]    |
[INFO] [stdout] 29 |         mem::uninitialized()
[INFO] [stdout]    |         ^^^^^^^^^^^^^^^^^^^^
[INFO] [stdout]    |         |
[INFO] [stdout]    |         this code causes undefined behavior when executed
[INFO] [stdout]    |         help: use `MaybeUninit<T>` instead, and only call `assume_init` after initialization is done
[INFO] [stdout]    |
[INFO] [stdout] note: integers must be initialized (in this struct field)
[INFO] [stdout]   --> src/position_data.rs:8:5
[INFO] [stdout]    |
[INFO] [stdout] 8  |     pub x: i32,
[INFO] [stdout]    |     ^^^^^^^^^^
[INFO] [stdout]    = note: `#[warn(invalid_value)]` on by default
[INFO] [stdout] 
[INFO] [stdout] 
[INFO] [stdout] warning: the type `DimensionData` does not permit being left uninitialized
[INFO] [stdout]   --> src/dimension_data.rs:29:9
[INFO] [stdout]    |
[INFO] [stdout] 29 |         mem::uninitialized()
[INFO] [stdout]    |         ^^^^^^^^^^^^^^^^^^^^
[INFO] [stdout]    |         |
[INFO] [stdout]    |         this code causes undefined behavior when executed
[INFO] [stdout]    |         help: use `MaybeUninit<T>` instead, and only call `assume_init` after initialization is done
[INFO] [stdout]    |
[INFO] [stdout] note: integers must be initialized (in this struct field)
[INFO] [stdout]   --> src/dimension_data.rs:8:5
[INFO] [stdout]    |
[INFO] [stdout] 8  |     pub width: i32,
[INFO] [stdout]    |     ^^^^^^^^^^^^^^
[INFO] [stdout] 
[INFO] [stdout] 
[INFO] [stdout] warning: 18 warnings emitted
[INFO] [stdout] 
[INFO] [stdout] 
[INFO] [stderr]     Finished dev [unoptimized + debuginfo] target(s) in 8.26s
[INFO] running `Command { std: "docker" "inspect" "324342b11bef7f0049cf01b70e8afc2bd4193dfea9776870dbc4da9de0151adb", kill_on_drop: false }`
[INFO] running `Command { std: "docker" "rm" "-f" "324342b11bef7f0049cf01b70e8afc2bd4193dfea9776870dbc4da9de0151adb", kill_on_drop: false }`
[INFO] [stdout] 324342b11bef7f0049cf01b70e8afc2bd4193dfea9776870dbc4da9de0151adb
[INFO] running `Command { std: "docker" "create" "-v" "/var/lib/crater-agent-workspace/builds/worker-1-tc2/target:/opt/rustwide/target:rw,Z" "-v" "/var/lib/crater-agent-workspace/builds/worker-1-tc2/source:/opt/rustwide/workdir:ro,Z" "-v" "/var/lib/crater-agent-workspace/cargo-home:/opt/rustwide/cargo-home:ro,Z" "-v" "/var/lib/crater-agent-workspace/rustup-home:/opt/rustwide/rustup-home:ro,Z" "-e" "SOURCE_DIR=/opt/rustwide/workdir" "-e" "CARGO_TARGET_DIR=/opt/rustwide/target" "-e" "CARGO_INCREMENTAL=0" "-e" "RUST_BACKTRACE=full" "-e" "RUSTFLAGS=--cap-lints=warn" "-e" "RUSTDOCFLAGS=--cap-lints=warn" "-e" "CARGO_HOME=/opt/rustwide/cargo-home" "-e" "RUSTUP_HOME=/opt/rustwide/rustup-home" "-w" "/opt/rustwide/workdir" "-m" "1610612736" "--user" "0:0" "--network" "none" "ghcr.io/rust-lang/crates-build-env/linux@sha256:2788e3201cd34a07e3172128adcd8b3090168a8e3bcc40d7c032b9dda1df7d1c" "/opt/rustwide/cargo-home/bin/cargo" "+beta-2023-12-22" "test" "--frozen" "--no-run" "--message-format=json", kill_on_drop: false }`
[INFO] [stdout] 7ed2ee602a9b8ec9c6720f66b9051e4461bc0338aae865bd20ad20a8b98dee51
[INFO] running `Command { std: "docker" "start" "-a" "7ed2ee602a9b8ec9c6720f66b9051e4461bc0338aae865bd20ad20a8b98dee51", kill_on_drop: false }`
[INFO] [stderr]    Compiling num-traits v0.2.17
[INFO] [stderr]    Compiling num-integer v0.1.45
[INFO] [stderr]    Compiling rand v0.4.6
[INFO] [stderr]    Compiling rustc-serialize v0.3.25
[INFO] [stderr]    Compiling crossbeam-epoch v0.9.17
[INFO] [stderr]    Compiling num-iter v0.1.43
[INFO] [stderr]    Compiling adler32 v1.2.0
[INFO] [stderr]    Compiling nodrop v0.1.14
[INFO] [stderr]    Compiling gtk-sys v0.6.0
[INFO] [stderr]    Compiling arrayvec v0.4.12
[INFO] [stderr]    Compiling crossbeam-deque v0.8.4
[INFO] [stderr]    Compiling quick-error v1.2.3
[INFO] [stderr]    Compiling void v1.0.2
[INFO] [stderr]    Compiling matrixmultiply v0.1.15
[INFO] [stderr]    Compiling unreachable v1.0.0
[INFO] [stderr]    Compiling humantime v1.3.0
[INFO] [stderr]    Compiling deflate v0.7.20
[INFO] [stderr]    Compiling rayon-core v1.12.0
[INFO] [stderr]    Compiling inflate v0.3.4
[INFO] [stderr]    Compiling stb_truetype v0.3.1
[INFO] [stderr]    Compiling atty v0.2.14
[INFO] [stderr]    Compiling rawpointer v0.1.0
[INFO] [stderr]    Compiling gdk v0.8.0
[INFO] [stderr]    Compiling color_quant v1.1.0
[INFO] [stderr]    Compiling lzw v0.10.0
[INFO] [stderr]    Compiling rayon v1.8.0
[INFO] [stderr]    Compiling approx v0.1.1
[INFO] [stderr]    Compiling gif v0.9.2
[INFO] [stderr]    Compiling stb_truetype v0.2.8
[INFO] [stderr]    Compiling env_logger v0.5.13
[INFO] [stderr]    Compiling generic-array v0.8.4
[INFO] [stderr]    Compiling num-traits v0.1.43
[INFO] [stderr]    Compiling enum_primitive v0.1.1
[INFO] [stderr]    Compiling ordered-float v0.5.2
[INFO] [stderr]    Compiling rand v0.3.23
[INFO] [stderr]    Compiling pango v0.4.0
[INFO] [stderr]    Compiling scoped_threadpool v0.1.9
[INFO] [stderr]    Compiling custom_derive v0.1.7
[INFO] [stderr]    Compiling gtk v0.4.1
[INFO] [stderr]    Compiling num-complex v0.1.43
[INFO] [stderr]    Compiling num-bigint v0.1.44
[INFO] [stderr]    Compiling png v0.11.0
[INFO] [stderr]    Compiling rusttype v0.4.3
[INFO] [stderr]    Compiling alga v0.5.4
[INFO] [stderr]    Compiling conv v0.3.3
[INFO] [stderr]    Compiling quickcheck v0.6.2
[INFO] [stderr]    Compiling num-rational v0.1.42
[INFO] [stderr]    Compiling num v0.1.42
[INFO] [stderr]    Compiling jpeg-decoder v0.1.22
[INFO] [stderr]    Compiling nalgebra v0.13.1
[INFO] [stderr]    Compiling itertools v0.7.11
[INFO] [stdout] warning: use of deprecated function `std::mem::uninitialized`: use `mem::MaybeUninit` instead
[INFO] [stdout]   --> src/position_data.rs:29:14
[INFO] [stdout]    |
[INFO] [stdout] 29 |         mem::uninitialized()
[INFO] [stdout]    |              ^^^^^^^^^^^^^
[INFO] [stdout]    |
[INFO] [stdout]    = note: `#[warn(deprecated)]` on by default
[INFO] [stdout] 
[INFO] [stdout] 
[INFO] [stdout] warning: use of deprecated function `std::mem::uninitialized`: use `mem::MaybeUninit` instead
[INFO] [stdout]   --> src/dimension_data.rs:29:14
[INFO] [stdout]    |
[INFO] [stdout] 29 |         mem::uninitialized()
[INFO] [stdout]    |              ^^^^^^^^^^^^^
[INFO] [stdout] 
[INFO] [stdout] 
[INFO] [stdout] warning: trait objects without an explicit `dyn` are deprecated
[INFO] [stdout]    --> src/auto/handle.rs:318:30
[INFO] [stdout]     |
[INFO] [stdout] 318 |             let f: Box_<Box_<Fn(&Self) + 'static>> = Box_::new(Box_::new(f));
[INFO] [stdout]     |                              ^^^^^^^^^^^^^^^^^^^
[INFO] [stdout]     |
[INFO] [stdout]     = warning: this is accepted in the current edition (Rust 2015) but is a hard error in Rust 2021!
[INFO] [stdout]     = note: for more information, see <https://doc.rust-lang.org/nightly/edition-guide/rust-2021/warnings-promoted-to-error.html>
[INFO] [stdout]     = note: `#[warn(bare_trait_objects)]` on by default
[INFO] [stdout] help: use `dyn`
[INFO] [stdout]     |
[INFO] [stdout] 318 |             let f: Box_<Box_<dyn Fn(&Self) + 'static>> = Box_::new(Box_::new(f));
[INFO] [stdout]     |                              +++
[INFO] [stdout] 
[INFO] [stdout] 
[INFO] [stdout] warning: trait objects without an explicit `dyn` are deprecated
[INFO] [stdout]    --> src/auto/handle.rs:326:30
[INFO] [stdout]     |
[INFO] [stdout] 326 |             let f: Box_<Box_<Fn(&Self) + 'static>> = Box_::new(Box_::new(f));
[INFO] [stdout]     |                              ^^^^^^^^^^^^^^^^^^^
[INFO] [stdout]     |
[INFO] [stdout]     = warning: this is accepted in the current edition (Rust 2015) but is a hard error in Rust 2021!
[INFO] [stdout]     = note: for more information, see <https://doc.rust-lang.org/nightly/edition-guide/rust-2021/warnings-promoted-to-error.html>
[INFO] [stdout] help: use `dyn`
[INFO] [stdout]     |
[INFO] [stdout] 326 |             let f: Box_<Box_<dyn Fn(&Self) + 'static>> = Box_::new(Box_::new(f));
[INFO] [stdout]     |                              +++
[INFO] [stdout] 
[INFO] [stdout] 
[INFO] [stdout] warning: trait objects without an explicit `dyn` are deprecated
[INFO] [stdout]    --> src/auto/handle.rs:334:30
[INFO] [stdout]     |
[INFO] [stdout] 334 |             let f: Box_<Box_<Fn(&Self) + 'static>> = Box_::new(Box_::new(f));
[INFO] [stdout]     |                              ^^^^^^^^^^^^^^^^^^^
[INFO] [stdout]     |
[INFO] [stdout]     = warning: this is accepted in the current edition (Rust 2015) but is a hard error in Rust 2021!
[INFO] [stdout]     = note: for more information, see <https://doc.rust-lang.org/nightly/edition-guide/rust-2021/warnings-promoted-to-error.html>
[INFO] [stdout] help: use `dyn`
[INFO] [stdout]     |
[INFO] [stdout] 334 |             let f: Box_<Box_<dyn Fn(&Self) + 'static>> = Box_::new(Box_::new(f));
[INFO] [stdout]     |                              +++
[INFO] [stdout] 
[INFO] [stdout] 
[INFO] [stdout] warning: trait objects without an explicit `dyn` are deprecated
[INFO] [stdout]    --> src/auto/handle.rs:342:30
[INFO] [stdout]     |
[INFO] [stdout] 342 |             let f: Box_<Box_<Fn(&Self) + 'static>> = Box_::new(Box_::new(f));
[INFO] [stdout]     |                              ^^^^^^^^^^^^^^^^^^^
[INFO] [stdout]     |
[INFO] [stdout]     = warning: this is accepted in the current edition (Rust 2015) but is a hard error in Rust 2021!
[INFO] [stdout]     = note: for more information, see <https://doc.rust-lang.org/nightly/edition-guide/rust-2021/warnings-promoted-to-error.html>
[INFO] [stdout] help: use `dyn`
[INFO] [stdout]     |
[INFO] [stdout] 342 |             let f: Box_<Box_<dyn Fn(&Self) + 'static>> = Box_::new(Box_::new(f));
[INFO] [stdout]     |                              +++
[INFO] [stdout] 
[INFO] [stdout] 
[INFO] [stdout] warning: trait objects without an explicit `dyn` are deprecated
[INFO] [stdout]    --> src/auto/handle.rs:350:30
[INFO] [stdout]     |
[INFO] [stdout] 350 |             let f: Box_<Box_<Fn(&Self) + 'static>> = Box_::new(Box_::new(f));
[INFO] [stdout]     |                              ^^^^^^^^^^^^^^^^^^^
[INFO] [stdout]     |
[INFO] [stdout]     = warning: this is accepted in the current edition (Rust 2015) but is a hard error in Rust 2021!
[INFO] [stdout]     = note: for more information, see <https://doc.rust-lang.org/nightly/edition-guide/rust-2021/warnings-promoted-to-error.html>
[INFO] [stdout] help: use `dyn`
[INFO] [stdout]     |
[INFO] [stdout] 350 |             let f: Box_<Box_<dyn Fn(&Self) + 'static>> = Box_::new(Box_::new(f));
[INFO] [stdout]     |                              +++
[INFO] [stdout] 
[INFO] [stdout] 
[INFO] [stdout] warning: trait objects without an explicit `dyn` are deprecated
[INFO] [stdout]    --> src/auto/handle.rs:358:30
[INFO] [stdout]     |
[INFO] [stdout] 358 |             let f: Box_<Box_<Fn(&Self) + 'static>> = Box_::new(Box_::new(f));
[INFO] [stdout]     |                              ^^^^^^^^^^^^^^^^^^^
[INFO] [stdout]     |
[INFO] [stdout]     = warning: this is accepted in the current edition (Rust 2015) but is a hard error in Rust 2021!
[INFO] [stdout]     = note: for more information, see <https://doc.rust-lang.org/nightly/edition-guide/rust-2021/warnings-promoted-to-error.html>
[INFO] [stdout] help: use `dyn`
[INFO] [stdout]     |
[INFO] [stdout] 358 |             let f: Box_<Box_<dyn Fn(&Self) + 'static>> = Box_::new(Box_::new(f));
[INFO] [stdout]     |                              +++
[INFO] [stdout] 
[INFO] [stdout] 
[INFO] [stdout] warning: trait objects without an explicit `dyn` are deprecated
[INFO] [stdout]    --> src/auto/handle.rs:366:30
[INFO] [stdout]     |
[INFO] [stdout] 366 |             let f: Box_<Box_<Fn(&Self) + 'static>> = Box_::new(Box_::new(f));
[INFO] [stdout]     |                              ^^^^^^^^^^^^^^^^^^^
[INFO] [stdout]     |
[INFO] [stdout]     = warning: this is accepted in the current edition (Rust 2015) but is a hard error in Rust 2021!
[INFO] [stdout]     = note: for more information, see <https://doc.rust-lang.org/nightly/edition-guide/rust-2021/warnings-promoted-to-error.html>
[INFO] [stdout] help: use `dyn`
[INFO] [stdout]     |
[INFO] [stdout] 366 |             let f: Box_<Box_<dyn Fn(&Self) + 'static>> = Box_::new(Box_::new(f));
[INFO] [stdout]     |                              +++
[INFO] [stdout] 
[INFO] [stdout] 
[INFO] [stdout] warning: trait objects without an explicit `dyn` are deprecated
[INFO] [stdout]    --> src/auto/handle.rs:376:15
[INFO] [stdout]     |
[INFO] [stdout] 376 |     let f: &&(Fn(&P) + 'static) = transmute(f);
[INFO] [stdout]     |               ^^^^^^^^^^^^^^^^
[INFO] [stdout]     |
[INFO] [stdout]     = warning: this is accepted in the current edition (Rust 2015) but is a hard error in Rust 2021!
[INFO] [stdout]     = note: for more information, see <https://doc.rust-lang.org/nightly/edition-guide/rust-2021/warnings-promoted-to-error.html>
[INFO] [stdout] help: use `dyn`
[INFO] [stdout]     |
[INFO] [stdout] 376 |     let f: &&(dyn Fn(&P) + 'static) = transmute(f);
[INFO] [stdout]     |               +++
[INFO] [stdout] 
[INFO] [stdout] 
[INFO] [stdout] warning: trait objects without an explicit `dyn` are deprecated
[INFO] [stdout]    --> src/auto/handle.rs:383:15
[INFO] [stdout]     |
[INFO] [stdout] 383 |     let f: &&(Fn(&P) + 'static) = transmute(f);
[INFO] [stdout]     |               ^^^^^^^^^^^^^^^^
[INFO] [stdout]     |
[INFO] [stdout]     = warning: this is accepted in the current edition (Rust 2015) but is a hard error in Rust 2021!
[INFO] [stdout]     = note: for more information, see <https://doc.rust-lang.org/nightly/edition-guide/rust-2021/warnings-promoted-to-error.html>
[INFO] [stdout] help: use `dyn`
[INFO] [stdout]     |
[INFO] [stdout] 383 |     let f: &&(dyn Fn(&P) + 'static) = transmute(f);
[INFO] [stdout]     |               +++
[INFO] [stdout] 
[INFO] [stdout] 
[INFO] [stdout] warning: trait objects without an explicit `dyn` are deprecated
[INFO] [stdout]    --> src/auto/handle.rs:390:15
[INFO] [stdout]     |
[INFO] [stdout] 390 |     let f: &&(Fn(&P) + 'static) = transmute(f);
[INFO] [stdout]     |               ^^^^^^^^^^^^^^^^
[INFO] [stdout]     |
[INFO] [stdout]     = warning: this is accepted in the current edition (Rust 2015) but is a hard error in Rust 2021!
[INFO] [stdout]     = note: for more information, see <https://doc.rust-lang.org/nightly/edition-guide/rust-2021/warnings-promoted-to-error.html>
[INFO] [stdout] help: use `dyn`
[INFO] [stdout]     |
[INFO] [stdout] 390 |     let f: &&(dyn Fn(&P) + 'static) = transmute(f);
[INFO] [stdout]     |               +++
[INFO] [stdout] 
[INFO] [stdout] 
[INFO] [stdout] warning: trait objects without an explicit `dyn` are deprecated
[INFO] [stdout]    --> src/auto/handle.rs:397:15
[INFO] [stdout]     |
[INFO] [stdout] 397 |     let f: &&(Fn(&P) + 'static) = transmute(f);
[INFO] [stdout]     |               ^^^^^^^^^^^^^^^^
[INFO] [stdout]     |
[INFO] [stdout]     = warning: this is accepted in the current edition (Rust 2015) but is a hard error in Rust 2021!
[INFO] [stdout]     = note: for more information, see <https://doc.rust-lang.org/nightly/edition-guide/rust-2021/warnings-promoted-to-error.html>
[INFO] [stdout] help: use `dyn`
[INFO] [stdout]     |
[INFO] [stdout] 397 |     let f: &&(dyn Fn(&P) + 'static) = transmute(f);
[INFO] [stdout]     |               +++
[INFO] [stdout] 
[INFO] [stdout] 
[INFO] [stdout] warning: trait objects without an explicit `dyn` are deprecated
[INFO] [stdout]    --> src/auto/handle.rs:404:15
[INFO] [stdout]     |
[INFO] [stdout] 404 |     let f: &&(Fn(&P) + 'static) = transmute(f);
[INFO] [stdout]     |               ^^^^^^^^^^^^^^^^
[INFO] [stdout]     |
[INFO] [stdout]     = warning: this is accepted in the current edition (Rust 2015) but is a hard error in Rust 2021!
[INFO] [stdout]     = note: for more information, see <https://doc.rust-lang.org/nightly/edition-guide/rust-2021/warnings-promoted-to-error.html>
[INFO] [stdout] help: use `dyn`
[INFO] [stdout]     |
[INFO] [stdout] 404 |     let f: &&(dyn Fn(&P) + 'static) = transmute(f);
[INFO] [stdout]     |               +++
[INFO] [stdout] 
[INFO] [stdout] 
[INFO] [stdout] warning: trait objects without an explicit `dyn` are deprecated
[INFO] [stdout]    --> src/auto/handle.rs:411:15
[INFO] [stdout]     |
[INFO] [stdout] 411 |     let f: &&(Fn(&P) + 'static) = transmute(f);
[INFO] [stdout]     |               ^^^^^^^^^^^^^^^^
[INFO] [stdout]     |
[INFO] [stdout]     = warning: this is accepted in the current edition (Rust 2015) but is a hard error in Rust 2021!
[INFO] [stdout]     = note: for more information, see <https://doc.rust-lang.org/nightly/edition-guide/rust-2021/warnings-promoted-to-error.html>
[INFO] [stdout] help: use `dyn`
[INFO] [stdout]     |
[INFO] [stdout] 411 |     let f: &&(dyn Fn(&P) + 'static) = transmute(f);
[INFO] [stdout]     |               +++
[INFO] [stdout] 
[INFO] [stdout] 
[INFO] [stdout] warning: trait objects without an explicit `dyn` are deprecated
[INFO] [stdout]    --> src/auto/handle.rs:418:15
[INFO] [stdout]     |
[INFO] [stdout] 418 |     let f: &&(Fn(&P) + 'static) = transmute(f);
[INFO] [stdout]     |               ^^^^^^^^^^^^^^^^
[INFO] [stdout]     |
[INFO] [stdout]     = warning: this is accepted in the current edition (Rust 2015) but is a hard error in Rust 2021!
[INFO] [stdout]     = note: for more information, see <https://doc.rust-lang.org/nightly/edition-guide/rust-2021/warnings-promoted-to-error.html>
[INFO] [stdout] help: use `dyn`
[INFO] [stdout]     |
[INFO] [stdout] 418 |     let f: &&(dyn Fn(&P) + 'static) = transmute(f);
[INFO] [stdout]     |               +++
[INFO] [stdout] 
[INFO] [stdout] 
[INFO] [stdout] warning: the type `PositionData` does not permit being left uninitialized
[INFO] [stdout]   --> src/position_data.rs:29:9
[INFO] [stdout]    |
[INFO] [stdout] 29 |         mem::uninitialized()
[INFO] [stdout]    |         ^^^^^^^^^^^^^^^^^^^^
[INFO] [stdout]    |         |
[INFO] [stdout]    |         this code causes undefined behavior when executed
[INFO] [stdout]    |         help: use `MaybeUninit<T>` instead, and only call `assume_init` after initialization is done
[INFO] [stdout]    |
[INFO] [stdout] note: integers must be initialized (in this struct field)
[INFO] [stdout]   --> src/position_data.rs:8:5
[INFO] [stdout]    |
[INFO] [stdout] 8  |     pub x: i32,
[INFO] [stdout]    |     ^^^^^^^^^^
[INFO] [stdout]    = note: `#[warn(invalid_value)]` on by default
[INFO] [stdout] 
[INFO] [stdout] 
[INFO] [stdout] warning: the type `DimensionData` does not permit being left uninitialized
[INFO] [stdout]   --> src/dimension_data.rs:29:9
[INFO] [stdout]    |
[INFO] [stdout] 29 |         mem::uninitialized()
[INFO] [stdout]    |         ^^^^^^^^^^^^^^^^^^^^
[INFO] [stdout]    |         |
[INFO] [stdout]    |         this code causes undefined behavior when executed
[INFO] [stdout]    |         help: use `MaybeUninit<T>` instead, and only call `assume_init` after initialization is done
[INFO] [stdout]    |
[INFO] [stdout] note: integers must be initialized (in this struct field)
[INFO] [stdout]   --> src/dimension_data.rs:8:5
[INFO] [stdout]    |
[INFO] [stdout] 8  |     pub width: i32,
[INFO] [stdout]    |     ^^^^^^^^^^^^^^
[INFO] [stdout] 
[INFO] [stdout] 
[INFO] [stdout] warning: 18 warnings emitted
[INFO] [stdout] 
[INFO] [stdout] 
[INFO] [stderr]    Compiling image v0.18.0
[INFO] [stdout] error[E0119]: conflicting implementations of trait `Mul<&_>` for type `translation::Translation<_, _>`
[INFO] [stdout]    --> /opt/rustwide/cargo-home/registry/src/index.crates.io-6f17d22bba15001f/nalgebra-0.13.1/src/geometry/isometry_ops.rs:67:9
[INFO] [stdout]     |
[INFO] [stdout] 67  | /         impl<$($lives ,)* N: Real, D: DimName, R> $Op<$Rhs> for $Lhs
[INFO] [stdout] 68  | |             where R: AlgaRotation<Point<N, D>>,
[INFO] [stdout] 69  | |                   DefaultAllocator: Allocator<N, D> {
[INFO] [stdout]     | |                                                   ^
[INFO] [stdout]     | |                                                   |
[INFO] [stdout]     | |___________________________________________________first implementation here
[INFO] [stdout]     |                                                     conflicting implementation for `translation::Translation<_, _>`
[INFO] [stdout] ...
[INFO] [stdout] 281 | / isometry_binop_impl_all!(
[INFO] [stdout] 282 | |     Mul, mul;
[INFO] [stdout] 283 | |     self: Translation<N, D>, right: R, Output = Isometry<N, D, R>;
[INFO] [stdout] 284 | |     [val val] => Isometry::from_parts(self, right);
[INFO] [stdout] ...   |
[INFO] [stdout] 287 | |     [ref ref] => Isometry::from_parts(self.clone(), right.clone());
[INFO] [stdout] 288 | | );
[INFO] [stdout]     | |_- in this macro invocation
[INFO] [stdout]     |
[INFO] [stdout]     = note: downstream crates may implement trait `alga::linear::Rotation<geometry::point::Point<_, _>>` for type `&_`
[INFO] [stdout]     = note: this error originates in the macro `isometry_binop_impl` which comes from the expansion of the macro `isometry_binop_impl_all` (in Nightly builds, run with -Z macro-backtrace for more info)
[INFO] [stdout] 
[INFO] [stdout] 
[INFO] [stdout] error[E0119]: conflicting implementations of trait `Mul<&_>` for type `&translation::Translation<_, _>`
[INFO] [stdout]    --> /opt/rustwide/cargo-home/registry/src/index.crates.io-6f17d22bba15001f/nalgebra-0.13.1/src/geometry/isometry_ops.rs:67:9
[INFO] [stdout]     |
[INFO] [stdout] 67  | /         impl<$($lives ,)* N: Real, D: DimName, R> $Op<$Rhs> for $Lhs
[INFO] [stdout] 68  | |             where R: AlgaRotation<Point<N, D>>,
[INFO] [stdout] 69  | |                   DefaultAllocator: Allocator<N, D> {
[INFO] [stdout]     | |                                                   ^
[INFO] [stdout]     | |                                                   |
[INFO] [stdout]     | |___________________________________________________first implementation here
[INFO] [stdout]     |                                                     conflicting implementation for `&translation::Translation<_, _>`
[INFO] [stdout] ...
[INFO] [stdout] 281 | / isometry_binop_impl_all!(
[INFO] [stdout] 282 | |     Mul, mul;
[INFO] [stdout] 283 | |     self: Translation<N, D>, right: R, Output = Isometry<N, D, R>;
[INFO] [stdout] 284 | |     [val val] => Isometry::from_parts(self, right);
[INFO] [stdout] ...   |
[INFO] [stdout] 287 | |     [ref ref] => Isometry::from_parts(self.clone(), right.clone());
[INFO] [stdout] 288 | | );
[INFO] [stdout]     | |_- in this macro invocation
[INFO] [stdout]     |
[INFO] [stdout]     = note: downstream crates may implement trait `alga::linear::Rotation<geometry::point::Point<_, _>>` for type `&_`
[INFO] [stdout]     = note: this error originates in the macro `isometry_binop_impl` which comes from the expansion of the macro `isometry_binop_impl_all` (in Nightly builds, run with -Z macro-backtrace for more info)
[INFO] [stdout] 
[INFO] [stdout] 
[INFO] [stdout] error: aborting due to 2 previous errors
[INFO] [stdout] 
[INFO] [stdout] 
[INFO] [stdout] For more information about this error, try `rustc --explain E0119`.
[INFO] [stdout] 
[INFO] [stderr] error: could not compile `nalgebra` (lib) due to 3 previous errors
[INFO] [stderr] warning: build failed, waiting for other jobs to finish...
[INFO] running `Command { std: "docker" "inspect" "7ed2ee602a9b8ec9c6720f66b9051e4461bc0338aae865bd20ad20a8b98dee51", kill_on_drop: false }`
[INFO] running `Command { std: "docker" "rm" "-f" "7ed2ee602a9b8ec9c6720f66b9051e4461bc0338aae865bd20ad20a8b98dee51", kill_on_drop: false }`
[INFO] [stdout] 7ed2ee602a9b8ec9c6720f66b9051e4461bc0338aae865bd20ad20a8b98dee51
