[INFO] fetching crate rspack-codespan-reporting 0.11.2...
[INFO] testing rspack-codespan-reporting-0.11.2 against 1.75.0 for beta-1.76-1
[INFO] extracting crate rspack-codespan-reporting 0.11.2 into /workspace/builds/worker-3-tc1/source
[INFO] validating manifest of crates.io crate rspack-codespan-reporting 0.11.2 on toolchain 1.75.0
[INFO] running `Command { std: CARGO_HOME="/workspace/cargo-home" RUSTUP_HOME="/workspace/rustup-home" "/workspace/cargo-home/bin/cargo" "+1.75.0" "metadata" "--manifest-path" "Cargo.toml" "--no-deps", kill_on_drop: false }`
[INFO] started tweaking crates.io crate rspack-codespan-reporting 0.11.2
[INFO] finished tweaking crates.io crate rspack-codespan-reporting 0.11.2
[INFO] tweaked toml for crates.io crate rspack-codespan-reporting 0.11.2 written to /workspace/builds/worker-3-tc1/source/Cargo.toml
[INFO] crate crates.io crate rspack-codespan-reporting 0.11.2 already has a lockfile, it will not be regenerated
[INFO] running `Command { std: CARGO_HOME="/workspace/cargo-home" RUSTUP_HOME="/workspace/rustup-home" "/workspace/cargo-home/bin/cargo" "+1.75.0" "fetch" "--manifest-path" "Cargo.toml", kill_on_drop: false }`
[INFO] [stderr]  Downloading crates ...
[INFO] [stderr]   Downloaded memchr v2.6.1
[INFO] [stderr]   Downloaded rustyline v6.3.0
[INFO] [stderr]   Downloaded insta v1.31.0
[INFO] running `Command { std: "docker" "create" "-v" "/var/lib/crater-agent-workspace/builds/worker-3-tc1/target:/opt/rustwide/target:rw,Z" "-v" "/var/lib/crater-agent-workspace/builds/worker-3-tc1/source:/opt/rustwide/workdir:ro,Z" "-v" "/var/lib/crater-agent-workspace/cargo-home:/opt/rustwide/cargo-home:ro,Z" "-v" "/var/lib/crater-agent-workspace/rustup-home:/opt/rustwide/rustup-home:ro,Z" "-e" "SOURCE_DIR=/opt/rustwide/workdir" "-e" "CARGO_TARGET_DIR=/opt/rustwide/target" "-e" "CARGO_HOME=/opt/rustwide/cargo-home" "-e" "RUSTUP_HOME=/opt/rustwide/rustup-home" "-w" "/opt/rustwide/workdir" "-m" "1610612736" "--user" "0:0" "--network" "none" "ghcr.io/rust-lang/crates-build-env/linux@sha256:2788e3201cd34a07e3172128adcd8b3090168a8e3bcc40d7c032b9dda1df7d1c" "/opt/rustwide/cargo-home/bin/cargo" "+1.75.0" "metadata" "--no-deps" "--format-version=1", kill_on_drop: false }`
[INFO] [stdout] 4e281ed09e9b2168ffcc65314513d782d11aa0f659a06cb1f81e4447c9b12507
[INFO] running `Command { std: "docker" "start" "-a" "4e281ed09e9b2168ffcc65314513d782d11aa0f659a06cb1f81e4447c9b12507", kill_on_drop: false }`
[INFO] running `Command { std: "docker" "inspect" "4e281ed09e9b2168ffcc65314513d782d11aa0f659a06cb1f81e4447c9b12507", kill_on_drop: false }`
[INFO] running `Command { std: "docker" "rm" "-f" "4e281ed09e9b2168ffcc65314513d782d11aa0f659a06cb1f81e4447c9b12507", kill_on_drop: false }`
[INFO] [stdout] 4e281ed09e9b2168ffcc65314513d782d11aa0f659a06cb1f81e4447c9b12507
[INFO] running `Command { std: "docker" "create" "-v" "/var/lib/crater-agent-workspace/builds/worker-3-tc1/target:/opt/rustwide/target:rw,Z" "-v" "/var/lib/crater-agent-workspace/builds/worker-3-tc1/source:/opt/rustwide/workdir:ro,Z" "-v" "/var/lib/crater-agent-workspace/cargo-home:/opt/rustwide/cargo-home:ro,Z" "-v" "/var/lib/crater-agent-workspace/rustup-home:/opt/rustwide/rustup-home:ro,Z" "-e" "SOURCE_DIR=/opt/rustwide/workdir" "-e" "CARGO_TARGET_DIR=/opt/rustwide/target" "-e" "CARGO_INCREMENTAL=0" "-e" "RUST_BACKTRACE=full" "-e" "RUSTFLAGS=--cap-lints=warn" "-e" "RUSTDOCFLAGS=--cap-lints=warn" "-e" "CARGO_HOME=/opt/rustwide/cargo-home" "-e" "RUSTUP_HOME=/opt/rustwide/rustup-home" "-w" "/opt/rustwide/workdir" "-m" "1610612736" "--user" "0:0" "--network" "none" "ghcr.io/rust-lang/crates-build-env/linux@sha256:2788e3201cd34a07e3172128adcd8b3090168a8e3bcc40d7c032b9dda1df7d1c" "/opt/rustwide/cargo-home/bin/cargo" "+1.75.0" "build" "--frozen" "--message-format=json", kill_on_drop: false }`
[INFO] [stdout] c490344bbd4fe38db0f152bd7d8c7f254a9c067479f78b3b674db1a50aafe9c4
[INFO] running `Command { std: "docker" "start" "-a" "c490344bbd4fe38db0f152bd7d8c7f254a9c067479f78b3b674db1a50aafe9c4", kill_on_drop: false }`
[INFO] [stderr]    Compiling rspack-codespan-reporting v0.11.2 (/opt/rustwide/workdir)
[INFO] [stderr]     Finished dev [unoptimized + debuginfo] target(s) in 0.34s
[INFO] running `Command { std: "docker" "inspect" "c490344bbd4fe38db0f152bd7d8c7f254a9c067479f78b3b674db1a50aafe9c4", kill_on_drop: false }`
[INFO] running `Command { std: "docker" "rm" "-f" "c490344bbd4fe38db0f152bd7d8c7f254a9c067479f78b3b674db1a50aafe9c4", kill_on_drop: false }`
[INFO] [stdout] c490344bbd4fe38db0f152bd7d8c7f254a9c067479f78b3b674db1a50aafe9c4
[INFO] running `Command { std: "docker" "create" "-v" "/var/lib/crater-agent-workspace/builds/worker-3-tc1/target:/opt/rustwide/target:rw,Z" "-v" "/var/lib/crater-agent-workspace/builds/worker-3-tc1/source:/opt/rustwide/workdir:ro,Z" "-v" "/var/lib/crater-agent-workspace/cargo-home:/opt/rustwide/cargo-home:ro,Z" "-v" "/var/lib/crater-agent-workspace/rustup-home:/opt/rustwide/rustup-home:ro,Z" "-e" "SOURCE_DIR=/opt/rustwide/workdir" "-e" "CARGO_TARGET_DIR=/opt/rustwide/target" "-e" "CARGO_INCREMENTAL=0" "-e" "RUST_BACKTRACE=full" "-e" "RUSTFLAGS=--cap-lints=warn" "-e" "RUSTDOCFLAGS=--cap-lints=warn" "-e" "CARGO_HOME=/opt/rustwide/cargo-home" "-e" "RUSTUP_HOME=/opt/rustwide/rustup-home" "-w" "/opt/rustwide/workdir" "-m" "1610612736" "--user" "0:0" "--network" "none" "ghcr.io/rust-lang/crates-build-env/linux@sha256:2788e3201cd34a07e3172128adcd8b3090168a8e3bcc40d7c032b9dda1df7d1c" "/opt/rustwide/cargo-home/bin/cargo" "+1.75.0" "test" "--frozen" "--no-run" "--message-format=json", kill_on_drop: false }`
[INFO] [stdout] 6adc0a5485e1896b4a52755e46765b80cb07e4ddcc37563a9bd1d3d0d47ca42a
[INFO] running `Command { std: "docker" "start" "-a" "6adc0a5485e1896b4a52755e46765b80cb07e4ddcc37563a9bd1d3d0d47ca42a", kill_on_drop: false }`
[INFO] [stderr]    Compiling libc v0.2.147
[INFO] [stderr]    Compiling proc-macro2 v1.0.66
[INFO] [stderr]    Compiling unicode-ident v1.0.11
[INFO] [stderr]    Compiling syn v1.0.109
[INFO] [stderr]    Compiling nix v0.18.0
[INFO] [stderr]    Compiling ansi_term v0.12.1
[INFO] [stderr]    Compiling vec_map v0.8.2
[INFO] [stderr]    Compiling strsim v0.8.0
[INFO] [stderr]    Compiling heck v0.3.3
[INFO] [stderr]    Compiling textwrap v0.11.0
[INFO] [stderr]    Compiling peg-runtime v0.7.0
[INFO] [stderr]    Compiling anyhow v1.0.75
[INFO] [stderr]    Compiling memchr v2.6.1
[INFO] [stderr]    Compiling utf8parse v0.2.1
[INFO] [stderr]    Compiling unindent v0.1.11
[INFO] [stderr]    Compiling quote v1.0.33
[INFO] [stderr]    Compiling proc-macro-error-attr v1.0.4
[INFO] [stderr]    Compiling peg-macros v0.7.0
[INFO] [stderr]    Compiling atty v0.2.14
[INFO] [stderr]    Compiling dirs-sys-next v0.1.2
[INFO] [stderr]    Compiling console v0.15.7
[INFO] [stderr]    Compiling clap v2.34.0
[INFO] [stderr]    Compiling dirs-next v1.0.2
[INFO] [stderr]    Compiling insta v1.31.0
[INFO] [stderr]    Compiling peg v0.7.0
[INFO] [stderr]    Compiling proc-macro-error v1.0.4
[INFO] [stderr]    Compiling structopt-derive v0.4.18
[INFO] [stderr]    Compiling rustyline v6.3.0
[INFO] [stderr]    Compiling structopt v0.3.26
[INFO] [stderr]    Compiling rspack-codespan-reporting v0.11.2 (/opt/rustwide/workdir)
[INFO] [stdout] error[E0433]: failed to resolve: use of undeclared crate or module `codespan_reporting`
[INFO] [stdout]   --> examples/custom_files.rs:12:5
[INFO] [stdout]    |
[INFO] [stdout] 12 | use codespan_reporting::diagnostic::{Diagnostic, Label};
[INFO] [stdout]    |     ^^^^^^^^^^^^^^^^^^ use of undeclared crate or module `codespan_reporting`
[INFO] [stdout] 
[INFO] [stdout] 
[INFO] [stdout] error[E0433]: failed to resolve: use of undeclared crate or module `codespan_reporting`
[INFO] [stdout]  --> examples/reusable_diagnostic.rs:1:5
[INFO] [stdout]   |
[INFO] [stdout] 1 | use codespan_reporting::diagnostic::{Diagnostic, Label};
[INFO] [stdout]   |     ^^^^^^^^^^^^^^^^^^ use of undeclared crate or module `codespan_reporting`
[INFO] [stdout] 
[INFO] [stdout] 
[INFO] [stdout] error[E0433]: failed to resolve: use of undeclared crate or module `codespan_reporting`
[INFO] [stdout]  --> examples/term.rs:8:5
[INFO] [stdout]   |
[INFO] [stdout] 8 | use codespan_reporting::diagnostic::{Diagnostic, Label};
[INFO] [stdout]   |     ^^^^^^^^^^^^^^^^^^ use of undeclared crate or module `codespan_reporting`
[INFO] [stdout] 
[INFO] [stdout] 
[INFO] [stdout] error[E0433]: failed to resolve: use of undeclared crate or module `codespan_reporting`
[INFO] [stdout]  --> examples/reusable_diagnostic.rs:2:5
[INFO] [stdout]   |
[INFO] [stdout] 2 | use codespan_reporting::files::SimpleFile;
[INFO] [stdout]   |     ^^^^^^^^^^^^^^^^^^ use of undeclared crate or module `codespan_reporting`
[INFO] [stdout] 
[INFO] [stdout] 
[INFO] [stdout] error[E0433]: failed to resolve: use of undeclared crate or module `codespan_reporting`
[INFO] [stdout]  --> examples/term.rs:9:5
[INFO] [stdout]   |
[INFO] [stdout] 9 | use codespan_reporting::files::SimpleFiles;
[INFO] [stdout]   |     ^^^^^^^^^^^^^^^^^^ use of undeclared crate or module `codespan_reporting`
[INFO] [stdout] 
[INFO] [stdout] 
[INFO] [stdout] error[E0433]: failed to resolve: use of undeclared crate or module `codespan_reporting`
[INFO] [stdout]  --> examples/reusable_diagnostic.rs:3:5
[INFO] [stdout]   |
[INFO] [stdout] 3 | use codespan_reporting::term::termcolor::StandardStream;
[INFO] [stdout]   |     ^^^^^^^^^^^^^^^^^^ use of undeclared crate or module `codespan_reporting`
[INFO] [stdout] 
[INFO] [stdout] 
[INFO] [stdout] error[E0433]: failed to resolve: use of undeclared crate or module `codespan_reporting`
[INFO] [stdout]   --> examples/term.rs:10:5
[INFO] [stdout]    |
[INFO] [stdout] 10 | use codespan_reporting::term::termcolor::StandardStream;
[INFO] [stdout]    |     ^^^^^^^^^^^^^^^^^^ use of undeclared crate or module `codespan_reporting`
[INFO] [stdout] 
[INFO] [stdout] 
[INFO] [stdout] error[E0433]: failed to resolve: use of undeclared crate or module `codespan_reporting`
[INFO] [stdout]   --> examples/peg_calculator.rs:10:5
[INFO] [stdout]    |
[INFO] [stdout] 10 | use codespan_reporting::diagnostic::{Diagnostic, Label};
[INFO] [stdout]    |     ^^^^^^^^^^^^^^^^^^ use of undeclared crate or module `codespan_reporting`
[INFO] [stdout] 
[INFO] [stdout] 
[INFO] [stdout] error[E0433]: failed to resolve: use of undeclared crate or module `codespan_reporting`
[INFO] [stdout]   --> examples/readme_preview.rs:10:5
[INFO] [stdout]    |
[INFO] [stdout] 10 | use codespan_reporting::diagnostic::{Diagnostic, Label};
[INFO] [stdout]    |     ^^^^^^^^^^^^^^^^^^ use of undeclared crate or module `codespan_reporting`
[INFO] [stdout] 
[INFO] [stdout] 
[INFO] [stdout] error[E0433]: failed to resolve: use of undeclared crate or module `codespan_reporting`
[INFO] [stdout]   --> examples/peg_calculator.rs:11:5
[INFO] [stdout]    |
[INFO] [stdout] 11 | use codespan_reporting::files::SimpleFile;
[INFO] [stdout]    |     ^^^^^^^^^^^^^^^^^^ use of undeclared crate or module `codespan_reporting`
[INFO] [stdout] 
[INFO] [stdout] 
[INFO] [stdout] error[E0433]: failed to resolve: use of undeclared crate or module `codespan_reporting`
[INFO] [stdout]   --> examples/readme_preview.rs:11:5
[INFO] [stdout]    |
[INFO] [stdout] 11 | use codespan_reporting::files::SimpleFile;
[INFO] [stdout]    |     ^^^^^^^^^^^^^^^^^^ use of undeclared crate or module `codespan_reporting`
[INFO] [stdout] 
[INFO] [stdout] 
[INFO] [stdout] error[E0433]: failed to resolve: use of undeclared crate or module `codespan_reporting`
[INFO] [stdout]   --> examples/readme_preview.rs:12:5
[INFO] [stdout]    |
[INFO] [stdout] 12 | use codespan_reporting::term::termcolor::{Color, ColorSpec, StandardStream, WriteColor};
[INFO] [stdout]    |     ^^^^^^^^^^^^^^^^^^ use of undeclared crate or module `codespan_reporting`
[INFO] [stdout] 
[INFO] [stdout] 
[INFO] [stdout] error[E0433]: failed to resolve: use of undeclared crate or module `codespan_reporting`
[INFO] [stdout]   --> examples/peg_calculator.rs:13:5
[INFO] [stdout]    |
[INFO] [stdout] 13 | use codespan_reporting::term::termcolor::{ColorChoice, StandardStream};
[INFO] [stdout]    |     ^^^^^^^^^^^^^^^^^^ use of undeclared crate or module `codespan_reporting`
[INFO] [stdout] 
[INFO] [stdout] 
[INFO] [stdout] error[E0432]: unresolved import `codespan_reporting`
[INFO] [stdout]   --> examples/peg_calculator.rs:12:5
[INFO] [stdout]    |
[INFO] [stdout] 12 | use codespan_reporting::term;
[INFO] [stdout]    |     ^^^^^^^^^^^^^^^^^^ use of undeclared crate or module `codespan_reporting`
[INFO] [stdout] 
[INFO] [stdout] 
[INFO] [stdout] error[E0433]: failed to resolve: use of undeclared crate or module `codespan_reporting`
[INFO] [stdout]   --> examples/readme_preview.rs:13:5
[INFO] [stdout]    |
[INFO] [stdout] 13 | use codespan_reporting::term::{self, ColorArg};
[INFO] [stdout]    |     ^^^^^^^^^^^^^^^^^^ use of undeclared crate or module `codespan_reporting`
[INFO] [stdout] 
[INFO] [stdout] 
[INFO] [stdout] error[E0432]: unresolved import `codespan_reporting`
[INFO] [stdout]   --> examples/readme_preview.rs:13:5
[INFO] [stdout]    |
[INFO] [stdout] 13 | use codespan_reporting::term::{self, ColorArg};
[INFO] [stdout]    |     ^^^^^^^^^^^^^^^^^^ use of undeclared crate or module `codespan_reporting`
[INFO] [stdout] 
[INFO] [stdout] 
[INFO] [stdout] error[E0433]: failed to resolve: use of undeclared crate or module `codespan_reporting`
[INFO] [stdout]   --> examples/term.rs:11:5
[INFO] [stdout]    |
[INFO] [stdout] 11 | use codespan_reporting::term::{self, ColorArg};
[INFO] [stdout]    |     ^^^^^^^^^^^^^^^^^^ use of undeclared crate or module `codespan_reporting`
[INFO] [stdout] 
[INFO] [stdout] 
[INFO] [stdout] error[E0433]: failed to resolve: use of undeclared crate or module `codespan_reporting`
[INFO] [stdout]   --> examples/custom_files.rs:14:5
[INFO] [stdout]    |
[INFO] [stdout] 14 | use codespan_reporting::term::termcolor::{ColorChoice, StandardStream};
[INFO] [stdout]    |     ^^^^^^^^^^^^^^^^^^ use of undeclared crate or module `codespan_reporting`
[INFO] [stdout] 
[INFO] [stdout] 
[INFO] [stdout] error[E0432]: unresolved import `codespan_reporting`
[INFO] [stdout]   --> examples/term.rs:11:5
[INFO] [stdout]    |
[INFO] [stdout] 11 | use codespan_reporting::term::{self, ColorArg};
[INFO] [stdout]    |     ^^^^^^^^^^^^^^^^^^ use of undeclared crate or module `codespan_reporting`
[INFO] [stdout] 
[INFO] [stdout] 
[INFO] [stdout] error[E0433]: failed to resolve: use of undeclared crate or module `codespan_reporting`
[INFO] [stdout]  --> examples/reusable_diagnostic.rs:4:5
[INFO] [stdout]   |
[INFO] [stdout] 4 | use codespan_reporting::term::{self, ColorArg};
[INFO] [stdout]   |     ^^^^^^^^^^^^^^^^^^ use of undeclared crate or module `codespan_reporting`
[INFO] [stdout] 
[INFO] [stdout] 
[INFO] [stdout] error[E0432]: unresolved import `codespan_reporting`
[INFO] [stdout]   --> examples/custom_files.rs:13:5
[INFO] [stdout]    |
[INFO] [stdout] 13 | use codespan_reporting::term;
[INFO] [stdout]    |     ^^^^^^^^^^^^^^^^^^ use of undeclared crate or module `codespan_reporting`
[INFO] [stdout] 
[INFO] [stdout] 
[INFO] [stdout] error[E0432]: unresolved import `codespan_reporting`
[INFO] [stdout]  --> examples/reusable_diagnostic.rs:4:5
[INFO] [stdout]   |
[INFO] [stdout] 4 | use codespan_reporting::term::{self, ColorArg};
[INFO] [stdout]   |     ^^^^^^^^^^^^^^^^^^ use of undeclared crate or module `codespan_reporting`
[INFO] [stdout] 
[INFO] [stdout] 
[INFO] [stdout] error[E0432]: unresolved import `codespan_reporting`
[INFO] [stdout]   --> examples/custom_files.rs:44:9
[INFO] [stdout]    |
[INFO] [stdout] 44 |     use codespan_reporting::files;
[INFO] [stdout]    |         ^^^^^^^^^^^^^^^^^^ use of undeclared crate or module `codespan_reporting`
[INFO] [stdout] 
[INFO] [stdout] 
[INFO] [stdout] error: aborting due to 4 previous errors
[INFO] [stdout] 
[INFO] [stdout] 
[INFO] [stdout] Some errors have detailed explanations: E0432, E0433.
[INFO] [stdout] 
[INFO] [stdout] For more information about an error, try `rustc --explain E0432`.
[INFO] [stdout] 
[INFO] [stdout] error[E0433]: failed to resolve: use of undeclared crate or module `codespan_reporting`
[INFO] [stdout]    --> examples/term.rs:169:18
[INFO] [stdout]     |
[INFO] [stdout] 169 |     let config = codespan_reporting::term::Config::default();
[INFO] [stdout]     |                  ^^^^^^^^^^^^^^^^^^ use of undeclared crate or module `codespan_reporting`
[INFO] [stdout]     |
[INFO] [stdout] help: consider importing one of these items
[INFO] [stdout]     |
[INFO] [stdout] 8   + use rspack_codespan_reporting::term::Config;
[INFO] [stdout]     |
[INFO] [stdout] 8   + use rustyline::Config;
[INFO] [stdout]     |
[INFO] [stdout] help: if you import `Config`, refer to it directly
[INFO] [stdout]     |
[INFO] [stdout] 169 -     let config = codespan_reporting::term::Config::default();
[INFO] [stdout] 169 +     let config = Config::default();
[INFO] [stdout]     |
[INFO] [stdout] 
[INFO] [stdout] 
[INFO] [stderr] error: could not compile `rspack-codespan-reporting` (example "custom_files") due to 5 previous errors
[INFO] [stderr] warning: build failed, waiting for other jobs to finish...
[INFO] [stdout] error[E0433]: failed to resolve: use of undeclared crate or module `codespan_reporting`
[INFO] [stdout]   --> examples/reusable_diagnostic.rs:43:18
[INFO] [stdout]    |
[INFO] [stdout] 43 |     let config = codespan_reporting::term::Config::default();
[INFO] [stdout]    |                  ^^^^^^^^^^^^^^^^^^ use of undeclared crate or module `codespan_reporting`
[INFO] [stdout]    |
[INFO] [stdout] help: consider importing one of these items
[INFO] [stdout]    |
[INFO] [stdout] 1  + use rspack_codespan_reporting::term::Config;
[INFO] [stdout]    |
[INFO] [stdout] 1  + use rustyline::Config;
[INFO] [stdout]    |
[INFO] [stdout] help: if you import `Config`, refer to it directly
[INFO] [stdout]    |
[INFO] [stdout] 43 -     let config = codespan_reporting::term::Config::default();
[INFO] [stdout] 43 +     let config = Config::default();
[INFO] [stdout]    |
[INFO] [stdout] 
[INFO] [stdout] 
[INFO] [stdout] error[E0433]: failed to resolve: use of undeclared crate or module `codespan_reporting`
[INFO] [stdout]   --> examples/peg_calculator.rs:41:18
[INFO] [stdout]    |
[INFO] [stdout] 41 |     let config = codespan_reporting::term::Config::default();
[INFO] [stdout]    |                  ^^^^^^^^^^^^^^^^^^ use of undeclared crate or module `codespan_reporting`
[INFO] [stdout]    |
[INFO] [stdout] help: consider importing one of these items
[INFO] [stdout]    |
[INFO] [stdout] 10 + use rspack_codespan_reporting::term::Config;
[INFO] [stdout]    |
[INFO] [stdout] 10 + use rustyline::Config;
[INFO] [stdout]    |
[INFO] [stdout] help: if you import `Config`, refer to it directly
[INFO] [stdout]    |
[INFO] [stdout] 41 -     let config = codespan_reporting::term::Config::default();
[INFO] [stdout] 41 +     let config = Config::default();
[INFO] [stdout]    |
[INFO] [stdout] 
[INFO] [stdout] 
[INFO] [stdout] error[E0433]: failed to resolve: use of undeclared crate or module `codespan_reporting`
[INFO] [stdout]   --> examples/readme_preview.rs:84:26
[INFO] [stdout]    |
[INFO] [stdout] 84 |             let config = codespan_reporting::term::Config {
[INFO] [stdout]    |                          ^^^^^^^^^^^^^^^^^^ use of undeclared crate or module `codespan_reporting`
[INFO] [stdout]    |
[INFO] [stdout] help: consider importing this module
[INFO] [stdout]    |
[INFO] [stdout] 10 + use rspack_codespan_reporting::term;
[INFO] [stdout]    |
[INFO] [stdout] help: if you import `term`, refer to it directly
[INFO] [stdout]    |
[INFO] [stdout] 84 -             let config = codespan_reporting::term::Config {
[INFO] [stdout] 84 +             let config = term::Config {
[INFO] [stdout]    |
[INFO] [stdout] 
[INFO] [stdout] 
[INFO] [stdout] error[E0433]: failed to resolve: use of undeclared crate or module `codespan_reporting`
[INFO] [stdout]   --> examples/readme_preview.rs:85:25
[INFO] [stdout]    |
[INFO] [stdout] 85 |                 styles: codespan_reporting::term::Styles::with_blue(Color::Blue),
[INFO] [stdout]    |                         ^^^^^^^^^^^^^^^^^^ use of undeclared crate or module `codespan_reporting`
[INFO] [stdout]    |
[INFO] [stdout] help: consider importing this struct
[INFO] [stdout]    |
[INFO] [stdout] 10 + use rspack_codespan_reporting::term::Styles;
[INFO] [stdout]    |
[INFO] [stdout] help: if you import `Styles`, refer to it directly
[INFO] [stdout]    |
[INFO] [stdout] 85 -                 styles: codespan_reporting::term::Styles::with_blue(Color::Blue),
[INFO] [stdout] 85 +                 styles: Styles::with_blue(Color::Blue),
[INFO] [stdout]    |
[INFO] [stdout] 
[INFO] [stdout] 
[INFO] [stdout] error[E0433]: failed to resolve: use of undeclared crate or module `codespan_reporting`
[INFO] [stdout]   --> examples/readme_preview.rs:86:19
[INFO] [stdout]    |
[INFO] [stdout] 86 |                 ..codespan_reporting::term::Config::default()
[INFO] [stdout]    |                   ^^^^^^^^^^^^^^^^^^ use of undeclared crate or module `codespan_reporting`
[INFO] [stdout]    |
[INFO] [stdout] help: consider importing one of these items
[INFO] [stdout]    |
[INFO] [stdout] 10 + use rspack_codespan_reporting::term::Config;
[INFO] [stdout]    |
[INFO] [stdout] 10 + use rustyline::Config;
[INFO] [stdout]    |
[INFO] [stdout] help: if you import `Config`, refer to it directly
[INFO] [stdout]    |
[INFO] [stdout] 86 -                 ..codespan_reporting::term::Config::default()
[INFO] [stdout] 86 +                 ..Config::default()
[INFO] [stdout]    |
[INFO] [stdout] 
[INFO] [stdout] 
[INFO] [stdout] error[E0433]: failed to resolve: use of undeclared crate or module `codespan_reporting`
[INFO] [stdout]    --> examples/readme_preview.rs:179:26
[INFO] [stdout]     |
[INFO] [stdout] 179 |             let config = codespan_reporting::term::Config::default();
[INFO] [stdout]     |                          ^^^^^^^^^^^^^^^^^^ use of undeclared crate or module `codespan_reporting`
[INFO] [stdout]     |
[INFO] [stdout] help: consider importing one of these items
[INFO] [stdout]     |
[INFO] [stdout] 10  + use rspack_codespan_reporting::term::Config;
[INFO] [stdout]     |
[INFO] [stdout] 10  + use rustyline::Config;
[INFO] [stdout]     |
[INFO] [stdout] help: if you import `Config`, refer to it directly
[INFO] [stdout]     |
[INFO] [stdout] 179 -             let config = codespan_reporting::term::Config::default();
[INFO] [stdout] 179 +             let config = Config::default();
[INFO] [stdout]     |
[INFO] [stdout] 
[INFO] [stdout] 
[INFO] [stdout] error: aborting due to 9 previous errors
[INFO] [stdout] 
[INFO] [stdout] 
[INFO] [stdout] Some errors have detailed explanations: E0432, E0433.
[INFO] [stdout] 
[INFO] [stdout] For more information about an error, try `rustc --explain E0432`.
[INFO] [stdout] 
[INFO] [stdout] error[E0433]: failed to resolve: use of undeclared crate or module `codespan_reporting`
[INFO] [stdout]  --> tests/term.rs:1:5
[INFO] [stdout]   |
[INFO] [stdout] 1 | use codespan_reporting::diagnostic::{Diagnostic, Label};
[INFO] [stdout]   |     ^^^^^^^^^^^^^^^^^^ use of undeclared crate or module `codespan_reporting`
[INFO] [stdout] 
[INFO] [stdout] 
[INFO] [stdout] error[E0433]: failed to resolve: use of undeclared crate or module `codespan_reporting`
[INFO] [stdout]  --> tests/term.rs:2:5
[INFO] [stdout]   |
[INFO] [stdout] 2 | use codespan_reporting::files::{SimpleFile, SimpleFiles};
[INFO] [stdout]   |     ^^^^^^^^^^^^^^^^^^ use of undeclared crate or module `codespan_reporting`
[INFO] [stdout] 
[INFO] [stdout] 
[INFO] [stdout] error[E0433]: failed to resolve: use of undeclared crate or module `codespan_reporting`
[INFO] [stdout]  --> tests/term.rs:3:5
[INFO] [stdout]   |
[INFO] [stdout] 3 | use codespan_reporting::term::{termcolor::Color, Chars, Config, DisplayStyle, Styles};
[INFO] [stdout]   |     ^^^^^^^^^^^^^^^^^^ use of undeclared crate or module `codespan_reporting`
[INFO] [stdout] 
[INFO] [stdout] 
[INFO] [stdout] error[E0433]: failed to resolve: use of undeclared crate or module `codespan_reporting`
[INFO] [stdout]  --> tests/support/mod.rs:1:5
[INFO] [stdout]   |
[INFO] [stdout] 1 | use codespan_reporting::diagnostic::Diagnostic;
[INFO] [stdout]   |     ^^^^^^^^^^^^^^^^^^ use of undeclared crate or module `codespan_reporting`
[INFO] [stdout] 
[INFO] [stdout] 
[INFO] [stdout] error[E0433]: failed to resolve: use of undeclared crate or module `codespan_reporting`
[INFO] [stdout]  --> tests/support/mod.rs:2:5
[INFO] [stdout]   |
[INFO] [stdout] 2 | use codespan_reporting::files::Files;
[INFO] [stdout]   |     ^^^^^^^^^^^^^^^^^^ use of undeclared crate or module `codespan_reporting`
[INFO] [stdout] 
[INFO] [stdout] 
[INFO] [stdout] error[E0433]: failed to resolve: use of undeclared crate or module `codespan_reporting`
[INFO] [stdout]  --> tests/support/mod.rs:3:5
[INFO] [stdout]   |
[INFO] [stdout] 3 | use codespan_reporting::term::{emit, Config};
[INFO] [stdout]   |     ^^^^^^^^^^^^^^^^^^ use of undeclared crate or module `codespan_reporting`
[INFO] [stdout] 
[INFO] [stdout] 
[INFO] [stderr] error: could not compile `rspack-codespan-reporting` (example "readme_preview") due to 10 previous errors
[INFO] [stdout] error: aborting due to 5 previous errors
[INFO] [stdout] 
[INFO] [stdout] 
[INFO] [stdout] Some errors have detailed explanations: E0432, E0433.
[INFO] [stdout] 
[INFO] [stdout] For more information about an error, try `rustc --explain E0432`.
[INFO] [stdout] 
[INFO] [stderr] error: could not compile `rspack-codespan-reporting` (example "peg_calculator") due to 6 previous errors
[INFO] [stdout] error: aborting due to 6 previous errors
[INFO] [stdout] 
[INFO] [stdout] 
[INFO] [stdout] Some errors have detailed explanations: E0432, E0433.
[INFO] [stdout] 
[INFO] [stdout] For more information about an error, try `rustc --explain E0432`.
[INFO] [stdout] 
[INFO] [stdout] error: aborting due to 6 previous errors
[INFO] [stdout] 
[INFO] [stdout] 
[INFO] [stdout] Some errors have detailed explanations: E0432, E0433.
[INFO] [stdout] 
[INFO] [stdout] For more information about an error, try `rustc --explain E0432`.
[INFO] [stdout] 
[INFO] [stdout] error: aborting due to 6 previous errors
[INFO] [stdout] 
[INFO] [stdout] 
[INFO] [stdout] For more information about this error, try `rustc --explain E0433`.
[INFO] [stdout] 
[INFO] [stderr] error: could not compile `rspack-codespan-reporting` (example "reusable_diagnostic") due to 7 previous errors
[INFO] [stderr] error: could not compile `rspack-codespan-reporting` (example "term") due to 7 previous errors
[INFO] [stderr] error: could not compile `rspack-codespan-reporting` (test "term") due to 7 previous errors
[INFO] running `Command { std: "docker" "inspect" "6adc0a5485e1896b4a52755e46765b80cb07e4ddcc37563a9bd1d3d0d47ca42a", kill_on_drop: false }`
[INFO] running `Command { std: "docker" "rm" "-f" "6adc0a5485e1896b4a52755e46765b80cb07e4ddcc37563a9bd1d3d0d47ca42a", kill_on_drop: false }`
[INFO] [stdout] 6adc0a5485e1896b4a52755e46765b80cb07e4ddcc37563a9bd1d3d0d47ca42a
[INFO] testing rspack-codespan-reporting-0.11.2 against beta-2023-12-22 for beta-1.76-1
[INFO] extracting crate rspack-codespan-reporting 0.11.2 into /workspace/builds/worker-3-tc2/source
[INFO] validating manifest of crates.io crate rspack-codespan-reporting 0.11.2 on toolchain beta-2023-12-22
[INFO] running `Command { std: CARGO_HOME="/workspace/cargo-home" RUSTUP_HOME="/workspace/rustup-home" "/workspace/cargo-home/bin/cargo" "+beta-2023-12-22" "metadata" "--manifest-path" "Cargo.toml" "--no-deps", kill_on_drop: false }`
[INFO] started tweaking crates.io crate rspack-codespan-reporting 0.11.2
[INFO] finished tweaking crates.io crate rspack-codespan-reporting 0.11.2
[INFO] tweaked toml for crates.io crate rspack-codespan-reporting 0.11.2 written to /workspace/builds/worker-3-tc2/source/Cargo.toml
[INFO] crate crates.io crate rspack-codespan-reporting 0.11.2 already has a lockfile, it will not be regenerated
[INFO] running `Command { std: CARGO_HOME="/workspace/cargo-home" RUSTUP_HOME="/workspace/rustup-home" "/workspace/cargo-home/bin/cargo" "+beta-2023-12-22" "fetch" "--manifest-path" "Cargo.toml", kill_on_drop: false }`
[INFO] running `Command { std: "docker" "create" "-v" "/var/lib/crater-agent-workspace/builds/worker-3-tc2/target:/opt/rustwide/target:rw,Z" "-v" "/var/lib/crater-agent-workspace/builds/worker-3-tc2/source:/opt/rustwide/workdir:ro,Z" "-v" "/var/lib/crater-agent-workspace/cargo-home:/opt/rustwide/cargo-home:ro,Z" "-v" "/var/lib/crater-agent-workspace/rustup-home:/opt/rustwide/rustup-home:ro,Z" "-e" "SOURCE_DIR=/opt/rustwide/workdir" "-e" "CARGO_TARGET_DIR=/opt/rustwide/target" "-e" "CARGO_HOME=/opt/rustwide/cargo-home" "-e" "RUSTUP_HOME=/opt/rustwide/rustup-home" "-w" "/opt/rustwide/workdir" "-m" "1610612736" "--user" "0:0" "--network" "none" "ghcr.io/rust-lang/crates-build-env/linux@sha256:2788e3201cd34a07e3172128adcd8b3090168a8e3bcc40d7c032b9dda1df7d1c" "/opt/rustwide/cargo-home/bin/cargo" "+beta-2023-12-22" "metadata" "--no-deps" "--format-version=1", kill_on_drop: false }`
[INFO] [stdout] b04b2e07b8ba60336695e629cebad169b8f414496b24a1982a5aabdbdadeecfd
[INFO] running `Command { std: "docker" "start" "-a" "b04b2e07b8ba60336695e629cebad169b8f414496b24a1982a5aabdbdadeecfd", kill_on_drop: false }`
[INFO] running `Command { std: "docker" "inspect" "b04b2e07b8ba60336695e629cebad169b8f414496b24a1982a5aabdbdadeecfd", kill_on_drop: false }`
[INFO] running `Command { std: "docker" "rm" "-f" "b04b2e07b8ba60336695e629cebad169b8f414496b24a1982a5aabdbdadeecfd", kill_on_drop: false }`
[INFO] [stdout] b04b2e07b8ba60336695e629cebad169b8f414496b24a1982a5aabdbdadeecfd
[INFO] running `Command { std: "docker" "create" "-v" "/var/lib/crater-agent-workspace/builds/worker-3-tc2/target:/opt/rustwide/target:rw,Z" "-v" "/var/lib/crater-agent-workspace/builds/worker-3-tc2/source:/opt/rustwide/workdir:ro,Z" "-v" "/var/lib/crater-agent-workspace/cargo-home:/opt/rustwide/cargo-home:ro,Z" "-v" "/var/lib/crater-agent-workspace/rustup-home:/opt/rustwide/rustup-home:ro,Z" "-e" "SOURCE_DIR=/opt/rustwide/workdir" "-e" "CARGO_TARGET_DIR=/opt/rustwide/target" "-e" "CARGO_INCREMENTAL=0" "-e" "RUST_BACKTRACE=full" "-e" "RUSTFLAGS=--cap-lints=warn" "-e" "RUSTDOCFLAGS=--cap-lints=warn" "-e" "CARGO_HOME=/opt/rustwide/cargo-home" "-e" "RUSTUP_HOME=/opt/rustwide/rustup-home" "-w" "/opt/rustwide/workdir" "-m" "1610612736" "--user" "0:0" "--network" "none" "ghcr.io/rust-lang/crates-build-env/linux@sha256:2788e3201cd34a07e3172128adcd8b3090168a8e3bcc40d7c032b9dda1df7d1c" "/opt/rustwide/cargo-home/bin/cargo" "+beta-2023-12-22" "build" "--frozen" "--message-format=json", kill_on_drop: false }`
[INFO] [stdout] faf2ee060dbe9ca1a5fc06440ff49aaca742e0625949eb5daf5cc8459b37870c
[INFO] running `Command { std: "docker" "start" "-a" "faf2ee060dbe9ca1a5fc06440ff49aaca742e0625949eb5daf5cc8459b37870c", kill_on_drop: false }`
[INFO] [stderr]    Compiling rspack-codespan-reporting v0.11.2 (/opt/rustwide/workdir)
[INFO] [stderr]     Finished dev [unoptimized + debuginfo] target(s) in 0.41s
[INFO] running `Command { std: "docker" "inspect" "faf2ee060dbe9ca1a5fc06440ff49aaca742e0625949eb5daf5cc8459b37870c", kill_on_drop: false }`
[INFO] running `Command { std: "docker" "rm" "-f" "faf2ee060dbe9ca1a5fc06440ff49aaca742e0625949eb5daf5cc8459b37870c", kill_on_drop: false }`
[INFO] [stdout] faf2ee060dbe9ca1a5fc06440ff49aaca742e0625949eb5daf5cc8459b37870c
[INFO] running `Command { std: "docker" "create" "-v" "/var/lib/crater-agent-workspace/builds/worker-3-tc2/target:/opt/rustwide/target:rw,Z" "-v" "/var/lib/crater-agent-workspace/builds/worker-3-tc2/source:/opt/rustwide/workdir:ro,Z" "-v" "/var/lib/crater-agent-workspace/cargo-home:/opt/rustwide/cargo-home:ro,Z" "-v" "/var/lib/crater-agent-workspace/rustup-home:/opt/rustwide/rustup-home:ro,Z" "-e" "SOURCE_DIR=/opt/rustwide/workdir" "-e" "CARGO_TARGET_DIR=/opt/rustwide/target" "-e" "CARGO_INCREMENTAL=0" "-e" "RUST_BACKTRACE=full" "-e" "RUSTFLAGS=--cap-lints=warn" "-e" "RUSTDOCFLAGS=--cap-lints=warn" "-e" "CARGO_HOME=/opt/rustwide/cargo-home" "-e" "RUSTUP_HOME=/opt/rustwide/rustup-home" "-w" "/opt/rustwide/workdir" "-m" "1610612736" "--user" "0:0" "--network" "none" "ghcr.io/rust-lang/crates-build-env/linux@sha256:2788e3201cd34a07e3172128adcd8b3090168a8e3bcc40d7c032b9dda1df7d1c" "/opt/rustwide/cargo-home/bin/cargo" "+beta-2023-12-22" "test" "--frozen" "--no-run" "--message-format=json", kill_on_drop: false }`
[INFO] [stdout] ed2962f86f4f8126c5765e5f2c1d8c744d336f076526c30e245360e07f92e780
[INFO] running `Command { std: "docker" "start" "-a" "ed2962f86f4f8126c5765e5f2c1d8c744d336f076526c30e245360e07f92e780", kill_on_drop: false }`
[INFO] [stderr]    Compiling libc v0.2.147
[INFO] [stderr]    Compiling proc-macro2 v1.0.66
[INFO] [stderr]    Compiling unicode-ident v1.0.11
[INFO] [stderr]    Compiling syn v1.0.109
[INFO] [stderr]    Compiling nix v0.18.0
[INFO] [stderr]    Compiling peg-runtime v0.7.0
[INFO] [stderr]    Compiling vec_map v0.8.2
[INFO] [stderr]    Compiling ansi_term v0.12.1
[INFO] [stderr]    Compiling strsim v0.8.0
[INFO] [stderr]    Compiling heck v0.3.3
[INFO] [stderr]    Compiling textwrap v0.11.0
[INFO] [stderr]    Compiling anyhow v1.0.75
[INFO] [stderr]    Compiling utf8parse v0.2.1
[INFO] [stderr]    Compiling memchr v2.6.1
[INFO] [stderr]    Compiling unindent v0.1.11
[INFO] [stderr]    Compiling quote v1.0.33
[INFO] [stderr]    Compiling proc-macro-error-attr v1.0.4
[INFO] [stderr]    Compiling peg-macros v0.7.0
[INFO] [stderr]    Compiling atty v0.2.14
[INFO] [stderr]    Compiling dirs-sys-next v0.1.2
[INFO] [stderr]    Compiling console v0.15.7
[INFO] [stderr]    Compiling clap v2.34.0
[INFO] [stderr]    Compiling dirs-next v1.0.2
[INFO] [stderr]    Compiling insta v1.31.0
[INFO] [stderr]    Compiling peg v0.7.0
[INFO] [stderr]    Compiling proc-macro-error v1.0.4
[INFO] [stderr]    Compiling structopt-derive v0.4.18
[INFO] [stderr]    Compiling rustyline v6.3.0
[INFO] [stderr]    Compiling structopt v0.3.26
[INFO] [stderr]    Compiling rspack-codespan-reporting v0.11.2 (/opt/rustwide/workdir)
[INFO] [stdout] error[E0433]: failed to resolve: use of undeclared crate or module `codespan_reporting`
[INFO] [stdout]   --> examples/custom_files.rs:12:5
[INFO] [stdout]    |
[INFO] [stdout] 12 | use codespan_reporting::diagnostic::{Diagnostic, Label};
[INFO] [stdout]    |     ^^^^^^^^^^^^^^^^^^ use of undeclared crate or module `codespan_reporting`
[INFO] [stdout] 
[INFO] [stdout] 
[INFO] [stdout] error[E0433]: failed to resolve: use of undeclared crate or module `codespan_reporting`
[INFO] [stdout]  --> examples/term.rs:8:5
[INFO] [stdout]   |
[INFO] [stdout] 8 | use codespan_reporting::diagnostic::{Diagnostic, Label};
[INFO] [stdout]   |     ^^^^^^^^^^^^^^^^^^ use of undeclared crate or module `codespan_reporting`
[INFO] [stdout] 
[INFO] [stdout] 
[INFO] [stdout] error[E0433]: failed to resolve: use of undeclared crate or module `codespan_reporting`
[INFO] [stdout]  --> examples/term.rs:9:5
[INFO] [stdout]   |
[INFO] [stdout] 9 | use codespan_reporting::files::SimpleFiles;
[INFO] [stdout]   |     ^^^^^^^^^^^^^^^^^^ use of undeclared crate or module `codespan_reporting`
[INFO] [stdout] 
[INFO] [stdout] 
[INFO] [stdout] error[E0433]: failed to resolve: use of undeclared crate or module `codespan_reporting`
[INFO] [stdout]   --> examples/term.rs:10:5
[INFO] [stdout]    |
[INFO] [stdout] 10 | use codespan_reporting::term::termcolor::StandardStream;
[INFO] [stdout]    |     ^^^^^^^^^^^^^^^^^^ use of undeclared crate or module `codespan_reporting`
[INFO] [stdout] 
[INFO] [stdout] 
[INFO] [stdout] error[E0433]: failed to resolve: use of undeclared crate or module `codespan_reporting`
[INFO] [stdout]  --> examples/reusable_diagnostic.rs:1:5
[INFO] [stdout]   |
[INFO] [stdout] 1 | use codespan_reporting::diagnostic::{Diagnostic, Label};
[INFO] [stdout]   |     ^^^^^^^^^^^^^^^^^^ use of undeclared crate or module `codespan_reporting`
[INFO] [stdout] 
[INFO] [stdout] 
[INFO] [stdout] error[E0433]: failed to resolve: use of undeclared crate or module `codespan_reporting`
[INFO] [stdout]  --> examples/reusable_diagnostic.rs:2:5
[INFO] [stdout]   |
[INFO] [stdout] 2 | use codespan_reporting::files::SimpleFile;
[INFO] [stdout]   |     ^^^^^^^^^^^^^^^^^^ use of undeclared crate or module `codespan_reporting`
[INFO] [stdout] 
[INFO] [stdout] 
[INFO] [stdout] error[E0433]: failed to resolve: use of undeclared crate or module `codespan_reporting`
[INFO] [stdout]  --> examples/reusable_diagnostic.rs:3:5
[INFO] [stdout]   |
[INFO] [stdout] 3 | use codespan_reporting::term::termcolor::StandardStream;
[INFO] [stdout]   |     ^^^^^^^^^^^^^^^^^^ use of undeclared crate or module `codespan_reporting`
[INFO] [stdout] 
[INFO] [stdout] 
[INFO] [stdout] error[E0433]: failed to resolve: use of undeclared crate or module `codespan_reporting`
[INFO] [stdout]   --> examples/readme_preview.rs:10:5
[INFO] [stdout]    |
[INFO] [stdout] 10 | use codespan_reporting::diagnostic::{Diagnostic, Label};
[INFO] [stdout]    |     ^^^^^^^^^^^^^^^^^^ use of undeclared crate or module `codespan_reporting`
[INFO] [stdout] 
[INFO] [stdout] 
[INFO] [stdout] error[E0433]: failed to resolve: use of undeclared crate or module `codespan_reporting`
[INFO] [stdout]   --> examples/readme_preview.rs:11:5
[INFO] [stdout]    |
[INFO] [stdout] 11 | use codespan_reporting::files::SimpleFile;
[INFO] [stdout]    |     ^^^^^^^^^^^^^^^^^^ use of undeclared crate or module `codespan_reporting`
[INFO] [stdout] 
[INFO] [stdout] 
[INFO] [stdout] error[E0433]: failed to resolve: use of undeclared crate or module `codespan_reporting`
[INFO] [stdout]   --> examples/readme_preview.rs:12:5
[INFO] [stdout]    |
[INFO] [stdout] 12 | use codespan_reporting::term::termcolor::{Color, ColorSpec, StandardStream, WriteColor};
[INFO] [stdout]    |     ^^^^^^^^^^^^^^^^^^ use of undeclared crate or module `codespan_reporting`
[INFO] [stdout] 
[INFO] [stdout] 
[INFO] [stdout] error[E0433]: failed to resolve: use of undeclared crate or module `codespan_reporting`
[INFO] [stdout]  --> examples/reusable_diagnostic.rs:4:5
[INFO] [stdout]   |
[INFO] [stdout] 4 | use codespan_reporting::term::{self, ColorArg};
[INFO] [stdout]   |     ^^^^^^^^^^^^^^^^^^ use of undeclared crate or module `codespan_reporting`
[INFO] [stdout] 
[INFO] [stdout] 
[INFO] [stdout] error[E0433]: failed to resolve: use of undeclared crate or module `codespan_reporting`
[INFO] [stdout]   --> examples/term.rs:11:5
[INFO] [stdout]    |
[INFO] [stdout] 11 | use codespan_reporting::term::{self, ColorArg};
[INFO] [stdout]    |     ^^^^^^^^^^^^^^^^^^ use of undeclared crate or module `codespan_reporting`
[INFO] [stdout] 
[INFO] [stdout] 
[INFO] [stdout] error[E0432]: unresolved import `codespan_reporting`
[INFO] [stdout]  --> examples/reusable_diagnostic.rs:4:5
[INFO] [stdout]   |
[INFO] [stdout] 4 | use codespan_reporting::term::{self, ColorArg};
[INFO] [stdout]   |     ^^^^^^^^^^^^^^^^^^ use of undeclared crate or module `codespan_reporting`
[INFO] [stdout] 
[INFO] [stdout] 
[INFO] [stdout] error[E0432]: unresolved import `codespan_reporting`
[INFO] [stdout]   --> examples/term.rs:11:5
[INFO] [stdout]    |
[INFO] [stdout] 11 | use codespan_reporting::term::{self, ColorArg};
[INFO] [stdout]    |     ^^^^^^^^^^^^^^^^^^ use of undeclared crate or module `codespan_reporting`
[INFO] [stdout] 
[INFO] [stdout] 
[INFO] [stdout] error[E0433]: failed to resolve: use of undeclared crate or module `codespan_reporting`
[INFO] [stdout]   --> examples/custom_files.rs:14:5
[INFO] [stdout]    |
[INFO] [stdout] 14 | use codespan_reporting::term::termcolor::{ColorChoice, StandardStream};
[INFO] [stdout]    |     ^^^^^^^^^^^^^^^^^^ use of undeclared crate or module `codespan_reporting`
[INFO] [stdout] 
[INFO] [stdout] 
[INFO] [stdout] error[E0432]: unresolved import `codespan_reporting`
[INFO] [stdout]   --> examples/custom_files.rs:13:5
[INFO] [stdout]    |
[INFO] [stdout] 13 | use codespan_reporting::term;
[INFO] [stdout]    |     ^^^^^^^^^^^^^^^^^^ use of undeclared crate or module `codespan_reporting`
[INFO] [stdout] 
[INFO] [stdout] 
[INFO] [stdout] error[E0432]: unresolved import `codespan_reporting`
[INFO] [stdout]   --> examples/custom_files.rs:44:9
[INFO] [stdout]    |
[INFO] [stdout] 44 |     use codespan_reporting::files;
[INFO] [stdout]    |         ^^^^^^^^^^^^^^^^^^ use of undeclared crate or module `codespan_reporting`
[INFO] [stdout] 
[INFO] [stdout] 
[INFO] [stdout] error[E0433]: failed to resolve: use of undeclared crate or module `codespan_reporting`
[INFO] [stdout]   --> examples/readme_preview.rs:13:5
[INFO] [stdout]    |
[INFO] [stdout] 13 | use codespan_reporting::term::{self, ColorArg};
[INFO] [stdout]    |     ^^^^^^^^^^^^^^^^^^ use of undeclared crate or module `codespan_reporting`
[INFO] [stdout] 
[INFO] [stdout] 
[INFO] [stdout] error[E0433]: failed to resolve: use of undeclared crate or module `codespan_reporting`
[INFO] [stdout]   --> examples/peg_calculator.rs:10:5
[INFO] [stdout]    |
[INFO] [stdout] 10 | use codespan_reporting::diagnostic::{Diagnostic, Label};
[INFO] [stdout]    |     ^^^^^^^^^^^^^^^^^^ use of undeclared crate or module `codespan_reporting`
[INFO] [stdout] 
[INFO] [stdout] 
[INFO] [stdout] error[E0432]: unresolved import `codespan_reporting`
[INFO] [stdout]   --> examples/readme_preview.rs:13:5
[INFO] [stdout]    |
[INFO] [stdout] 13 | use codespan_reporting::term::{self, ColorArg};
[INFO] [stdout]    |     ^^^^^^^^^^^^^^^^^^ use of undeclared crate or module `codespan_reporting`
[INFO] [stdout] 
[INFO] [stdout] 
[INFO] [stdout] error[E0433]: failed to resolve: use of undeclared crate or module `codespan_reporting`
[INFO] [stdout]   --> examples/peg_calculator.rs:11:5
[INFO] [stdout]    |
[INFO] [stdout] 11 | use codespan_reporting::files::SimpleFile;
[INFO] [stdout]    |     ^^^^^^^^^^^^^^^^^^ use of undeclared crate or module `codespan_reporting`
[INFO] [stdout] 
[INFO] [stdout] 
[INFO] [stdout] error[E0433]: failed to resolve: use of undeclared crate or module `codespan_reporting`
[INFO] [stdout]   --> examples/peg_calculator.rs:13:5
[INFO] [stdout]    |
[INFO] [stdout] 13 | use codespan_reporting::term::termcolor::{ColorChoice, StandardStream};
[INFO] [stdout]    |     ^^^^^^^^^^^^^^^^^^ use of undeclared crate or module `codespan_reporting`
[INFO] [stdout] 
[INFO] [stdout] 
[INFO] [stdout] error[E0432]: unresolved import `codespan_reporting`
[INFO] [stdout]   --> examples/peg_calculator.rs:12:5
[INFO] [stdout]    |
[INFO] [stdout] 12 | use codespan_reporting::term;
[INFO] [stdout]    |     ^^^^^^^^^^^^^^^^^^ use of undeclared crate or module `codespan_reporting`
[INFO] [stdout] 
[INFO] [stdout] 
[INFO] [stdout] error[E0433]: failed to resolve: use of undeclared crate or module `codespan_reporting`
[INFO] [stdout]   --> examples/reusable_diagnostic.rs:43:18
[INFO] [stdout]    |
[INFO] [stdout] 43 |     let config = codespan_reporting::term::Config::default();
[INFO] [stdout]    |                  ^^^^^^^^^^^^^^^^^^ use of undeclared crate or module `codespan_reporting`
[INFO] [stdout]    |
[INFO] [stdout] help: consider importing one of these items
[INFO] [stdout]    |
[INFO] [stdout] 1  + use rspack_codespan_reporting::term::Config;
[INFO] [stdout]    |
[INFO] [stdout] 1  + use rustyline::Config;
[INFO] [stdout]    |
[INFO] [stdout] help: if you import `Config`, refer to it directly
[INFO] [stdout]    |
[INFO] [stdout] 43 -     let config = codespan_reporting::term::Config::default();
[INFO] [stdout] 43 +     let config = Config::default();
[INFO] [stdout]    |
[INFO] [stdout] 
[INFO] [stdout] 
[INFO] [stdout] error[E0433]: failed to resolve: use of undeclared crate or module `codespan_reporting`
[INFO] [stdout]    --> examples/term.rs:169:18
[INFO] [stdout]     |
[INFO] [stdout] 169 |     let config = codespan_reporting::term::Config::default();
[INFO] [stdout]     |                  ^^^^^^^^^^^^^^^^^^ use of undeclared crate or module `codespan_reporting`
[INFO] [stdout]     |
[INFO] [stdout] help: consider importing one of these items
[INFO] [stdout]     |
[INFO] [stdout] 8   + use rspack_codespan_reporting::term::Config;
[INFO] [stdout]     |
[INFO] [stdout] 8   + use rustyline::Config;
[INFO] [stdout]     |
[INFO] [stdout] help: if you import `Config`, refer to it directly
[INFO] [stdout]     |
[INFO] [stdout] 169 -     let config = codespan_reporting::term::Config::default();
[INFO] [stdout] 169 +     let config = Config::default();
[INFO] [stdout]     |
[INFO] [stdout] 
[INFO] [stdout] 
[INFO] [stdout] error[E0433]: failed to resolve: use of undeclared crate or module `codespan_reporting`
[INFO] [stdout]   --> examples/readme_preview.rs:84:26
[INFO] [stdout]    |
[INFO] [stdout] 84 |             let config = codespan_reporting::term::Config {
[INFO] [stdout]    |                          ^^^^^^^^^^^^^^^^^^ use of undeclared crate or module `codespan_reporting`
[INFO] [stdout]    |
[INFO] [stdout] help: consider importing this module
[INFO] [stdout]    |
[INFO] [stdout] 10 + use rspack_codespan_reporting::term;
[INFO] [stdout]    |
[INFO] [stdout] help: if you import `term`, refer to it directly
[INFO] [stdout]    |
[INFO] [stdout] 84 -             let config = codespan_reporting::term::Config {
[INFO] [stdout] 84 +             let config = term::Config {
[INFO] [stdout]    |
[INFO] [stdout] 
[INFO] [stdout] 
[INFO] [stdout] error[E0433]: failed to resolve: use of undeclared crate or module `codespan_reporting`
[INFO] [stdout]   --> examples/readme_preview.rs:85:25
[INFO] [stdout]    |
[INFO] [stdout] 85 |                 styles: codespan_reporting::term::Styles::with_blue(Color::Blue),
[INFO] [stdout]    |                         ^^^^^^^^^^^^^^^^^^ use of undeclared crate or module `codespan_reporting`
[INFO] [stdout]    |
[INFO] [stdout] help: consider importing this struct
[INFO] [stdout]    |
[INFO] [stdout] 10 + use rspack_codespan_reporting::term::Styles;
[INFO] [stdout]    |
[INFO] [stdout] help: if you import `Styles`, refer to it directly
[INFO] [stdout]    |
[INFO] [stdout] 85 -                 styles: codespan_reporting::term::Styles::with_blue(Color::Blue),
[INFO] [stdout] 85 +                 styles: Styles::with_blue(Color::Blue),
[INFO] [stdout]    |
[INFO] [stdout] 
[INFO] [stdout] 
[INFO] [stdout] error[E0433]: failed to resolve: use of undeclared crate or module `codespan_reporting`
[INFO] [stdout]   --> examples/readme_preview.rs:86:19
[INFO] [stdout]    |
[INFO] [stdout] 86 |                 ..codespan_reporting::term::Config::default()
[INFO] [stdout]    |                   ^^^^^^^^^^^^^^^^^^ use of undeclared crate or module `codespan_reporting`
[INFO] [stdout]    |
[INFO] [stdout] help: consider importing one of these items
[INFO] [stdout]    |
[INFO] [stdout] 10 + use rspack_codespan_reporting::term::Config;
[INFO] [stdout]    |
[INFO] [stdout] 10 + use rustyline::Config;
[INFO] [stdout]    |
[INFO] [stdout] help: if you import `Config`, refer to it directly
[INFO] [stdout]    |
[INFO] [stdout] 86 -                 ..codespan_reporting::term::Config::default()
[INFO] [stdout] 86 +                 ..Config::default()
[INFO] [stdout]    |
[INFO] [stdout] 
[INFO] [stdout] 
[INFO] [stdout] error[E0433]: failed to resolve: use of undeclared crate or module `codespan_reporting`
[INFO] [stdout]    --> examples/readme_preview.rs:179:26
[INFO] [stdout]     |
[INFO] [stdout] 179 |             let config = codespan_reporting::term::Config::default();
[INFO] [stdout]     |                          ^^^^^^^^^^^^^^^^^^ use of undeclared crate or module `codespan_reporting`
[INFO] [stdout]     |
[INFO] [stdout] help: consider importing one of these items
[INFO] [stdout]     |
[INFO] [stdout] 10  + use rspack_codespan_reporting::term::Config;
[INFO] [stdout]     |
[INFO] [stdout] 10  + use rustyline::Config;
[INFO] [stdout]     |
[INFO] [stdout] help: if you import `Config`, refer to it directly
[INFO] [stdout]     |
[INFO] [stdout] 179 -             let config = codespan_reporting::term::Config::default();
[INFO] [stdout] 179 +             let config = Config::default();
[INFO] [stdout]     |
[INFO] [stdout] 
[INFO] [stdout] 
[INFO] [stdout] error: aborting due to 4 previous errors
[INFO] [stdout] 
[INFO] [stdout] 
[INFO] [stdout] Some errors have detailed explanations: E0432, E0433.
[INFO] [stdout] 
[INFO] [stdout] For more information about an error, try `rustc --explain E0432`.
[INFO] [stdout] 
[INFO] [stdout] error: aborting due to 9 previous errors
[INFO] [stdout] 
[INFO] [stdout] 
[INFO] [stdout] Some errors have detailed explanations: E0432, E0433.
[INFO] [stdout] 
[INFO] [stdout] For more information about an error, try `rustc --explain E0432`.
[INFO] [stdout] 
[INFO] [stdout] error[E0433]: failed to resolve: use of undeclared crate or module `codespan_reporting`
[INFO] [stdout]   --> examples/peg_calculator.rs:41:18
[INFO] [stdout]    |
[INFO] [stdout] 41 |     let config = codespan_reporting::term::Config::default();
[INFO] [stdout]    |                  ^^^^^^^^^^^^^^^^^^ use of undeclared crate or module `codespan_reporting`
[INFO] [stdout]    |
[INFO] [stdout] help: consider importing one of these items
[INFO] [stdout]    |
[INFO] [stdout] 10 + use rspack_codespan_reporting::term::Config;
[INFO] [stdout]    |
[INFO] [stdout] 10 + use rustyline::Config;
[INFO] [stdout]    |
[INFO] [stdout] help: if you import `Config`, refer to it directly
[INFO] [stdout]    |
[INFO] [stdout] 41 -     let config = codespan_reporting::term::Config::default();
[INFO] [stdout] 41 +     let config = Config::default();
[INFO] [stdout]    |
[INFO] [stdout] 
[INFO] [stdout] 
[INFO] [stderr] error: could not compile `rspack-codespan-reporting` (example "custom_files") due to 5 previous errors
[INFO] [stderr] warning: build failed, waiting for other jobs to finish...
[INFO] [stdout] error[E0433]: failed to resolve: use of undeclared crate or module `codespan_reporting`
[INFO] [stdout]  --> tests/term.rs:1:5
[INFO] [stdout]   |
[INFO] [stdout] 1 | use codespan_reporting::diagnostic::{Diagnostic, Label};
[INFO] [stdout]   |     ^^^^^^^^^^^^^^^^^^ use of undeclared crate or module `codespan_reporting`
[INFO] [stdout] 
[INFO] [stdout] 
[INFO] [stderr] error: could not compile `rspack-codespan-reporting` (example "readme_preview") due to 10 previous errors
[INFO] [stdout] error[E0433]: failed to resolve: use of undeclared crate or module `codespan_reporting`
[INFO] [stdout]  --> tests/term.rs:2:5
[INFO] [stdout]   |
[INFO] [stdout] 2 | use codespan_reporting::files::{SimpleFile, SimpleFiles};
[INFO] [stdout]   |     ^^^^^^^^^^^^^^^^^^ use of undeclared crate or module `codespan_reporting`
[INFO] [stdout] 
[INFO] [stdout] 
[INFO] [stdout] error[E0433]: failed to resolve: use of undeclared crate or module `codespan_reporting`
[INFO] [stdout]  --> tests/term.rs:3:5
[INFO] [stdout]   |
[INFO] [stdout] 3 | use codespan_reporting::term::{termcolor::Color, Chars, Config, DisplayStyle, Styles};
[INFO] [stdout]   |     ^^^^^^^^^^^^^^^^^^ use of undeclared crate or module `codespan_reporting`
[INFO] [stdout] 
[INFO] [stdout] 
[INFO] [stdout] error[E0433]: failed to resolve: use of undeclared crate or module `codespan_reporting`
[INFO] [stdout]  --> tests/support/mod.rs:1:5
[INFO] [stdout]   |
[INFO] [stdout] 1 | use codespan_reporting::diagnostic::Diagnostic;
[INFO] [stdout]   |     ^^^^^^^^^^^^^^^^^^ use of undeclared crate or module `codespan_reporting`
[INFO] [stdout] 
[INFO] [stdout] 
[INFO] [stdout] error[E0433]: failed to resolve: use of undeclared crate or module `codespan_reporting`
[INFO] [stdout]  --> tests/support/mod.rs:2:5
[INFO] [stdout]   |
[INFO] [stdout] 2 | use codespan_reporting::files::Files;
[INFO] [stdout]   |     ^^^^^^^^^^^^^^^^^^ use of undeclared crate or module `codespan_reporting`
[INFO] [stdout] 
[INFO] [stdout] 
[INFO] [stdout] error[E0433]: failed to resolve: use of undeclared crate or module `codespan_reporting`
[INFO] [stdout]  --> tests/support/mod.rs:3:5
[INFO] [stdout]   |
[INFO] [stdout] 3 | use codespan_reporting::term::{emit, Config};
[INFO] [stdout]   |     ^^^^^^^^^^^^^^^^^^ use of undeclared crate or module `codespan_reporting`
[INFO] [stdout] 
[INFO] [stdout] 
[INFO] [stdout] error: aborting due to 5 previous errors
[INFO] [stdout] 
[INFO] [stdout] 
[INFO] [stdout] Some errors have detailed explanations: E0432, E0433.
[INFO] [stdout] 
[INFO] [stdout] error: aborting due to 6 previous errors
[INFO] [stdout] 
[INFO] [stdout] 
[INFO] [stdout] For more information about an error, try `rustc --explain E0432`.
[INFO] [stdout] 
[INFO] [stdout] For more information about this error, try `rustc --explain E0433`.
[INFO] [stdout] 
[INFO] [stderr] error: could not compile `rspack-codespan-reporting` (test "term") due to 7 previous errors
[INFO] [stderr] error: could not compile `rspack-codespan-reporting` (example "peg_calculator") due to 6 previous errors
[INFO] [stdout] error: aborting due to 6 previous errors
[INFO] [stdout] 
[INFO] [stdout] 
[INFO] [stdout] Some errors have detailed explanations: E0432, E0433.
[INFO] [stdout] 
[INFO] [stdout] For more information about an error, try `rustc --explain E0432`.
[INFO] [stdout] 
[INFO] [stdout] error: aborting due to 6 previous errors
[INFO] [stdout] 
[INFO] [stdout] 
[INFO] [stdout] Some errors have detailed explanations: E0432, E0433.
[INFO] [stdout] 
[INFO] [stdout] For more information about an error, try `rustc --explain E0432`.
[INFO] [stdout] 
[INFO] [stderr] error: could not compile `rspack-codespan-reporting` (example "reusable_diagnostic") due to 7 previous errors
[INFO] [stderr] error: could not compile `rspack-codespan-reporting` (example "term") due to 7 previous errors
[INFO] running `Command { std: "docker" "inspect" "ed2962f86f4f8126c5765e5f2c1d8c744d336f076526c30e245360e07f92e780", kill_on_drop: false }`
[INFO] running `Command { std: "docker" "rm" "-f" "ed2962f86f4f8126c5765e5f2c1d8c744d336f076526c30e245360e07f92e780", kill_on_drop: false }`
[INFO] [stdout] ed2962f86f4f8126c5765e5f2c1d8c744d336f076526c30e245360e07f92e780
