[INFO] fetching crate rsciter_macro 0.0.5...
[INFO] testing rsciter_macro-0.0.5 against 1.75.0 for beta-1.76-1
[INFO] extracting crate rsciter_macro 0.0.5 into /workspace/builds/worker-5-tc1/source
[INFO] validating manifest of crates.io crate rsciter_macro 0.0.5 on toolchain 1.75.0
[INFO] running `Command { std: CARGO_HOME="/workspace/cargo-home" RUSTUP_HOME="/workspace/rustup-home" "/workspace/cargo-home/bin/cargo" "+1.75.0" "metadata" "--manifest-path" "Cargo.toml" "--no-deps", kill_on_drop: false }`
[INFO] started tweaking crates.io crate rsciter_macro 0.0.5
[INFO] finished tweaking crates.io crate rsciter_macro 0.0.5
[INFO] tweaked toml for crates.io crate rsciter_macro 0.0.5 written to /workspace/builds/worker-5-tc1/source/Cargo.toml
[INFO] running `Command { std: CARGO_HOME="/workspace/cargo-home" RUSTUP_HOME="/workspace/rustup-home" "/workspace/cargo-home/bin/cargo" "+1.75.0" "generate-lockfile" "--manifest-path" "Cargo.toml", kill_on_drop: false }`
[INFO] [stderr]     Updating crates.io index
[INFO] running `Command { std: CARGO_HOME="/workspace/cargo-home" RUSTUP_HOME="/workspace/rustup-home" "/workspace/cargo-home/bin/cargo" "+1.75.0" "fetch" "--manifest-path" "Cargo.toml", kill_on_drop: false }`
[INFO] running `Command { std: "docker" "create" "-v" "/var/lib/crater-agent-workspace/builds/worker-5-tc1/target:/opt/rustwide/target:rw,Z" "-v" "/var/lib/crater-agent-workspace/builds/worker-5-tc1/source:/opt/rustwide/workdir:ro,Z" "-v" "/var/lib/crater-agent-workspace/cargo-home:/opt/rustwide/cargo-home:ro,Z" "-v" "/var/lib/crater-agent-workspace/rustup-home:/opt/rustwide/rustup-home:ro,Z" "-e" "SOURCE_DIR=/opt/rustwide/workdir" "-e" "CARGO_TARGET_DIR=/opt/rustwide/target" "-e" "CARGO_HOME=/opt/rustwide/cargo-home" "-e" "RUSTUP_HOME=/opt/rustwide/rustup-home" "-w" "/opt/rustwide/workdir" "-m" "1610612736" "--user" "0:0" "--network" "none" "ghcr.io/rust-lang/crates-build-env/linux@sha256:2788e3201cd34a07e3172128adcd8b3090168a8e3bcc40d7c032b9dda1df7d1c" "/opt/rustwide/cargo-home/bin/cargo" "+1.75.0" "metadata" "--no-deps" "--format-version=1", kill_on_drop: false }`
[INFO] [stdout] eac756210c16f1d767c79ea4582da84d4209efb424ade99f3bdcddcadc5eaca1
[INFO] running `Command { std: "docker" "start" "-a" "eac756210c16f1d767c79ea4582da84d4209efb424ade99f3bdcddcadc5eaca1", kill_on_drop: false }`
[INFO] running `Command { std: "docker" "inspect" "eac756210c16f1d767c79ea4582da84d4209efb424ade99f3bdcddcadc5eaca1", kill_on_drop: false }`
[INFO] running `Command { std: "docker" "rm" "-f" "eac756210c16f1d767c79ea4582da84d4209efb424ade99f3bdcddcadc5eaca1", kill_on_drop: false }`
[INFO] [stdout] eac756210c16f1d767c79ea4582da84d4209efb424ade99f3bdcddcadc5eaca1
[INFO] running `Command { std: "docker" "create" "-v" "/var/lib/crater-agent-workspace/builds/worker-5-tc1/target:/opt/rustwide/target:rw,Z" "-v" "/var/lib/crater-agent-workspace/builds/worker-5-tc1/source:/opt/rustwide/workdir:ro,Z" "-v" "/var/lib/crater-agent-workspace/cargo-home:/opt/rustwide/cargo-home:ro,Z" "-v" "/var/lib/crater-agent-workspace/rustup-home:/opt/rustwide/rustup-home:ro,Z" "-e" "SOURCE_DIR=/opt/rustwide/workdir" "-e" "CARGO_TARGET_DIR=/opt/rustwide/target" "-e" "CARGO_INCREMENTAL=0" "-e" "RUST_BACKTRACE=full" "-e" "RUSTFLAGS=--cap-lints=warn" "-e" "RUSTDOCFLAGS=--cap-lints=warn" "-e" "CARGO_HOME=/opt/rustwide/cargo-home" "-e" "RUSTUP_HOME=/opt/rustwide/rustup-home" "-w" "/opt/rustwide/workdir" "-m" "1610612736" "--user" "0:0" "--network" "none" "ghcr.io/rust-lang/crates-build-env/linux@sha256:2788e3201cd34a07e3172128adcd8b3090168a8e3bcc40d7c032b9dda1df7d1c" "/opt/rustwide/cargo-home/bin/cargo" "+1.75.0" "build" "--frozen" "--message-format=json", kill_on_drop: false }`
[INFO] [stdout] b6f0c828ba1b67ea7a7d0d33736b8f02016313aaa7c8d18273fa94a3c52b2e39
[INFO] running `Command { std: "docker" "start" "-a" "b6f0c828ba1b67ea7a7d0d33736b8f02016313aaa7c8d18273fa94a3c52b2e39", kill_on_drop: false }`
[INFO] [stderr]    Compiling version_check v0.9.4
[INFO] [stderr]    Compiling proc-macro-error-attr v1.0.4
[INFO] [stderr]    Compiling proc-macro-error v1.0.4
[INFO] [stderr]    Compiling rsciter_macro v0.0.5 (/opt/rustwide/workdir)
[INFO] [stderr]     Finished dev [unoptimized + debuginfo] target(s) in 1.24s
[INFO] running `Command { std: "docker" "inspect" "b6f0c828ba1b67ea7a7d0d33736b8f02016313aaa7c8d18273fa94a3c52b2e39", kill_on_drop: false }`
[INFO] running `Command { std: "docker" "rm" "-f" "b6f0c828ba1b67ea7a7d0d33736b8f02016313aaa7c8d18273fa94a3c52b2e39", kill_on_drop: false }`
[INFO] [stdout] b6f0c828ba1b67ea7a7d0d33736b8f02016313aaa7c8d18273fa94a3c52b2e39
[INFO] running `Command { std: "docker" "create" "-v" "/var/lib/crater-agent-workspace/builds/worker-5-tc1/target:/opt/rustwide/target:rw,Z" "-v" "/var/lib/crater-agent-workspace/builds/worker-5-tc1/source:/opt/rustwide/workdir:ro,Z" "-v" "/var/lib/crater-agent-workspace/cargo-home:/opt/rustwide/cargo-home:ro,Z" "-v" "/var/lib/crater-agent-workspace/rustup-home:/opt/rustwide/rustup-home:ro,Z" "-e" "SOURCE_DIR=/opt/rustwide/workdir" "-e" "CARGO_TARGET_DIR=/opt/rustwide/target" "-e" "CARGO_INCREMENTAL=0" "-e" "RUST_BACKTRACE=full" "-e" "RUSTFLAGS=--cap-lints=warn" "-e" "RUSTDOCFLAGS=--cap-lints=warn" "-e" "CARGO_HOME=/opt/rustwide/cargo-home" "-e" "RUSTUP_HOME=/opt/rustwide/rustup-home" "-w" "/opt/rustwide/workdir" "-m" "1610612736" "--user" "0:0" "--network" "none" "ghcr.io/rust-lang/crates-build-env/linux@sha256:2788e3201cd34a07e3172128adcd8b3090168a8e3bcc40d7c032b9dda1df7d1c" "/opt/rustwide/cargo-home/bin/cargo" "+1.75.0" "test" "--frozen" "--no-run" "--message-format=json", kill_on_drop: false }`
[INFO] [stdout] 65d482c3521c398cbb18d07c8cdba9cae41129567dd9e9563f482ae543444a25
[INFO] running `Command { std: "docker" "start" "-a" "65d482c3521c398cbb18d07c8cdba9cae41129567dd9e9563f482ae543444a25", kill_on_drop: false }`
[INFO] [stderr]    Compiling proc-macro2 v1.0.75
[INFO] [stderr]    Compiling unicode-ident v1.0.12
[INFO] [stderr]    Compiling syn v1.0.109
[INFO] [stderr]    Compiling proc-macro-error v1.0.4
[INFO] [stderr]    Compiling quote v1.0.35
[INFO] [stderr]    Compiling proc-macro-error-attr v1.0.4
[INFO] [stderr]    Compiling rsciter_macro v0.0.5 (/opt/rustwide/workdir)
[INFO] [stdout] error[E0432]: unresolved import `trybuild`
[INFO] [stdout]  --> tests/compile.rs:1:5
[INFO] [stdout]   |
[INFO] [stdout] 1 | use trybuild::TestCases;
[INFO] [stdout]   |     ^^^^^^^^ use of undeclared crate or module `trybuild`
[INFO] [stdout] 
[INFO] [stdout] 
[INFO] [stdout] error[E0432]: unresolved import `rsciter`
[INFO] [stdout]  --> tests/module.rs:1:5
[INFO] [stdout]   |
[INFO] [stdout] 1 | use rsciter::{Error, Value, XFunctionProvider};
[INFO] [stdout]   |     ^^^^^^^ use of undeclared crate or module `rsciter`
[INFO] [stdout] 
[INFO] [stdout] 
[INFO] [stdout] error[E0432]: unresolved import `rsciter`
[INFO] [stdout]  --> tests/struct.rs:1:5
[INFO] [stdout]   |
[INFO] [stdout] 1 | use rsciter::{Error, Result, Value, XFunctionProvider};
[INFO] [stdout]   |     ^^^^^^^ use of undeclared crate or module `rsciter`
[INFO] [stdout] 
[INFO] [stdout] 
[INFO] [stdout] error[E0432]: unresolved import `rsciter`
[INFO] [stdout]  --> tests/module.rs:5:9
[INFO] [stdout]   |
[INFO] [stdout] 5 |     use rsciter::{Result, Value};
[INFO] [stdout]   |         ^^^^^^^ use of undeclared crate or module `rsciter`
[INFO] [stdout] 
[INFO] [stdout] 
[INFO] [stdout] error[E0433]: failed to resolve: use of undeclared crate or module `rsciter`
[INFO] [stdout]  --> tests/module.rs:3:3
[INFO] [stdout]   |
[INFO] [stdout] 3 | #[rsciter::xmod]
[INFO] [stdout]   |   ^^^^^^^ use of undeclared crate or module `rsciter`
[INFO] [stdout] 
[INFO] [stdout] 
[INFO] [stdout] error[E0433]: failed to resolve: use of undeclared crate or module `rsciter`
[INFO] [stdout]  --> tests/struct.rs:5:3
[INFO] [stdout]   |
[INFO] [stdout] 5 | #[rsciter::xmod]
[INFO] [stdout]   |   ^^^^^^^ use of undeclared crate or module `rsciter`
[INFO] [stdout] 
[INFO] [stdout] 
[INFO] [stdout] error: aborting due to previous error
[INFO] [stdout] 
[INFO] [stdout] 
[INFO] [stdout] For more information about this error, try `rustc --explain E0432`.
[INFO] [stdout] 
[INFO] [stderr] error: could not compile `rsciter_macro` (test "compile") due to 2 previous errors
[INFO] [stderr] warning: build failed, waiting for other jobs to finish...
[INFO] [stdout] error[E0423]: expected value, found module `NativeModule`
[INFO] [stdout]   --> tests/module.rs:43:28
[INFO] [stdout]    |
[INFO] [stdout] 43 |     let mut xfn_provider = NativeModule;
[INFO] [stdout]    |                            ^^^^^^^^^^^^ not a value
[INFO] [stdout] 
[INFO] [stdout] 
[INFO] [stdout] error[E0423]: expected value, found module `NativeModule`
[INFO] [stdout]   --> tests/module.rs:50:28
[INFO] [stdout]    |
[INFO] [stdout] 50 |     let mut xfn_provider = NativeModule;
[INFO] [stdout]    |                            ^^^^^^^^^^^^ not a value
[INFO] [stdout] 
[INFO] [stdout] 
[INFO] [stdout] error[E0423]: expected value, found module `NativeModule`
[INFO] [stdout]   --> tests/module.rs:56:28
[INFO] [stdout]    |
[INFO] [stdout] 56 |     let mut xfn_provider = NativeModule;
[INFO] [stdout]    |                            ^^^^^^^^^^^^ not a value
[INFO] [stdout] 
[INFO] [stdout] 
[INFO] [stdout] error[E0423]: expected value, found module `NativeModule`
[INFO] [stdout]   --> tests/module.rs:66:28
[INFO] [stdout]    |
[INFO] [stdout] 66 |     let mut xfn_provider = NativeModule;
[INFO] [stdout]    |                            ^^^^^^^^^^^^ not a value
[INFO] [stdout] 
[INFO] [stdout] 
[INFO] [stdout] error[E0423]: expected value, found module `NativeModule`
[INFO] [stdout]   --> tests/module.rs:75:28
[INFO] [stdout]    |
[INFO] [stdout] 75 |     let mut xfn_provider = NativeModule;
[INFO] [stdout]    |                            ^^^^^^^^^^^^ not a value
[INFO] [stdout] 
[INFO] [stdout] 
[INFO] [stdout] error[E0423]: expected value, found module `NativeModule`
[INFO] [stdout]   --> tests/module.rs:85:28
[INFO] [stdout]    |
[INFO] [stdout] 85 |     let mut xfn_provider = NativeModule;
[INFO] [stdout]    |                            ^^^^^^^^^^^^ not a value
[INFO] [stdout] 
[INFO] [stdout] 
[INFO] [stdout] error: aborting due to 9 previous errors
[INFO] [stdout] 
[INFO] [stdout] 
[INFO] [stdout] Some errors have detailed explanations: E0423, E0432, E0433.
[INFO] [stdout] 
[INFO] [stdout] For more information about an error, try `rustc --explain E0423`.
[INFO] [stdout] 
[INFO] [stderr] error: could not compile `rsciter_macro` (test "module") due to 10 previous errors
[INFO] [stdout] error[E0599]: no method named `call` found for struct `S` in the current scope
[INFO] [stdout]   --> tests/struct.rs:44:28
[INFO] [stdout]    |
[INFO] [stdout] 3  | struct S;
[INFO] [stdout]    | -------- method `call` not found for this struct
[INFO] [stdout] ...
[INFO] [stdout] 44 |     let err = xfn_provider.call("private", &[]).unwrap_err();
[INFO] [stdout]    |                            ^^^^ method not found in `S`
[INFO] [stdout]    |
[INFO] [stdout]    = help: items from traits can only be used if the trait is implemented and in scope
[INFO] [stdout]    = note: the following trait defines an item `call`, perhaps you need to implement it:
[INFO] [stdout]            candidate #1: `Fn`
[INFO] [stdout] 
[INFO] [stdout] 
[INFO] [stdout] error: aborting due to 3 previous errors
[INFO] [stdout] 
[INFO] [stdout] 
[INFO] [stdout] Some errors have detailed explanations: E0432, E0433, E0599.
[INFO] [stdout] 
[INFO] [stdout] For more information about an error, try `rustc --explain E0432`.
[INFO] [stdout] 
[INFO] [stderr] error: could not compile `rsciter_macro` (test "struct") due to 4 previous errors
[INFO] running `Command { std: "docker" "inspect" "65d482c3521c398cbb18d07c8cdba9cae41129567dd9e9563f482ae543444a25", kill_on_drop: false }`
[INFO] running `Command { std: "docker" "rm" "-f" "65d482c3521c398cbb18d07c8cdba9cae41129567dd9e9563f482ae543444a25", kill_on_drop: false }`
[INFO] [stdout] 65d482c3521c398cbb18d07c8cdba9cae41129567dd9e9563f482ae543444a25
[INFO] testing rsciter_macro-0.0.5 against beta-2023-12-22 for beta-1.76-1
[INFO] extracting crate rsciter_macro 0.0.5 into /workspace/builds/worker-5-tc2/source
[INFO] validating manifest of crates.io crate rsciter_macro 0.0.5 on toolchain beta-2023-12-22
[INFO] running `Command { std: CARGO_HOME="/workspace/cargo-home" RUSTUP_HOME="/workspace/rustup-home" "/workspace/cargo-home/bin/cargo" "+beta-2023-12-22" "metadata" "--manifest-path" "Cargo.toml" "--no-deps", kill_on_drop: false }`
[INFO] started tweaking crates.io crate rsciter_macro 0.0.5
[INFO] finished tweaking crates.io crate rsciter_macro 0.0.5
[INFO] tweaked toml for crates.io crate rsciter_macro 0.0.5 written to /workspace/builds/worker-5-tc2/source/Cargo.toml
[INFO] running `Command { std: CARGO_HOME="/workspace/cargo-home" RUSTUP_HOME="/workspace/rustup-home" "/workspace/cargo-home/bin/cargo" "+beta-2023-12-22" "generate-lockfile" "--manifest-path" "Cargo.toml", kill_on_drop: false }`
[INFO] [stderr]     Updating crates.io index
[INFO] running `Command { std: CARGO_HOME="/workspace/cargo-home" RUSTUP_HOME="/workspace/rustup-home" "/workspace/cargo-home/bin/cargo" "+beta-2023-12-22" "fetch" "--manifest-path" "Cargo.toml", kill_on_drop: false }`
[INFO] running `Command { std: "docker" "create" "-v" "/var/lib/crater-agent-workspace/builds/worker-5-tc2/target:/opt/rustwide/target:rw,Z" "-v" "/var/lib/crater-agent-workspace/builds/worker-5-tc2/source:/opt/rustwide/workdir:ro,Z" "-v" "/var/lib/crater-agent-workspace/cargo-home:/opt/rustwide/cargo-home:ro,Z" "-v" "/var/lib/crater-agent-workspace/rustup-home:/opt/rustwide/rustup-home:ro,Z" "-e" "SOURCE_DIR=/opt/rustwide/workdir" "-e" "CARGO_TARGET_DIR=/opt/rustwide/target" "-e" "CARGO_HOME=/opt/rustwide/cargo-home" "-e" "RUSTUP_HOME=/opt/rustwide/rustup-home" "-w" "/opt/rustwide/workdir" "-m" "1610612736" "--user" "0:0" "--network" "none" "ghcr.io/rust-lang/crates-build-env/linux@sha256:2788e3201cd34a07e3172128adcd8b3090168a8e3bcc40d7c032b9dda1df7d1c" "/opt/rustwide/cargo-home/bin/cargo" "+beta-2023-12-22" "metadata" "--no-deps" "--format-version=1", kill_on_drop: false }`
[INFO] [stdout] 945a242c7a63c41a279c8be6c60f9c4942ec53601990607a91e57054b4c2c2fe
[INFO] running `Command { std: "docker" "start" "-a" "945a242c7a63c41a279c8be6c60f9c4942ec53601990607a91e57054b4c2c2fe", kill_on_drop: false }`
[INFO] running `Command { std: "docker" "inspect" "945a242c7a63c41a279c8be6c60f9c4942ec53601990607a91e57054b4c2c2fe", kill_on_drop: false }`
[INFO] running `Command { std: "docker" "rm" "-f" "945a242c7a63c41a279c8be6c60f9c4942ec53601990607a91e57054b4c2c2fe", kill_on_drop: false }`
[INFO] [stdout] 945a242c7a63c41a279c8be6c60f9c4942ec53601990607a91e57054b4c2c2fe
[INFO] running `Command { std: "docker" "create" "-v" "/var/lib/crater-agent-workspace/builds/worker-5-tc2/target:/opt/rustwide/target:rw,Z" "-v" "/var/lib/crater-agent-workspace/builds/worker-5-tc2/source:/opt/rustwide/workdir:ro,Z" "-v" "/var/lib/crater-agent-workspace/cargo-home:/opt/rustwide/cargo-home:ro,Z" "-v" "/var/lib/crater-agent-workspace/rustup-home:/opt/rustwide/rustup-home:ro,Z" "-e" "SOURCE_DIR=/opt/rustwide/workdir" "-e" "CARGO_TARGET_DIR=/opt/rustwide/target" "-e" "CARGO_INCREMENTAL=0" "-e" "RUST_BACKTRACE=full" "-e" "RUSTFLAGS=--cap-lints=warn" "-e" "RUSTDOCFLAGS=--cap-lints=warn" "-e" "CARGO_HOME=/opt/rustwide/cargo-home" "-e" "RUSTUP_HOME=/opt/rustwide/rustup-home" "-w" "/opt/rustwide/workdir" "-m" "1610612736" "--user" "0:0" "--network" "none" "ghcr.io/rust-lang/crates-build-env/linux@sha256:2788e3201cd34a07e3172128adcd8b3090168a8e3bcc40d7c032b9dda1df7d1c" "/opt/rustwide/cargo-home/bin/cargo" "+beta-2023-12-22" "build" "--frozen" "--message-format=json", kill_on_drop: false }`
[INFO] [stdout] 44ff1ba29e07a2a1ae40197e11cc75ed1b92a4a11ce0188b0ce2c179fb161bfb
[INFO] running `Command { std: "docker" "start" "-a" "44ff1ba29e07a2a1ae40197e11cc75ed1b92a4a11ce0188b0ce2c179fb161bfb", kill_on_drop: false }`
[INFO] [stderr]    Compiling version_check v0.9.4
[INFO] [stderr]    Compiling proc-macro-error-attr v1.0.4
[INFO] [stderr]    Compiling proc-macro-error v1.0.4
[INFO] [stderr]    Compiling rsciter_macro v0.0.5 (/opt/rustwide/workdir)
[INFO] [stderr]     Finished dev [unoptimized + debuginfo] target(s) in 1.24s
[INFO] running `Command { std: "docker" "inspect" "44ff1ba29e07a2a1ae40197e11cc75ed1b92a4a11ce0188b0ce2c179fb161bfb", kill_on_drop: false }`
[INFO] running `Command { std: "docker" "rm" "-f" "44ff1ba29e07a2a1ae40197e11cc75ed1b92a4a11ce0188b0ce2c179fb161bfb", kill_on_drop: false }`
[INFO] [stdout] 44ff1ba29e07a2a1ae40197e11cc75ed1b92a4a11ce0188b0ce2c179fb161bfb
[INFO] running `Command { std: "docker" "create" "-v" "/var/lib/crater-agent-workspace/builds/worker-5-tc2/target:/opt/rustwide/target:rw,Z" "-v" "/var/lib/crater-agent-workspace/builds/worker-5-tc2/source:/opt/rustwide/workdir:ro,Z" "-v" "/var/lib/crater-agent-workspace/cargo-home:/opt/rustwide/cargo-home:ro,Z" "-v" "/var/lib/crater-agent-workspace/rustup-home:/opt/rustwide/rustup-home:ro,Z" "-e" "SOURCE_DIR=/opt/rustwide/workdir" "-e" "CARGO_TARGET_DIR=/opt/rustwide/target" "-e" "CARGO_INCREMENTAL=0" "-e" "RUST_BACKTRACE=full" "-e" "RUSTFLAGS=--cap-lints=warn" "-e" "RUSTDOCFLAGS=--cap-lints=warn" "-e" "CARGO_HOME=/opt/rustwide/cargo-home" "-e" "RUSTUP_HOME=/opt/rustwide/rustup-home" "-w" "/opt/rustwide/workdir" "-m" "1610612736" "--user" "0:0" "--network" "none" "ghcr.io/rust-lang/crates-build-env/linux@sha256:2788e3201cd34a07e3172128adcd8b3090168a8e3bcc40d7c032b9dda1df7d1c" "/opt/rustwide/cargo-home/bin/cargo" "+beta-2023-12-22" "test" "--frozen" "--no-run" "--message-format=json", kill_on_drop: false }`
[INFO] [stdout] ce7c4d57c859fa5c569454e53254fb39740c2936619d4148d655e61508c1b7b0
[INFO] running `Command { std: "docker" "start" "-a" "ce7c4d57c859fa5c569454e53254fb39740c2936619d4148d655e61508c1b7b0", kill_on_drop: false }`
[INFO] [stderr]    Compiling proc-macro2 v1.0.75
[INFO] [stderr]    Compiling unicode-ident v1.0.12
[INFO] [stderr]    Compiling syn v1.0.109
[INFO] [stderr]    Compiling proc-macro-error v1.0.4
[INFO] [stderr]    Compiling quote v1.0.35
[INFO] [stderr]    Compiling proc-macro-error-attr v1.0.4
[INFO] [stderr]    Compiling rsciter_macro v0.0.5 (/opt/rustwide/workdir)
[INFO] [stdout] error[E0432]: unresolved import `trybuild`
[INFO] [stdout]  --> tests/compile.rs:1:5
[INFO] [stdout]   |
[INFO] [stdout] 1 | use trybuild::TestCases;
[INFO] [stdout]   |     ^^^^^^^^ use of undeclared crate or module `trybuild`
[INFO] [stdout] 
[INFO] [stdout] 
[INFO] [stdout] error[E0432]: unresolved import `rsciter`
[INFO] [stdout]  --> tests/struct.rs:1:5
[INFO] [stdout]   |
[INFO] [stdout] 1 | use rsciter::{Error, Result, Value, XFunctionProvider};
[INFO] [stdout]   |     ^^^^^^^ use of undeclared crate or module `rsciter`
[INFO] [stdout] 
[INFO] [stdout] 
[INFO] [stdout] error[E0432]: unresolved import `rsciter`
[INFO] [stdout]  --> tests/module.rs:1:5
[INFO] [stdout]   |
[INFO] [stdout] 1 | use rsciter::{Error, Value, XFunctionProvider};
[INFO] [stdout]   |     ^^^^^^^ use of undeclared crate or module `rsciter`
[INFO] [stdout] 
[INFO] [stdout] 
[INFO] [stdout] error: aborting due to 1 previous error
[INFO] [stdout] 
[INFO] [stdout] 
[INFO] [stdout] error[E0433]: failed to resolve: use of undeclared crate or module `rsciter`
[INFO] [stdout]  --> tests/struct.rs:5:3
[INFO] [stdout]   |
[INFO] [stdout] 5 | #[rsciter::xmod]
[INFO] [stdout]   |   ^^^^^^^ use of undeclared crate or module `rsciter`
[INFO] [stdout] 
[INFO] [stdout] 
[INFO] [stdout] error[E0432]: unresolved import `rsciter`
[INFO] [stdout]  --> tests/module.rs:5:9
[INFO] [stdout]   |
[INFO] [stdout] 5 |     use rsciter::{Result, Value};
[INFO] [stdout]   |         ^^^^^^^ use of undeclared crate or module `rsciter`
[INFO] [stdout] 
[INFO] [stdout] 
[INFO] [stdout] For more information about this error, try `rustc --explain E0432`.
[INFO] [stdout] 
[INFO] [stdout] error[E0433]: failed to resolve: use of undeclared crate or module `rsciter`
[INFO] [stdout]  --> tests/module.rs:3:3
[INFO] [stdout]   |
[INFO] [stdout] 3 | #[rsciter::xmod]
[INFO] [stdout]   |   ^^^^^^^ use of undeclared crate or module `rsciter`
[INFO] [stdout] 
[INFO] [stdout] 
[INFO] [stderr] error: could not compile `rsciter_macro` (test "compile") due to 2 previous errors
[INFO] [stderr] warning: build failed, waiting for other jobs to finish...
[INFO] [stdout] error[E0423]: expected value, found module `NativeModule`
[INFO] [stdout]   --> tests/module.rs:43:28
[INFO] [stdout]    |
[INFO] [stdout] 43 |     let mut xfn_provider = NativeModule;
[INFO] [stdout]    |                            ^^^^^^^^^^^^ not a value
[INFO] [stdout] 
[INFO] [stdout] 
[INFO] [stdout] error[E0423]: expected value, found module `NativeModule`
[INFO] [stdout]   --> tests/module.rs:50:28
[INFO] [stdout]    |
[INFO] [stdout] 50 |     let mut xfn_provider = NativeModule;
[INFO] [stdout]    |                            ^^^^^^^^^^^^ not a value
[INFO] [stdout] 
[INFO] [stdout] 
[INFO] [stdout] error[E0423]: expected value, found module `NativeModule`
[INFO] [stdout]   --> tests/module.rs:56:28
[INFO] [stdout]    |
[INFO] [stdout] 56 |     let mut xfn_provider = NativeModule;
[INFO] [stdout]    |                            ^^^^^^^^^^^^ not a value
[INFO] [stdout] 
[INFO] [stdout] 
[INFO] [stdout] error[E0423]: expected value, found module `NativeModule`
[INFO] [stdout]   --> tests/module.rs:66:28
[INFO] [stdout]    |
[INFO] [stdout] 66 |     let mut xfn_provider = NativeModule;
[INFO] [stdout]    |                            ^^^^^^^^^^^^ not a value
[INFO] [stdout] 
[INFO] [stdout] 
[INFO] [stdout] error[E0423]: expected value, found module `NativeModule`
[INFO] [stdout]   --> tests/module.rs:75:28
[INFO] [stdout]    |
[INFO] [stdout] 75 |     let mut xfn_provider = NativeModule;
[INFO] [stdout]    |                            ^^^^^^^^^^^^ not a value
[INFO] [stdout] 
[INFO] [stdout] 
[INFO] [stdout] error[E0423]: expected value, found module `NativeModule`
[INFO] [stdout]   --> tests/module.rs:85:28
[INFO] [stdout]    |
[INFO] [stdout] 85 |     let mut xfn_provider = NativeModule;
[INFO] [stdout]    |                            ^^^^^^^^^^^^ not a value
[INFO] [stdout] 
[INFO] [stdout] 
[INFO] [stdout] error: aborting due to 9 previous errors
[INFO] [stdout] 
[INFO] [stdout] 
[INFO] [stdout] Some errors have detailed explanations: E0423, E0432, E0433.
[INFO] [stdout] 
[INFO] [stdout] For more information about an error, try `rustc --explain E0423`.
[INFO] [stdout] 
[INFO] [stderr] error: could not compile `rsciter_macro` (test "module") due to 10 previous errors
[INFO] [stdout] error[E0599]: no method named `call` found for struct `S` in the current scope
[INFO] [stdout]   --> tests/struct.rs:44:28
[INFO] [stdout]    |
[INFO] [stdout] 3  | struct S;
[INFO] [stdout]    | -------- method `call` not found for this struct
[INFO] [stdout] ...
[INFO] [stdout] 44 |     let err = xfn_provider.call("private", &[]).unwrap_err();
[INFO] [stdout]    |                            ^^^^ method not found in `S`
[INFO] [stdout]    |
[INFO] [stdout]    = help: items from traits can only be used if the trait is implemented and in scope
[INFO] [stdout]    = note: the following trait defines an item `call`, perhaps you need to implement it:
[INFO] [stdout]            candidate #1: `Fn`
[INFO] [stdout] 
[INFO] [stdout] 
[INFO] [stdout] error: aborting due to 3 previous errors
[INFO] [stdout] 
[INFO] [stdout] 
[INFO] [stdout] Some errors have detailed explanations: E0432, E0433, E0599.
[INFO] [stdout] 
[INFO] [stdout] For more information about an error, try `rustc --explain E0432`.
[INFO] [stdout] 
[INFO] [stderr] error: could not compile `rsciter_macro` (test "struct") due to 4 previous errors
[INFO] running `Command { std: "docker" "inspect" "ce7c4d57c859fa5c569454e53254fb39740c2936619d4148d655e61508c1b7b0", kill_on_drop: false }`
[INFO] running `Command { std: "docker" "rm" "-f" "ce7c4d57c859fa5c569454e53254fb39740c2936619d4148d655e61508c1b7b0", kill_on_drop: false }`
[INFO] [stdout] ce7c4d57c859fa5c569454e53254fb39740c2936619d4148d655e61508c1b7b0
