[INFO] fetching crate rrplug 3.0.0...
[INFO] testing rrplug-3.0.0 against 1.75.0 for beta-1.76-1
[INFO] extracting crate rrplug 3.0.0 into /workspace/builds/worker-0-tc1/source
[INFO] validating manifest of crates.io crate rrplug 3.0.0 on toolchain 1.75.0
[INFO] running `Command { std: CARGO_HOME="/workspace/cargo-home" RUSTUP_HOME="/workspace/rustup-home" "/workspace/cargo-home/bin/cargo" "+1.75.0" "metadata" "--manifest-path" "Cargo.toml" "--no-deps", kill_on_drop: false }`
[INFO] started tweaking crates.io crate rrplug 3.0.0
[INFO] finished tweaking crates.io crate rrplug 3.0.0
[INFO] tweaked toml for crates.io crate rrplug 3.0.0 written to /workspace/builds/worker-0-tc1/source/Cargo.toml
[INFO] running `Command { std: CARGO_HOME="/workspace/cargo-home" RUSTUP_HOME="/workspace/rustup-home" "/workspace/cargo-home/bin/cargo" "+1.75.0" "generate-lockfile" "--manifest-path" "Cargo.toml", kill_on_drop: false }`
[INFO] [stderr]     Updating crates.io index
[INFO] running `Command { std: CARGO_HOME="/workspace/cargo-home" RUSTUP_HOME="/workspace/rustup-home" "/workspace/cargo-home/bin/cargo" "+1.75.0" "fetch" "--manifest-path" "Cargo.toml", kill_on_drop: false }`
[INFO] [stderr]  Downloading crates ...
[INFO] [stderr]   Downloaded rrplug_proc v3.0.0
[INFO] running `Command { std: "docker" "create" "-v" "/var/lib/crater-agent-workspace/builds/worker-0-tc1/target:/opt/rustwide/target:rw,Z" "-v" "/var/lib/crater-agent-workspace/builds/worker-0-tc1/source:/opt/rustwide/workdir:ro,Z" "-v" "/var/lib/crater-agent-workspace/cargo-home:/opt/rustwide/cargo-home:ro,Z" "-v" "/var/lib/crater-agent-workspace/rustup-home:/opt/rustwide/rustup-home:ro,Z" "-e" "SOURCE_DIR=/opt/rustwide/workdir" "-e" "CARGO_TARGET_DIR=/opt/rustwide/target" "-e" "CARGO_HOME=/opt/rustwide/cargo-home" "-e" "RUSTUP_HOME=/opt/rustwide/rustup-home" "-w" "/opt/rustwide/workdir" "-m" "1610612736" "--user" "0:0" "--network" "none" "ghcr.io/rust-lang/crates-build-env/linux@sha256:2788e3201cd34a07e3172128adcd8b3090168a8e3bcc40d7c032b9dda1df7d1c" "/opt/rustwide/cargo-home/bin/cargo" "+1.75.0" "metadata" "--no-deps" "--format-version=1", kill_on_drop: false }`
[INFO] [stdout] e577e28e2f61dfadedf11c110e4e3867695e3dafee55191ce725bea8e03b98ad
[INFO] running `Command { std: "docker" "start" "-a" "e577e28e2f61dfadedf11c110e4e3867695e3dafee55191ce725bea8e03b98ad", kill_on_drop: false }`
[INFO] running `Command { std: "docker" "inspect" "e577e28e2f61dfadedf11c110e4e3867695e3dafee55191ce725bea8e03b98ad", kill_on_drop: false }`
[INFO] running `Command { std: "docker" "rm" "-f" "e577e28e2f61dfadedf11c110e4e3867695e3dafee55191ce725bea8e03b98ad", kill_on_drop: false }`
[INFO] [stdout] e577e28e2f61dfadedf11c110e4e3867695e3dafee55191ce725bea8e03b98ad
[INFO] running `Command { std: "docker" "create" "-v" "/var/lib/crater-agent-workspace/builds/worker-0-tc1/target:/opt/rustwide/target:rw,Z" "-v" "/var/lib/crater-agent-workspace/builds/worker-0-tc1/source:/opt/rustwide/workdir:ro,Z" "-v" "/var/lib/crater-agent-workspace/cargo-home:/opt/rustwide/cargo-home:ro,Z" "-v" "/var/lib/crater-agent-workspace/rustup-home:/opt/rustwide/rustup-home:ro,Z" "-e" "SOURCE_DIR=/opt/rustwide/workdir" "-e" "CARGO_TARGET_DIR=/opt/rustwide/target" "-e" "CARGO_INCREMENTAL=0" "-e" "RUST_BACKTRACE=full" "-e" "RUSTFLAGS=--cap-lints=warn" "-e" "RUSTDOCFLAGS=--cap-lints=warn" "-e" "CARGO_HOME=/opt/rustwide/cargo-home" "-e" "RUSTUP_HOME=/opt/rustwide/rustup-home" "-w" "/opt/rustwide/workdir" "-m" "1610612736" "--user" "0:0" "--network" "none" "ghcr.io/rust-lang/crates-build-env/linux@sha256:2788e3201cd34a07e3172128adcd8b3090168a8e3bcc40d7c032b9dda1df7d1c" "/opt/rustwide/cargo-home/bin/cargo" "+1.75.0" "build" "--frozen" "--message-format=json", kill_on_drop: false }`
[INFO] [stdout] 77ba80a93df1788753acece991f7d397e0d44303d4300c1129195a91d9f4dfe6
[INFO] running `Command { std: "docker" "start" "-a" "77ba80a93df1788753acece991f7d397e0d44303d4300c1129195a91d9f4dfe6", kill_on_drop: false }`
[INFO] [stderr]    Compiling syn v2.0.48
[INFO] [stderr]    Compiling thiserror-impl v1.0.56
[INFO] [stderr]    Compiling rrplug_proc v3.0.0
[INFO] [stderr]    Compiling thiserror v1.0.56
[INFO] [stderr]    Compiling rrplug v3.0.0 (/opt/rustwide/workdir)
[INFO] [stdout] error[E0308]: arguments to this function are incorrect
[INFO] [stdout]    --> src/high/squirrel.rs:305:12
[INFO] [stdout]     |
[INFO] [stdout] 305 |         if (sqfunctions.sq_call)(sqvm, 1, true as u32, true as u32) == SQRESULT::SQRESULT_ERROR {
[INFO] [stdout]     |            ^^^^^^^^^^^^^^^^^^^^^          -----------  ----------- expected `u64`, found `u32`
[INFO] [stdout]     |                                           |
[INFO] [stdout]     |                                           expected `u64`, found `u32`
[INFO] [stdout]     |
[INFO] [stdout] help: you can convert a `u32` to a `u64`
[INFO] [stdout]     |
[INFO] [stdout] 305 |         if (sqfunctions.sq_call)(sqvm, 1, (true as u32).into(), true as u32) == SQRESULT::SQRESULT_ERROR {
[INFO] [stdout]     |                                           +           ++++++++
[INFO] [stdout] help: you can convert a `u32` to a `u64`
[INFO] [stdout]     |
[INFO] [stdout] 305 |         if (sqfunctions.sq_call)(sqvm, 1, true as u32, (true as u32).into()) == SQRESULT::SQRESULT_ERROR {
[INFO] [stdout]     |                                                        +           ++++++++
[INFO] [stdout] 
[INFO] [stdout] 
[INFO] [stdout] error[E0308]: mismatched types
[INFO] [stdout]    --> src/high/squirrel.rs:356:13
[INFO] [stdout]     |
[INFO] [stdout] 351 |         let result = (sqfunctions.sq_compilebuffer)(
[INFO] [stdout]     |                      ------------------------------ arguments to this function are incorrect
[INFO] [stdout] ...
[INFO] [stdout] 356 |             should_throw_error as u32,
[INFO] [stdout]     |             ^^^^^^^^^^^^^^^^^^^^^^^^^ expected `u64`, found `u32`
[INFO] [stdout]     |
[INFO] [stdout] help: you can convert a `u32` to a `u64`
[INFO] [stdout]     |
[INFO] [stdout] 356 |             (should_throw_error as u32).into(),
[INFO] [stdout]     |             +                         ++++++++
[INFO] [stdout] 
[INFO] [stdout] 
[INFO] [stdout] error[E0308]: arguments to this function are incorrect
[INFO] [stdout]    --> src/macros/sq_utils.rs:111:37
[INFO] [stdout]     |
[INFO] [stdout] 111 |   ...   let result = if (sqfunctions.sq_call)(sqvm, ARGS_AMOUNT, true as u32, true as u32) == $crate::bindings::squirrelclasstypes::SQRESUL...
[INFO] [stdout]     |                         ^^^^^^^^^^^^^^^^^^^^^       -----------  -----------  ----------- expected `u64`, found `u32`
[INFO] [stdout]     |                                                     |            |
[INFO] [stdout]     |                                                     |            expected `u64`, found `u32`
[INFO] [stdout]     |                                                     expected `i64`, found `i32`
[INFO] [stdout]     |
[INFO] [stdout]    ::: src/high/squirrel_traits.rs:211:1
[INFO] [stdout]     |
[INFO] [stdout] 211 | / get_from_sqvm! {
[INFO] [stdout] 212 | |     (T1: v2);
[INFO] [stdout] 213 | |     (T1: v1, T2: v2);
[INFO] [stdout] 214 | |     (T1: v1, T2: v2, T3: v3);
[INFO] [stdout] ...   |
[INFO] [stdout] 221 | |     (T1: v1, T2: v2, T3: v3, T4: v4, T5: v5, T6: v6, T7: v7, T8: v8, T9: v9, T10: v10);
[INFO] [stdout] 222 | | }
[INFO] [stdout]     | |_- in this macro invocation
[INFO] [stdout]     |
[INFO] [stdout]     = note: this error originates in the macro `call_sq_object_function` which comes from the expansion of the macro `get_from_sqvm` (in Nightly builds, run with -Z macro-backtrace for more info)
[INFO] [stdout] help: you can convert an `i32` to an `i64`
[INFO] [stdout]     |
[INFO] [stdout] 111 |                     let result = if (sqfunctions.sq_call)(sqvm, ARGS_AMOUNT.into(), true as u32, true as u32) == $crate::bindings::squirrelclasstypes::SQRESULT::SQRESULT_ERROR {
[INFO] [stdout]     |                                                                            +++++++
[INFO] [stdout] help: you can convert a `u32` to a `u64`
[INFO] [stdout]     |
[INFO] [stdout] 111 |                     let result = if (sqfunctions.sq_call)(sqvm, ARGS_AMOUNT, (true as u32).into(), true as u32) == $crate::bindings::squirrelclasstypes::SQRESULT::SQRESULT_ERROR {
[INFO] [stdout]     |                                                                              +           ++++++++
[INFO] [stdout] help: you can convert a `u32` to a `u64`
[INFO] [stdout]     |
[INFO] [stdout] 111 |                     let result = if (sqfunctions.sq_call)(sqvm, ARGS_AMOUNT, true as u32, (true as u32).into()) == $crate::bindings::squirrelclasstypes::SQRESULT::SQRESULT_ERROR {
[INFO] [stdout]     |                                                                                           +           ++++++++
[INFO] [stdout] 
[INFO] [stdout] 
[INFO] [stdout] error[E0308]: arguments to this function are incorrect
[INFO] [stdout]    --> src/macros/sq_utils.rs:111:37
[INFO] [stdout]     |
[INFO] [stdout] 111 |   ...   let result = if (sqfunctions.sq_call)(sqvm, ARGS_AMOUNT, true as u32, true as u32) == $crate::bindings::squirrelclasstypes::SQRESUL...
[INFO] [stdout]     |                         ^^^^^^^^^^^^^^^^^^^^^       -----------  -----------  ----------- expected `u64`, found `u32`
[INFO] [stdout]     |                                                     |            |
[INFO] [stdout]     |                                                     |            expected `u64`, found `u32`
[INFO] [stdout]     |                                                     expected `i64`, found `i32`
[INFO] [stdout]     |
[INFO] [stdout]    ::: src/high/squirrel_traits.rs:211:1
[INFO] [stdout]     |
[INFO] [stdout] 211 | / get_from_sqvm! {
[INFO] [stdout] 212 | |     (T1: v2);
[INFO] [stdout] 213 | |     (T1: v1, T2: v2);
[INFO] [stdout] 214 | |     (T1: v1, T2: v2, T3: v3);
[INFO] [stdout] ...   |
[INFO] [stdout] 221 | |     (T1: v1, T2: v2, T3: v3, T4: v4, T5: v5, T6: v6, T7: v7, T8: v8, T9: v9, T10: v10);
[INFO] [stdout] 222 | | }
[INFO] [stdout]     | |_- in this macro invocation
[INFO] [stdout]     |
[INFO] [stdout]     = note: this error originates in the macro `call_sq_object_function` which comes from the expansion of the macro `get_from_sqvm` (in Nightly builds, run with -Z macro-backtrace for more info)
[INFO] [stdout] help: you can convert an `i32` to an `i64`
[INFO] [stdout]     |
[INFO] [stdout] 111 |                     let result = if (sqfunctions.sq_call)(sqvm, ARGS_AMOUNT.into(), true as u32, true as u32) == $crate::bindings::squirrelclasstypes::SQRESULT::SQRESULT_ERROR {
[INFO] [stdout]     |                                                                            +++++++
[INFO] [stdout] help: you can convert a `u32` to a `u64`
[INFO] [stdout]     |
[INFO] [stdout] 111 |                     let result = if (sqfunctions.sq_call)(sqvm, ARGS_AMOUNT, (true as u32).into(), true as u32) == $crate::bindings::squirrelclasstypes::SQRESULT::SQRESULT_ERROR {
[INFO] [stdout]     |                                                                              +           ++++++++
[INFO] [stdout] help: you can convert a `u32` to a `u64`
[INFO] [stdout]     |
[INFO] [stdout] 111 |                     let result = if (sqfunctions.sq_call)(sqvm, ARGS_AMOUNT, true as u32, (true as u32).into()) == $crate::bindings::squirrelclasstypes::SQRESULT::SQRESULT_ERROR {
[INFO] [stdout]     |                                                                                           +           ++++++++
[INFO] [stdout] 
[INFO] [stdout] 
[INFO] [stdout] error[E0308]: arguments to this function are incorrect
[INFO] [stdout]    --> src/macros/sq_utils.rs:111:37
[INFO] [stdout]     |
[INFO] [stdout] 111 |   ...   let result = if (sqfunctions.sq_call)(sqvm, ARGS_AMOUNT, true as u32, true as u32) == $crate::bindings::squirrelclasstypes::SQRESUL...
[INFO] [stdout]     |                         ^^^^^^^^^^^^^^^^^^^^^       -----------  -----------  ----------- expected `u64`, found `u32`
[INFO] [stdout]     |                                                     |            |
[INFO] [stdout]     |                                                     |            expected `u64`, found `u32`
[INFO] [stdout]     |                                                     expected `i64`, found `i32`
[INFO] [stdout]     |
[INFO] [stdout]    ::: src/high/squirrel_traits.rs:211:1
[INFO] [stdout]     |
[INFO] [stdout] 211 | / get_from_sqvm! {
[INFO] [stdout] 212 | |     (T1: v2);
[INFO] [stdout] 213 | |     (T1: v1, T2: v2);
[INFO] [stdout] 214 | |     (T1: v1, T2: v2, T3: v3);
[INFO] [stdout] ...   |
[INFO] [stdout] 221 | |     (T1: v1, T2: v2, T3: v3, T4: v4, T5: v5, T6: v6, T7: v7, T8: v8, T9: v9, T10: v10);
[INFO] [stdout] 222 | | }
[INFO] [stdout]     | |_- in this macro invocation
[INFO] [stdout]     |
[INFO] [stdout]     = note: this error originates in the macro `call_sq_object_function` which comes from the expansion of the macro `get_from_sqvm` (in Nightly builds, run with -Z macro-backtrace for more info)
[INFO] [stdout] help: you can convert an `i32` to an `i64`
[INFO] [stdout]     |
[INFO] [stdout] 111 |                     let result = if (sqfunctions.sq_call)(sqvm, ARGS_AMOUNT.into(), true as u32, true as u32) == $crate::bindings::squirrelclasstypes::SQRESULT::SQRESULT_ERROR {
[INFO] [stdout]     |                                                                            +++++++
[INFO] [stdout] help: you can convert a `u32` to a `u64`
[INFO] [stdout]     |
[INFO] [stdout] 111 |                     let result = if (sqfunctions.sq_call)(sqvm, ARGS_AMOUNT, (true as u32).into(), true as u32) == $crate::bindings::squirrelclasstypes::SQRESULT::SQRESULT_ERROR {
[INFO] [stdout]     |                                                                              +           ++++++++
[INFO] [stdout] help: you can convert a `u32` to a `u64`
[INFO] [stdout]     |
[INFO] [stdout] 111 |                     let result = if (sqfunctions.sq_call)(sqvm, ARGS_AMOUNT, true as u32, (true as u32).into()) == $crate::bindings::squirrelclasstypes::SQRESULT::SQRESULT_ERROR {
[INFO] [stdout]     |                                                                                           +           ++++++++
[INFO] [stdout] 
[INFO] [stdout] 
[INFO] [stdout] error[E0308]: arguments to this function are incorrect
[INFO] [stdout]    --> src/macros/sq_utils.rs:111:37
[INFO] [stdout]     |
[INFO] [stdout] 111 |   ...   let result = if (sqfunctions.sq_call)(sqvm, ARGS_AMOUNT, true as u32, true as u32) == $crate::bindings::squirrelclasstypes::SQRESUL...
[INFO] [stdout]     |                         ^^^^^^^^^^^^^^^^^^^^^       -----------  -----------  ----------- expected `u64`, found `u32`
[INFO] [stdout]     |                                                     |            |
[INFO] [stdout]     |                                                     |            expected `u64`, found `u32`
[INFO] [stdout]     |                                                     expected `i64`, found `i32`
[INFO] [stdout]     |
[INFO] [stdout]    ::: src/high/squirrel_traits.rs:211:1
[INFO] [stdout]     |
[INFO] [stdout] 211 | / get_from_sqvm! {
[INFO] [stdout] 212 | |     (T1: v2);
[INFO] [stdout] 213 | |     (T1: v1, T2: v2);
[INFO] [stdout] 214 | |     (T1: v1, T2: v2, T3: v3);
[INFO] [stdout] ...   |
[INFO] [stdout] 221 | |     (T1: v1, T2: v2, T3: v3, T4: v4, T5: v5, T6: v6, T7: v7, T8: v8, T9: v9, T10: v10);
[INFO] [stdout] 222 | | }
[INFO] [stdout]     | |_- in this macro invocation
[INFO] [stdout]     |
[INFO] [stdout]     = note: this error originates in the macro `call_sq_object_function` which comes from the expansion of the macro `get_from_sqvm` (in Nightly builds, run with -Z macro-backtrace for more info)
[INFO] [stdout] help: you can convert an `i32` to an `i64`
[INFO] [stdout]     |
[INFO] [stdout] 111 |                     let result = if (sqfunctions.sq_call)(sqvm, ARGS_AMOUNT.into(), true as u32, true as u32) == $crate::bindings::squirrelclasstypes::SQRESULT::SQRESULT_ERROR {
[INFO] [stdout]     |                                                                            +++++++
[INFO] [stdout] help: you can convert a `u32` to a `u64`
[INFO] [stdout]     |
[INFO] [stdout] 111 |                     let result = if (sqfunctions.sq_call)(sqvm, ARGS_AMOUNT, (true as u32).into(), true as u32) == $crate::bindings::squirrelclasstypes::SQRESULT::SQRESULT_ERROR {
[INFO] [stdout]     |                                                                              +           ++++++++
[INFO] [stdout] help: you can convert a `u32` to a `u64`
[INFO] [stdout]     |
[INFO] [stdout] 111 |                     let result = if (sqfunctions.sq_call)(sqvm, ARGS_AMOUNT, true as u32, (true as u32).into()) == $crate::bindings::squirrelclasstypes::SQRESULT::SQRESULT_ERROR {
[INFO] [stdout]     |                                                                                           +           ++++++++
[INFO] [stdout] 
[INFO] [stdout] 
[INFO] [stdout] error[E0308]: arguments to this function are incorrect
[INFO] [stdout]    --> src/macros/sq_utils.rs:111:37
[INFO] [stdout]     |
[INFO] [stdout] 111 |   ...   let result = if (sqfunctions.sq_call)(sqvm, ARGS_AMOUNT, true as u32, true as u32) == $crate::bindings::squirrelclasstypes::SQRESUL...
[INFO] [stdout]     |                         ^^^^^^^^^^^^^^^^^^^^^       -----------  -----------  ----------- expected `u64`, found `u32`
[INFO] [stdout]     |                                                     |            |
[INFO] [stdout]     |                                                     |            expected `u64`, found `u32`
[INFO] [stdout]     |                                                     expected `i64`, found `i32`
[INFO] [stdout]     |
[INFO] [stdout]    ::: src/high/squirrel_traits.rs:211:1
[INFO] [stdout]     |
[INFO] [stdout] 211 | / get_from_sqvm! {
[INFO] [stdout] 212 | |     (T1: v2);
[INFO] [stdout] 213 | |     (T1: v1, T2: v2);
[INFO] [stdout] 214 | |     (T1: v1, T2: v2, T3: v3);
[INFO] [stdout] ...   |
[INFO] [stdout] 221 | |     (T1: v1, T2: v2, T3: v3, T4: v4, T5: v5, T6: v6, T7: v7, T8: v8, T9: v9, T10: v10);
[INFO] [stdout] 222 | | }
[INFO] [stdout]     | |_- in this macro invocation
[INFO] [stdout]     |
[INFO] [stdout]     = note: this error originates in the macro `call_sq_object_function` which comes from the expansion of the macro `get_from_sqvm` (in Nightly builds, run with -Z macro-backtrace for more info)
[INFO] [stdout] help: you can convert an `i32` to an `i64`
[INFO] [stdout]     |
[INFO] [stdout] 111 |                     let result = if (sqfunctions.sq_call)(sqvm, ARGS_AMOUNT.into(), true as u32, true as u32) == $crate::bindings::squirrelclasstypes::SQRESULT::SQRESULT_ERROR {
[INFO] [stdout]     |                                                                            +++++++
[INFO] [stdout] help: you can convert a `u32` to a `u64`
[INFO] [stdout]     |
[INFO] [stdout] 111 |                     let result = if (sqfunctions.sq_call)(sqvm, ARGS_AMOUNT, (true as u32).into(), true as u32) == $crate::bindings::squirrelclasstypes::SQRESULT::SQRESULT_ERROR {
[INFO] [stdout]     |                                                                              +           ++++++++
[INFO] [stdout] help: you can convert a `u32` to a `u64`
[INFO] [stdout]     |
[INFO] [stdout] 111 |                     let result = if (sqfunctions.sq_call)(sqvm, ARGS_AMOUNT, true as u32, (true as u32).into()) == $crate::bindings::squirrelclasstypes::SQRESULT::SQRESULT_ERROR {
[INFO] [stdout]     |                                                                                           +           ++++++++
[INFO] [stdout] 
[INFO] [stdout] 
[INFO] [stdout] error[E0308]: arguments to this function are incorrect
[INFO] [stdout]    --> src/macros/sq_utils.rs:111:37
[INFO] [stdout]     |
[INFO] [stdout] 111 |   ...   let result = if (sqfunctions.sq_call)(sqvm, ARGS_AMOUNT, true as u32, true as u32) == $crate::bindings::squirrelclasstypes::SQRESUL...
[INFO] [stdout]     |                         ^^^^^^^^^^^^^^^^^^^^^       -----------  -----------  ----------- expected `u64`, found `u32`
[INFO] [stdout]     |                                                     |            |
[INFO] [stdout]     |                                                     |            expected `u64`, found `u32`
[INFO] [stdout]     |                                                     expected `i64`, found `i32`
[INFO] [stdout]     |
[INFO] [stdout]    ::: src/high/squirrel_traits.rs:211:1
[INFO] [stdout]     |
[INFO] [stdout] 211 | / get_from_sqvm! {
[INFO] [stdout] 212 | |     (T1: v2);
[INFO] [stdout] 213 | |     (T1: v1, T2: v2);
[INFO] [stdout] 214 | |     (T1: v1, T2: v2, T3: v3);
[INFO] [stdout] ...   |
[INFO] [stdout] 221 | |     (T1: v1, T2: v2, T3: v3, T4: v4, T5: v5, T6: v6, T7: v7, T8: v8, T9: v9, T10: v10);
[INFO] [stdout] 222 | | }
[INFO] [stdout]     | |_- in this macro invocation
[INFO] [stdout]     |
[INFO] [stdout]     = note: this error originates in the macro `call_sq_object_function` which comes from the expansion of the macro `get_from_sqvm` (in Nightly builds, run with -Z macro-backtrace for more info)
[INFO] [stdout] help: you can convert an `i32` to an `i64`
[INFO] [stdout]     |
[INFO] [stdout] 111 |                     let result = if (sqfunctions.sq_call)(sqvm, ARGS_AMOUNT.into(), true as u32, true as u32) == $crate::bindings::squirrelclasstypes::SQRESULT::SQRESULT_ERROR {
[INFO] [stdout]     |                                                                            +++++++
[INFO] [stdout] help: you can convert a `u32` to a `u64`
[INFO] [stdout]     |
[INFO] [stdout] 111 |                     let result = if (sqfunctions.sq_call)(sqvm, ARGS_AMOUNT, (true as u32).into(), true as u32) == $crate::bindings::squirrelclasstypes::SQRESULT::SQRESULT_ERROR {
[INFO] [stdout]     |                                                                              +           ++++++++
[INFO] [stdout] help: you can convert a `u32` to a `u64`
[INFO] [stdout]     |
[INFO] [stdout] 111 |                     let result = if (sqfunctions.sq_call)(sqvm, ARGS_AMOUNT, true as u32, (true as u32).into()) == $crate::bindings::squirrelclasstypes::SQRESULT::SQRESULT_ERROR {
[INFO] [stdout]     |                                                                                           +           ++++++++
[INFO] [stdout] 
[INFO] [stdout] 
[INFO] [stdout] error[E0308]: arguments to this function are incorrect
[INFO] [stdout]    --> src/macros/sq_utils.rs:111:37
[INFO] [stdout]     |
[INFO] [stdout] 111 |   ...   let result = if (sqfunctions.sq_call)(sqvm, ARGS_AMOUNT, true as u32, true as u32) == $crate::bindings::squirrelclasstypes::SQRESUL...
[INFO] [stdout]     |                         ^^^^^^^^^^^^^^^^^^^^^       -----------  -----------  ----------- expected `u64`, found `u32`
[INFO] [stdout]     |                                                     |            |
[INFO] [stdout]     |                                                     |            expected `u64`, found `u32`
[INFO] [stdout]     |                                                     expected `i64`, found `i32`
[INFO] [stdout]     |
[INFO] [stdout]    ::: src/high/squirrel_traits.rs:211:1
[INFO] [stdout]     |
[INFO] [stdout] 211 | / get_from_sqvm! {
[INFO] [stdout] 212 | |     (T1: v2);
[INFO] [stdout] 213 | |     (T1: v1, T2: v2);
[INFO] [stdout] 214 | |     (T1: v1, T2: v2, T3: v3);
[INFO] [stdout] ...   |
[INFO] [stdout] 221 | |     (T1: v1, T2: v2, T3: v3, T4: v4, T5: v5, T6: v6, T7: v7, T8: v8, T9: v9, T10: v10);
[INFO] [stdout] 222 | | }
[INFO] [stdout]     | |_- in this macro invocation
[INFO] [stdout]     |
[INFO] [stdout]     = note: this error originates in the macro `call_sq_object_function` which comes from the expansion of the macro `get_from_sqvm` (in Nightly builds, run with -Z macro-backtrace for more info)
[INFO] [stdout] help: you can convert an `i32` to an `i64`
[INFO] [stdout]     |
[INFO] [stdout] 111 |                     let result = if (sqfunctions.sq_call)(sqvm, ARGS_AMOUNT.into(), true as u32, true as u32) == $crate::bindings::squirrelclasstypes::SQRESULT::SQRESULT_ERROR {
[INFO] [stdout]     |                                                                            +++++++
[INFO] [stdout] help: you can convert a `u32` to a `u64`
[INFO] [stdout]     |
[INFO] [stdout] 111 |                     let result = if (sqfunctions.sq_call)(sqvm, ARGS_AMOUNT, (true as u32).into(), true as u32) == $crate::bindings::squirrelclasstypes::SQRESULT::SQRESULT_ERROR {
[INFO] [stdout]     |                                                                              +           ++++++++
[INFO] [stdout] help: you can convert a `u32` to a `u64`
[INFO] [stdout]     |
[INFO] [stdout] 111 |                     let result = if (sqfunctions.sq_call)(sqvm, ARGS_AMOUNT, true as u32, (true as u32).into()) == $crate::bindings::squirrelclasstypes::SQRESULT::SQRESULT_ERROR {
[INFO] [stdout]     |                                                                                           +           ++++++++
[INFO] [stdout] 
[INFO] [stdout] 
[INFO] [stdout] error[E0308]: arguments to this function are incorrect
[INFO] [stdout]    --> src/macros/sq_utils.rs:111:37
[INFO] [stdout]     |
[INFO] [stdout] 111 |   ...   let result = if (sqfunctions.sq_call)(sqvm, ARGS_AMOUNT, true as u32, true as u32) == $crate::bindings::squirrelclasstypes::SQRESUL...
[INFO] [stdout]     |                         ^^^^^^^^^^^^^^^^^^^^^       -----------  -----------  ----------- expected `u64`, found `u32`
[INFO] [stdout]     |                                                     |            |
[INFO] [stdout]     |                                                     |            expected `u64`, found `u32`
[INFO] [stdout]     |                                                     expected `i64`, found `i32`
[INFO] [stdout]     |
[INFO] [stdout]    ::: src/high/squirrel_traits.rs:211:1
[INFO] [stdout]     |
[INFO] [stdout] 211 | / get_from_sqvm! {
[INFO] [stdout] 212 | |     (T1: v2);
[INFO] [stdout] 213 | |     (T1: v1, T2: v2);
[INFO] [stdout] 214 | |     (T1: v1, T2: v2, T3: v3);
[INFO] [stdout] ...   |
[INFO] [stdout] 221 | |     (T1: v1, T2: v2, T3: v3, T4: v4, T5: v5, T6: v6, T7: v7, T8: v8, T9: v9, T10: v10);
[INFO] [stdout] 222 | | }
[INFO] [stdout]     | |_- in this macro invocation
[INFO] [stdout]     |
[INFO] [stdout]     = note: this error originates in the macro `call_sq_object_function` which comes from the expansion of the macro `get_from_sqvm` (in Nightly builds, run with -Z macro-backtrace for more info)
[INFO] [stdout] help: you can convert an `i32` to an `i64`
[INFO] [stdout]     |
[INFO] [stdout] 111 |                     let result = if (sqfunctions.sq_call)(sqvm, ARGS_AMOUNT.into(), true as u32, true as u32) == $crate::bindings::squirrelclasstypes::SQRESULT::SQRESULT_ERROR {
[INFO] [stdout]     |                                                                            +++++++
[INFO] [stdout] help: you can convert a `u32` to a `u64`
[INFO] [stdout]     |
[INFO] [stdout] 111 |                     let result = if (sqfunctions.sq_call)(sqvm, ARGS_AMOUNT, (true as u32).into(), true as u32) == $crate::bindings::squirrelclasstypes::SQRESULT::SQRESULT_ERROR {
[INFO] [stdout]     |                                                                              +           ++++++++
[INFO] [stdout] help: you can convert a `u32` to a `u64`
[INFO] [stdout]     |
[INFO] [stdout] 111 |                     let result = if (sqfunctions.sq_call)(sqvm, ARGS_AMOUNT, true as u32, (true as u32).into()) == $crate::bindings::squirrelclasstypes::SQRESULT::SQRESULT_ERROR {
[INFO] [stdout]     |                                                                                           +           ++++++++
[INFO] [stdout] 
[INFO] [stdout] 
[INFO] [stdout] error[E0308]: arguments to this function are incorrect
[INFO] [stdout]    --> src/macros/sq_utils.rs:111:37
[INFO] [stdout]     |
[INFO] [stdout] 111 |   ...   let result = if (sqfunctions.sq_call)(sqvm, ARGS_AMOUNT, true as u32, true as u32) == $crate::bindings::squirrelclasstypes::SQRESUL...
[INFO] [stdout]     |                         ^^^^^^^^^^^^^^^^^^^^^       -----------  -----------  ----------- expected `u64`, found `u32`
[INFO] [stdout]     |                                                     |            |
[INFO] [stdout]     |                                                     |            expected `u64`, found `u32`
[INFO] [stdout]     |                                                     expected `i64`, found `i32`
[INFO] [stdout]     |
[INFO] [stdout]    ::: src/high/squirrel_traits.rs:211:1
[INFO] [stdout]     |
[INFO] [stdout] 211 | / get_from_sqvm! {
[INFO] [stdout] 212 | |     (T1: v2);
[INFO] [stdout] 213 | |     (T1: v1, T2: v2);
[INFO] [stdout] 214 | |     (T1: v1, T2: v2, T3: v3);
[INFO] [stdout] ...   |
[INFO] [stdout] 221 | |     (T1: v1, T2: v2, T3: v3, T4: v4, T5: v5, T6: v6, T7: v7, T8: v8, T9: v9, T10: v10);
[INFO] [stdout] 222 | | }
[INFO] [stdout]     | |_- in this macro invocation
[INFO] [stdout]     |
[INFO] [stdout]     = note: this error originates in the macro `call_sq_object_function` which comes from the expansion of the macro `get_from_sqvm` (in Nightly builds, run with -Z macro-backtrace for more info)
[INFO] [stdout] help: you can convert an `i32` to an `i64`
[INFO] [stdout]     |
[INFO] [stdout] 111 |                     let result = if (sqfunctions.sq_call)(sqvm, ARGS_AMOUNT.into(), true as u32, true as u32) == $crate::bindings::squirrelclasstypes::SQRESULT::SQRESULT_ERROR {
[INFO] [stdout]     |                                                                            +++++++
[INFO] [stdout] help: you can convert a `u32` to a `u64`
[INFO] [stdout]     |
[INFO] [stdout] 111 |                     let result = if (sqfunctions.sq_call)(sqvm, ARGS_AMOUNT, (true as u32).into(), true as u32) == $crate::bindings::squirrelclasstypes::SQRESULT::SQRESULT_ERROR {
[INFO] [stdout]     |                                                                              +           ++++++++
[INFO] [stdout] help: you can convert a `u32` to a `u64`
[INFO] [stdout]     |
[INFO] [stdout] 111 |                     let result = if (sqfunctions.sq_call)(sqvm, ARGS_AMOUNT, true as u32, (true as u32).into()) == $crate::bindings::squirrelclasstypes::SQRESULT::SQRESULT_ERROR {
[INFO] [stdout]     |                                                                                           +           ++++++++
[INFO] [stdout] 
[INFO] [stdout] 
[INFO] [stdout] error[E0308]: arguments to this function are incorrect
[INFO] [stdout]    --> src/macros/sq_utils.rs:111:37
[INFO] [stdout]     |
[INFO] [stdout] 111 |   ...   let result = if (sqfunctions.sq_call)(sqvm, ARGS_AMOUNT, true as u32, true as u32) == $crate::bindings::squirrelclasstypes::SQRESUL...
[INFO] [stdout]     |                         ^^^^^^^^^^^^^^^^^^^^^       -----------  -----------  ----------- expected `u64`, found `u32`
[INFO] [stdout]     |                                                     |            |
[INFO] [stdout]     |                                                     |            expected `u64`, found `u32`
[INFO] [stdout]     |                                                     expected `i64`, found `i32`
[INFO] [stdout]     |
[INFO] [stdout]    ::: src/high/squirrel_traits.rs:211:1
[INFO] [stdout]     |
[INFO] [stdout] 211 | / get_from_sqvm! {
[INFO] [stdout] 212 | |     (T1: v2);
[INFO] [stdout] 213 | |     (T1: v1, T2: v2);
[INFO] [stdout] 214 | |     (T1: v1, T2: v2, T3: v3);
[INFO] [stdout] ...   |
[INFO] [stdout] 221 | |     (T1: v1, T2: v2, T3: v3, T4: v4, T5: v5, T6: v6, T7: v7, T8: v8, T9: v9, T10: v10);
[INFO] [stdout] 222 | | }
[INFO] [stdout]     | |_- in this macro invocation
[INFO] [stdout]     |
[INFO] [stdout]     = note: this error originates in the macro `call_sq_object_function` which comes from the expansion of the macro `get_from_sqvm` (in Nightly builds, run with -Z macro-backtrace for more info)
[INFO] [stdout] help: you can convert an `i32` to an `i64`
[INFO] [stdout]     |
[INFO] [stdout] 111 |                     let result = if (sqfunctions.sq_call)(sqvm, ARGS_AMOUNT.into(), true as u32, true as u32) == $crate::bindings::squirrelclasstypes::SQRESULT::SQRESULT_ERROR {
[INFO] [stdout]     |                                                                            +++++++
[INFO] [stdout] help: you can convert a `u32` to a `u64`
[INFO] [stdout]     |
[INFO] [stdout] 111 |                     let result = if (sqfunctions.sq_call)(sqvm, ARGS_AMOUNT, (true as u32).into(), true as u32) == $crate::bindings::squirrelclasstypes::SQRESULT::SQRESULT_ERROR {
[INFO] [stdout]     |                                                                              +           ++++++++
[INFO] [stdout] help: you can convert a `u32` to a `u64`
[INFO] [stdout]     |
[INFO] [stdout] 111 |                     let result = if (sqfunctions.sq_call)(sqvm, ARGS_AMOUNT, true as u32, (true as u32).into()) == $crate::bindings::squirrelclasstypes::SQRESULT::SQRESULT_ERROR {
[INFO] [stdout]     |                                                                                           +           ++++++++
[INFO] [stdout] 
[INFO] [stdout] 
[INFO] [stdout] error[E0308]: mismatched types
[INFO] [stdout]    --> src/high/squirrel_traits.rs:252:46
[INFO] [stdout]     |
[INFO] [stdout] 252 |             (sqfunctions.sq_getobject)(sqvm, stack_pos, obj.as_mut_ptr());
[INFO] [stdout]     |             --------------------------       ^^^^^^^^^ expected `i64`, found `i32`
[INFO] [stdout]     |             |
[INFO] [stdout]     |             arguments to this function are incorrect
[INFO] [stdout]     |
[INFO] [stdout] help: you can convert an `i32` to an `i64`
[INFO] [stdout]     |
[INFO] [stdout] 252 |             (sqfunctions.sq_getobject)(sqvm, stack_pos.into(), obj.as_mut_ptr());
[INFO] [stdout]     |                                                       +++++++
[INFO] [stdout] 
[INFO] [stdout] 
[INFO] [stdout] error[E0308]: mismatched types
[INFO] [stdout]    --> src/high/squirrel_traits.rs:273:46
[INFO] [stdout]     |
[INFO] [stdout] 273 |             (sqfunctions.sq_getobject)(sqvm, stack_pos, obj.as_mut_ptr());
[INFO] [stdout]     |             --------------------------       ^^^^^^^^^ expected `i64`, found `i32`
[INFO] [stdout]     |             |
[INFO] [stdout]     |             arguments to this function are incorrect
[INFO] [stdout]     |
[INFO] [stdout] help: you can convert an `i32` to an `i64`
[INFO] [stdout]     |
[INFO] [stdout] 273 |             (sqfunctions.sq_getobject)(sqvm, stack_pos.into(), obj.as_mut_ptr());
[INFO] [stdout]     |                                                       +++++++
[INFO] [stdout] 
[INFO] [stdout] 
[INFO] [stdout] error[E0308]: mismatched types
[INFO] [stdout]   --> src/mid/squirrel.rs:85:49
[INFO] [stdout]    |
[INFO] [stdout] 85 |     unsafe { (sqfunctions.sq_pushinteger)(sqvm, int) };
[INFO] [stdout]    |              ----------------------------       ^^^ expected `i64`, found `i32`
[INFO] [stdout]    |              |
[INFO] [stdout]    |              arguments to this function are incorrect
[INFO] [stdout]    |
[INFO] [stdout] help: you can convert an `i32` to an `i64`
[INFO] [stdout]    |
[INFO] [stdout] 85 |     unsafe { (sqfunctions.sq_pushinteger)(sqvm, int.into()) };
[INFO] [stdout]    |                                                    +++++++
[INFO] [stdout] 
[INFO] [stdout] 
[INFO] [stdout] error[E0308]: mismatched types
[INFO] [stdout]   --> src/mid/squirrel.rs:95:46
[INFO] [stdout]    |
[INFO] [stdout] 95 |     unsafe { (sqfunctions.sq_pushbool)(sqvm, boolean as u32) };
[INFO] [stdout]    |              -------------------------       ^^^^^^^^^^^^^^ expected `u64`, found `u32`
[INFO] [stdout]    |              |
[INFO] [stdout]    |              arguments to this function are incorrect
[INFO] [stdout]    |
[INFO] [stdout] help: you can convert a `u32` to a `u64`
[INFO] [stdout]    |
[INFO] [stdout] 95 |     unsafe { (sqfunctions.sq_pushbool)(sqvm, (boolean as u32).into()) };
[INFO] [stdout]    |                                              +              ++++++++
[INFO] [stdout] 
[INFO] [stdout] 
[INFO] [stdout] error[E0308]: mismatched types
[INFO] [stdout]    --> src/mid/squirrel.rs:170:46
[INFO] [stdout]     |
[INFO] [stdout] 170 |     unsafe { (sqfunctions.sq_getfloat)(sqvm, stack_pos) }
[INFO] [stdout]     |              -------------------------       ^^^^^^^^^ expected `i64`, found `i32`
[INFO] [stdout]     |              |
[INFO] [stdout]     |              arguments to this function are incorrect
[INFO] [stdout]     |
[INFO] [stdout] help: you can convert an `i32` to an `i64`
[INFO] [stdout]     |
[INFO] [stdout] 170 |     unsafe { (sqfunctions.sq_getfloat)(sqvm, stack_pos.into()) }
[INFO] [stdout]     |                                                       +++++++
[INFO] [stdout] 
[INFO] [stdout] 
[INFO] [stdout] error[E0308]: mismatched types
[INFO] [stdout]    --> src/mid/squirrel.rs:183:48
[INFO] [stdout]     |
[INFO] [stdout] 183 |     unsafe { (sqfunctions.sq_getinteger)(sqvm, stack_pos) }
[INFO] [stdout]     |              ---------------------------       ^^^^^^^^^ expected `i64`, found `i32`
[INFO] [stdout]     |              |
[INFO] [stdout]     |              arguments to this function are incorrect
[INFO] [stdout]     |
[INFO] [stdout] help: you can convert an `i32` to an `i64`
[INFO] [stdout]     |
[INFO] [stdout] 183 |     unsafe { (sqfunctions.sq_getinteger)(sqvm, stack_pos.into()) }
[INFO] [stdout]     |                                                         +++++++
[INFO] [stdout] 
[INFO] [stdout] 
[INFO] [stdout] error[E0308]: mismatched types
[INFO] [stdout]    --> src/mid/squirrel.rs:183:14
[INFO] [stdout]     |
[INFO] [stdout] 182 | ) -> i32 {
[INFO] [stdout]     |      --- expected `i32` because of return type
[INFO] [stdout] 183 |     unsafe { (sqfunctions.sq_getinteger)(sqvm, stack_pos) }
[INFO] [stdout]     |              ^^^^^^^^^^^^^^^^^^^^^^^^^^^^^^^^^^^^^^^^^^^^ expected `i32`, found `i64`
[INFO] [stdout]     |
[INFO] [stdout] help: you can convert an `i64` to an `i32` and panic if the converted value doesn't fit
[INFO] [stdout]     |
[INFO] [stdout] 183 |     unsafe { (sqfunctions.sq_getinteger)(sqvm, stack_pos).try_into().unwrap() }
[INFO] [stdout]     |                                                          ++++++++++++++++++++
[INFO] [stdout] 
[INFO] [stdout] 
[INFO] [stdout] error[E0308]: mismatched types
[INFO] [stdout]    --> src/mid/squirrel.rs:196:45
[INFO] [stdout]     |
[INFO] [stdout] 196 |     unsafe { (sqfunctions.sq_getbool)(sqvm, stack_pos) != 0 }
[INFO] [stdout]     |              ------------------------       ^^^^^^^^^ expected `i64`, found `i32`
[INFO] [stdout]     |              |
[INFO] [stdout]     |              arguments to this function are incorrect
[INFO] [stdout]     |
[INFO] [stdout] help: you can convert an `i32` to an `i64`
[INFO] [stdout]     |
[INFO] [stdout] 196 |     unsafe { (sqfunctions.sq_getbool)(sqvm, stack_pos.into()) != 0 }
[INFO] [stdout]     |                                                      +++++++
[INFO] [stdout] 
[INFO] [stdout] 
[INFO] [stdout] error[E0308]: mismatched types
[INFO] [stdout]    --> src/mid/squirrel.rs:212:57
[INFO] [stdout]     |
[INFO] [stdout] 212 |         CStr::from_ptr((sqfunctions.sq_getstring)(sqvm, stack_pos))
[INFO] [stdout]     |                        --------------------------       ^^^^^^^^^ expected `i64`, found `i32`
[INFO] [stdout]     |                        |
[INFO] [stdout]     |                        arguments to this function are incorrect
[INFO] [stdout]     |
[INFO] [stdout] help: you can convert an `i32` to an `i64`
[INFO] [stdout]     |
[INFO] [stdout] 212 |         CStr::from_ptr((sqfunctions.sq_getstring)(sqvm, stack_pos.into()))
[INFO] [stdout]     |                                                                  +++++++
[INFO] [stdout] 
[INFO] [stdout] 
[INFO] [stdout] error[E0308]: mismatched types
[INFO] [stdout]    --> src/mid/squirrel.rs:228:47
[INFO] [stdout]     |
[INFO] [stdout] 228 |     unsafe { (sqfunctions.sq_getvector)(sqvm, stack_pos).into() }
[INFO] [stdout]     |              --------------------------       ^^^^^^^^^ expected `i64`, found `i32`
[INFO] [stdout]     |              |
[INFO] [stdout]     |              arguments to this function are incorrect
[INFO] [stdout]     |
[INFO] [stdout] help: you can convert an `i32` to an `i64`
[INFO] [stdout]     |
[INFO] [stdout] 228 |     unsafe { (sqfunctions.sq_getvector)(sqvm, stack_pos.into()).into() }
[INFO] [stdout]     |                                                        +++++++
[INFO] [stdout] 
[INFO] [stdout] 
[INFO] [stdout] error[E0308]: mismatched types
[INFO] [stdout]    --> src/mid/squirrel.rs:240:42
[INFO] [stdout]     |
[INFO] [stdout] 240 |         (sqfunctions.sq_getobject)(sqvm, stack_pos, obj.as_mut_ptr());
[INFO] [stdout]     |         --------------------------       ^^^^^^^^^ expected `i64`, found `i32`
[INFO] [stdout]     |         |
[INFO] [stdout]     |         arguments to this function are incorrect
[INFO] [stdout]     |
[INFO] [stdout] help: you can convert an `i32` to an `i64`
[INFO] [stdout]     |
[INFO] [stdout] 240 |         (sqfunctions.sq_getobject)(sqvm, stack_pos.into(), obj.as_mut_ptr());
[INFO] [stdout]     |                                                   +++++++
[INFO] [stdout] 
[INFO] [stdout] 
[INFO] [stdout] error: aborting due to 23 previous errors
[INFO] [stdout] 
[INFO] [stdout] 
[INFO] [stdout] For more information about this error, try `rustc --explain E0308`.
[INFO] [stdout] 
[INFO] [stderr] error: could not compile `rrplug` (lib) due to 24 previous errors
[INFO] running `Command { std: "docker" "inspect" "77ba80a93df1788753acece991f7d397e0d44303d4300c1129195a91d9f4dfe6", kill_on_drop: false }`
[INFO] running `Command { std: "docker" "rm" "-f" "77ba80a93df1788753acece991f7d397e0d44303d4300c1129195a91d9f4dfe6", kill_on_drop: false }`
[INFO] [stdout] 77ba80a93df1788753acece991f7d397e0d44303d4300c1129195a91d9f4dfe6
[INFO] testing rrplug-3.0.0 against beta-2023-12-22 for beta-1.76-1
[INFO] extracting crate rrplug 3.0.0 into /workspace/builds/worker-0-tc2/source
[INFO] validating manifest of crates.io crate rrplug 3.0.0 on toolchain beta-2023-12-22
[INFO] running `Command { std: CARGO_HOME="/workspace/cargo-home" RUSTUP_HOME="/workspace/rustup-home" "/workspace/cargo-home/bin/cargo" "+beta-2023-12-22" "metadata" "--manifest-path" "Cargo.toml" "--no-deps", kill_on_drop: false }`
[INFO] started tweaking crates.io crate rrplug 3.0.0
[INFO] finished tweaking crates.io crate rrplug 3.0.0
[INFO] tweaked toml for crates.io crate rrplug 3.0.0 written to /workspace/builds/worker-0-tc2/source/Cargo.toml
[INFO] running `Command { std: CARGO_HOME="/workspace/cargo-home" RUSTUP_HOME="/workspace/rustup-home" "/workspace/cargo-home/bin/cargo" "+beta-2023-12-22" "generate-lockfile" "--manifest-path" "Cargo.toml", kill_on_drop: false }`
[INFO] [stderr]     Updating crates.io index
[INFO] running `Command { std: CARGO_HOME="/workspace/cargo-home" RUSTUP_HOME="/workspace/rustup-home" "/workspace/cargo-home/bin/cargo" "+beta-2023-12-22" "fetch" "--manifest-path" "Cargo.toml", kill_on_drop: false }`
[INFO] [stderr]     Blocking waiting for file lock on package cache
[INFO] [stderr]     Blocking waiting for file lock on package cache
[INFO] running `Command { std: "docker" "create" "-v" "/var/lib/crater-agent-workspace/builds/worker-0-tc2/target:/opt/rustwide/target:rw,Z" "-v" "/var/lib/crater-agent-workspace/builds/worker-0-tc2/source:/opt/rustwide/workdir:ro,Z" "-v" "/var/lib/crater-agent-workspace/cargo-home:/opt/rustwide/cargo-home:ro,Z" "-v" "/var/lib/crater-agent-workspace/rustup-home:/opt/rustwide/rustup-home:ro,Z" "-e" "SOURCE_DIR=/opt/rustwide/workdir" "-e" "CARGO_TARGET_DIR=/opt/rustwide/target" "-e" "CARGO_HOME=/opt/rustwide/cargo-home" "-e" "RUSTUP_HOME=/opt/rustwide/rustup-home" "-w" "/opt/rustwide/workdir" "-m" "1610612736" "--user" "0:0" "--network" "none" "ghcr.io/rust-lang/crates-build-env/linux@sha256:2788e3201cd34a07e3172128adcd8b3090168a8e3bcc40d7c032b9dda1df7d1c" "/opt/rustwide/cargo-home/bin/cargo" "+beta-2023-12-22" "metadata" "--no-deps" "--format-version=1", kill_on_drop: false }`
[INFO] [stdout] 751d06d58f821605ed724f8f1b78083fc339b486883a82a17a4c29532f01f801
[INFO] running `Command { std: "docker" "start" "-a" "751d06d58f821605ed724f8f1b78083fc339b486883a82a17a4c29532f01f801", kill_on_drop: false }`
[INFO] running `Command { std: "docker" "inspect" "751d06d58f821605ed724f8f1b78083fc339b486883a82a17a4c29532f01f801", kill_on_drop: false }`
[INFO] running `Command { std: "docker" "rm" "-f" "751d06d58f821605ed724f8f1b78083fc339b486883a82a17a4c29532f01f801", kill_on_drop: false }`
[INFO] [stdout] 751d06d58f821605ed724f8f1b78083fc339b486883a82a17a4c29532f01f801
[INFO] running `Command { std: "docker" "create" "-v" "/var/lib/crater-agent-workspace/builds/worker-0-tc2/target:/opt/rustwide/target:rw,Z" "-v" "/var/lib/crater-agent-workspace/builds/worker-0-tc2/source:/opt/rustwide/workdir:ro,Z" "-v" "/var/lib/crater-agent-workspace/cargo-home:/opt/rustwide/cargo-home:ro,Z" "-v" "/var/lib/crater-agent-workspace/rustup-home:/opt/rustwide/rustup-home:ro,Z" "-e" "SOURCE_DIR=/opt/rustwide/workdir" "-e" "CARGO_TARGET_DIR=/opt/rustwide/target" "-e" "CARGO_INCREMENTAL=0" "-e" "RUST_BACKTRACE=full" "-e" "RUSTFLAGS=--cap-lints=warn" "-e" "RUSTDOCFLAGS=--cap-lints=warn" "-e" "CARGO_HOME=/opt/rustwide/cargo-home" "-e" "RUSTUP_HOME=/opt/rustwide/rustup-home" "-w" "/opt/rustwide/workdir" "-m" "1610612736" "--user" "0:0" "--network" "none" "ghcr.io/rust-lang/crates-build-env/linux@sha256:2788e3201cd34a07e3172128adcd8b3090168a8e3bcc40d7c032b9dda1df7d1c" "/opt/rustwide/cargo-home/bin/cargo" "+beta-2023-12-22" "build" "--frozen" "--message-format=json", kill_on_drop: false }`
[INFO] [stdout] ddc670a3ab4d2155cc7cfe2c4ee4ffd26479c5d91c574b3afe926ff2ae3b9755
[INFO] running `Command { std: "docker" "start" "-a" "ddc670a3ab4d2155cc7cfe2c4ee4ffd26479c5d91c574b3afe926ff2ae3b9755", kill_on_drop: false }`
[INFO] [stderr]    Compiling syn v2.0.48
[INFO] [stderr]    Compiling thiserror-impl v1.0.56
[INFO] [stderr]    Compiling rrplug_proc v3.0.0
[INFO] [stderr]    Compiling thiserror v1.0.56
[INFO] [stderr]    Compiling rrplug v3.0.0 (/opt/rustwide/workdir)
[INFO] [stdout] error[E0308]: arguments to this function are incorrect
[INFO] [stdout]    --> src/high/squirrel.rs:305:12
[INFO] [stdout]     |
[INFO] [stdout] 305 |         if (sqfunctions.sq_call)(sqvm, 1, true as u32, true as u32) == SQRESULT::SQRESULT_ERROR {
[INFO] [stdout]     |            ^^^^^^^^^^^^^^^^^^^^^          -----------  ----------- expected `u64`, found `u32`
[INFO] [stdout]     |                                           |
[INFO] [stdout]     |                                           expected `u64`, found `u32`
[INFO] [stdout]     |
[INFO] [stdout] help: you can convert a `u32` to a `u64`
[INFO] [stdout]     |
[INFO] [stdout] 305 |         if (sqfunctions.sq_call)(sqvm, 1, (true as u32).into(), true as u32) == SQRESULT::SQRESULT_ERROR {
[INFO] [stdout]     |                                           +           ++++++++
[INFO] [stdout] help: you can convert a `u32` to a `u64`
[INFO] [stdout]     |
[INFO] [stdout] 305 |         if (sqfunctions.sq_call)(sqvm, 1, true as u32, (true as u32).into()) == SQRESULT::SQRESULT_ERROR {
[INFO] [stdout]     |                                                        +           ++++++++
[INFO] [stdout] 
[INFO] [stdout] 
[INFO] [stdout] error[E0308]: mismatched types
[INFO] [stdout]    --> src/high/squirrel.rs:356:13
[INFO] [stdout]     |
[INFO] [stdout] 351 |         let result = (sqfunctions.sq_compilebuffer)(
[INFO] [stdout]     |                      ------------------------------ arguments to this function are incorrect
[INFO] [stdout] ...
[INFO] [stdout] 356 |             should_throw_error as u32,
[INFO] [stdout]     |             ^^^^^^^^^^^^^^^^^^^^^^^^^ expected `u64`, found `u32`
[INFO] [stdout]     |
[INFO] [stdout] help: you can convert a `u32` to a `u64`
[INFO] [stdout]     |
[INFO] [stdout] 356 |             (should_throw_error as u32).into(),
[INFO] [stdout]     |             +                         ++++++++
[INFO] [stdout] 
[INFO] [stdout] 
[INFO] [stdout] error[E0308]: arguments to this function are incorrect
[INFO] [stdout]    --> src/macros/sq_utils.rs:111:37
[INFO] [stdout]     |
[INFO] [stdout] 111 |   ...   let result = if (sqfunctions.sq_call)(sqvm, ARGS_AMOUNT, true as u32, true as u32) == $crate::bindings::squirrelclasstypes::SQRESUL...
[INFO] [stdout]     |                         ^^^^^^^^^^^^^^^^^^^^^       -----------  -----------  ----------- expected `u64`, found `u32`
[INFO] [stdout]     |                                                     |            |
[INFO] [stdout]     |                                                     |            expected `u64`, found `u32`
[INFO] [stdout]     |                                                     expected `i64`, found `i32`
[INFO] [stdout]     |
[INFO] [stdout]    ::: src/high/squirrel_traits.rs:211:1
[INFO] [stdout]     |
[INFO] [stdout] 211 | / get_from_sqvm! {
[INFO] [stdout] 212 | |     (T1: v2);
[INFO] [stdout] 213 | |     (T1: v1, T2: v2);
[INFO] [stdout] 214 | |     (T1: v1, T2: v2, T3: v3);
[INFO] [stdout] ...   |
[INFO] [stdout] 221 | |     (T1: v1, T2: v2, T3: v3, T4: v4, T5: v5, T6: v6, T7: v7, T8: v8, T9: v9, T10: v10);
[INFO] [stdout] 222 | | }
[INFO] [stdout]     | |_- in this macro invocation
[INFO] [stdout]     |
[INFO] [stdout]     = note: this error originates in the macro `call_sq_object_function` which comes from the expansion of the macro `get_from_sqvm` (in Nightly builds, run with -Z macro-backtrace for more info)
[INFO] [stdout] help: you can convert an `i32` to an `i64`
[INFO] [stdout]     |
[INFO] [stdout] 111 |                     let result = if (sqfunctions.sq_call)(sqvm, ARGS_AMOUNT.into(), true as u32, true as u32) == $crate::bindings::squirrelclasstypes::SQRESULT::SQRESULT_ERROR {
[INFO] [stdout]     |                                                                            +++++++
[INFO] [stdout] help: you can convert a `u32` to a `u64`
[INFO] [stdout]     |
[INFO] [stdout] 111 |                     let result = if (sqfunctions.sq_call)(sqvm, ARGS_AMOUNT, (true as u32).into(), true as u32) == $crate::bindings::squirrelclasstypes::SQRESULT::SQRESULT_ERROR {
[INFO] [stdout]     |                                                                              +           ++++++++
[INFO] [stdout] help: you can convert a `u32` to a `u64`
[INFO] [stdout]     |
[INFO] [stdout] 111 |                     let result = if (sqfunctions.sq_call)(sqvm, ARGS_AMOUNT, true as u32, (true as u32).into()) == $crate::bindings::squirrelclasstypes::SQRESULT::SQRESULT_ERROR {
[INFO] [stdout]     |                                                                                           +           ++++++++
[INFO] [stdout] 
[INFO] [stdout] 
[INFO] [stdout] error[E0308]: arguments to this function are incorrect
[INFO] [stdout]    --> src/macros/sq_utils.rs:111:37
[INFO] [stdout]     |
[INFO] [stdout] 111 |   ...   let result = if (sqfunctions.sq_call)(sqvm, ARGS_AMOUNT, true as u32, true as u32) == $crate::bindings::squirrelclasstypes::SQRESUL...
[INFO] [stdout]     |                         ^^^^^^^^^^^^^^^^^^^^^       -----------  -----------  ----------- expected `u64`, found `u32`
[INFO] [stdout]     |                                                     |            |
[INFO] [stdout]     |                                                     |            expected `u64`, found `u32`
[INFO] [stdout]     |                                                     expected `i64`, found `i32`
[INFO] [stdout]     |
[INFO] [stdout]    ::: src/high/squirrel_traits.rs:211:1
[INFO] [stdout]     |
[INFO] [stdout] 211 | / get_from_sqvm! {
[INFO] [stdout] 212 | |     (T1: v2);
[INFO] [stdout] 213 | |     (T1: v1, T2: v2);
[INFO] [stdout] 214 | |     (T1: v1, T2: v2, T3: v3);
[INFO] [stdout] ...   |
[INFO] [stdout] 221 | |     (T1: v1, T2: v2, T3: v3, T4: v4, T5: v5, T6: v6, T7: v7, T8: v8, T9: v9, T10: v10);
[INFO] [stdout] 222 | | }
[INFO] [stdout]     | |_- in this macro invocation
[INFO] [stdout]     |
[INFO] [stdout]     = note: this error originates in the macro `call_sq_object_function` which comes from the expansion of the macro `get_from_sqvm` (in Nightly builds, run with -Z macro-backtrace for more info)
[INFO] [stdout] help: you can convert an `i32` to an `i64`
[INFO] [stdout]     |
[INFO] [stdout] 111 |                     let result = if (sqfunctions.sq_call)(sqvm, ARGS_AMOUNT.into(), true as u32, true as u32) == $crate::bindings::squirrelclasstypes::SQRESULT::SQRESULT_ERROR {
[INFO] [stdout]     |                                                                            +++++++
[INFO] [stdout] help: you can convert a `u32` to a `u64`
[INFO] [stdout]     |
[INFO] [stdout] 111 |                     let result = if (sqfunctions.sq_call)(sqvm, ARGS_AMOUNT, (true as u32).into(), true as u32) == $crate::bindings::squirrelclasstypes::SQRESULT::SQRESULT_ERROR {
[INFO] [stdout]     |                                                                              +           ++++++++
[INFO] [stdout] help: you can convert a `u32` to a `u64`
[INFO] [stdout]     |
[INFO] [stdout] 111 |                     let result = if (sqfunctions.sq_call)(sqvm, ARGS_AMOUNT, true as u32, (true as u32).into()) == $crate::bindings::squirrelclasstypes::SQRESULT::SQRESULT_ERROR {
[INFO] [stdout]     |                                                                                           +           ++++++++
[INFO] [stdout] 
[INFO] [stdout] 
[INFO] [stdout] error[E0308]: arguments to this function are incorrect
[INFO] [stdout]    --> src/macros/sq_utils.rs:111:37
[INFO] [stdout]     |
[INFO] [stdout] 111 |   ...   let result = if (sqfunctions.sq_call)(sqvm, ARGS_AMOUNT, true as u32, true as u32) == $crate::bindings::squirrelclasstypes::SQRESUL...
[INFO] [stdout]     |                         ^^^^^^^^^^^^^^^^^^^^^       -----------  -----------  ----------- expected `u64`, found `u32`
[INFO] [stdout]     |                                                     |            |
[INFO] [stdout]     |                                                     |            expected `u64`, found `u32`
[INFO] [stdout]     |                                                     expected `i64`, found `i32`
[INFO] [stdout]     |
[INFO] [stdout]    ::: src/high/squirrel_traits.rs:211:1
[INFO] [stdout]     |
[INFO] [stdout] 211 | / get_from_sqvm! {
[INFO] [stdout] 212 | |     (T1: v2);
[INFO] [stdout] 213 | |     (T1: v1, T2: v2);
[INFO] [stdout] 214 | |     (T1: v1, T2: v2, T3: v3);
[INFO] [stdout] ...   |
[INFO] [stdout] 221 | |     (T1: v1, T2: v2, T3: v3, T4: v4, T5: v5, T6: v6, T7: v7, T8: v8, T9: v9, T10: v10);
[INFO] [stdout] 222 | | }
[INFO] [stdout]     | |_- in this macro invocation
[INFO] [stdout]     |
[INFO] [stdout]     = note: this error originates in the macro `call_sq_object_function` which comes from the expansion of the macro `get_from_sqvm` (in Nightly builds, run with -Z macro-backtrace for more info)
[INFO] [stdout] help: you can convert an `i32` to an `i64`
[INFO] [stdout]     |
[INFO] [stdout] 111 |                     let result = if (sqfunctions.sq_call)(sqvm, ARGS_AMOUNT.into(), true as u32, true as u32) == $crate::bindings::squirrelclasstypes::SQRESULT::SQRESULT_ERROR {
[INFO] [stdout]     |                                                                            +++++++
[INFO] [stdout] help: you can convert a `u32` to a `u64`
[INFO] [stdout]     |
[INFO] [stdout] 111 |                     let result = if (sqfunctions.sq_call)(sqvm, ARGS_AMOUNT, (true as u32).into(), true as u32) == $crate::bindings::squirrelclasstypes::SQRESULT::SQRESULT_ERROR {
[INFO] [stdout]     |                                                                              +           ++++++++
[INFO] [stdout] help: you can convert a `u32` to a `u64`
[INFO] [stdout]     |
[INFO] [stdout] 111 |                     let result = if (sqfunctions.sq_call)(sqvm, ARGS_AMOUNT, true as u32, (true as u32).into()) == $crate::bindings::squirrelclasstypes::SQRESULT::SQRESULT_ERROR {
[INFO] [stdout]     |                                                                                           +           ++++++++
[INFO] [stdout] 
[INFO] [stdout] 
[INFO] [stdout] error[E0308]: arguments to this function are incorrect
[INFO] [stdout]    --> src/macros/sq_utils.rs:111:37
[INFO] [stdout]     |
[INFO] [stdout] 111 |   ...   let result = if (sqfunctions.sq_call)(sqvm, ARGS_AMOUNT, true as u32, true as u32) == $crate::bindings::squirrelclasstypes::SQRESUL...
[INFO] [stdout]     |                         ^^^^^^^^^^^^^^^^^^^^^       -----------  -----------  ----------- expected `u64`, found `u32`
[INFO] [stdout]     |                                                     |            |
[INFO] [stdout]     |                                                     |            expected `u64`, found `u32`
[INFO] [stdout]     |                                                     expected `i64`, found `i32`
[INFO] [stdout]     |
[INFO] [stdout]    ::: src/high/squirrel_traits.rs:211:1
[INFO] [stdout]     |
[INFO] [stdout] 211 | / get_from_sqvm! {
[INFO] [stdout] 212 | |     (T1: v2);
[INFO] [stdout] 213 | |     (T1: v1, T2: v2);
[INFO] [stdout] 214 | |     (T1: v1, T2: v2, T3: v3);
[INFO] [stdout] ...   |
[INFO] [stdout] 221 | |     (T1: v1, T2: v2, T3: v3, T4: v4, T5: v5, T6: v6, T7: v7, T8: v8, T9: v9, T10: v10);
[INFO] [stdout] 222 | | }
[INFO] [stdout]     | |_- in this macro invocation
[INFO] [stdout]     |
[INFO] [stdout]     = note: this error originates in the macro `call_sq_object_function` which comes from the expansion of the macro `get_from_sqvm` (in Nightly builds, run with -Z macro-backtrace for more info)
[INFO] [stdout] help: you can convert an `i32` to an `i64`
[INFO] [stdout]     |
[INFO] [stdout] 111 |                     let result = if (sqfunctions.sq_call)(sqvm, ARGS_AMOUNT.into(), true as u32, true as u32) == $crate::bindings::squirrelclasstypes::SQRESULT::SQRESULT_ERROR {
[INFO] [stdout]     |                                                                            +++++++
[INFO] [stdout] help: you can convert a `u32` to a `u64`
[INFO] [stdout]     |
[INFO] [stdout] 111 |                     let result = if (sqfunctions.sq_call)(sqvm, ARGS_AMOUNT, (true as u32).into(), true as u32) == $crate::bindings::squirrelclasstypes::SQRESULT::SQRESULT_ERROR {
[INFO] [stdout]     |                                                                              +           ++++++++
[INFO] [stdout] help: you can convert a `u32` to a `u64`
[INFO] [stdout]     |
[INFO] [stdout] 111 |                     let result = if (sqfunctions.sq_call)(sqvm, ARGS_AMOUNT, true as u32, (true as u32).into()) == $crate::bindings::squirrelclasstypes::SQRESULT::SQRESULT_ERROR {
[INFO] [stdout]     |                                                                                           +           ++++++++
[INFO] [stdout] 
[INFO] [stdout] 
[INFO] [stdout] error[E0308]: arguments to this function are incorrect
[INFO] [stdout]    --> src/macros/sq_utils.rs:111:37
[INFO] [stdout]     |
[INFO] [stdout] 111 |   ...   let result = if (sqfunctions.sq_call)(sqvm, ARGS_AMOUNT, true as u32, true as u32) == $crate::bindings::squirrelclasstypes::SQRESUL...
[INFO] [stdout]     |                         ^^^^^^^^^^^^^^^^^^^^^       -----------  -----------  ----------- expected `u64`, found `u32`
[INFO] [stdout]     |                                                     |            |
[INFO] [stdout]     |                                                     |            expected `u64`, found `u32`
[INFO] [stdout]     |                                                     expected `i64`, found `i32`
[INFO] [stdout]     |
[INFO] [stdout]    ::: src/high/squirrel_traits.rs:211:1
[INFO] [stdout]     |
[INFO] [stdout] 211 | / get_from_sqvm! {
[INFO] [stdout] 212 | |     (T1: v2);
[INFO] [stdout] 213 | |     (T1: v1, T2: v2);
[INFO] [stdout] 214 | |     (T1: v1, T2: v2, T3: v3);
[INFO] [stdout] ...   |
[INFO] [stdout] 221 | |     (T1: v1, T2: v2, T3: v3, T4: v4, T5: v5, T6: v6, T7: v7, T8: v8, T9: v9, T10: v10);
[INFO] [stdout] 222 | | }
[INFO] [stdout]     | |_- in this macro invocation
[INFO] [stdout]     |
[INFO] [stdout]     = note: this error originates in the macro `call_sq_object_function` which comes from the expansion of the macro `get_from_sqvm` (in Nightly builds, run with -Z macro-backtrace for more info)
[INFO] [stdout] help: you can convert an `i32` to an `i64`
[INFO] [stdout]     |
[INFO] [stdout] 111 |                     let result = if (sqfunctions.sq_call)(sqvm, ARGS_AMOUNT.into(), true as u32, true as u32) == $crate::bindings::squirrelclasstypes::SQRESULT::SQRESULT_ERROR {
[INFO] [stdout]     |                                                                            +++++++
[INFO] [stdout] help: you can convert a `u32` to a `u64`
[INFO] [stdout]     |
[INFO] [stdout] 111 |                     let result = if (sqfunctions.sq_call)(sqvm, ARGS_AMOUNT, (true as u32).into(), true as u32) == $crate::bindings::squirrelclasstypes::SQRESULT::SQRESULT_ERROR {
[INFO] [stdout]     |                                                                              +           ++++++++
[INFO] [stdout] help: you can convert a `u32` to a `u64`
[INFO] [stdout]     |
[INFO] [stdout] 111 |                     let result = if (sqfunctions.sq_call)(sqvm, ARGS_AMOUNT, true as u32, (true as u32).into()) == $crate::bindings::squirrelclasstypes::SQRESULT::SQRESULT_ERROR {
[INFO] [stdout]     |                                                                                           +           ++++++++
[INFO] [stdout] 
[INFO] [stdout] 
[INFO] [stdout] error[E0308]: arguments to this function are incorrect
[INFO] [stdout]    --> src/macros/sq_utils.rs:111:37
[INFO] [stdout]     |
[INFO] [stdout] 111 |   ...   let result = if (sqfunctions.sq_call)(sqvm, ARGS_AMOUNT, true as u32, true as u32) == $crate::bindings::squirrelclasstypes::SQRESUL...
[INFO] [stdout]     |                         ^^^^^^^^^^^^^^^^^^^^^       -----------  -----------  ----------- expected `u64`, found `u32`
[INFO] [stdout]     |                                                     |            |
[INFO] [stdout]     |                                                     |            expected `u64`, found `u32`
[INFO] [stdout]     |                                                     expected `i64`, found `i32`
[INFO] [stdout]     |
[INFO] [stdout]    ::: src/high/squirrel_traits.rs:211:1
[INFO] [stdout]     |
[INFO] [stdout] 211 | / get_from_sqvm! {
[INFO] [stdout] 212 | |     (T1: v2);
[INFO] [stdout] 213 | |     (T1: v1, T2: v2);
[INFO] [stdout] 214 | |     (T1: v1, T2: v2, T3: v3);
[INFO] [stdout] ...   |
[INFO] [stdout] 221 | |     (T1: v1, T2: v2, T3: v3, T4: v4, T5: v5, T6: v6, T7: v7, T8: v8, T9: v9, T10: v10);
[INFO] [stdout] 222 | | }
[INFO] [stdout]     | |_- in this macro invocation
[INFO] [stdout]     |
[INFO] [stdout]     = note: this error originates in the macro `call_sq_object_function` which comes from the expansion of the macro `get_from_sqvm` (in Nightly builds, run with -Z macro-backtrace for more info)
[INFO] [stdout] help: you can convert an `i32` to an `i64`
[INFO] [stdout]     |
[INFO] [stdout] 111 |                     let result = if (sqfunctions.sq_call)(sqvm, ARGS_AMOUNT.into(), true as u32, true as u32) == $crate::bindings::squirrelclasstypes::SQRESULT::SQRESULT_ERROR {
[INFO] [stdout]     |                                                                            +++++++
[INFO] [stdout] help: you can convert a `u32` to a `u64`
[INFO] [stdout]     |
[INFO] [stdout] 111 |                     let result = if (sqfunctions.sq_call)(sqvm, ARGS_AMOUNT, (true as u32).into(), true as u32) == $crate::bindings::squirrelclasstypes::SQRESULT::SQRESULT_ERROR {
[INFO] [stdout]     |                                                                              +           ++++++++
[INFO] [stdout] help: you can convert a `u32` to a `u64`
[INFO] [stdout]     |
[INFO] [stdout] 111 |                     let result = if (sqfunctions.sq_call)(sqvm, ARGS_AMOUNT, true as u32, (true as u32).into()) == $crate::bindings::squirrelclasstypes::SQRESULT::SQRESULT_ERROR {
[INFO] [stdout]     |                                                                                           +           ++++++++
[INFO] [stdout] 
[INFO] [stdout] 
[INFO] [stdout] error[E0308]: arguments to this function are incorrect
[INFO] [stdout]    --> src/macros/sq_utils.rs:111:37
[INFO] [stdout]     |
[INFO] [stdout] 111 |   ...   let result = if (sqfunctions.sq_call)(sqvm, ARGS_AMOUNT, true as u32, true as u32) == $crate::bindings::squirrelclasstypes::SQRESUL...
[INFO] [stdout]     |                         ^^^^^^^^^^^^^^^^^^^^^       -----------  -----------  ----------- expected `u64`, found `u32`
[INFO] [stdout]     |                                                     |            |
[INFO] [stdout]     |                                                     |            expected `u64`, found `u32`
[INFO] [stdout]     |                                                     expected `i64`, found `i32`
[INFO] [stdout]     |
[INFO] [stdout]    ::: src/high/squirrel_traits.rs:211:1
[INFO] [stdout]     |
[INFO] [stdout] 211 | / get_from_sqvm! {
[INFO] [stdout] 212 | |     (T1: v2);
[INFO] [stdout] 213 | |     (T1: v1, T2: v2);
[INFO] [stdout] 214 | |     (T1: v1, T2: v2, T3: v3);
[INFO] [stdout] ...   |
[INFO] [stdout] 221 | |     (T1: v1, T2: v2, T3: v3, T4: v4, T5: v5, T6: v6, T7: v7, T8: v8, T9: v9, T10: v10);
[INFO] [stdout] 222 | | }
[INFO] [stdout]     | |_- in this macro invocation
[INFO] [stdout]     |
[INFO] [stdout]     = note: this error originates in the macro `call_sq_object_function` which comes from the expansion of the macro `get_from_sqvm` (in Nightly builds, run with -Z macro-backtrace for more info)
[INFO] [stdout] help: you can convert an `i32` to an `i64`
[INFO] [stdout]     |
[INFO] [stdout] 111 |                     let result = if (sqfunctions.sq_call)(sqvm, ARGS_AMOUNT.into(), true as u32, true as u32) == $crate::bindings::squirrelclasstypes::SQRESULT::SQRESULT_ERROR {
[INFO] [stdout]     |                                                                            +++++++
[INFO] [stdout] help: you can convert a `u32` to a `u64`
[INFO] [stdout]     |
[INFO] [stdout] 111 |                     let result = if (sqfunctions.sq_call)(sqvm, ARGS_AMOUNT, (true as u32).into(), true as u32) == $crate::bindings::squirrelclasstypes::SQRESULT::SQRESULT_ERROR {
[INFO] [stdout]     |                                                                              +           ++++++++
[INFO] [stdout] help: you can convert a `u32` to a `u64`
[INFO] [stdout]     |
[INFO] [stdout] 111 |                     let result = if (sqfunctions.sq_call)(sqvm, ARGS_AMOUNT, true as u32, (true as u32).into()) == $crate::bindings::squirrelclasstypes::SQRESULT::SQRESULT_ERROR {
[INFO] [stdout]     |                                                                                           +           ++++++++
[INFO] [stdout] 
[INFO] [stdout] 
[INFO] [stdout] error[E0308]: arguments to this function are incorrect
[INFO] [stdout]    --> src/macros/sq_utils.rs:111:37
[INFO] [stdout]     |
[INFO] [stdout] 111 |   ...   let result = if (sqfunctions.sq_call)(sqvm, ARGS_AMOUNT, true as u32, true as u32) == $crate::bindings::squirrelclasstypes::SQRESUL...
[INFO] [stdout]     |                         ^^^^^^^^^^^^^^^^^^^^^       -----------  -----------  ----------- expected `u64`, found `u32`
[INFO] [stdout]     |                                                     |            |
[INFO] [stdout]     |                                                     |            expected `u64`, found `u32`
[INFO] [stdout]     |                                                     expected `i64`, found `i32`
[INFO] [stdout]     |
[INFO] [stdout]    ::: src/high/squirrel_traits.rs:211:1
[INFO] [stdout]     |
[INFO] [stdout] 211 | / get_from_sqvm! {
[INFO] [stdout] 212 | |     (T1: v2);
[INFO] [stdout] 213 | |     (T1: v1, T2: v2);
[INFO] [stdout] 214 | |     (T1: v1, T2: v2, T3: v3);
[INFO] [stdout] ...   |
[INFO] [stdout] 221 | |     (T1: v1, T2: v2, T3: v3, T4: v4, T5: v5, T6: v6, T7: v7, T8: v8, T9: v9, T10: v10);
[INFO] [stdout] 222 | | }
[INFO] [stdout]     | |_- in this macro invocation
[INFO] [stdout]     |
[INFO] [stdout]     = note: this error originates in the macro `call_sq_object_function` which comes from the expansion of the macro `get_from_sqvm` (in Nightly builds, run with -Z macro-backtrace for more info)
[INFO] [stdout] help: you can convert an `i32` to an `i64`
[INFO] [stdout]     |
[INFO] [stdout] 111 |                     let result = if (sqfunctions.sq_call)(sqvm, ARGS_AMOUNT.into(), true as u32, true as u32) == $crate::bindings::squirrelclasstypes::SQRESULT::SQRESULT_ERROR {
[INFO] [stdout]     |                                                                            +++++++
[INFO] [stdout] help: you can convert a `u32` to a `u64`
[INFO] [stdout]     |
[INFO] [stdout] 111 |                     let result = if (sqfunctions.sq_call)(sqvm, ARGS_AMOUNT, (true as u32).into(), true as u32) == $crate::bindings::squirrelclasstypes::SQRESULT::SQRESULT_ERROR {
[INFO] [stdout]     |                                                                              +           ++++++++
[INFO] [stdout] help: you can convert a `u32` to a `u64`
[INFO] [stdout]     |
[INFO] [stdout] 111 |                     let result = if (sqfunctions.sq_call)(sqvm, ARGS_AMOUNT, true as u32, (true as u32).into()) == $crate::bindings::squirrelclasstypes::SQRESULT::SQRESULT_ERROR {
[INFO] [stdout]     |                                                                                           +           ++++++++
[INFO] [stdout] 
[INFO] [stdout] 
[INFO] [stdout] error[E0308]: arguments to this function are incorrect
[INFO] [stdout]    --> src/macros/sq_utils.rs:111:37
[INFO] [stdout]     |
[INFO] [stdout] 111 |   ...   let result = if (sqfunctions.sq_call)(sqvm, ARGS_AMOUNT, true as u32, true as u32) == $crate::bindings::squirrelclasstypes::SQRESUL...
[INFO] [stdout]     |                         ^^^^^^^^^^^^^^^^^^^^^       -----------  -----------  ----------- expected `u64`, found `u32`
[INFO] [stdout]     |                                                     |            |
[INFO] [stdout]     |                                                     |            expected `u64`, found `u32`
[INFO] [stdout]     |                                                     expected `i64`, found `i32`
[INFO] [stdout]     |
[INFO] [stdout]    ::: src/high/squirrel_traits.rs:211:1
[INFO] [stdout]     |
[INFO] [stdout] 211 | / get_from_sqvm! {
[INFO] [stdout] 212 | |     (T1: v2);
[INFO] [stdout] 213 | |     (T1: v1, T2: v2);
[INFO] [stdout] 214 | |     (T1: v1, T2: v2, T3: v3);
[INFO] [stdout] ...   |
[INFO] [stdout] 221 | |     (T1: v1, T2: v2, T3: v3, T4: v4, T5: v5, T6: v6, T7: v7, T8: v8, T9: v9, T10: v10);
[INFO] [stdout] 222 | | }
[INFO] [stdout]     | |_- in this macro invocation
[INFO] [stdout]     |
[INFO] [stdout]     = note: this error originates in the macro `call_sq_object_function` which comes from the expansion of the macro `get_from_sqvm` (in Nightly builds, run with -Z macro-backtrace for more info)
[INFO] [stdout] help: you can convert an `i32` to an `i64`
[INFO] [stdout]     |
[INFO] [stdout] 111 |                     let result = if (sqfunctions.sq_call)(sqvm, ARGS_AMOUNT.into(), true as u32, true as u32) == $crate::bindings::squirrelclasstypes::SQRESULT::SQRESULT_ERROR {
[INFO] [stdout]     |                                                                            +++++++
[INFO] [stdout] help: you can convert a `u32` to a `u64`
[INFO] [stdout]     |
[INFO] [stdout] 111 |                     let result = if (sqfunctions.sq_call)(sqvm, ARGS_AMOUNT, (true as u32).into(), true as u32) == $crate::bindings::squirrelclasstypes::SQRESULT::SQRESULT_ERROR {
[INFO] [stdout]     |                                                                              +           ++++++++
[INFO] [stdout] help: you can convert a `u32` to a `u64`
[INFO] [stdout]     |
[INFO] [stdout] 111 |                     let result = if (sqfunctions.sq_call)(sqvm, ARGS_AMOUNT, true as u32, (true as u32).into()) == $crate::bindings::squirrelclasstypes::SQRESULT::SQRESULT_ERROR {
[INFO] [stdout]     |                                                                                           +           ++++++++
[INFO] [stdout] 
[INFO] [stdout] 
[INFO] [stdout] error[E0308]: arguments to this function are incorrect
[INFO] [stdout]    --> src/macros/sq_utils.rs:111:37
[INFO] [stdout]     |
[INFO] [stdout] 111 |   ...   let result = if (sqfunctions.sq_call)(sqvm, ARGS_AMOUNT, true as u32, true as u32) == $crate::bindings::squirrelclasstypes::SQRESUL...
[INFO] [stdout]     |                         ^^^^^^^^^^^^^^^^^^^^^       -----------  -----------  ----------- expected `u64`, found `u32`
[INFO] [stdout]     |                                                     |            |
[INFO] [stdout]     |                                                     |            expected `u64`, found `u32`
[INFO] [stdout]     |                                                     expected `i64`, found `i32`
[INFO] [stdout]     |
[INFO] [stdout]    ::: src/high/squirrel_traits.rs:211:1
[INFO] [stdout]     |
[INFO] [stdout] 211 | / get_from_sqvm! {
[INFO] [stdout] 212 | |     (T1: v2);
[INFO] [stdout] 213 | |     (T1: v1, T2: v2);
[INFO] [stdout] 214 | |     (T1: v1, T2: v2, T3: v3);
[INFO] [stdout] ...   |
[INFO] [stdout] 221 | |     (T1: v1, T2: v2, T3: v3, T4: v4, T5: v5, T6: v6, T7: v7, T8: v8, T9: v9, T10: v10);
[INFO] [stdout] 222 | | }
[INFO] [stdout]     | |_- in this macro invocation
[INFO] [stdout]     |
[INFO] [stdout]     = note: this error originates in the macro `call_sq_object_function` which comes from the expansion of the macro `get_from_sqvm` (in Nightly builds, run with -Z macro-backtrace for more info)
[INFO] [stdout] help: you can convert an `i32` to an `i64`
[INFO] [stdout]     |
[INFO] [stdout] 111 |                     let result = if (sqfunctions.sq_call)(sqvm, ARGS_AMOUNT.into(), true as u32, true as u32) == $crate::bindings::squirrelclasstypes::SQRESULT::SQRESULT_ERROR {
[INFO] [stdout]     |                                                                            +++++++
[INFO] [stdout] help: you can convert a `u32` to a `u64`
[INFO] [stdout]     |
[INFO] [stdout] 111 |                     let result = if (sqfunctions.sq_call)(sqvm, ARGS_AMOUNT, (true as u32).into(), true as u32) == $crate::bindings::squirrelclasstypes::SQRESULT::SQRESULT_ERROR {
[INFO] [stdout]     |                                                                              +           ++++++++
[INFO] [stdout] help: you can convert a `u32` to a `u64`
[INFO] [stdout]     |
[INFO] [stdout] 111 |                     let result = if (sqfunctions.sq_call)(sqvm, ARGS_AMOUNT, true as u32, (true as u32).into()) == $crate::bindings::squirrelclasstypes::SQRESULT::SQRESULT_ERROR {
[INFO] [stdout]     |                                                                                           +           ++++++++
[INFO] [stdout] 
[INFO] [stdout] 
[INFO] [stdout] error[E0308]: mismatched types
[INFO] [stdout]    --> src/high/squirrel_traits.rs:252:46
[INFO] [stdout]     |
[INFO] [stdout] 252 |             (sqfunctions.sq_getobject)(sqvm, stack_pos, obj.as_mut_ptr());
[INFO] [stdout]     |             --------------------------       ^^^^^^^^^ expected `i64`, found `i32`
[INFO] [stdout]     |             |
[INFO] [stdout]     |             arguments to this function are incorrect
[INFO] [stdout]     |
[INFO] [stdout] help: you can convert an `i32` to an `i64`
[INFO] [stdout]     |
[INFO] [stdout] 252 |             (sqfunctions.sq_getobject)(sqvm, stack_pos.into(), obj.as_mut_ptr());
[INFO] [stdout]     |                                                       +++++++
[INFO] [stdout] 
[INFO] [stdout] 
[INFO] [stdout] error[E0308]: mismatched types
[INFO] [stdout]    --> src/high/squirrel_traits.rs:273:46
[INFO] [stdout]     |
[INFO] [stdout] 273 |             (sqfunctions.sq_getobject)(sqvm, stack_pos, obj.as_mut_ptr());
[INFO] [stdout]     |             --------------------------       ^^^^^^^^^ expected `i64`, found `i32`
[INFO] [stdout]     |             |
[INFO] [stdout]     |             arguments to this function are incorrect
[INFO] [stdout]     |
[INFO] [stdout] help: you can convert an `i32` to an `i64`
[INFO] [stdout]     |
[INFO] [stdout] 273 |             (sqfunctions.sq_getobject)(sqvm, stack_pos.into(), obj.as_mut_ptr());
[INFO] [stdout]     |                                                       +++++++
[INFO] [stdout] 
[INFO] [stdout] 
[INFO] [stdout] error[E0308]: mismatched types
[INFO] [stdout]   --> src/mid/squirrel.rs:85:49
[INFO] [stdout]    |
[INFO] [stdout] 85 |     unsafe { (sqfunctions.sq_pushinteger)(sqvm, int) };
[INFO] [stdout]    |              ----------------------------       ^^^ expected `i64`, found `i32`
[INFO] [stdout]    |              |
[INFO] [stdout]    |              arguments to this function are incorrect
[INFO] [stdout]    |
[INFO] [stdout] help: you can convert an `i32` to an `i64`
[INFO] [stdout]    |
[INFO] [stdout] 85 |     unsafe { (sqfunctions.sq_pushinteger)(sqvm, int.into()) };
[INFO] [stdout]    |                                                    +++++++
[INFO] [stdout] 
[INFO] [stdout] 
[INFO] [stdout] error[E0308]: mismatched types
[INFO] [stdout]   --> src/mid/squirrel.rs:95:46
[INFO] [stdout]    |
[INFO] [stdout] 95 |     unsafe { (sqfunctions.sq_pushbool)(sqvm, boolean as u32) };
[INFO] [stdout]    |              -------------------------       ^^^^^^^^^^^^^^ expected `u64`, found `u32`
[INFO] [stdout]    |              |
[INFO] [stdout]    |              arguments to this function are incorrect
[INFO] [stdout]    |
[INFO] [stdout] help: you can convert a `u32` to a `u64`
[INFO] [stdout]    |
[INFO] [stdout] 95 |     unsafe { (sqfunctions.sq_pushbool)(sqvm, (boolean as u32).into()) };
[INFO] [stdout]    |                                              +              ++++++++
[INFO] [stdout] 
[INFO] [stdout] 
[INFO] [stdout] error[E0308]: mismatched types
[INFO] [stdout]    --> src/mid/squirrel.rs:170:46
[INFO] [stdout]     |
[INFO] [stdout] 170 |     unsafe { (sqfunctions.sq_getfloat)(sqvm, stack_pos) }
[INFO] [stdout]     |              -------------------------       ^^^^^^^^^ expected `i64`, found `i32`
[INFO] [stdout]     |              |
[INFO] [stdout]     |              arguments to this function are incorrect
[INFO] [stdout]     |
[INFO] [stdout] help: you can convert an `i32` to an `i64`
[INFO] [stdout]     |
[INFO] [stdout] 170 |     unsafe { (sqfunctions.sq_getfloat)(sqvm, stack_pos.into()) }
[INFO] [stdout]     |                                                       +++++++
[INFO] [stdout] 
[INFO] [stdout] 
[INFO] [stdout] error[E0308]: mismatched types
[INFO] [stdout]    --> src/mid/squirrel.rs:183:48
[INFO] [stdout]     |
[INFO] [stdout] 183 |     unsafe { (sqfunctions.sq_getinteger)(sqvm, stack_pos) }
[INFO] [stdout]     |              ---------------------------       ^^^^^^^^^ expected `i64`, found `i32`
[INFO] [stdout]     |              |
[INFO] [stdout]     |              arguments to this function are incorrect
[INFO] [stdout]     |
[INFO] [stdout] help: you can convert an `i32` to an `i64`
[INFO] [stdout]     |
[INFO] [stdout] 183 |     unsafe { (sqfunctions.sq_getinteger)(sqvm, stack_pos.into()) }
[INFO] [stdout]     |                                                         +++++++
[INFO] [stdout] 
[INFO] [stdout] 
[INFO] [stdout] error[E0308]: mismatched types
[INFO] [stdout]    --> src/mid/squirrel.rs:183:14
[INFO] [stdout]     |
[INFO] [stdout] 182 | ) -> i32 {
[INFO] [stdout]     |      --- expected `i32` because of return type
[INFO] [stdout] 183 |     unsafe { (sqfunctions.sq_getinteger)(sqvm, stack_pos) }
[INFO] [stdout]     |              ^^^^^^^^^^^^^^^^^^^^^^^^^^^^^^^^^^^^^^^^^^^^ expected `i32`, found `i64`
[INFO] [stdout]     |
[INFO] [stdout] help: you can convert an `i64` to an `i32` and panic if the converted value doesn't fit
[INFO] [stdout]     |
[INFO] [stdout] 183 |     unsafe { (sqfunctions.sq_getinteger)(sqvm, stack_pos).try_into().unwrap() }
[INFO] [stdout]     |                                                          ++++++++++++++++++++
[INFO] [stdout] 
[INFO] [stdout] 
[INFO] [stdout] error[E0308]: mismatched types
[INFO] [stdout]    --> src/mid/squirrel.rs:196:45
[INFO] [stdout]     |
[INFO] [stdout] 196 |     unsafe { (sqfunctions.sq_getbool)(sqvm, stack_pos) != 0 }
[INFO] [stdout]     |              ------------------------       ^^^^^^^^^ expected `i64`, found `i32`
[INFO] [stdout]     |              |
[INFO] [stdout]     |              arguments to this function are incorrect
[INFO] [stdout]     |
[INFO] [stdout] help: you can convert an `i32` to an `i64`
[INFO] [stdout]     |
[INFO] [stdout] 196 |     unsafe { (sqfunctions.sq_getbool)(sqvm, stack_pos.into()) != 0 }
[INFO] [stdout]     |                                                      +++++++
[INFO] [stdout] 
[INFO] [stdout] 
[INFO] [stdout] error[E0308]: mismatched types
[INFO] [stdout]    --> src/mid/squirrel.rs:212:57
[INFO] [stdout]     |
[INFO] [stdout] 212 |         CStr::from_ptr((sqfunctions.sq_getstring)(sqvm, stack_pos))
[INFO] [stdout]     |                        --------------------------       ^^^^^^^^^ expected `i64`, found `i32`
[INFO] [stdout]     |                        |
[INFO] [stdout]     |                        arguments to this function are incorrect
[INFO] [stdout]     |
[INFO] [stdout] help: you can convert an `i32` to an `i64`
[INFO] [stdout]     |
[INFO] [stdout] 212 |         CStr::from_ptr((sqfunctions.sq_getstring)(sqvm, stack_pos.into()))
[INFO] [stdout]     |                                                                  +++++++
[INFO] [stdout] 
[INFO] [stdout] 
[INFO] [stdout] error[E0308]: mismatched types
[INFO] [stdout]    --> src/mid/squirrel.rs:228:47
[INFO] [stdout]     |
[INFO] [stdout] 228 |     unsafe { (sqfunctions.sq_getvector)(sqvm, stack_pos).into() }
[INFO] [stdout]     |              --------------------------       ^^^^^^^^^ expected `i64`, found `i32`
[INFO] [stdout]     |              |
[INFO] [stdout]     |              arguments to this function are incorrect
[INFO] [stdout]     |
[INFO] [stdout] help: you can convert an `i32` to an `i64`
[INFO] [stdout]     |
[INFO] [stdout] 228 |     unsafe { (sqfunctions.sq_getvector)(sqvm, stack_pos.into()).into() }
[INFO] [stdout]     |                                                        +++++++
[INFO] [stdout] 
[INFO] [stdout] 
[INFO] [stdout] error[E0308]: mismatched types
[INFO] [stdout]    --> src/mid/squirrel.rs:240:42
[INFO] [stdout]     |
[INFO] [stdout] 240 |         (sqfunctions.sq_getobject)(sqvm, stack_pos, obj.as_mut_ptr());
[INFO] [stdout]     |         --------------------------       ^^^^^^^^^ expected `i64`, found `i32`
[INFO] [stdout]     |         |
[INFO] [stdout]     |         arguments to this function are incorrect
[INFO] [stdout]     |
[INFO] [stdout] help: you can convert an `i32` to an `i64`
[INFO] [stdout]     |
[INFO] [stdout] 240 |         (sqfunctions.sq_getobject)(sqvm, stack_pos.into(), obj.as_mut_ptr());
[INFO] [stdout]     |                                                   +++++++
[INFO] [stdout] 
[INFO] [stdout] 
[INFO] [stdout] error: aborting due to 23 previous errors
[INFO] [stdout] 
[INFO] [stdout] 
[INFO] [stdout] For more information about this error, try `rustc --explain E0308`.
[INFO] [stdout] 
[INFO] [stderr] error: could not compile `rrplug` (lib) due to 24 previous errors
[INFO] running `Command { std: "docker" "inspect" "ddc670a3ab4d2155cc7cfe2c4ee4ffd26479c5d91c574b3afe926ff2ae3b9755", kill_on_drop: false }`
[INFO] running `Command { std: "docker" "rm" "-f" "ddc670a3ab4d2155cc7cfe2c4ee4ffd26479c5d91c574b3afe926ff2ae3b9755", kill_on_drop: false }`
[INFO] [stdout] ddc670a3ab4d2155cc7cfe2c4ee4ffd26479c5d91c574b3afe926ff2ae3b9755
