[INFO] fetching crate rqlite_client 0.0.1-alpha.10...
[INFO] testing rqlite_client-0.0.1-alpha.10 against 1.75.0 for beta-1.76-1
[INFO] extracting crate rqlite_client 0.0.1-alpha.10 into /workspace/builds/worker-5-tc1/source
[INFO] validating manifest of crates.io crate rqlite_client 0.0.1-alpha.10 on toolchain 1.75.0
[INFO] running `Command { std: CARGO_HOME="/workspace/cargo-home" RUSTUP_HOME="/workspace/rustup-home" "/workspace/cargo-home/bin/cargo" "+1.75.0" "metadata" "--manifest-path" "Cargo.toml" "--no-deps", kill_on_drop: false }`
[INFO] started tweaking crates.io crate rqlite_client 0.0.1-alpha.10
[INFO] finished tweaking crates.io crate rqlite_client 0.0.1-alpha.10
[INFO] tweaked toml for crates.io crate rqlite_client 0.0.1-alpha.10 written to /workspace/builds/worker-5-tc1/source/Cargo.toml
[INFO] running `Command { std: CARGO_HOME="/workspace/cargo-home" RUSTUP_HOME="/workspace/rustup-home" "/workspace/cargo-home/bin/cargo" "+1.75.0" "generate-lockfile" "--manifest-path" "Cargo.toml", kill_on_drop: false }`
[INFO] [stderr]     Updating crates.io index
[INFO] running `Command { std: CARGO_HOME="/workspace/cargo-home" RUSTUP_HOME="/workspace/rustup-home" "/workspace/cargo-home/bin/cargo" "+1.75.0" "fetch" "--manifest-path" "Cargo.toml", kill_on_drop: false }`
[INFO] [stderr]  Downloading crates ...
[INFO] [stderr]   Downloaded rust-embed-utils v8.2.0
[INFO] [stderr]   Downloaded rust-embed-impl v8.2.0
[INFO] [stderr]   Downloaded socks v0.3.4
[INFO] [stderr]   Downloaded rust-embed v8.2.0
[INFO] running `Command { std: "docker" "create" "-v" "/var/lib/crater-agent-workspace/builds/worker-5-tc1/target:/opt/rustwide/target:rw,Z" "-v" "/var/lib/crater-agent-workspace/builds/worker-5-tc1/source:/opt/rustwide/workdir:ro,Z" "-v" "/var/lib/crater-agent-workspace/cargo-home:/opt/rustwide/cargo-home:ro,Z" "-v" "/var/lib/crater-agent-workspace/rustup-home:/opt/rustwide/rustup-home:ro,Z" "-e" "SOURCE_DIR=/opt/rustwide/workdir" "-e" "CARGO_TARGET_DIR=/opt/rustwide/target" "-e" "CARGO_HOME=/opt/rustwide/cargo-home" "-e" "RUSTUP_HOME=/opt/rustwide/rustup-home" "-w" "/opt/rustwide/workdir" "-m" "1610612736" "--user" "0:0" "--network" "none" "ghcr.io/rust-lang/crates-build-env/linux@sha256:2788e3201cd34a07e3172128adcd8b3090168a8e3bcc40d7c032b9dda1df7d1c" "/opt/rustwide/cargo-home/bin/cargo" "+1.75.0" "metadata" "--no-deps" "--format-version=1", kill_on_drop: false }`
[INFO] [stdout] 4d1587cf2b0a0b1ba786c75bf0964e1805e313591afe6960257d020194e66fa8
[INFO] running `Command { std: "docker" "start" "-a" "4d1587cf2b0a0b1ba786c75bf0964e1805e313591afe6960257d020194e66fa8", kill_on_drop: false }`
[INFO] running `Command { std: "docker" "inspect" "4d1587cf2b0a0b1ba786c75bf0964e1805e313591afe6960257d020194e66fa8", kill_on_drop: false }`
[INFO] running `Command { std: "docker" "rm" "-f" "4d1587cf2b0a0b1ba786c75bf0964e1805e313591afe6960257d020194e66fa8", kill_on_drop: false }`
[INFO] [stdout] 4d1587cf2b0a0b1ba786c75bf0964e1805e313591afe6960257d020194e66fa8
[INFO] running `Command { std: "docker" "create" "-v" "/var/lib/crater-agent-workspace/builds/worker-5-tc1/target:/opt/rustwide/target:rw,Z" "-v" "/var/lib/crater-agent-workspace/builds/worker-5-tc1/source:/opt/rustwide/workdir:ro,Z" "-v" "/var/lib/crater-agent-workspace/cargo-home:/opt/rustwide/cargo-home:ro,Z" "-v" "/var/lib/crater-agent-workspace/rustup-home:/opt/rustwide/rustup-home:ro,Z" "-e" "SOURCE_DIR=/opt/rustwide/workdir" "-e" "CARGO_TARGET_DIR=/opt/rustwide/target" "-e" "CARGO_INCREMENTAL=0" "-e" "RUST_BACKTRACE=full" "-e" "RUSTFLAGS=--cap-lints=warn" "-e" "RUSTDOCFLAGS=--cap-lints=warn" "-e" "CARGO_HOME=/opt/rustwide/cargo-home" "-e" "RUSTUP_HOME=/opt/rustwide/rustup-home" "-w" "/opt/rustwide/workdir" "-m" "1610612736" "--user" "0:0" "--network" "none" "ghcr.io/rust-lang/crates-build-env/linux@sha256:2788e3201cd34a07e3172128adcd8b3090168a8e3bcc40d7c032b9dda1df7d1c" "/opt/rustwide/cargo-home/bin/cargo" "+1.75.0" "build" "--frozen" "--message-format=json", kill_on_drop: false }`
[INFO] [stdout] bcb4d604ead628471f549ac43b6c731907a8139b9ea7aed08c0303701493c478
[INFO] running `Command { std: "docker" "start" "-a" "bcb4d604ead628471f549ac43b6c731907a8139b9ea7aed08c0303701493c478", kill_on_drop: false }`
[INFO] [stderr]    Compiling serde v1.0.194
[INFO] [stderr]    Compiling httpdate v1.0.3
[INFO] [stderr]    Compiling miniz_oxide v0.7.1
[INFO] [stderr]    Compiling rqlite_client v0.0.1-alpha.10 (/opt/rustwide/workdir)
[INFO] [stderr]    Compiling flate2 v1.0.28
[INFO] [stderr]    Compiling serde_json v1.0.111
[INFO] [stderr]    Compiling ureq v2.9.1
[INFO] [stderr]     Finished dev [unoptimized + debuginfo] target(s) in 3.69s
[INFO] running `Command { std: "docker" "inspect" "bcb4d604ead628471f549ac43b6c731907a8139b9ea7aed08c0303701493c478", kill_on_drop: false }`
[INFO] running `Command { std: "docker" "rm" "-f" "bcb4d604ead628471f549ac43b6c731907a8139b9ea7aed08c0303701493c478", kill_on_drop: false }`
[INFO] [stdout] bcb4d604ead628471f549ac43b6c731907a8139b9ea7aed08c0303701493c478
[INFO] running `Command { std: "docker" "create" "-v" "/var/lib/crater-agent-workspace/builds/worker-5-tc1/target:/opt/rustwide/target:rw,Z" "-v" "/var/lib/crater-agent-workspace/builds/worker-5-tc1/source:/opt/rustwide/workdir:ro,Z" "-v" "/var/lib/crater-agent-workspace/cargo-home:/opt/rustwide/cargo-home:ro,Z" "-v" "/var/lib/crater-agent-workspace/rustup-home:/opt/rustwide/rustup-home:ro,Z" "-e" "SOURCE_DIR=/opt/rustwide/workdir" "-e" "CARGO_TARGET_DIR=/opt/rustwide/target" "-e" "CARGO_INCREMENTAL=0" "-e" "RUST_BACKTRACE=full" "-e" "RUSTFLAGS=--cap-lints=warn" "-e" "RUSTDOCFLAGS=--cap-lints=warn" "-e" "CARGO_HOME=/opt/rustwide/cargo-home" "-e" "RUSTUP_HOME=/opt/rustwide/rustup-home" "-w" "/opt/rustwide/workdir" "-m" "1610612736" "--user" "0:0" "--network" "none" "ghcr.io/rust-lang/crates-build-env/linux@sha256:2788e3201cd34a07e3172128adcd8b3090168a8e3bcc40d7c032b9dda1df7d1c" "/opt/rustwide/cargo-home/bin/cargo" "+1.75.0" "test" "--frozen" "--no-run" "--message-format=json", kill_on_drop: false }`
[INFO] [stdout] 4cf7259edccb411f21448c662bb1bddbb387116c730f45cb2a6594954d6273ca
[INFO] running `Command { std: "docker" "start" "-a" "4cf7259edccb411f21448c662bb1bddbb387116c730f45cb2a6594954d6273ca", kill_on_drop: false }`
[INFO] [stderr]    Compiling rqlite_client v0.0.1-alpha.10 (/opt/rustwide/workdir)
[INFO] [stdout] error[E0432]: unresolved import `test_rqlited`
[INFO] [stdout]   --> tests/queue_write_test.rs:22:5
[INFO] [stdout]    |
[INFO] [stdout] 22 | use test_rqlited::TEST_RQLITED_DB;
[INFO] [stdout]    |     ^^^^^^^^^^^^ use of undeclared crate or module `test_rqlited`
[INFO] [stdout] 
[INFO] [stdout] 
[INFO] [stdout] error[E0432]: unresolved import `test_rqlited`
[INFO] [stdout]   --> tests/request_test.rs:23:5
[INFO] [stdout]    |
[INFO] [stdout] 23 | use test_rqlited::{TEST_RQLITED_DB, TEST_RQLITED_DB_URL};
[INFO] [stdout]    |     ^^^^^^^^^^^^ use of undeclared crate or module `test_rqlited`
[INFO] [stdout] 
[INFO] [stdout] 
[INFO] [stdout] error[E0432]: unresolved import `test_rqlited`
[INFO] [stdout]   --> tests/create_table_test.rs:24:5
[INFO] [stdout]    |
[INFO] [stdout] 24 | use test_rqlited::TEST_RQLITED_DB;
[INFO] [stdout]    |     ^^^^^^^^^^^^ use of undeclared crate or module `test_rqlited`
[INFO] [stdout] 
[INFO] [stdout] 
[INFO] [stdout] error[E0432]: unresolved import `test_rqlited`
[INFO] [stdout]   --> tests/query_without_values_test.rs:24:5
[INFO] [stdout]    |
[INFO] [stdout] 24 | use test_rqlited::TEST_RQLITED_DB;
[INFO] [stdout]    |     ^^^^^^^^^^^^ use of undeclared crate or module `test_rqlited`
[INFO] [stdout] 
[INFO] [stdout] 
[INFO] [stdout] error[E0432]: unresolved import `test_rqlited`
[INFO] [stdout]   --> tests/monitor_nodes_test.rs:20:5
[INFO] [stdout]    |
[INFO] [stdout] 20 | use test_rqlited::{TEST_RQLITED_DB, TEST_RQLITED_DB_URL};
[INFO] [stdout]    |     ^^^^^^^^^^^^ use of undeclared crate or module `test_rqlited`
[INFO] [stdout] 
[INFO] [stdout] 
[INFO] [stdout] error[E0432]: unresolved import `test_rqlited`
[INFO] [stdout]   --> tests/delete_table_test.rs:20:5
[INFO] [stdout]    |
[INFO] [stdout] 20 | use test_rqlited::TEST_RQLITED_DB;
[INFO] [stdout]    |     ^^^^^^^^^^^^ use of undeclared crate or module `test_rqlited`
[INFO] [stdout] 
[INFO] [stdout] 
[INFO] [stdout] error[E0432]: unresolved import `test_rqlited`
[INFO] [stdout]   --> tests/monitor_readyz_test.rs:20:5
[INFO] [stdout]    |
[INFO] [stdout] 20 | use test_rqlited::TEST_RQLITED_DB;
[INFO] [stdout]    |     ^^^^^^^^^^^^ use of undeclared crate or module `test_rqlited`
[INFO] [stdout] 
[INFO] [stdout] 
[INFO] [stdout] error[E0432]: unresolved import `test_rqlited`
[INFO] [stdout]   --> tests/monitor_status_test.rs:20:5
[INFO] [stdout]    |
[INFO] [stdout] 20 | use test_rqlited::TEST_RQLITED_DB;
[INFO] [stdout]    |     ^^^^^^^^^^^^ use of undeclared crate or module `test_rqlited`
[INFO] [stdout] 
[INFO] [stdout] 
[INFO] [stdout] error: aborting due to previous error
[INFO] [stdout] 
[INFO] [stdout] 
[INFO] [stdout] For more information about this error, try `rustc --explain E0432`.
[INFO] [stdout] 
[INFO] [stderr] error: could not compile `rqlite_client` (test "monitor_readyz_test") due to 2 previous errors
[INFO] [stdout] error: aborting due to previous error
[INFO] [stdout] 
[INFO] [stdout] 
[INFO] [stderr] warning: build failed, waiting for other jobs to finish...
[INFO] [stdout] error: aborting due to previous error
[INFO] [stdout] 
[INFO] [stdout] 
[INFO] [stdout] For more information about this error, try `rustc --explain E0432`.
[INFO] [stdout] 
[INFO] [stdout] For more information about this error, try `rustc --explain E0432`.
[INFO] [stdout] 
[INFO] [stderr] error: could not compile `rqlite_client` (test "delete_table_test") due to 2 previous errors
[INFO] [stdout] error: aborting due to previous error
[INFO] [stdout] 
[INFO] [stdout] 
[INFO] [stdout] For more information about this error, try `rustc --explain E0432`.
[INFO] [stdout] 
[INFO] [stderr] error: could not compile `rqlite_client` (test "create_table_test") due to 2 previous errors
[INFO] [stdout] error: aborting due to previous error
[INFO] [stdout] 
[INFO] [stdout] 
[INFO] [stdout] For more information about this error, try `rustc --explain E0432`.
[INFO] [stdout] 
[INFO] [stderr] error: could not compile `rqlite_client` (test "query_without_values_test") due to 2 previous errors
[INFO] [stdout] error: aborting due to previous error
[INFO] [stdout] 
[INFO] [stdout] 
[INFO] [stdout] For more information about this error, try `rustc --explain E0432`.
[INFO] [stdout] 
[INFO] [stdout] error: aborting due to previous error
[INFO] [stdout] 
[INFO] [stdout] 
[INFO] [stdout] For more information about this error, try `rustc --explain E0432`.
[INFO] [stdout] 
[INFO] [stderr] error: could not compile `rqlite_client` (test "queue_write_test") due to 2 previous errors
[INFO] [stderr] error: could not compile `rqlite_client` (test "monitor_nodes_test") due to 2 previous errors
[INFO] [stderr] error: could not compile `rqlite_client` (test "monitor_status_test") due to 2 previous errors
[INFO] [stdout] error: aborting due to previous error
[INFO] [stdout] 
[INFO] [stdout] 
[INFO] [stdout] For more information about this error, try `rustc --explain E0432`.
[INFO] [stdout] 
[INFO] [stderr] error: could not compile `rqlite_client` (test "request_test") due to 2 previous errors
[INFO] [stdout] error[E0432]: unresolved import `test_rqlited`
[INFO] [stdout]    --> src/lib.rs:281:5
[INFO] [stdout]     |
[INFO] [stdout] 281 | use test_rqlited as _;
[INFO] [stdout]     |     ^^^^^^^^^^^^^^^^^ no external crate `test_rqlited`
[INFO] [stdout] 
[INFO] [stdout] 
[INFO] [stdout] error: aborting due to previous error
[INFO] [stdout] 
[INFO] [stdout] 
[INFO] [stdout] For more information about this error, try `rustc --explain E0432`.
[INFO] [stdout] 
[INFO] [stderr] error: could not compile `rqlite_client` (lib test) due to 2 previous errors
[INFO] running `Command { std: "docker" "inspect" "4cf7259edccb411f21448c662bb1bddbb387116c730f45cb2a6594954d6273ca", kill_on_drop: false }`
[INFO] running `Command { std: "docker" "rm" "-f" "4cf7259edccb411f21448c662bb1bddbb387116c730f45cb2a6594954d6273ca", kill_on_drop: false }`
[INFO] [stdout] 4cf7259edccb411f21448c662bb1bddbb387116c730f45cb2a6594954d6273ca
[INFO] testing rqlite_client-0.0.1-alpha.10 against beta-2023-12-22 for beta-1.76-1
[INFO] extracting crate rqlite_client 0.0.1-alpha.10 into /workspace/builds/worker-5-tc2/source
[INFO] validating manifest of crates.io crate rqlite_client 0.0.1-alpha.10 on toolchain beta-2023-12-22
[INFO] running `Command { std: CARGO_HOME="/workspace/cargo-home" RUSTUP_HOME="/workspace/rustup-home" "/workspace/cargo-home/bin/cargo" "+beta-2023-12-22" "metadata" "--manifest-path" "Cargo.toml" "--no-deps", kill_on_drop: false }`
[INFO] started tweaking crates.io crate rqlite_client 0.0.1-alpha.10
[INFO] finished tweaking crates.io crate rqlite_client 0.0.1-alpha.10
[INFO] tweaked toml for crates.io crate rqlite_client 0.0.1-alpha.10 written to /workspace/builds/worker-5-tc2/source/Cargo.toml
[INFO] running `Command { std: CARGO_HOME="/workspace/cargo-home" RUSTUP_HOME="/workspace/rustup-home" "/workspace/cargo-home/bin/cargo" "+beta-2023-12-22" "generate-lockfile" "--manifest-path" "Cargo.toml", kill_on_drop: false }`
[INFO] [stderr]     Updating crates.io index
[INFO] running `Command { std: CARGO_HOME="/workspace/cargo-home" RUSTUP_HOME="/workspace/rustup-home" "/workspace/cargo-home/bin/cargo" "+beta-2023-12-22" "fetch" "--manifest-path" "Cargo.toml", kill_on_drop: false }`
[INFO] running `Command { std: "docker" "create" "-v" "/var/lib/crater-agent-workspace/builds/worker-5-tc2/target:/opt/rustwide/target:rw,Z" "-v" "/var/lib/crater-agent-workspace/builds/worker-5-tc2/source:/opt/rustwide/workdir:ro,Z" "-v" "/var/lib/crater-agent-workspace/cargo-home:/opt/rustwide/cargo-home:ro,Z" "-v" "/var/lib/crater-agent-workspace/rustup-home:/opt/rustwide/rustup-home:ro,Z" "-e" "SOURCE_DIR=/opt/rustwide/workdir" "-e" "CARGO_TARGET_DIR=/opt/rustwide/target" "-e" "CARGO_HOME=/opt/rustwide/cargo-home" "-e" "RUSTUP_HOME=/opt/rustwide/rustup-home" "-w" "/opt/rustwide/workdir" "-m" "1610612736" "--user" "0:0" "--network" "none" "ghcr.io/rust-lang/crates-build-env/linux@sha256:2788e3201cd34a07e3172128adcd8b3090168a8e3bcc40d7c032b9dda1df7d1c" "/opt/rustwide/cargo-home/bin/cargo" "+beta-2023-12-22" "metadata" "--no-deps" "--format-version=1", kill_on_drop: false }`
[INFO] [stdout] fc223527af80377a7969eeeb417795bc3a0989751fbb83dce60b6134e9ef665e
[INFO] running `Command { std: "docker" "start" "-a" "fc223527af80377a7969eeeb417795bc3a0989751fbb83dce60b6134e9ef665e", kill_on_drop: false }`
[INFO] running `Command { std: "docker" "inspect" "fc223527af80377a7969eeeb417795bc3a0989751fbb83dce60b6134e9ef665e", kill_on_drop: false }`
[INFO] running `Command { std: "docker" "rm" "-f" "fc223527af80377a7969eeeb417795bc3a0989751fbb83dce60b6134e9ef665e", kill_on_drop: false }`
[INFO] [stdout] fc223527af80377a7969eeeb417795bc3a0989751fbb83dce60b6134e9ef665e
[INFO] running `Command { std: "docker" "create" "-v" "/var/lib/crater-agent-workspace/builds/worker-5-tc2/target:/opt/rustwide/target:rw,Z" "-v" "/var/lib/crater-agent-workspace/builds/worker-5-tc2/source:/opt/rustwide/workdir:ro,Z" "-v" "/var/lib/crater-agent-workspace/cargo-home:/opt/rustwide/cargo-home:ro,Z" "-v" "/var/lib/crater-agent-workspace/rustup-home:/opt/rustwide/rustup-home:ro,Z" "-e" "SOURCE_DIR=/opt/rustwide/workdir" "-e" "CARGO_TARGET_DIR=/opt/rustwide/target" "-e" "CARGO_INCREMENTAL=0" "-e" "RUST_BACKTRACE=full" "-e" "RUSTFLAGS=--cap-lints=warn" "-e" "RUSTDOCFLAGS=--cap-lints=warn" "-e" "CARGO_HOME=/opt/rustwide/cargo-home" "-e" "RUSTUP_HOME=/opt/rustwide/rustup-home" "-w" "/opt/rustwide/workdir" "-m" "1610612736" "--user" "0:0" "--network" "none" "ghcr.io/rust-lang/crates-build-env/linux@sha256:2788e3201cd34a07e3172128adcd8b3090168a8e3bcc40d7c032b9dda1df7d1c" "/opt/rustwide/cargo-home/bin/cargo" "+beta-2023-12-22" "build" "--frozen" "--message-format=json", kill_on_drop: false }`
[INFO] [stdout] e7add03c9baa90b9223975baebb686ea422a1994cd08aafac78ef1a4cefda8c6
[INFO] running `Command { std: "docker" "start" "-a" "e7add03c9baa90b9223975baebb686ea422a1994cd08aafac78ef1a4cefda8c6", kill_on_drop: false }`
[INFO] [stderr]    Compiling serde v1.0.194
[INFO] [stderr]    Compiling miniz_oxide v0.7.1
[INFO] [stderr]    Compiling httpdate v1.0.3
[INFO] [stderr]    Compiling rqlite_client v0.0.1-alpha.10 (/opt/rustwide/workdir)
[INFO] [stderr]    Compiling flate2 v1.0.28
[INFO] [stderr]    Compiling serde_json v1.0.111
[INFO] [stderr]    Compiling ureq v2.9.1
[INFO] [stderr]     Finished dev [unoptimized + debuginfo] target(s) in 5.49s
[INFO] running `Command { std: "docker" "inspect" "e7add03c9baa90b9223975baebb686ea422a1994cd08aafac78ef1a4cefda8c6", kill_on_drop: false }`
[INFO] running `Command { std: "docker" "rm" "-f" "e7add03c9baa90b9223975baebb686ea422a1994cd08aafac78ef1a4cefda8c6", kill_on_drop: false }`
[INFO] [stdout] e7add03c9baa90b9223975baebb686ea422a1994cd08aafac78ef1a4cefda8c6
[INFO] running `Command { std: "docker" "create" "-v" "/var/lib/crater-agent-workspace/builds/worker-5-tc2/target:/opt/rustwide/target:rw,Z" "-v" "/var/lib/crater-agent-workspace/builds/worker-5-tc2/source:/opt/rustwide/workdir:ro,Z" "-v" "/var/lib/crater-agent-workspace/cargo-home:/opt/rustwide/cargo-home:ro,Z" "-v" "/var/lib/crater-agent-workspace/rustup-home:/opt/rustwide/rustup-home:ro,Z" "-e" "SOURCE_DIR=/opt/rustwide/workdir" "-e" "CARGO_TARGET_DIR=/opt/rustwide/target" "-e" "CARGO_INCREMENTAL=0" "-e" "RUST_BACKTRACE=full" "-e" "RUSTFLAGS=--cap-lints=warn" "-e" "RUSTDOCFLAGS=--cap-lints=warn" "-e" "CARGO_HOME=/opt/rustwide/cargo-home" "-e" "RUSTUP_HOME=/opt/rustwide/rustup-home" "-w" "/opt/rustwide/workdir" "-m" "1610612736" "--user" "0:0" "--network" "none" "ghcr.io/rust-lang/crates-build-env/linux@sha256:2788e3201cd34a07e3172128adcd8b3090168a8e3bcc40d7c032b9dda1df7d1c" "/opt/rustwide/cargo-home/bin/cargo" "+beta-2023-12-22" "test" "--frozen" "--no-run" "--message-format=json", kill_on_drop: false }`
[INFO] [stdout] 1d3fcced245a7f60885bae537082b13ec68d5c734693671ff7e6f6f211d2ee58
[INFO] running `Command { std: "docker" "start" "-a" "1d3fcced245a7f60885bae537082b13ec68d5c734693671ff7e6f6f211d2ee58", kill_on_drop: false }`
[INFO] [stderr]    Compiling rqlite_client v0.0.1-alpha.10 (/opt/rustwide/workdir)
[INFO] [stdout] error[E0432]: unresolved import `test_rqlited`
[INFO] [stdout]   --> tests/monitor_status_test.rs:20:5
[INFO] [stdout]    |
[INFO] [stdout] 20 | use test_rqlited::TEST_RQLITED_DB;
[INFO] [stdout]    |     ^^^^^^^^^^^^ use of undeclared crate or module `test_rqlited`
[INFO] [stdout] 
[INFO] [stdout] 
[INFO] [stdout] error[E0432]: unresolved import `test_rqlited`
[INFO] [stdout]   --> tests/monitor_nodes_test.rs:20:5
[INFO] [stdout]    |
[INFO] [stdout] 20 | use test_rqlited::{TEST_RQLITED_DB, TEST_RQLITED_DB_URL};
[INFO] [stdout]    |     ^^^^^^^^^^^^ use of undeclared crate or module `test_rqlited`
[INFO] [stdout] 
[INFO] [stdout] 
[INFO] [stdout] error[E0432]: unresolved import `test_rqlited`
[INFO] [stdout]   --> tests/query_without_values_test.rs:24:5
[INFO] [stdout]    |
[INFO] [stdout] 24 | use test_rqlited::TEST_RQLITED_DB;
[INFO] [stdout]    |     ^^^^^^^^^^^^ use of undeclared crate or module `test_rqlited`
[INFO] [stdout] 
[INFO] [stdout] 
[INFO] [stdout] error[E0432]: unresolved import `test_rqlited`
[INFO] [stdout]   --> tests/monitor_readyz_test.rs:20:5
[INFO] [stdout]    |
[INFO] [stdout] 20 | use test_rqlited::TEST_RQLITED_DB;
[INFO] [stdout]    |     ^^^^^^^^^^^^ use of undeclared crate or module `test_rqlited`
[INFO] [stdout] 
[INFO] [stdout] 
[INFO] [stdout] error[E0432]: unresolved import `test_rqlited`
[INFO] [stdout]   --> tests/create_table_test.rs:24:5
[INFO] [stdout]    |
[INFO] [stdout] 24 | use test_rqlited::TEST_RQLITED_DB;
[INFO] [stdout]    |     ^^^^^^^^^^^^ use of undeclared crate or module `test_rqlited`
[INFO] [stdout] 
[INFO] [stdout] 
[INFO] [stdout] error[E0432]: unresolved import `test_rqlited`
[INFO] [stdout]   --> tests/delete_table_test.rs:20:5
[INFO] [stdout]    |
[INFO] [stdout] 20 | use test_rqlited::TEST_RQLITED_DB;
[INFO] [stdout]    |     ^^^^^^^^^^^^ use of undeclared crate or module `test_rqlited`
[INFO] [stdout] 
[INFO] [stdout] 
[INFO] [stdout] error[E0432]: unresolved import `test_rqlited`
[INFO] [stdout]   --> tests/queue_write_test.rs:22:5
[INFO] [stdout]    |
[INFO] [stdout] 22 | use test_rqlited::TEST_RQLITED_DB;
[INFO] [stdout]    |     ^^^^^^^^^^^^ use of undeclared crate or module `test_rqlited`
[INFO] [stdout] 
[INFO] [stdout] 
[INFO] [stdout] error: aborting due to 1 previous error
[INFO] [stdout] 
[INFO] [stdout] 
[INFO] [stdout] For more information about this error, try `rustc --explain E0432`.
[INFO] [stdout] 
[INFO] [stdout] error: aborting due to 1 previous error
[INFO] [stdout] 
[INFO] [stdout] 
[INFO] [stdout] For more information about this error, try `rustc --explain E0432`.
[INFO] [stdout] 
[INFO] [stdout] error: aborting due to 1 previous error
[INFO] [stdout] 
[INFO] [stdout] 
[INFO] [stdout] For more information about this error, try `rustc --explain E0432`.
[INFO] [stdout] 
[INFO] [stderr] error: could not compile `rqlite_client` (test "query_without_values_test") due to 2 previous errors
[INFO] [stderr] warning: build failed, waiting for other jobs to finish...
[INFO] [stderr] error: could not compile `rqlite_client` (test "monitor_readyz_test") due to 2 previous errors
[INFO] [stdout] error[E0432]: unresolved import `test_rqlited`
[INFO] [stdout]   --> tests/request_test.rs:23:5
[INFO] [stdout]    |
[INFO] [stdout] 23 | use test_rqlited::{TEST_RQLITED_DB, TEST_RQLITED_DB_URL};
[INFO] [stdout]    |     ^^^^^^^^^^^^ use of undeclared crate or module `test_rqlited`
[INFO] [stdout] 
[INFO] [stdout] 
[INFO] [stderr] error: could not compile `rqlite_client` (test "create_table_test") due to 2 previous errors
[INFO] [stdout] error: aborting due to 1 previous error
[INFO] [stdout] 
[INFO] [stdout] 
[INFO] [stdout] For more information about this error, try `rustc --explain E0432`.
[INFO] [stdout] 
[INFO] [stderr] error: could not compile `rqlite_client` (test "delete_table_test") due to 2 previous errors
[INFO] [stdout] error: aborting due to 1 previous error
[INFO] [stdout] 
[INFO] [stdout] 
[INFO] [stdout] For more information about this error, try `rustc --explain E0432`.
[INFO] [stdout] 
[INFO] [stdout] error: aborting due to 1 previous error
[INFO] [stdout] 
[INFO] [stdout] 
[INFO] [stdout] error: aborting due to 1 previous error
[INFO] [stdout] 
[INFO] [stdout] 
[INFO] [stdout] For more information about this error, try `rustc --explain E0432`.
[INFO] [stdout] 
[INFO] [stdout] For more information about this error, try `rustc --explain E0432`.
[INFO] [stdout] 
[INFO] [stderr] error: could not compile `rqlite_client` (test "queue_write_test") due to 2 previous errors
[INFO] [stderr] error: could not compile `rqlite_client` (test "monitor_status_test") due to 2 previous errors
[INFO] [stderr] error: could not compile `rqlite_client` (test "monitor_nodes_test") due to 2 previous errors
[INFO] [stdout] error: aborting due to 1 previous error
[INFO] [stdout] 
[INFO] [stdout] 
[INFO] [stdout] For more information about this error, try `rustc --explain E0432`.
[INFO] [stdout] 
[INFO] [stderr] error: could not compile `rqlite_client` (test "request_test") due to 2 previous errors
[INFO] [stdout] error[E0432]: unresolved import `test_rqlited`
[INFO] [stdout]    --> src/lib.rs:281:5
[INFO] [stdout]     |
[INFO] [stdout] 281 | use test_rqlited as _;
[INFO] [stdout]     |     ^^^^^^^^^^^^^^^^^ no external crate `test_rqlited`
[INFO] [stdout] 
[INFO] [stdout] 
[INFO] [stdout] error: aborting due to 1 previous error
[INFO] [stdout] 
[INFO] [stdout] 
[INFO] [stdout] For more information about this error, try `rustc --explain E0432`.
[INFO] [stdout] 
[INFO] [stderr] error: could not compile `rqlite_client` (lib test) due to 2 previous errors
[INFO] running `Command { std: "docker" "inspect" "1d3fcced245a7f60885bae537082b13ec68d5c734693671ff7e6f6f211d2ee58", kill_on_drop: false }`
[INFO] running `Command { std: "docker" "rm" "-f" "1d3fcced245a7f60885bae537082b13ec68d5c734693671ff7e6f6f211d2ee58", kill_on_drop: false }`
[INFO] [stdout] 1d3fcced245a7f60885bae537082b13ec68d5c734693671ff7e6f6f211d2ee58
