[INFO] fetching crate rplugin_macros 0.1.1...
[INFO] testing rplugin_macros-0.1.1 against 1.75.0 for beta-1.76-1
[INFO] extracting crate rplugin_macros 0.1.1 into /workspace/builds/worker-3-tc1/source
[INFO] validating manifest of crates.io crate rplugin_macros 0.1.1 on toolchain 1.75.0
[INFO] running `Command { std: CARGO_HOME="/workspace/cargo-home" RUSTUP_HOME="/workspace/rustup-home" "/workspace/cargo-home/bin/cargo" "+1.75.0" "metadata" "--manifest-path" "Cargo.toml" "--no-deps", kill_on_drop: false }`
[INFO] started tweaking crates.io crate rplugin_macros 0.1.1
[INFO] finished tweaking crates.io crate rplugin_macros 0.1.1
[INFO] tweaked toml for crates.io crate rplugin_macros 0.1.1 written to /workspace/builds/worker-3-tc1/source/Cargo.toml
[INFO] running `Command { std: CARGO_HOME="/workspace/cargo-home" RUSTUP_HOME="/workspace/rustup-home" "/workspace/cargo-home/bin/cargo" "+1.75.0" "generate-lockfile" "--manifest-path" "Cargo.toml", kill_on_drop: false }`
[INFO] [stderr]     Updating crates.io index
[INFO] running `Command { std: CARGO_HOME="/workspace/cargo-home" RUSTUP_HOME="/workspace/rustup-home" "/workspace/cargo-home/bin/cargo" "+1.75.0" "fetch" "--manifest-path" "Cargo.toml", kill_on_drop: false }`
[INFO] [stderr]  Downloading crates ...
[INFO] [stderr]   Downloaded swc_macros_common v0.3.9
[INFO] running `Command { std: "docker" "create" "-v" "/var/lib/crater-agent-workspace/builds/worker-3-tc1/target:/opt/rustwide/target:rw,Z" "-v" "/var/lib/crater-agent-workspace/builds/worker-3-tc1/source:/opt/rustwide/workdir:ro,Z" "-v" "/var/lib/crater-agent-workspace/cargo-home:/opt/rustwide/cargo-home:ro,Z" "-v" "/var/lib/crater-agent-workspace/rustup-home:/opt/rustwide/rustup-home:ro,Z" "-e" "SOURCE_DIR=/opt/rustwide/workdir" "-e" "CARGO_TARGET_DIR=/opt/rustwide/target" "-e" "CARGO_HOME=/opt/rustwide/cargo-home" "-e" "RUSTUP_HOME=/opt/rustwide/rustup-home" "-w" "/opt/rustwide/workdir" "-m" "1610612736" "--user" "0:0" "--network" "none" "ghcr.io/rust-lang/crates-build-env/linux@sha256:2788e3201cd34a07e3172128adcd8b3090168a8e3bcc40d7c032b9dda1df7d1c" "/opt/rustwide/cargo-home/bin/cargo" "+1.75.0" "metadata" "--no-deps" "--format-version=1", kill_on_drop: false }`
[INFO] [stdout] 60bdef05fd823365985f176f7c2eaeacb86756fd671568fa8ad444c9a538e11e
[INFO] running `Command { std: "docker" "start" "-a" "60bdef05fd823365985f176f7c2eaeacb86756fd671568fa8ad444c9a538e11e", kill_on_drop: false }`
[INFO] running `Command { std: "docker" "inspect" "60bdef05fd823365985f176f7c2eaeacb86756fd671568fa8ad444c9a538e11e", kill_on_drop: false }`
[INFO] running `Command { std: "docker" "rm" "-f" "60bdef05fd823365985f176f7c2eaeacb86756fd671568fa8ad444c9a538e11e", kill_on_drop: false }`
[INFO] [stdout] 60bdef05fd823365985f176f7c2eaeacb86756fd671568fa8ad444c9a538e11e
[INFO] running `Command { std: "docker" "create" "-v" "/var/lib/crater-agent-workspace/builds/worker-3-tc1/target:/opt/rustwide/target:rw,Z" "-v" "/var/lib/crater-agent-workspace/builds/worker-3-tc1/source:/opt/rustwide/workdir:ro,Z" "-v" "/var/lib/crater-agent-workspace/cargo-home:/opt/rustwide/cargo-home:ro,Z" "-v" "/var/lib/crater-agent-workspace/rustup-home:/opt/rustwide/rustup-home:ro,Z" "-e" "SOURCE_DIR=/opt/rustwide/workdir" "-e" "CARGO_TARGET_DIR=/opt/rustwide/target" "-e" "CARGO_INCREMENTAL=0" "-e" "RUST_BACKTRACE=full" "-e" "RUSTFLAGS=--cap-lints=warn" "-e" "RUSTDOCFLAGS=--cap-lints=warn" "-e" "CARGO_HOME=/opt/rustwide/cargo-home" "-e" "RUSTUP_HOME=/opt/rustwide/rustup-home" "-w" "/opt/rustwide/workdir" "-m" "1610612736" "--user" "0:0" "--network" "none" "ghcr.io/rust-lang/crates-build-env/linux@sha256:2788e3201cd34a07e3172128adcd8b3090168a8e3bcc40d7c032b9dda1df7d1c" "/opt/rustwide/cargo-home/bin/cargo" "+1.75.0" "build" "--frozen" "--message-format=json", kill_on_drop: false }`
[INFO] [stdout] b7f3dea9caadc4841e796bfa0b82ef2db84f3cc52f6721e32dc21cfbf35a52bc
[INFO] running `Command { std: "docker" "start" "-a" "b7f3dea9caadc4841e796bfa0b82ef2db84f3cc52f6721e32dc21cfbf35a52bc", kill_on_drop: false }`
[INFO] [stderr]    Compiling syn v1.0.109
[INFO] [stderr]    Compiling syn v2.0.48
[INFO] [stderr]    Compiling pmutil v0.5.3
[INFO] [stderr]    Compiling swc_macros_common v0.3.9
[INFO] [stderr]    Compiling rplugin_macros v0.1.1 (/opt/rustwide/workdir)
[INFO] [stdout] error[E0308]: mismatched types
[INFO] [stdout]   --> src/lib.rs:58:24
[INFO] [stdout]    |
[INFO] [stdout] 58 |         content: Some((call_site(), mod_items)),
[INFO] [stdout]    |                        ^^^^^^^^^^^ expected `Brace`, found `Span`
[INFO] [stdout]    |
[INFO] [stdout] help: try wrapping the expression in `syn::token::Brace`
[INFO] [stdout]    |
[INFO] [stdout] 58 |         content: Some((syn::token::Brace { span: call_site() }, mod_items)),
[INFO] [stdout]    |                        +++++++++++++++++++++++++             +
[INFO] [stdout] 
[INFO] [stdout] 
[INFO] [stdout] error[E0308]: arguments to this function are incorrect
[INFO] [stdout]    --> src/lib.rs:167:19
[INFO] [stdout]     |
[INFO] [stdout] 167 |     let binder = [VariantBinder::new(
[INFO] [stdout]     |                   ^^^^^^^^^^^^^^^^^^
[INFO] [stdout] ...
[INFO] [stdout] 170 |         &src.fields,
[INFO] [stdout]     |         ----------- expected `syn::data::Fields`, found `Fields`
[INFO] [stdout]     |
[INFO] [stdout]     = note: `Fields` and `syn::data::Fields` have similar names, but are actually distinct types
[INFO] [stdout] note: `Fields` is defined in crate `syn`
[INFO] [stdout]    --> /opt/rustwide/cargo-home/registry/src/index.crates.io-6f17d22bba15001f/syn-1.0.109/src/data.rs:25:1
[INFO] [stdout]     |
[INFO] [stdout] 25  | / ast_enum_of_structs! {
[INFO] [stdout] 26  | |     /// Data stored within an enum variant or struct.
[INFO] [stdout] 27  | |     ///
[INFO] [stdout] 28  | |     /// *This type is available only if Syn is built with the `"derive"` or `"full"`
[INFO] [stdout] ...   |
[INFO] [stdout] 47  | |     }
[INFO] [stdout] 48  | | }
[INFO] [stdout]     | |_^
[INFO] [stdout] note: `syn::data::Fields` is defined in crate `syn`
[INFO] [stdout]    --> /opt/rustwide/cargo-home/registry/src/index.crates.io-6f17d22bba15001f/syn-2.0.48/src/data.rs:21:1
[INFO] [stdout]     |
[INFO] [stdout] 21  | / ast_enum_of_structs! {
[INFO] [stdout] 22  | |     /// Data stored within an enum variant or struct.
[INFO] [stdout] 23  | |     ///
[INFO] [stdout] 24  | |     /// # Syntax tree enum
[INFO] [stdout] ...   |
[INFO] [stdout] 40  | |     }
[INFO] [stdout] 41  | | }
[INFO] [stdout]     | |_^
[INFO] [stdout]     = note: perhaps two different versions of crate `syn` are being used?
[INFO] [stdout] note: expected `&[Attribute]`, found `&Vec<Attribute>`
[INFO] [stdout]    --> src/lib.rs:171:9
[INFO] [stdout]     |
[INFO] [stdout] 171 |         &src.attrs,
[INFO] [stdout]     |         ^^^^^^^^^^
[INFO] [stdout]     = note: expected reference `&[syn::attr::Attribute]`
[INFO] [stdout]                found reference `&Vec<Attribute>`
[INFO] [stdout] note: associated function defined here
[INFO] [stdout]    --> /opt/rustwide/cargo-home/registry/src/index.crates.io-6f17d22bba15001f/swc_macros_common-0.3.9/src/binder.rs:94:18
[INFO] [stdout]     |
[INFO] [stdout] 94  |     pub const fn new(
[INFO] [stdout]     |                  ^^^
[INFO] [stdout]     = note: this error originates in the macro `strip_attrs_pub` which comes from the expansion of the macro `ast_enum_of_structs` (in Nightly builds, run with -Z macro-backtrace for more info)
[INFO] [stdout] 
[INFO] [stdout] 
[INFO] [stdout] error[E0308]: arguments to this function are incorrect
[INFO] [stdout]    --> src/lib.rs:202:18
[INFO] [stdout]     |
[INFO] [stdout] 202 |         .map(|v| VariantBinder::new(Some(&src.ident), &v.ident, &v.fields, &v.attrs))
[INFO] [stdout]     |                  ^^^^^^^^^^^^^^^^^^                             --------- expected `syn::data::Fields`, found `Fields`
[INFO] [stdout]     |
[INFO] [stdout]     = note: `Fields` and `syn::data::Fields` have similar names, but are actually distinct types
[INFO] [stdout] note: `Fields` is defined in crate `syn`
[INFO] [stdout]    --> /opt/rustwide/cargo-home/registry/src/index.crates.io-6f17d22bba15001f/syn-1.0.109/src/data.rs:25:1
[INFO] [stdout]     |
[INFO] [stdout] 25  | / ast_enum_of_structs! {
[INFO] [stdout] 26  | |     /// Data stored within an enum variant or struct.
[INFO] [stdout] 27  | |     ///
[INFO] [stdout] 28  | |     /// *This type is available only if Syn is built with the `"derive"` or `"full"`
[INFO] [stdout] ...   |
[INFO] [stdout] 47  | |     }
[INFO] [stdout] 48  | | }
[INFO] [stdout]     | |_^
[INFO] [stdout] note: `syn::data::Fields` is defined in crate `syn`
[INFO] [stdout]    --> /opt/rustwide/cargo-home/registry/src/index.crates.io-6f17d22bba15001f/syn-2.0.48/src/data.rs:21:1
[INFO] [stdout]     |
[INFO] [stdout] 21  | / ast_enum_of_structs! {
[INFO] [stdout] 22  | |     /// Data stored within an enum variant or struct.
[INFO] [stdout] 23  | |     ///
[INFO] [stdout] 24  | |     /// # Syntax tree enum
[INFO] [stdout] ...   |
[INFO] [stdout] 40  | |     }
[INFO] [stdout] 41  | | }
[INFO] [stdout]     | |_^
[INFO] [stdout]     = note: perhaps two different versions of crate `syn` are being used?
[INFO] [stdout] note: expected `&[Attribute]`, found `&Vec<Attribute>`
[INFO] [stdout]    --> src/lib.rs:202:76
[INFO] [stdout]     |
[INFO] [stdout] 202 |         .map(|v| VariantBinder::new(Some(&src.ident), &v.ident, &v.fields, &v.attrs))
[INFO] [stdout]     |                                                                            ^^^^^^^^
[INFO] [stdout]     = note: expected reference `&[syn::attr::Attribute]`
[INFO] [stdout]                found reference `&Vec<Attribute>`
[INFO] [stdout] note: associated function defined here
[INFO] [stdout]    --> /opt/rustwide/cargo-home/registry/src/index.crates.io-6f17d22bba15001f/swc_macros_common-0.3.9/src/binder.rs:94:18
[INFO] [stdout]     |
[INFO] [stdout] 94  |     pub const fn new(
[INFO] [stdout]     |                  ^^^
[INFO] [stdout]     = note: this error originates in the macro `strip_attrs_pub` which comes from the expansion of the macro `ast_enum_of_structs` (in Nightly builds, run with -Z macro-backtrace for more info)
[INFO] [stdout] 
[INFO] [stdout] 
[INFO] [stdout] error[E0308]: mismatched types
[INFO] [stdout]    --> src/lib.rs:245:35
[INFO] [stdout]     |
[INFO] [stdout] 245 |                 colon_token: Some(call_site()),
[INFO] [stdout]     |                              ---- ^^^^^^^^^^^ expected `Colon`, found `Span`
[INFO] [stdout]     |                              |
[INFO] [stdout]     |                              arguments to this enum variant are incorrect
[INFO] [stdout]     |
[INFO] [stdout] help: the type constructed contains `proc_macro2::Span` due to the type of the argument passed
[INFO] [stdout]    --> src/lib.rs:245:30
[INFO] [stdout]     |
[INFO] [stdout] 245 |                 colon_token: Some(call_site()),
[INFO] [stdout]     |                              ^^^^^-----------^
[INFO] [stdout]     |                                   |
[INFO] [stdout]     |                                   this argument influences the type of `Some`
[INFO] [stdout] note: tuple variant defined here
[INFO] [stdout]    --> /rustc/82e1608dfa6e0b5569232559e3d385fea5a93112/library/core/src/option.rs:577:5
[INFO] [stdout] 
[INFO] [stdout] 
[INFO] [stdout] error[E0308]: mismatched types
[INFO] [stdout]    --> src/lib.rs:278:30
[INFO] [stdout]     |
[INFO] [stdout] 278 |             fat_arrow_token: call_site(),
[INFO] [stdout]     |                              ^^^^^^^^^^^ expected `FatArrow`, found `Span`
[INFO] [stdout] 
[INFO] [stdout] 
[INFO] [stdout] error[E0308]: mismatched types
[INFO] [stdout]    --> src/lib.rs:281:23
[INFO] [stdout]     |
[INFO] [stdout] 281 |                 path: v.qual_path(),
[INFO] [stdout]     |                       ^^^^^^^^^^^^^ expected `syn::Path`, found `syn::path::Path`
[INFO] [stdout]     |
[INFO] [stdout]     = note: `syn::path::Path` and `syn::Path` have similar names, but are actually distinct types
[INFO] [stdout] note: `syn::path::Path` is defined in crate `syn`
[INFO] [stdout]    --> /opt/rustwide/cargo-home/registry/src/index.crates.io-6f17d22bba15001f/syn-2.0.48/src/path.rs:4:1
[INFO] [stdout]     |
[INFO] [stdout] 4   | / ast_struct! {
[INFO] [stdout] 5   | |     /// A path at which a named item is exported (e.g. `std::collections::HashMap`).
[INFO] [stdout] 6   | |     #[cfg_attr(doc_cfg, doc(cfg(any(feature = "full", feature = "derive"))))]
[INFO] [stdout] 7   | |     pub struct Path {
[INFO] [stdout] ...   |
[INFO] [stdout] 10  | |     }
[INFO] [stdout] 11  | | }
[INFO] [stdout]     | |_^
[INFO] [stdout] note: `syn::Path` is defined in crate `syn`
[INFO] [stdout]    --> /opt/rustwide/cargo-home/registry/src/index.crates.io-6f17d22bba15001f/syn-1.0.109/src/path.rs:4:1
[INFO] [stdout]     |
[INFO] [stdout] 4   | / ast_struct! {
[INFO] [stdout] 5   | |     /// A path at which a named item is exported (e.g. `std::collections::HashMap`).
[INFO] [stdout] 6   | |     ///
[INFO] [stdout] 7   | |     /// *This type is available only if Syn is built with the `"derive"` or `"full"`
[INFO] [stdout] ...   |
[INFO] [stdout] 13  | |     }
[INFO] [stdout] 14  | | }
[INFO] [stdout]     | |_^
[INFO] [stdout]     = note: perhaps two different versions of crate `syn` are being used?
[INFO] [stdout]     = note: this error originates in the macro `ast_struct` (in Nightly builds, run with -Z macro-backtrace for more info)
[INFO] [stdout] 
[INFO] [stdout] 
[INFO] [stdout] error[E0308]: mismatched types
[INFO] [stdout]    --> src/lib.rs:284:30
[INFO] [stdout]     |
[INFO] [stdout] 284 |                 brace_token: call_site(),
[INFO] [stdout]     |                              ^^^^^^^^^^^ expected `Brace`, found `Span`
[INFO] [stdout]     |
[INFO] [stdout] help: try wrapping the expression in `syn::token::Brace`
[INFO] [stdout]     |
[INFO] [stdout] 284 |                 brace_token: syn::token::Brace { span: call_site() },
[INFO] [stdout]     |                              +++++++++++++++++++++++++             +
[INFO] [stdout] 
[INFO] [stdout] 
[INFO] [stdout] error[E0308]: mismatched types
[INFO] [stdout]    --> src/lib.rs:287:25
[INFO] [stdout]     |
[INFO] [stdout] 287 |             comma: Some(call_site()),
[INFO] [stdout]     |                    ---- ^^^^^^^^^^^ expected `Comma`, found `Span`
[INFO] [stdout]     |                    |
[INFO] [stdout]     |                    arguments to this enum variant are incorrect
[INFO] [stdout]     |
[INFO] [stdout] help: the type constructed contains `proc_macro2::Span` due to the type of the argument passed
[INFO] [stdout]    --> src/lib.rs:287:20
[INFO] [stdout]     |
[INFO] [stdout] 287 |             comma: Some(call_site()),
[INFO] [stdout]     |                    ^^^^^-----------^
[INFO] [stdout]     |                         |
[INFO] [stdout]     |                         this argument influences the type of `Some`
[INFO] [stdout] note: tuple variant defined here
[INFO] [stdout]    --> /rustc/82e1608dfa6e0b5569232559e3d385fea5a93112/library/core/src/option.rs:577:5
[INFO] [stdout] 
[INFO] [stdout] 
[INFO] [stdout] error[E0308]: mismatched types
[INFO] [stdout]    --> src/lib.rs:293:22
[INFO] [stdout]     |
[INFO] [stdout] 293 |         match_token: call_site(),
[INFO] [stdout]     |                      ^^^^^^^^^^^ expected `Match`, found `Span`
[INFO] [stdout]     |
[INFO] [stdout] help: try wrapping the expression in `syn::token::Match`
[INFO] [stdout]     |
[INFO] [stdout] 293 |         match_token: syn::token::Match { span: call_site() },
[INFO] [stdout]     |                      +++++++++++++++++++++++++             +
[INFO] [stdout] 
[INFO] [stdout] 
[INFO] [stdout] error[E0308]: mismatched types
[INFO] [stdout]    --> src/lib.rs:295:22
[INFO] [stdout]     |
[INFO] [stdout] 295 |         brace_token: call_site(),
[INFO] [stdout]     |                      ^^^^^^^^^^^ expected `Brace`, found `Span`
[INFO] [stdout]     |
[INFO] [stdout] help: try wrapping the expression in `syn::token::Brace`
[INFO] [stdout]     |
[INFO] [stdout] 295 |         brace_token: syn::token::Brace { span: call_site() },
[INFO] [stdout]     |                      +++++++++++++++++++++++++             +
[INFO] [stdout] 
[INFO] [stdout] 
[INFO] [stdout] error[E0308]: mismatched types
[INFO] [stdout]    --> src/lib.rs:315:13
[INFO] [stdout]     |
[INFO] [stdout] 315 |             pat,
[INFO] [stdout]     |             ^^^ expected `Pat`, found `syn::pat::Pat`
[INFO] [stdout]     |
[INFO] [stdout]     = note: `syn::pat::Pat` and `Pat` have similar names, but are actually distinct types
[INFO] [stdout] note: `syn::pat::Pat` is defined in crate `syn`
[INFO] [stdout]    --> /opt/rustwide/cargo-home/registry/src/index.crates.io-6f17d22bba15001f/syn-2.0.48/src/pat.rs:5:1
[INFO] [stdout]     |
[INFO] [stdout] 5   | / ast_enum_of_structs! {
[INFO] [stdout] 6   | |     /// A pattern in a local binding, function signature, match expression, or
[INFO] [stdout] 7   | |     /// various other places.
[INFO] [stdout] 8   | |     ///
[INFO] [stdout] ...   |
[INFO] [stdout] 91  | |     }
[INFO] [stdout] 92  | | }
[INFO] [stdout]     | |_^
[INFO] [stdout] note: `Pat` is defined in crate `syn`
[INFO] [stdout]    --> /opt/rustwide/cargo-home/registry/src/index.crates.io-6f17d22bba15001f/syn-1.0.109/src/pat.rs:5:1
[INFO] [stdout]     |
[INFO] [stdout] 5   | / ast_enum_of_structs! {
[INFO] [stdout] 6   | |     /// A pattern in a local binding, function signature, match expression, or
[INFO] [stdout] 7   | |     /// various other places.
[INFO] [stdout] 8   | |     ///
[INFO] [stdout] ...   |
[INFO] [stdout] 97  | |     }
[INFO] [stdout] 98  | | }
[INFO] [stdout]     | |_^
[INFO] [stdout]     = note: perhaps two different versions of crate `syn` are being used?
[INFO] [stdout]     = note: this error originates in the macro `ast_enum_of_structs` (in Nightly builds, run with -Z macro-backtrace for more info)
[INFO] [stdout] 
[INFO] [stdout] 
[INFO] [stdout] error[E0308]: mismatched types
[INFO] [stdout]    --> src/lib.rs:317:30
[INFO] [stdout]     |
[INFO] [stdout] 317 |             fat_arrow_token: call_site(),
[INFO] [stdout]     |                              ^^^^^^^^^^^ expected `FatArrow`, found `Span`
[INFO] [stdout] 
[INFO] [stdout] 
[INFO] [stdout] error[E0308]: mismatched types
[INFO] [stdout]    --> src/lib.rs:330:30
[INFO] [stdout]     |
[INFO] [stdout] 330 |                 brace_token: call_site(),
[INFO] [stdout]     |                              ^^^^^^^^^^^ expected `Brace`, found `Span`
[INFO] [stdout]     |
[INFO] [stdout] help: try wrapping the expression in `syn::token::Brace`
[INFO] [stdout]     |
[INFO] [stdout] 330 |                 brace_token: syn::token::Brace { span: call_site() },
[INFO] [stdout]     |                              +++++++++++++++++++++++++             +
[INFO] [stdout] 
[INFO] [stdout] 
[INFO] [stdout] error[E0308]: mismatched types
[INFO] [stdout]    --> src/lib.rs:333:25
[INFO] [stdout]     |
[INFO] [stdout] 333 |             comma: Some(call_site()),
[INFO] [stdout]     |                    ---- ^^^^^^^^^^^ expected `Comma`, found `Span`
[INFO] [stdout]     |                    |
[INFO] [stdout]     |                    arguments to this enum variant are incorrect
[INFO] [stdout]     |
[INFO] [stdout] help: the type constructed contains `proc_macro2::Span` due to the type of the argument passed
[INFO] [stdout]    --> src/lib.rs:333:20
[INFO] [stdout]     |
[INFO] [stdout] 333 |             comma: Some(call_site()),
[INFO] [stdout]     |                    ^^^^^-----------^
[INFO] [stdout]     |                         |
[INFO] [stdout]     |                         this argument influences the type of `Some`
[INFO] [stdout] note: tuple variant defined here
[INFO] [stdout]    --> /rustc/82e1608dfa6e0b5569232559e3d385fea5a93112/library/core/src/option.rs:577:5
[INFO] [stdout] 
[INFO] [stdout] 
[INFO] [stdout] error[E0308]: mismatched types
[INFO] [stdout]    --> src/lib.rs:339:22
[INFO] [stdout]     |
[INFO] [stdout] 339 |         match_token: call_site(),
[INFO] [stdout]     |                      ^^^^^^^^^^^ expected `Match`, found `Span`
[INFO] [stdout]     |
[INFO] [stdout] help: try wrapping the expression in `syn::token::Match`
[INFO] [stdout]     |
[INFO] [stdout] 339 |         match_token: syn::token::Match { span: call_site() },
[INFO] [stdout]     |                      +++++++++++++++++++++++++             +
[INFO] [stdout] 
[INFO] [stdout] 
[INFO] [stdout] error[E0308]: mismatched types
[INFO] [stdout]    --> src/lib.rs:341:22
[INFO] [stdout]     |
[INFO] [stdout] 341 |         brace_token: call_site(),
[INFO] [stdout]     |                      ^^^^^^^^^^^ expected `Brace`, found `Span`
[INFO] [stdout]     |
[INFO] [stdout] help: try wrapping the expression in `syn::token::Brace`
[INFO] [stdout]     |
[INFO] [stdout] 341 |         brace_token: syn::token::Brace { span: call_site() },
[INFO] [stdout]     |                      +++++++++++++++++++++++++             +
[INFO] [stdout] 
[INFO] [stdout] 
[INFO] [stdout] error: aborting due to 16 previous errors
[INFO] [stdout] 
[INFO] [stdout] 
[INFO] [stdout] For more information about this error, try `rustc --explain E0308`.
[INFO] [stdout] 
[INFO] [stderr] error: could not compile `rplugin_macros` (lib) due to 17 previous errors
[INFO] running `Command { std: "docker" "inspect" "b7f3dea9caadc4841e796bfa0b82ef2db84f3cc52f6721e32dc21cfbf35a52bc", kill_on_drop: false }`
[INFO] running `Command { std: "docker" "rm" "-f" "b7f3dea9caadc4841e796bfa0b82ef2db84f3cc52f6721e32dc21cfbf35a52bc", kill_on_drop: false }`
[INFO] [stdout] b7f3dea9caadc4841e796bfa0b82ef2db84f3cc52f6721e32dc21cfbf35a52bc
