[INFO] fetching crate router-xiaobei 0.1.2...
[INFO] testing router-xiaobei-0.1.2 against 1.75.0 for beta-1.76-1
[INFO] extracting crate router-xiaobei 0.1.2 into /workspace/builds/worker-1-tc1/source
[INFO] validating manifest of crates.io crate router-xiaobei 0.1.2 on toolchain 1.75.0
[INFO] running `Command { std: CARGO_HOME="/workspace/cargo-home" RUSTUP_HOME="/workspace/rustup-home" "/workspace/cargo-home/bin/cargo" "+1.75.0" "metadata" "--manifest-path" "Cargo.toml" "--no-deps", kill_on_drop: false }`
[INFO] started tweaking crates.io crate router-xiaobei 0.1.2
[INFO] finished tweaking crates.io crate router-xiaobei 0.1.2
[INFO] tweaked toml for crates.io crate router-xiaobei 0.1.2 written to /workspace/builds/worker-1-tc1/source/Cargo.toml
[INFO] running `Command { std: CARGO_HOME="/workspace/cargo-home" RUSTUP_HOME="/workspace/rustup-home" "/workspace/cargo-home/bin/cargo" "+1.75.0" "generate-lockfile" "--manifest-path" "Cargo.toml", kill_on_drop: false }`
[INFO] [stderr]     Updating crates.io index
[INFO] running `Command { std: CARGO_HOME="/workspace/cargo-home" RUSTUP_HOME="/workspace/rustup-home" "/workspace/cargo-home/bin/cargo" "+1.75.0" "fetch" "--manifest-path" "Cargo.toml", kill_on_drop: false }`
[INFO] [stderr]  Downloading crates ...
[INFO] [stderr]   Downloaded router-xiaobei-macro v0.1.0
[INFO] [stderr]   Downloaded dodrio v0.1.0
[INFO] running `Command { std: "docker" "create" "-v" "/var/lib/crater-agent-workspace/builds/worker-1-tc1/target:/opt/rustwide/target:rw,Z" "-v" "/var/lib/crater-agent-workspace/builds/worker-1-tc1/source:/opt/rustwide/workdir:ro,Z" "-v" "/var/lib/crater-agent-workspace/cargo-home:/opt/rustwide/cargo-home:ro,Z" "-v" "/var/lib/crater-agent-workspace/rustup-home:/opt/rustwide/rustup-home:ro,Z" "-e" "SOURCE_DIR=/opt/rustwide/workdir" "-e" "CARGO_TARGET_DIR=/opt/rustwide/target" "-e" "CARGO_HOME=/opt/rustwide/cargo-home" "-e" "RUSTUP_HOME=/opt/rustwide/rustup-home" "-w" "/opt/rustwide/workdir" "-m" "1610612736" "--user" "0:0" "--network" "none" "ghcr.io/rust-lang/crates-build-env/linux@sha256:2788e3201cd34a07e3172128adcd8b3090168a8e3bcc40d7c032b9dda1df7d1c" "/opt/rustwide/cargo-home/bin/cargo" "+1.75.0" "metadata" "--no-deps" "--format-version=1", kill_on_drop: false }`
[INFO] [stdout] 181b6266fe04e4ed84adeb0341cb5470d87807196d449dcdd36f8a2e67ada4f7
[INFO] running `Command { std: "docker" "start" "-a" "181b6266fe04e4ed84adeb0341cb5470d87807196d449dcdd36f8a2e67ada4f7", kill_on_drop: false }`
[INFO] running `Command { std: "docker" "inspect" "181b6266fe04e4ed84adeb0341cb5470d87807196d449dcdd36f8a2e67ada4f7", kill_on_drop: false }`
[INFO] running `Command { std: "docker" "rm" "-f" "181b6266fe04e4ed84adeb0341cb5470d87807196d449dcdd36f8a2e67ada4f7", kill_on_drop: false }`
[INFO] [stdout] 181b6266fe04e4ed84adeb0341cb5470d87807196d449dcdd36f8a2e67ada4f7
[INFO] running `Command { std: "docker" "create" "-v" "/var/lib/crater-agent-workspace/builds/worker-1-tc1/target:/opt/rustwide/target:rw,Z" "-v" "/var/lib/crater-agent-workspace/builds/worker-1-tc1/source:/opt/rustwide/workdir:ro,Z" "-v" "/var/lib/crater-agent-workspace/cargo-home:/opt/rustwide/cargo-home:ro,Z" "-v" "/var/lib/crater-agent-workspace/rustup-home:/opt/rustwide/rustup-home:ro,Z" "-e" "SOURCE_DIR=/opt/rustwide/workdir" "-e" "CARGO_TARGET_DIR=/opt/rustwide/target" "-e" "CARGO_INCREMENTAL=0" "-e" "RUST_BACKTRACE=full" "-e" "RUSTFLAGS=--cap-lints=warn" "-e" "RUSTDOCFLAGS=--cap-lints=warn" "-e" "CARGO_HOME=/opt/rustwide/cargo-home" "-e" "RUSTUP_HOME=/opt/rustwide/rustup-home" "-w" "/opt/rustwide/workdir" "-m" "1610612736" "--user" "0:0" "--network" "none" "ghcr.io/rust-lang/crates-build-env/linux@sha256:2788e3201cd34a07e3172128adcd8b3090168a8e3bcc40d7c032b9dda1df7d1c" "/opt/rustwide/cargo-home/bin/cargo" "+1.75.0" "build" "--frozen" "--message-format=json", kill_on_drop: false }`
[INFO] [stdout] 535e56c9bf1c1e42bbb209f5320b5cfe9ff0bc3c97772339b12feb7ed5259938
[INFO] running `Command { std: "docker" "start" "-a" "535e56c9bf1c1e42bbb209f5320b5cfe9ff0bc3c97772339b12feb7ed5259938", kill_on_drop: false }`
[INFO] [stderr]    Compiling wasm-bindgen-shared v0.2.89
[INFO] [stderr]    Compiling log v0.4.20
[INFO] [stderr]    Compiling bumpalo v3.14.0
[INFO] [stderr]    Compiling once_cell v1.19.0
[INFO] [stderr]    Compiling wasm-bindgen v0.2.89
[INFO] [stderr]    Compiling proc-macro2 v0.4.30
[INFO] [stderr]    Compiling unicode-xid v0.1.0
[INFO] [stderr]    Compiling syn v0.15.44
[INFO] [stderr]    Compiling cfg-if v0.1.10
[INFO] [stderr]    Compiling futures v0.1.31
[INFO] [stderr]    Compiling bumpalo v2.6.0
[INFO] [stderr]    Compiling fxhash v0.2.1
[INFO] [stderr]    Compiling syn v2.0.48
[INFO] [stderr]    Compiling quote v0.6.13
[INFO] [stderr]    Compiling wasm-bindgen-backend v0.2.89
[INFO] [stderr]    Compiling wasm-bindgen-macro-support v0.2.89
[INFO] [stderr]    Compiling wasm-bindgen-macro v0.2.89
[INFO] [stderr]    Compiling router-xiaobei-macro v0.1.0
[INFO] [stderr]    Compiling js-sys v0.3.66
[INFO] [stderr]    Compiling wasm-bindgen-futures v0.3.27
[INFO] [stderr]    Compiling web-sys v0.3.66
[INFO] [stderr]    Compiling dodrio v0.1.0
[INFO] [stdout] error: expected `,`
[INFO] [stdout]   --> /opt/rustwide/cargo-home/registry/src/index.crates.io-6f17d22bba15001f/dodrio-0.1.0/src/change_list.rs:31:36
[INFO] [stdout]    |
[INFO] [stdout] 31 |             trampoline: &Closure<Fn(web_sys::Event, u32, u32)>,
[INFO] [stdout]    |                                    ^
[INFO] [stdout] 
[INFO] [stdout] 
[INFO] [stdout] error[E0412]: cannot find type `ChangeList` in module `js`
[INFO] [stdout]   --> /opt/rustwide/cargo-home/registry/src/index.crates.io-6f17d22bba15001f/dodrio-0.1.0/src/change_list.rs:45:13
[INFO] [stdout]    |
[INFO] [stdout] 45 |     js: js::ChangeList,
[INFO] [stdout]    |             ^^^^^^^^^^ not found in `js`
[INFO] [stdout] 
[INFO] [stdout] 
[INFO] [stdout] error[E0433]: failed to resolve: could not find `ChangeList` in `js`
[INFO] [stdout]   --> /opt/rustwide/cargo-home/registry/src/index.crates.io-6f17d22bba15001f/dodrio-0.1.0/src/change_list.rs:81:22
[INFO] [stdout]    |
[INFO] [stdout] 81 |         let js = js::ChangeList::new(container);
[INFO] [stdout]    |                      ^^^^^^^^^^ could not find `ChangeList` in `js`
[INFO] [stdout]    |
[INFO] [stdout] help: consider importing this struct
[INFO] [stdout]    |
[INFO] [stdout] 1  + use crate::change_list::ChangeList;
[INFO] [stdout]    |
[INFO] [stdout] help: if you import `ChangeList`, refer to it directly
[INFO] [stdout]    |
[INFO] [stdout] 81 -         let js = js::ChangeList::new(container);
[INFO] [stdout] 81 +         let js = ChangeList::new(container);
[INFO] [stdout]    |
[INFO] [stdout] 
[INFO] [stdout] 
[INFO] [stdout] error: aborting due to 3 previous errors
[INFO] [stdout] 
[INFO] [stdout] 
[INFO] [stdout] Some errors have detailed explanations: E0412, E0433.
[INFO] [stdout] 
[INFO] [stdout] For more information about an error, try `rustc --explain E0412`.
[INFO] [stdout] 
[INFO] [stderr] error: could not compile `dodrio` (lib) due to 4 previous errors
[INFO] [stderr] warning: build failed, waiting for other jobs to finish...
[INFO] running `Command { std: "docker" "inspect" "535e56c9bf1c1e42bbb209f5320b5cfe9ff0bc3c97772339b12feb7ed5259938", kill_on_drop: false }`
[INFO] running `Command { std: "docker" "rm" "-f" "535e56c9bf1c1e42bbb209f5320b5cfe9ff0bc3c97772339b12feb7ed5259938", kill_on_drop: false }`
[INFO] [stdout] 535e56c9bf1c1e42bbb209f5320b5cfe9ff0bc3c97772339b12feb7ed5259938
[INFO] testing router-xiaobei-0.1.2 against beta-2023-12-22 for beta-1.76-1
[INFO] extracting crate router-xiaobei 0.1.2 into /workspace/builds/worker-1-tc2/source
[INFO] validating manifest of crates.io crate router-xiaobei 0.1.2 on toolchain beta-2023-12-22
[INFO] running `Command { std: CARGO_HOME="/workspace/cargo-home" RUSTUP_HOME="/workspace/rustup-home" "/workspace/cargo-home/bin/cargo" "+beta-2023-12-22" "metadata" "--manifest-path" "Cargo.toml" "--no-deps", kill_on_drop: false }`
[INFO] started tweaking crates.io crate router-xiaobei 0.1.2
[INFO] finished tweaking crates.io crate router-xiaobei 0.1.2
[INFO] tweaked toml for crates.io crate router-xiaobei 0.1.2 written to /workspace/builds/worker-1-tc2/source/Cargo.toml
[INFO] running `Command { std: CARGO_HOME="/workspace/cargo-home" RUSTUP_HOME="/workspace/rustup-home" "/workspace/cargo-home/bin/cargo" "+beta-2023-12-22" "generate-lockfile" "--manifest-path" "Cargo.toml", kill_on_drop: false }`
[INFO] [stderr]     Blocking waiting for file lock on package cache
[INFO] [stderr]     Updating crates.io index
[INFO] running `Command { std: CARGO_HOME="/workspace/cargo-home" RUSTUP_HOME="/workspace/rustup-home" "/workspace/cargo-home/bin/cargo" "+beta-2023-12-22" "fetch" "--manifest-path" "Cargo.toml", kill_on_drop: false }`
[INFO] [stderr]     Blocking waiting for file lock on package cache
[INFO] running `Command { std: "docker" "create" "-v" "/var/lib/crater-agent-workspace/builds/worker-1-tc2/target:/opt/rustwide/target:rw,Z" "-v" "/var/lib/crater-agent-workspace/builds/worker-1-tc2/source:/opt/rustwide/workdir:ro,Z" "-v" "/var/lib/crater-agent-workspace/cargo-home:/opt/rustwide/cargo-home:ro,Z" "-v" "/var/lib/crater-agent-workspace/rustup-home:/opt/rustwide/rustup-home:ro,Z" "-e" "SOURCE_DIR=/opt/rustwide/workdir" "-e" "CARGO_TARGET_DIR=/opt/rustwide/target" "-e" "CARGO_HOME=/opt/rustwide/cargo-home" "-e" "RUSTUP_HOME=/opt/rustwide/rustup-home" "-w" "/opt/rustwide/workdir" "-m" "1610612736" "--user" "0:0" "--network" "none" "ghcr.io/rust-lang/crates-build-env/linux@sha256:2788e3201cd34a07e3172128adcd8b3090168a8e3bcc40d7c032b9dda1df7d1c" "/opt/rustwide/cargo-home/bin/cargo" "+beta-2023-12-22" "metadata" "--no-deps" "--format-version=1", kill_on_drop: false }`
[INFO] [stdout] a8c937fc63e62b41708b49eaf3de96621a59befd6064092a51dcd18c218999cd
[INFO] running `Command { std: "docker" "start" "-a" "a8c937fc63e62b41708b49eaf3de96621a59befd6064092a51dcd18c218999cd", kill_on_drop: false }`
[INFO] running `Command { std: "docker" "inspect" "a8c937fc63e62b41708b49eaf3de96621a59befd6064092a51dcd18c218999cd", kill_on_drop: false }`
[INFO] running `Command { std: "docker" "rm" "-f" "a8c937fc63e62b41708b49eaf3de96621a59befd6064092a51dcd18c218999cd", kill_on_drop: false }`
[INFO] [stdout] a8c937fc63e62b41708b49eaf3de96621a59befd6064092a51dcd18c218999cd
[INFO] running `Command { std: "docker" "create" "-v" "/var/lib/crater-agent-workspace/builds/worker-1-tc2/target:/opt/rustwide/target:rw,Z" "-v" "/var/lib/crater-agent-workspace/builds/worker-1-tc2/source:/opt/rustwide/workdir:ro,Z" "-v" "/var/lib/crater-agent-workspace/cargo-home:/opt/rustwide/cargo-home:ro,Z" "-v" "/var/lib/crater-agent-workspace/rustup-home:/opt/rustwide/rustup-home:ro,Z" "-e" "SOURCE_DIR=/opt/rustwide/workdir" "-e" "CARGO_TARGET_DIR=/opt/rustwide/target" "-e" "CARGO_INCREMENTAL=0" "-e" "RUST_BACKTRACE=full" "-e" "RUSTFLAGS=--cap-lints=warn" "-e" "RUSTDOCFLAGS=--cap-lints=warn" "-e" "CARGO_HOME=/opt/rustwide/cargo-home" "-e" "RUSTUP_HOME=/opt/rustwide/rustup-home" "-w" "/opt/rustwide/workdir" "-m" "1610612736" "--user" "0:0" "--network" "none" "ghcr.io/rust-lang/crates-build-env/linux@sha256:2788e3201cd34a07e3172128adcd8b3090168a8e3bcc40d7c032b9dda1df7d1c" "/opt/rustwide/cargo-home/bin/cargo" "+beta-2023-12-22" "build" "--frozen" "--message-format=json", kill_on_drop: false }`
[INFO] [stdout] cd8363da65a82decd66f018cf4d3e717bbf8eff325fa2a68571631d56b4ecf67
[INFO] running `Command { std: "docker" "start" "-a" "cd8363da65a82decd66f018cf4d3e717bbf8eff325fa2a68571631d56b4ecf67", kill_on_drop: false }`
[INFO] [stderr]    Compiling wasm-bindgen-shared v0.2.89
[INFO] [stderr]    Compiling bumpalo v3.14.0
[INFO] [stderr]    Compiling log v0.4.20
[INFO] [stderr]    Compiling once_cell v1.19.0
[INFO] [stderr]    Compiling wasm-bindgen v0.2.89
[INFO] [stderr]    Compiling proc-macro2 v0.4.30
[INFO] [stderr]    Compiling unicode-xid v0.1.0
[INFO] [stderr]    Compiling syn v0.15.44
[INFO] [stderr]    Compiling cfg-if v0.1.10
[INFO] [stderr]    Compiling futures v0.1.31
[INFO] [stderr]    Compiling bumpalo v2.6.0
[INFO] [stderr]    Compiling fxhash v0.2.1
[INFO] [stderr]    Compiling syn v2.0.48
[INFO] [stderr]    Compiling quote v0.6.13
[INFO] [stderr]    Compiling wasm-bindgen-backend v0.2.89
[INFO] [stderr]    Compiling wasm-bindgen-macro-support v0.2.89
[INFO] [stderr]    Compiling router-xiaobei-macro v0.1.0
[INFO] [stderr]    Compiling wasm-bindgen-macro v0.2.89
[INFO] [stderr]    Compiling js-sys v0.3.66
[INFO] [stderr]    Compiling web-sys v0.3.66
[INFO] [stderr]    Compiling wasm-bindgen-futures v0.3.27
[INFO] [stderr]    Compiling dodrio v0.1.0
[INFO] [stdout] error: expected `,`
[INFO] [stdout]   --> /opt/rustwide/cargo-home/registry/src/index.crates.io-6f17d22bba15001f/dodrio-0.1.0/src/change_list.rs:31:36
[INFO] [stdout]    |
[INFO] [stdout] 31 |             trampoline: &Closure<Fn(web_sys::Event, u32, u32)>,
[INFO] [stdout]    |                                    ^
[INFO] [stdout] 
[INFO] [stdout] 
[INFO] [stdout] error[E0412]: cannot find type `ChangeList` in module `js`
[INFO] [stdout]   --> /opt/rustwide/cargo-home/registry/src/index.crates.io-6f17d22bba15001f/dodrio-0.1.0/src/change_list.rs:45:13
[INFO] [stdout]    |
[INFO] [stdout] 45 |     js: js::ChangeList,
[INFO] [stdout]    |             ^^^^^^^^^^ not found in `js`
[INFO] [stdout] 
[INFO] [stdout] 
[INFO] [stdout] error[E0433]: failed to resolve: could not find `ChangeList` in `js`
[INFO] [stdout]   --> /opt/rustwide/cargo-home/registry/src/index.crates.io-6f17d22bba15001f/dodrio-0.1.0/src/change_list.rs:81:22
[INFO] [stdout]    |
[INFO] [stdout] 81 |         let js = js::ChangeList::new(container);
[INFO] [stdout]    |                      ^^^^^^^^^^ could not find `ChangeList` in `js`
[INFO] [stdout]    |
[INFO] [stdout] help: consider importing this struct
[INFO] [stdout]    |
[INFO] [stdout] 1  + use crate::change_list::ChangeList;
[INFO] [stdout]    |
[INFO] [stdout] help: if you import `ChangeList`, refer to it directly
[INFO] [stdout]    |
[INFO] [stdout] 81 -         let js = js::ChangeList::new(container);
[INFO] [stdout] 81 +         let js = ChangeList::new(container);
[INFO] [stdout]    |
[INFO] [stdout] 
[INFO] [stdout] 
[INFO] [stdout] error: aborting due to 3 previous errors
[INFO] [stdout] 
[INFO] [stdout] 
[INFO] [stdout] Some errors have detailed explanations: E0412, E0433.
[INFO] [stdout] 
[INFO] [stdout] For more information about an error, try `rustc --explain E0412`.
[INFO] [stdout] 
[INFO] [stderr] error: could not compile `dodrio` (lib) due to 4 previous errors
[INFO] [stderr] warning: build failed, waiting for other jobs to finish...
[INFO] running `Command { std: "docker" "inspect" "cd8363da65a82decd66f018cf4d3e717bbf8eff325fa2a68571631d56b4ecf67", kill_on_drop: false }`
[INFO] running `Command { std: "docker" "rm" "-f" "cd8363da65a82decd66f018cf4d3e717bbf8eff325fa2a68571631d56b4ecf67", kill_on_drop: false }`
[INFO] [stdout] cd8363da65a82decd66f018cf4d3e717bbf8eff325fa2a68571631d56b4ecf67
