[INFO] fetching crate rotenv_codegen 0.15.0...
[INFO] testing rotenv_codegen-0.15.0 against 1.75.0 for beta-1.76-1
[INFO] extracting crate rotenv_codegen 0.15.0 into /workspace/builds/worker-0-tc1/source
[INFO] validating manifest of crates.io crate rotenv_codegen 0.15.0 on toolchain 1.75.0
[INFO] running `Command { std: CARGO_HOME="/workspace/cargo-home" RUSTUP_HOME="/workspace/rustup-home" "/workspace/cargo-home/bin/cargo" "+1.75.0" "metadata" "--manifest-path" "Cargo.toml" "--no-deps", kill_on_drop: false }`
[INFO] started tweaking crates.io crate rotenv_codegen 0.15.0
[INFO] finished tweaking crates.io crate rotenv_codegen 0.15.0
[INFO] tweaked toml for crates.io crate rotenv_codegen 0.15.0 written to /workspace/builds/worker-0-tc1/source/Cargo.toml
[INFO] running `Command { std: CARGO_HOME="/workspace/cargo-home" RUSTUP_HOME="/workspace/rustup-home" "/workspace/cargo-home/bin/cargo" "+1.75.0" "generate-lockfile" "--manifest-path" "Cargo.toml", kill_on_drop: false }`
[INFO] [stderr]     Updating crates.io index
[INFO] running `Command { std: CARGO_HOME="/workspace/cargo-home" RUSTUP_HOME="/workspace/rustup-home" "/workspace/cargo-home/bin/cargo" "+1.75.0" "fetch" "--manifest-path" "Cargo.toml", kill_on_drop: false }`
[INFO] [stderr]  Downloading crates ...
[INFO] [stderr]   Downloaded rotenv v0.15.0
[INFO] running `Command { std: "docker" "create" "-v" "/var/lib/crater-agent-workspace/builds/worker-0-tc1/target:/opt/rustwide/target:rw,Z" "-v" "/var/lib/crater-agent-workspace/builds/worker-0-tc1/source:/opt/rustwide/workdir:ro,Z" "-v" "/var/lib/crater-agent-workspace/cargo-home:/opt/rustwide/cargo-home:ro,Z" "-v" "/var/lib/crater-agent-workspace/rustup-home:/opt/rustwide/rustup-home:ro,Z" "-e" "SOURCE_DIR=/opt/rustwide/workdir" "-e" "CARGO_TARGET_DIR=/opt/rustwide/target" "-e" "CARGO_HOME=/opt/rustwide/cargo-home" "-e" "RUSTUP_HOME=/opt/rustwide/rustup-home" "-w" "/opt/rustwide/workdir" "-m" "1610612736" "--user" "0:0" "--network" "none" "ghcr.io/rust-lang/crates-build-env/linux@sha256:2788e3201cd34a07e3172128adcd8b3090168a8e3bcc40d7c032b9dda1df7d1c" "/opt/rustwide/cargo-home/bin/cargo" "+1.75.0" "metadata" "--no-deps" "--format-version=1", kill_on_drop: false }`
[INFO] [stdout] 14bed8d9e131cf701462bdd130cdf063e21a33ba24e3dfdcdf3ba2afe7b73afe
[INFO] running `Command { std: "docker" "start" "-a" "14bed8d9e131cf701462bdd130cdf063e21a33ba24e3dfdcdf3ba2afe7b73afe", kill_on_drop: false }`
[INFO] running `Command { std: "docker" "inspect" "14bed8d9e131cf701462bdd130cdf063e21a33ba24e3dfdcdf3ba2afe7b73afe", kill_on_drop: false }`
[INFO] running `Command { std: "docker" "rm" "-f" "14bed8d9e131cf701462bdd130cdf063e21a33ba24e3dfdcdf3ba2afe7b73afe", kill_on_drop: false }`
[INFO] [stdout] 14bed8d9e131cf701462bdd130cdf063e21a33ba24e3dfdcdf3ba2afe7b73afe
[INFO] running `Command { std: "docker" "create" "-v" "/var/lib/crater-agent-workspace/builds/worker-0-tc1/target:/opt/rustwide/target:rw,Z" "-v" "/var/lib/crater-agent-workspace/builds/worker-0-tc1/source:/opt/rustwide/workdir:ro,Z" "-v" "/var/lib/crater-agent-workspace/cargo-home:/opt/rustwide/cargo-home:ro,Z" "-v" "/var/lib/crater-agent-workspace/rustup-home:/opt/rustwide/rustup-home:ro,Z" "-e" "SOURCE_DIR=/opt/rustwide/workdir" "-e" "CARGO_TARGET_DIR=/opt/rustwide/target" "-e" "CARGO_INCREMENTAL=0" "-e" "RUST_BACKTRACE=full" "-e" "RUSTFLAGS=--cap-lints=warn" "-e" "RUSTDOCFLAGS=--cap-lints=warn" "-e" "CARGO_HOME=/opt/rustwide/cargo-home" "-e" "RUSTUP_HOME=/opt/rustwide/rustup-home" "-w" "/opt/rustwide/workdir" "-m" "1610612736" "--user" "0:0" "--network" "none" "ghcr.io/rust-lang/crates-build-env/linux@sha256:2788e3201cd34a07e3172128adcd8b3090168a8e3bcc40d7c032b9dda1df7d1c" "/opt/rustwide/cargo-home/bin/cargo" "+1.75.0" "build" "--frozen" "--message-format=json", kill_on_drop: false }`
[INFO] [stdout] a0ed6210d97f800f960da8868825d967bd7778343b3140f6caeb747e767dc37e
[INFO] running `Command { std: "docker" "start" "-a" "a0ed6210d97f800f960da8868825d967bd7778343b3140f6caeb747e767dc37e", kill_on_drop: false }`
[INFO] [stderr]    Compiling rotenv v0.15.0
[INFO] [stderr]    Compiling litrs v0.2.3
[INFO] [stderr]    Compiling rotenv_codegen v0.15.0 (/opt/rustwide/workdir)
[INFO] [stderr]     Finished dev [unoptimized + debuginfo] target(s) in 2.01s
[INFO] running `Command { std: "docker" "inspect" "a0ed6210d97f800f960da8868825d967bd7778343b3140f6caeb747e767dc37e", kill_on_drop: false }`
[INFO] running `Command { std: "docker" "rm" "-f" "a0ed6210d97f800f960da8868825d967bd7778343b3140f6caeb747e767dc37e", kill_on_drop: false }`
[INFO] [stdout] a0ed6210d97f800f960da8868825d967bd7778343b3140f6caeb747e767dc37e
[INFO] running `Command { std: "docker" "create" "-v" "/var/lib/crater-agent-workspace/builds/worker-0-tc1/target:/opt/rustwide/target:rw,Z" "-v" "/var/lib/crater-agent-workspace/builds/worker-0-tc1/source:/opt/rustwide/workdir:ro,Z" "-v" "/var/lib/crater-agent-workspace/cargo-home:/opt/rustwide/cargo-home:ro,Z" "-v" "/var/lib/crater-agent-workspace/rustup-home:/opt/rustwide/rustup-home:ro,Z" "-e" "SOURCE_DIR=/opt/rustwide/workdir" "-e" "CARGO_TARGET_DIR=/opt/rustwide/target" "-e" "CARGO_INCREMENTAL=0" "-e" "RUST_BACKTRACE=full" "-e" "RUSTFLAGS=--cap-lints=warn" "-e" "RUSTDOCFLAGS=--cap-lints=warn" "-e" "CARGO_HOME=/opt/rustwide/cargo-home" "-e" "RUSTUP_HOME=/opt/rustwide/rustup-home" "-w" "/opt/rustwide/workdir" "-m" "1610612736" "--user" "0:0" "--network" "none" "ghcr.io/rust-lang/crates-build-env/linux@sha256:2788e3201cd34a07e3172128adcd8b3090168a8e3bcc40d7c032b9dda1df7d1c" "/opt/rustwide/cargo-home/bin/cargo" "+1.75.0" "test" "--frozen" "--no-run" "--message-format=json", kill_on_drop: false }`
[INFO] [stdout] f14e3f82f7c45aa90f49a43b893fa18cfe8591f6c3dc8feec07f0c1abb9a9324
[INFO] running `Command { std: "docker" "start" "-a" "f14e3f82f7c45aa90f49a43b893fa18cfe8591f6c3dc8feec07f0c1abb9a9324", kill_on_drop: false }`
[INFO] [stderr]    Compiling proc-macro2 v1.0.75
[INFO] [stderr]    Compiling unicode-ident v1.0.12
[INFO] [stderr]    Compiling rotenv v0.15.0
[INFO] [stderr]    Compiling syn v1.0.109
[INFO] [stderr]    Compiling quote v1.0.35
[INFO] [stderr]    Compiling litrs v0.2.3
[INFO] [stderr]    Compiling rotenv_codegen v0.15.0 (/opt/rustwide/workdir)
[INFO] [stdout] error: proc macro panicked
[INFO] [stdout]  --> tests/parse_dotenv.rs:5:5
[INFO] [stdout]   |
[INFO] [stdout] 5 |     dotenv_module!(filename = ".env", visibility = "pub");
[INFO] [stdout]   |     ^^^^^^^^^^^^^^^^^^^^^^^^^^^^^^^^^^^^^^^^^^^^^^^^^^^^^
[INFO] [stdout]   |
[INFO] [stdout]   = help: message: Could not find .env file
[INFO] [stdout] 
[INFO] [stdout] 
[INFO] [stdout] error: proc macro panicked
[INFO] [stdout]  --> tests/basic_dotenv_macro.rs:6:16
[INFO] [stdout]   |
[INFO] [stdout] 6 |     assert_eq!(dotenv!("CODEGEN_TEST_VAR1"), "hello!");
[INFO] [stdout]   |                ^^^^^^^^^^^^^^^^^^^^^^^^^^^^
[INFO] [stdout]   |
[INFO] [stdout]   = help: message: Error loading .env file: path not found
[INFO] [stdout] 
[INFO] [stdout] 
[INFO] [stdout] error: proc macro panicked
[INFO] [stdout]  --> tests/parse_dotenv.rs:8:1
[INFO] [stdout]   |
[INFO] [stdout] 8 | dotenv_module!(visibility = "pub");
[INFO] [stdout]   | ^^^^^^^^^^^^^^^^^^^^^^^^^^^^^^^^^^
[INFO] [stdout]   |
[INFO] [stdout]   = help: message: Could not find .env file
[INFO] [stdout] 
[INFO] [stdout] 
[INFO] [stdout] error: proc macro panicked
[INFO] [stdout]   --> tests/basic_dotenv_macro.rs:12:9
[INFO] [stdout]    |
[INFO] [stdout] 12 | /         dotenv!(
[INFO] [stdout] 13 | |             "CODEGEN_TEST_VAR2",
[INFO] [stdout] 14 | |             "err, you should be running this in the 'dotenv_codegen' \
[INFO] [stdout] 15 | |              directory to pick up the right .env file."
[INFO] [stdout] 16 | |         ),
[INFO] [stdout]    | |_________^
[INFO] [stdout]    |
[INFO] [stdout]    = help: message: Error loading .env file: path not found
[INFO] [stdout] 
[INFO] [stdout] 
[INFO] [stdout] error: proc macro panicked
[INFO] [stdout]   --> tests/parse_dotenv.rs:12:5
[INFO] [stdout]    |
[INFO] [stdout] 12 |     dotenv_build!();
[INFO] [stdout]    |     ^^^^^^^^^^^^^^^
[INFO] [stdout]    |
[INFO] [stdout]    = help: message: Could not find .env file
[INFO] [stdout] 
[INFO] [stdout] 
[INFO] [stdout] error: proc macro panicked
[INFO] [stdout]   --> tests/parse_dotenv.rs:32:5
[INFO] [stdout]    |
[INFO] [stdout] 32 |     dotenv_build!(filename = ".env");
[INFO] [stdout]    |     ^^^^^^^^^^^^^^^^^^^^^^^^^^^^^^^^
[INFO] [stdout]    |
[INFO] [stdout]    = help: message: Could not find .env file
[INFO] [stdout] 
[INFO] [stdout] 
[INFO] [stdout] error[E0432]: unresolved import `private_module::dotenv_vars`
[INFO] [stdout]   --> tests/parse_dotenv.rs:24:25
[INFO] [stdout]    |
[INFO] [stdout] 24 |     use private_module::dotenv_vars::*;
[INFO] [stdout]    |                         ^^^^^^^^^^^ could not find `dotenv_vars` in `private_module`
[INFO] [stdout] 
[INFO] [stdout] 
[INFO] [stdout] error[E0432]: unresolved import `dotenv_vars`
[INFO] [stdout]   --> tests/parse_dotenv.rs:44:9
[INFO] [stdout]    |
[INFO] [stdout] 44 |     use dotenv_vars::*;
[INFO] [stdout]    |         ^^^^^^^^^^^ use of undeclared crate or module `dotenv_vars`
[INFO] [stdout] 
[INFO] [stdout] 
[INFO] [stdout] error: aborting due to 2 previous errors
[INFO] [stdout] 
[INFO] [stdout] 
[INFO] [stderr] error: could not compile `rotenv_codegen` (test "basic_dotenv_macro") due to 3 previous errors
[INFO] [stderr] warning: build failed, waiting for other jobs to finish...
[INFO] [stdout] error[E0425]: cannot find value `CODEGEN_TEST_VAR1` in this scope
[INFO] [stdout]   --> tests/parse_dotenv.rs:25:16
[INFO] [stdout]    |
[INFO] [stdout] 25 |     assert_eq!(CODEGEN_TEST_VAR1, "hello!");
[INFO] [stdout]    |                ^^^^^^^^^^^^^^^^^ not found in this scope
[INFO] [stdout] 
[INFO] [stdout] 
[INFO] [stdout] error[E0425]: cannot find value `CODEGEN_TEST_VAR2` in this scope
[INFO] [stdout]   --> tests/parse_dotenv.rs:26:16
[INFO] [stdout]    |
[INFO] [stdout] 26 |     assert_eq!(CODEGEN_TEST_VAR2, "'quotes within quotes'");
[INFO] [stdout]    |                ^^^^^^^^^^^^^^^^^ not found in this scope
[INFO] [stdout] 
[INFO] [stdout] 
[INFO] [stdout] error[E0425]: cannot find value `CODEGEN_TEST_VAR3` in this scope
[INFO] [stdout]   --> tests/parse_dotenv.rs:27:16
[INFO] [stdout]    |
[INFO] [stdout] 27 |     assert_eq!(CODEGEN_TEST_VAR3, "69");
[INFO] [stdout]    |                ^^^^^^^^^^^^^^^^^ not found in this scope
[INFO] [stdout] 
[INFO] [stdout] 
[INFO] [stdout] error[E0425]: cannot find value `CODEGEN_TEST_VAR1` in this scope
[INFO] [stdout]   --> tests/parse_dotenv.rs:45:16
[INFO] [stdout]    |
[INFO] [stdout] 45 |     assert_eq!(CODEGEN_TEST_VAR1, "hello!");
[INFO] [stdout]    |                ^^^^^^^^^^^^^^^^^ not found in this scope
[INFO] [stdout] 
[INFO] [stdout] 
[INFO] [stdout] error[E0425]: cannot find value `CODEGEN_TEST_VAR2` in this scope
[INFO] [stdout]   --> tests/parse_dotenv.rs:46:16
[INFO] [stdout]    |
[INFO] [stdout] 46 |     assert_eq!(CODEGEN_TEST_VAR2, "'quotes within quotes'");
[INFO] [stdout]    |                ^^^^^^^^^^^^^^^^^ not found in this scope
[INFO] [stdout] 
[INFO] [stdout] 
[INFO] [stdout] error[E0425]: cannot find value `CODEGEN_TEST_VAR3` in this scope
[INFO] [stdout]   --> tests/parse_dotenv.rs:47:16
[INFO] [stdout]    |
[INFO] [stdout] 47 |     assert_eq!(CODEGEN_TEST_VAR3, "69");
[INFO] [stdout]    |                ^^^^^^^^^^^^^^^^^ not found in this scope
[INFO] [stdout] 
[INFO] [stdout] 
[INFO] [stdout] error: aborting due to 12 previous errors
[INFO] [stdout] 
[INFO] [stdout] 
[INFO] [stdout] Some errors have detailed explanations: E0425, E0432.
[INFO] [stdout] 
[INFO] [stdout] For more information about an error, try `rustc --explain E0425`.
[INFO] [stdout] 
[INFO] [stderr] error: could not compile `rotenv_codegen` (test "parse_dotenv") due to 13 previous errors
[INFO] running `Command { std: "docker" "inspect" "f14e3f82f7c45aa90f49a43b893fa18cfe8591f6c3dc8feec07f0c1abb9a9324", kill_on_drop: false }`
[INFO] running `Command { std: "docker" "rm" "-f" "f14e3f82f7c45aa90f49a43b893fa18cfe8591f6c3dc8feec07f0c1abb9a9324", kill_on_drop: false }`
[INFO] [stdout] f14e3f82f7c45aa90f49a43b893fa18cfe8591f6c3dc8feec07f0c1abb9a9324
