[INFO] fetching crate rosrust_dynamic_reconfigure 0.2.0...
[INFO] testing rosrust_dynamic_reconfigure-0.2.0 against 1.75.0 for beta-1.76-1
[INFO] extracting crate rosrust_dynamic_reconfigure 0.2.0 into /workspace/builds/worker-7-tc1/source
[INFO] validating manifest of crates.io crate rosrust_dynamic_reconfigure 0.2.0 on toolchain 1.75.0
[INFO] running `Command { std: CARGO_HOME="/workspace/cargo-home" RUSTUP_HOME="/workspace/rustup-home" "/workspace/cargo-home/bin/cargo" "+1.75.0" "metadata" "--manifest-path" "Cargo.toml" "--no-deps", kill_on_drop: false }`
[INFO] started tweaking crates.io crate rosrust_dynamic_reconfigure 0.2.0
[INFO] finished tweaking crates.io crate rosrust_dynamic_reconfigure 0.2.0
[INFO] tweaked toml for crates.io crate rosrust_dynamic_reconfigure 0.2.0 written to /workspace/builds/worker-7-tc1/source/Cargo.toml
[INFO] running `Command { std: CARGO_HOME="/workspace/cargo-home" RUSTUP_HOME="/workspace/rustup-home" "/workspace/cargo-home/bin/cargo" "+1.75.0" "generate-lockfile" "--manifest-path" "Cargo.toml", kill_on_drop: false }`
[INFO] [stderr]     Updating crates.io index
[INFO] running `Command { std: CARGO_HOME="/workspace/cargo-home" RUSTUP_HOME="/workspace/rustup-home" "/workspace/cargo-home/bin/cargo" "+1.75.0" "fetch" "--manifest-path" "Cargo.toml", kill_on_drop: false }`
[INFO] running `Command { std: "docker" "create" "-v" "/var/lib/crater-agent-workspace/builds/worker-7-tc1/target:/opt/rustwide/target:rw,Z" "-v" "/var/lib/crater-agent-workspace/builds/worker-7-tc1/source:/opt/rustwide/workdir:ro,Z" "-v" "/var/lib/crater-agent-workspace/cargo-home:/opt/rustwide/cargo-home:ro,Z" "-v" "/var/lib/crater-agent-workspace/rustup-home:/opt/rustwide/rustup-home:ro,Z" "-e" "SOURCE_DIR=/opt/rustwide/workdir" "-e" "CARGO_TARGET_DIR=/opt/rustwide/target" "-e" "CARGO_HOME=/opt/rustwide/cargo-home" "-e" "RUSTUP_HOME=/opt/rustwide/rustup-home" "-w" "/opt/rustwide/workdir" "-m" "1610612736" "--user" "0:0" "--network" "none" "ghcr.io/rust-lang/crates-build-env/linux@sha256:2788e3201cd34a07e3172128adcd8b3090168a8e3bcc40d7c032b9dda1df7d1c" "/opt/rustwide/cargo-home/bin/cargo" "+1.75.0" "metadata" "--no-deps" "--format-version=1", kill_on_drop: false }`
[INFO] [stdout] 0ca78f4bd05da7f88cfc39312c07382f20e26bd686eedadcbd890626e63e5a94
[INFO] running `Command { std: "docker" "start" "-a" "0ca78f4bd05da7f88cfc39312c07382f20e26bd686eedadcbd890626e63e5a94", kill_on_drop: false }`
[INFO] running `Command { std: "docker" "inspect" "0ca78f4bd05da7f88cfc39312c07382f20e26bd686eedadcbd890626e63e5a94", kill_on_drop: false }`
[INFO] running `Command { std: "docker" "rm" "-f" "0ca78f4bd05da7f88cfc39312c07382f20e26bd686eedadcbd890626e63e5a94", kill_on_drop: false }`
[INFO] [stdout] 0ca78f4bd05da7f88cfc39312c07382f20e26bd686eedadcbd890626e63e5a94
[INFO] running `Command { std: "docker" "create" "-v" "/var/lib/crater-agent-workspace/builds/worker-7-tc1/target:/opt/rustwide/target:rw,Z" "-v" "/var/lib/crater-agent-workspace/builds/worker-7-tc1/source:/opt/rustwide/workdir:ro,Z" "-v" "/var/lib/crater-agent-workspace/cargo-home:/opt/rustwide/cargo-home:ro,Z" "-v" "/var/lib/crater-agent-workspace/rustup-home:/opt/rustwide/rustup-home:ro,Z" "-e" "SOURCE_DIR=/opt/rustwide/workdir" "-e" "CARGO_TARGET_DIR=/opt/rustwide/target" "-e" "CARGO_INCREMENTAL=0" "-e" "RUST_BACKTRACE=full" "-e" "RUSTFLAGS=--cap-lints=warn" "-e" "RUSTDOCFLAGS=--cap-lints=warn" "-e" "CARGO_HOME=/opt/rustwide/cargo-home" "-e" "RUSTUP_HOME=/opt/rustwide/rustup-home" "-w" "/opt/rustwide/workdir" "-m" "1610612736" "--user" "0:0" "--network" "none" "ghcr.io/rust-lang/crates-build-env/linux@sha256:2788e3201cd34a07e3172128adcd8b3090168a8e3bcc40d7c032b9dda1df7d1c" "/opt/rustwide/cargo-home/bin/cargo" "+1.75.0" "build" "--frozen" "--message-format=json", kill_on_drop: false }`
[INFO] [stdout] 7f55017aab791e8cfcc09edc59d0e4c1b6562427459e03296bd67cd3631d1ddd
[INFO] running `Command { std: "docker" "start" "-a" "7f55017aab791e8cfcc09edc59d0e4c1b6562427459e03296bd67cd3631d1ddd", kill_on_drop: false }`
[INFO] [stderr]    Compiling cfg-if v1.0.0
[INFO] [stderr]    Compiling libc v0.2.151
[INFO] [stderr]    Compiling version_check v0.9.4
[INFO] [stderr]    Compiling proc-macro2 v1.0.75
[INFO] [stderr]    Compiling unicode-ident v1.0.12
[INFO] [stderr]    Compiling memchr v2.7.1
[INFO] [stderr]    Compiling adler v1.0.2
[INFO] [stderr]    Compiling autocfg v1.1.0
[INFO] [stderr]    Compiling gimli v0.28.1
[INFO] [stderr]    Compiling miniz_oxide v0.7.1
[INFO] [stderr]    Compiling typenum v1.17.0
[INFO] [stderr]    Compiling rustc-demangle v0.1.23
[INFO] [stderr]    Compiling tinyvec_macros v0.1.1
[INFO] [stderr]    Compiling tinyvec v1.6.0
[INFO] [stderr]    Compiling quote v1.0.35
[INFO] [stderr]    Compiling syn v2.0.48
[INFO] [stderr]    Compiling unicase v2.7.0
[INFO] [stderr]    Compiling generic-array v0.14.7
[INFO] [stderr]    Compiling cc v1.0.83
[INFO] [stderr]    Compiling log v0.4.20
[INFO] [stderr]    Compiling serde v1.0.194
[INFO] [stderr]    Compiling unicode-normalization v0.1.22
[INFO] [stderr]    Compiling crossbeam-utils v0.8.18
[INFO] [stderr]    Compiling bitflags v2.4.1
[INFO] [stderr]    Compiling regex-syntax v0.8.2
[INFO] [stderr]    Compiling unicode-bidi v0.3.14
[INFO] [stderr]    Compiling lazy_static v1.4.0
[INFO] [stderr]    Compiling getrandom v0.2.11
[INFO] [stderr]    Compiling addr2line v0.21.0
[INFO] [stderr]    Compiling object v0.32.2
[INFO] [stderr]    Compiling backtrace v0.3.69
[INFO] [stderr]    Compiling safemem v0.3.3
[INFO] [stderr]    Compiling httparse v1.8.0
[INFO] [stderr]    Compiling crc32fast v1.3.2
[INFO] [stderr]    Compiling rustix v0.38.28
[INFO] [stderr]    Compiling mime_guess v2.0.4
[INFO] [stderr]    Compiling rand_core v0.6.4
[INFO] [stderr]    Compiling num-traits v0.2.17
[INFO] [stderr]    Compiling ppv-lite86 v0.2.17
[INFO] [stderr]    Compiling linux-raw-sys v0.4.12
[INFO] [stderr]    Compiling version_check v0.1.5
[INFO] [stderr]    Compiling alloc-no-stdlib v2.0.4
[INFO] [stderr]    Compiling thiserror v1.0.56
[INFO] [stderr]    Compiling alloc-stdlib v0.2.2
[INFO] [stderr]    Compiling rand_chacha v0.3.1
[INFO] [stderr]    Compiling unicase v1.4.2
[INFO] [stderr]    Compiling digest v0.9.0
[INFO] [stderr]    Compiling block-buffer v0.9.0
[INFO] [stderr]    Compiling aho-corasick v1.1.2
[INFO] [stderr]    Compiling num_cpus v1.16.0
[INFO] [stderr]    Compiling log v0.3.9
[INFO] [stderr]    Compiling error-chain v0.12.4
[INFO] [stderr]    Compiling serde_derive v1.0.194
[INFO] [stderr]    Compiling thiserror-impl v1.0.56
[INFO] [stderr]    Compiling percent-encoding v2.3.1
[INFO] [stderr]    Compiling either v1.9.0
[INFO] [stderr]    Compiling powerfmt v0.2.0
[INFO] [stderr]    Compiling byteorder v1.5.0
[INFO] [stderr]    Compiling opaque-debug v0.3.0
[INFO] [stderr]    Compiling matches v0.1.10
[INFO] [stderr]    Compiling fastrand v2.0.1
[INFO] [stderr]    Compiling serde_json v1.0.111
[INFO] [stderr]    Compiling mime v0.3.17
[INFO] [stderr]    Compiling syn v1.0.109
[INFO] [stderr]    Compiling regex-automata v0.4.3
[INFO] [stderr]    Compiling idna v0.1.5
[INFO] [stderr]    Compiling tempfile v3.9.0
[INFO] [stderr]    Compiling md-5 v0.9.1
[INFO] [stderr]    Compiling deranged v0.3.11
[INFO] [stderr]    Compiling itertools v0.10.5
[INFO] [stderr]    Compiling form_urlencoded v1.2.1
[INFO] [stderr]    Compiling gzip-header v1.0.0
[INFO] [stderr]    Compiling rand v0.8.5
[INFO] [stderr]    Compiling brotli-decompressor v2.5.1
[INFO] [stderr]    Compiling buf_redux v0.8.4
[INFO] [stderr]    Compiling idna v0.5.0
[INFO] [stderr]    Compiling twoway v0.1.8
[INFO] [stderr]    Compiling time-core v0.1.2
[INFO] [stderr]    Compiling ucd-util v0.1.10
[INFO] [stderr]    Compiling chunked_transfer v1.5.0
[INFO] [stderr]    Compiling itoa v1.0.10
[INFO] [stderr]    Compiling ryu v1.0.16
[INFO] [stderr]    Compiling iana-time-zone v0.1.59
[INFO] [stderr]    Compiling num_threads v0.1.6
[INFO] [stderr]    Compiling quick-error v1.2.3
[INFO] [stderr]    Compiling bitflags v0.7.0
[INFO] [stderr]    Compiling equivalent v1.0.1
[INFO] [stderr]    Compiling adler32 v1.2.0
[INFO] [stderr]    Compiling httpdate v1.0.3
[INFO] [stderr]    Compiling regex v0.2.11
[INFO] [stderr]    Compiling ascii v1.1.0
[INFO] [stderr]    Compiling percent-encoding v1.0.1
[INFO] [stderr]    Compiling hex v0.4.3
[INFO] [stderr]    Compiling hashbrown v0.14.3
[INFO] [stderr]    Compiling array-init v2.1.0
[INFO] [stderr]    Compiling url v1.7.2
[INFO] [stderr]    Compiling tiny_http v0.12.0
[INFO] [stderr]    Compiling indexmap v2.1.0
[INFO] [stderr]    Compiling deflate v1.0.0
[INFO] [stderr]    Compiling xml-rs v0.3.6
[INFO] [stderr]    Compiling multipart v0.18.0
[INFO] [stderr]    Compiling time v0.3.31
[INFO] [stderr]    Compiling chrono v0.4.31
[INFO] [stderr]    Compiling brotli v3.4.0
[INFO] [stderr]    Compiling regex-syntax v0.5.6
[INFO] [stderr]    Compiling regex v1.10.2
[INFO] [stderr]    Compiling url v2.5.0
[INFO] [stderr]    Compiling base64 v0.9.3
[INFO] [stderr]    Compiling mime v0.2.6
[INFO] [stderr]    Compiling threadpool v1.8.1
[INFO] [stderr]    Compiling crossbeam-epoch v0.9.17
[INFO] [stderr]    Compiling thread_local v0.3.6
[INFO] [stderr]    Compiling filetime v0.2.23
[INFO] [stderr]    Compiling time v0.1.45
[INFO] [stderr]    Compiling aho-corasick v0.6.10
[INFO] [stderr]    Compiling lock_api v0.4.11
[INFO] [stderr]    Compiling typeable v0.1.2
[INFO] [stderr]    Compiling traitobject v0.1.0
[INFO] [stderr]    Compiling utf8-ranges v1.0.5
[INFO] [stderr]    Compiling fixedbitset v0.4.2
[INFO] [stderr]    Compiling base64 v0.13.1
[INFO] [stderr]    Compiling sha1_smol v1.0.0
[INFO] [stderr]    Compiling safemem v0.2.0
[INFO] [stderr]    Compiling parking_lot_core v0.9.9
[INFO] [stderr]    Compiling bitflags v0.9.1
[INFO] [stderr]    Compiling language-tags v0.2.2
[INFO] [stderr]    Compiling xml-rs v0.6.1
[INFO] [stderr]    Compiling base64 v0.6.0
[INFO] [stderr]    Compiling hyper v0.10.16
[INFO] [stderr]    Compiling rouille v3.6.2
[INFO] [stderr]    Compiling ros_message v0.1.1
[INFO] [stderr]    Compiling petgraph v0.6.4
[INFO] [stderr]    Compiling crossbeam-deque v0.8.4
[INFO] [stderr]    Compiling serde_bytes v0.10.5
[INFO] [stderr]    Compiling serde-xml-rs v0.2.1
[INFO] [stderr]    Compiling error-chain v0.10.0
[INFO] [stderr]    Compiling crossbeam-channel v0.5.10
[INFO] [stderr]    Compiling crossbeam-queue v0.3.10
[INFO] [stderr]    Compiling nix v0.27.1
[INFO] [stderr]    Compiling thread-id v4.2.1
[INFO] [stderr]    Compiling smallvec v1.11.2
[INFO] [stderr]    Compiling scopeguard v1.2.0
[INFO] [stderr]    Compiling futures v0.1.31
[INFO] [stderr]    Compiling match_cfg v0.1.0
[INFO] [stderr]    Compiling linked-hash-map v0.5.6
[INFO] [stderr]    Compiling hostname v0.3.1
[INFO] [stderr]    Compiling yaml-rust v0.4.5
[INFO] [stderr]    Compiling crossbeam v0.8.3
[INFO] [stderr]    Compiling xml-rpc v0.0.12
[INFO] [stderr]    Compiling ctrlc v3.4.2
[INFO] [stderr]    Compiling rosrust_codegen v0.9.6
[INFO] [stderr]    Compiling colored v2.1.0
[INFO] [stderr]    Compiling socket2 v0.4.10
[INFO] [stderr]    Compiling convert_case v0.4.0
[INFO] [stderr]    Compiling parking_lot v0.12.1
[INFO] [stderr]    Compiling derive_more v0.99.17
[INFO] [stderr]    Compiling rosrust v0.9.11
[INFO] [stderr]    Compiling rosrust_dynamic_reconfigure v0.2.0 (/opt/rustwide/workdir)
[INFO] [stdout] error: proc macro panicked
[INFO] [stdout]   --> src/lib.rs:30:5
[INFO] [stdout]    |
[INFO] [stdout] 30 |     rosrust::rosmsg_include!(dynamic_reconfigure/ConfigDescription, dynamic_reconfigure/Reconfigure);
[INFO] [stdout]    |     ^^^^^^^^^^^^^^^^^^^^^^^^^^^^^^^^^^^^^^^^^^^^^^^^^^^^^^^^^^^^^^^^^^^^^^^^^^^^^^^^^^^^^^^^^^^^^^^^
[INFO] [stdout]    |
[INFO] [stdout]    = help: message: message dynamic_reconfigure/Reconfigure not found in provided directories
[INFO] [stdout]            Directories:
[INFO] [stdout]            share
[INFO] [stdout]            ../src
[INFO] [stdout]            
[INFO] [stdout] 
[INFO] [stdout] 
[INFO] [stdout] error[E0432]: unresolved import `dynamic_reconfigure`
[INFO] [stdout]   --> src/lib.rs:31:13
[INFO] [stdout]    |
[INFO] [stdout] 31 |     pub use dynamic_reconfigure::*;
[INFO] [stdout]    |             ^^^^^^^^^^^^^^^^^^^ use of undeclared crate or module `dynamic_reconfigure`
[INFO] [stdout] 
[INFO] [stdout] 
[INFO] [stdout] error[E0433]: failed to resolve: could not find `Config` in `msg`
[INFO] [stdout]   --> src/lib.rs:97:24
[INFO] [stdout]    |
[INFO] [stdout] 97 |     let mut cfg = msg::Config::default();
[INFO] [stdout]    |                        ^^^^^^ could not find `Config` in `msg`
[INFO] [stdout] 
[INFO] [stdout] 
[INFO] [stdout] error[E0433]: failed to resolve: could not find `Config` in `msg`
[INFO] [stdout]    --> src/lib.rs:524:28
[INFO] [stdout]     |
[INFO] [stdout] 524 |         let mut max = msg::Config::default();
[INFO] [stdout]     |                            ^^^^^^ could not find `Config` in `msg`
[INFO] [stdout] 
[INFO] [stdout] 
[INFO] [stdout] error[E0433]: failed to resolve: could not find `Config` in `msg`
[INFO] [stdout]    --> src/lib.rs:525:28
[INFO] [stdout]     |
[INFO] [stdout] 525 |         let mut min = msg::Config::default();
[INFO] [stdout]     |                            ^^^^^^ could not find `Config` in `msg`
[INFO] [stdout] 
[INFO] [stdout] 
[INFO] [stdout] error[E0433]: failed to resolve: could not find `Config` in `msg`
[INFO] [stdout]    --> src/lib.rs:526:29
[INFO] [stdout]     |
[INFO] [stdout] 526 |         let mut dflt = msg::Config::default();
[INFO] [stdout]     |                             ^^^^^^ could not find `Config` in `msg`
[INFO] [stdout] 
[INFO] [stdout] 
[INFO] [stdout] error[E0412]: cannot find type `Config` in module `msg`
[INFO] [stdout]   --> src/lib.rs:96:83
[INFO] [stdout]    |
[INFO] [stdout] 96 | pub fn msg_from_iterator(iter: impl IntoIterator<Item = (String, Value)>) -> msg::Config {
[INFO] [stdout]    |                                                                                   ^^^^^^ not found in `msg`
[INFO] [stdout] 
[INFO] [stdout] 
[INFO] [stdout] error[E0422]: cannot find struct, variant or union type `StrParameter` in module `msg`
[INFO] [stdout]    --> src/lib.rs:100:53
[INFO] [stdout]     |
[INFO] [stdout] 100 |             Value::Str(value) => cfg.strs.push(msg::StrParameter { name, value }),
[INFO] [stdout]     |                                                     ^^^^^^^^^^^^ not found in `msg`
[INFO] [stdout] 
[INFO] [stdout] 
[INFO] [stdout] error[E0422]: cannot find struct, variant or union type `IntParameter` in module `msg`
[INFO] [stdout]    --> src/lib.rs:101:53
[INFO] [stdout]     |
[INFO] [stdout] 101 |             Value::Int(value) => cfg.ints.push(msg::IntParameter { name, value }),
[INFO] [stdout]     |                                                     ^^^^^^^^^^^^ not found in `msg`
[INFO] [stdout] 
[INFO] [stdout] 
[INFO] [stdout] error[E0422]: cannot find struct, variant or union type `DoubleParameter` in module `msg`
[INFO] [stdout]    --> src/lib.rs:102:58
[INFO] [stdout]     |
[INFO] [stdout] 102 |             Value::Float(value) => cfg.doubles.push(msg::DoubleParameter { name, value }),
[INFO] [stdout]     |                                                          ^^^^^^^^^^^^^^^ not found in `msg`
[INFO] [stdout] 
[INFO] [stdout] 
[INFO] [stdout] error[E0422]: cannot find struct, variant or union type `BoolParameter` in module `msg`
[INFO] [stdout]    --> src/lib.rs:103:55
[INFO] [stdout]     |
[INFO] [stdout] 103 |             Value::Bool(value) => cfg.bools.push(msg::BoolParameter { name, value }),
[INFO] [stdout]     |                                                       ^^^^^^^^^^^^^ not found in `msg`
[INFO] [stdout] 
[INFO] [stdout] 
[INFO] [stdout] error[E0412]: cannot find type `GroupState` in module `msg`
[INFO] [stdout]    --> src/lib.rs:388:27
[INFO] [stdout]     |
[INFO] [stdout] 388 | impl From<Group> for msg::GroupState {
[INFO] [stdout]     |                           ^^^^^^^^^^ not found in `msg`
[INFO] [stdout] 
[INFO] [stdout] 
[INFO] [stdout] error[E0422]: cannot find struct, variant or union type `GroupState` in module `msg`
[INFO] [stdout]    --> src/lib.rs:398:14
[INFO] [stdout]     |
[INFO] [stdout] 398 |         msg::GroupState {
[INFO] [stdout]     |              ^^^^^^^^^^ not found in `msg`
[INFO] [stdout] 
[INFO] [stdout] 
[INFO] [stdout] error[E0412]: cannot find type `Config` in module `msg`
[INFO] [stdout]    --> src/lib.rs:440:38
[INFO] [stdout]     |
[INFO] [stdout] 440 | fn insert_property(config: &mut msg::Config, name: String, value: Value) {
[INFO] [stdout]     |                                      ^^^^^^ not found in `msg`
[INFO] [stdout] 
[INFO] [stdout] 
[INFO] [stdout] error[E0422]: cannot find struct, variant or union type `StrParameter` in module `msg`
[INFO] [stdout]    --> src/lib.rs:442:52
[INFO] [stdout]     |
[INFO] [stdout] 442 |         Value::Str(value) => config.strs.push(msg::StrParameter { name, value }),
[INFO] [stdout]     |                                                    ^^^^^^^^^^^^ not found in `msg`
[INFO] [stdout] 
[INFO] [stdout] 
[INFO] [stdout] error[E0422]: cannot find struct, variant or union type `IntParameter` in module `msg`
[INFO] [stdout]    --> src/lib.rs:443:52
[INFO] [stdout]     |
[INFO] [stdout] 443 |         Value::Int(value) => config.ints.push(msg::IntParameter { name, value }),
[INFO] [stdout]     |                                                    ^^^^^^^^^^^^ not found in `msg`
[INFO] [stdout] 
[INFO] [stdout] 
[INFO] [stdout] error[E0422]: cannot find struct, variant or union type `DoubleParameter` in module `msg`
[INFO] [stdout]    --> src/lib.rs:444:57
[INFO] [stdout]     |
[INFO] [stdout] 444 |         Value::Float(value) => config.doubles.push(msg::DoubleParameter { name, value }),
[INFO] [stdout]     |                                                         ^^^^^^^^^^^^^^^ not found in `msg`
[INFO] [stdout] 
[INFO] [stdout] 
[INFO] [stdout] error[E0422]: cannot find struct, variant or union type `BoolParameter` in module `msg`
[INFO] [stdout]    --> src/lib.rs:445:54
[INFO] [stdout]     |
[INFO] [stdout] 445 |         Value::Bool(value) => config.bools.push(msg::BoolParameter { name, value }),
[INFO] [stdout]     |                                                      ^^^^^^^^^^^^^ not found in `msg`
[INFO] [stdout] 
[INFO] [stdout] 
[INFO] [stdout] error[E0422]: cannot find struct, variant or union type `Config` in module `msg`
[INFO] [stdout]    --> src/lib.rs:490:14
[INFO] [stdout]     |
[INFO] [stdout] 490 |         msg::Config {
[INFO] [stdout]     |              ^^^^^^ not found in `msg`
[INFO] [stdout] 
[INFO] [stdout] 
[INFO] [stdout] error[E0412]: cannot find type `Config` in module `msg`
[INFO] [stdout]    --> src/lib.rs:496:17
[INFO] [stdout]     |
[INFO] [stdout] 496 |         }: msg::Config,
[INFO] [stdout]     |                 ^^^^^^ not found in `msg`
[INFO] [stdout] 
[INFO] [stdout] 
[INFO] [stdout] error[E0422]: cannot find struct, variant or union type `BoolParameter` in module `msg`
[INFO] [stdout]    --> src/lib.rs:500:24
[INFO] [stdout]     |
[INFO] [stdout] 500 |             .map(|msg::BoolParameter { name, value }| (name, Value::from(value)))
[INFO] [stdout]     |                        ^^^^^^^^^^^^^ not found in `msg`
[INFO] [stdout] 
[INFO] [stdout] 
[INFO] [stdout] error[E0422]: cannot find struct, variant or union type `IntParameter` in module `msg`
[INFO] [stdout]    --> src/lib.rs:503:32
[INFO] [stdout]     |
[INFO] [stdout] 503 |                     .map(|msg::IntParameter { name, value }| (name, value.into())),
[INFO] [stdout]     |                                ^^^^^^^^^^^^ not found in `msg`
[INFO] [stdout] 
[INFO] [stdout] 
[INFO] [stdout] error[E0422]: cannot find struct, variant or union type `StrParameter` in module `msg`
[INFO] [stdout]    --> src/lib.rs:507:32
[INFO] [stdout]     |
[INFO] [stdout] 507 |                     .map(|msg::StrParameter { name, value }| (name, value.into())),
[INFO] [stdout]     |                                ^^^^^^^^^^^^ not found in `msg`
[INFO] [stdout] 
[INFO] [stdout] 
[INFO] [stdout] error[E0422]: cannot find struct, variant or union type `DoubleParameter` in module `msg`
[INFO] [stdout]    --> src/lib.rs:512:32
[INFO] [stdout]     |
[INFO] [stdout] 512 |                     .map(|msg::DoubleParameter { name, value }| (name, value.into())),
[INFO] [stdout]     |                                ^^^^^^^^^^^^^^^ not found in `msg`
[INFO] [stdout] 
[INFO] [stdout] 
[INFO] [stdout] error[E0412]: cannot find type `ConfigDescription` in module `msg`
[INFO] [stdout]    --> src/lib.rs:523:39
[INFO] [stdout]     |
[INFO] [stdout] 523 |     fn description_msg(&self) -> msg::ConfigDescription {
[INFO] [stdout]     |                                       ^^^^^^^^^^^^^^^^^ not found in `msg`
[INFO] [stdout] 
[INFO] [stdout] 
[INFO] [stdout] error[E0422]: cannot find struct, variant or union type `Group` in module `msg`
[INFO] [stdout]    --> src/lib.rs:536:34
[INFO] [stdout]     |
[INFO] [stdout] 536 |             let mut group = msg::Group {
[INFO] [stdout]     |                                  ^^^^^ not found in `msg`
[INFO] [stdout] 
[INFO] [stdout] 
[INFO] [stdout] error[E0422]: cannot find struct, variant or union type `ParamDescription` in module `msg`
[INFO] [stdout]    --> src/lib.rs:558:44
[INFO] [stdout]     |
[INFO] [stdout] 558 |                 group.parameters.push(msg::ParamDescription {
[INFO] [stdout]     |                                            ^^^^^^^^^^^^^^^^ not found in `msg`
[INFO] [stdout] 
[INFO] [stdout] 
[INFO] [stdout] error[E0422]: cannot find struct, variant or union type `ConfigDescription` in module `msg`
[INFO] [stdout]    --> src/lib.rs:573:14
[INFO] [stdout]     |
[INFO] [stdout] 573 |         msg::ConfigDescription {
[INFO] [stdout]     |              ^^^^^^^^^^^^^^^^^ not found in `msg`
[INFO] [stdout] 
[INFO] [stdout] 
[INFO] [stdout] error[E0412]: cannot find type `Config` in module `msg`
[INFO] [stdout]    --> src/lib.rs:580:34
[INFO] [stdout]     |
[INFO] [stdout] 580 |     fn config_msg(&self) -> msg::Config {
[INFO] [stdout]     |                                  ^^^^^^ not found in `msg`
[INFO] [stdout] 
[INFO] [stdout] 
[INFO] [stdout] error[E0422]: cannot find struct, variant or union type `Config` in module `msg`
[INFO] [stdout]    --> src/lib.rs:581:31
[INFO] [stdout]     |
[INFO] [stdout] 581 |         let mut config = msg::Config {
[INFO] [stdout]     |                               ^^^^^^ not found in `msg`
[INFO] [stdout] 
[INFO] [stdout] 
[INFO] [stdout] error[E0412]: cannot find type `Config` in module `msg`
[INFO] [stdout]    --> src/lib.rs:623:34
[INFO] [stdout]     |
[INFO] [stdout] 623 |     update_topic: Publisher<msg::Config>,
[INFO] [stdout]     |                                  ^^^^^^ not found in `msg`
[INFO] [stdout] 
[INFO] [stdout] 
[INFO] [stdout] error[E0412]: cannot find type `ConfigDescription` in module `msg`
[INFO] [stdout]    --> src/lib.rs:624:33
[INFO] [stdout]     |
[INFO] [stdout] 624 |     descr_topic: Publisher<msg::ConfigDescription>,
[INFO] [stdout]     |                                 ^^^^^^^^^^^^^^^^^ not found in `msg`
[INFO] [stdout] 
[INFO] [stdout] 
[INFO] [stdout] error[E0412]: cannot find type `ConfigDescription` in module `msg`
[INFO] [stdout]    --> src/lib.rs:626:37
[INFO] [stdout]     |
[INFO] [stdout] 626 |     description_msg: Arc<Mutex<msg::ConfigDescription>>,
[INFO] [stdout]     |                                     ^^^^^^^^^^^^^^^^^ not found in `msg`
[INFO] [stdout] 
[INFO] [stdout] 
[INFO] [stdout] error[E0412]: cannot find type `Config` in module `msg`
[INFO] [stdout]    --> src/lib.rs:627:32
[INFO] [stdout]     |
[INFO] [stdout] 627 |     config_msg: Arc<Mutex<msg::Config>>,
[INFO] [stdout]     |                                ^^^^^^ not found in `msg`
[INFO] [stdout] 
[INFO] [stdout] 
[INFO] [stdout] error[E0412]: cannot find type `Reconfigure` in module `msg`
[INFO] [stdout]    --> src/lib.rs:690:28
[INFO] [stdout]     |
[INFO] [stdout] 690 |             service::<msg::Reconfigure, _>(&format!("{}set_parameters", namespace), move |req| {
[INFO] [stdout]     |                            ^^^^^^^^^^^ not found in `msg`
[INFO] [stdout] 
[INFO] [stdout] 
[INFO] [stdout] error[E0422]: cannot find struct, variant or union type `ReconfigureRes` in module `msg`
[INFO] [stdout]    --> src/lib.rs:722:25
[INFO] [stdout]     |
[INFO] [stdout] 722 |                 Ok(msg::ReconfigureRes {
[INFO] [stdout]     |                         ^^^^^^^^^^^^^^ not found in `msg`
[INFO] [stdout] 
[INFO] [stdout] 
[INFO] [stdout] error: aborting due to 36 previous errors
[INFO] [stdout] 
[INFO] [stdout] 
[INFO] [stdout] Some errors have detailed explanations: E0412, E0422, E0432, E0433.
[INFO] [stdout] 
[INFO] [stdout] For more information about an error, try `rustc --explain E0412`.
[INFO] [stdout] 
[INFO] [stderr] error: could not compile `rosrust_dynamic_reconfigure` (lib) due to 37 previous errors
[INFO] [stderr] warning: build failed, waiting for other jobs to finish...
[INFO] running `Command { std: "docker" "inspect" "7f55017aab791e8cfcc09edc59d0e4c1b6562427459e03296bd67cd3631d1ddd", kill_on_drop: false }`
[INFO] running `Command { std: "docker" "rm" "-f" "7f55017aab791e8cfcc09edc59d0e4c1b6562427459e03296bd67cd3631d1ddd", kill_on_drop: false }`
[INFO] [stdout] 7f55017aab791e8cfcc09edc59d0e4c1b6562427459e03296bd67cd3631d1ddd
[INFO] testing rosrust_dynamic_reconfigure-0.2.0 against beta-2023-12-22 for beta-1.76-1
[INFO] extracting crate rosrust_dynamic_reconfigure 0.2.0 into /workspace/builds/worker-7-tc2/source
[INFO] validating manifest of crates.io crate rosrust_dynamic_reconfigure 0.2.0 on toolchain beta-2023-12-22
[INFO] running `Command { std: CARGO_HOME="/workspace/cargo-home" RUSTUP_HOME="/workspace/rustup-home" "/workspace/cargo-home/bin/cargo" "+beta-2023-12-22" "metadata" "--manifest-path" "Cargo.toml" "--no-deps", kill_on_drop: false }`
[INFO] started tweaking crates.io crate rosrust_dynamic_reconfigure 0.2.0
[INFO] finished tweaking crates.io crate rosrust_dynamic_reconfigure 0.2.0
[INFO] tweaked toml for crates.io crate rosrust_dynamic_reconfigure 0.2.0 written to /workspace/builds/worker-7-tc2/source/Cargo.toml
[INFO] running `Command { std: CARGO_HOME="/workspace/cargo-home" RUSTUP_HOME="/workspace/rustup-home" "/workspace/cargo-home/bin/cargo" "+beta-2023-12-22" "generate-lockfile" "--manifest-path" "Cargo.toml", kill_on_drop: false }`
[INFO] [stderr]     Updating crates.io index
[INFO] running `Command { std: CARGO_HOME="/workspace/cargo-home" RUSTUP_HOME="/workspace/rustup-home" "/workspace/cargo-home/bin/cargo" "+beta-2023-12-22" "fetch" "--manifest-path" "Cargo.toml", kill_on_drop: false }`
[INFO] running `Command { std: "docker" "create" "-v" "/var/lib/crater-agent-workspace/builds/worker-7-tc2/target:/opt/rustwide/target:rw,Z" "-v" "/var/lib/crater-agent-workspace/builds/worker-7-tc2/source:/opt/rustwide/workdir:ro,Z" "-v" "/var/lib/crater-agent-workspace/cargo-home:/opt/rustwide/cargo-home:ro,Z" "-v" "/var/lib/crater-agent-workspace/rustup-home:/opt/rustwide/rustup-home:ro,Z" "-e" "SOURCE_DIR=/opt/rustwide/workdir" "-e" "CARGO_TARGET_DIR=/opt/rustwide/target" "-e" "CARGO_HOME=/opt/rustwide/cargo-home" "-e" "RUSTUP_HOME=/opt/rustwide/rustup-home" "-w" "/opt/rustwide/workdir" "-m" "1610612736" "--user" "0:0" "--network" "none" "ghcr.io/rust-lang/crates-build-env/linux@sha256:2788e3201cd34a07e3172128adcd8b3090168a8e3bcc40d7c032b9dda1df7d1c" "/opt/rustwide/cargo-home/bin/cargo" "+beta-2023-12-22" "metadata" "--no-deps" "--format-version=1", kill_on_drop: false }`
[INFO] [stdout] 6b840e213252cb67675ea30de2df0d125256b08f356ebae22e12310ece513a4d
[INFO] running `Command { std: "docker" "start" "-a" "6b840e213252cb67675ea30de2df0d125256b08f356ebae22e12310ece513a4d", kill_on_drop: false }`
[INFO] running `Command { std: "docker" "inspect" "6b840e213252cb67675ea30de2df0d125256b08f356ebae22e12310ece513a4d", kill_on_drop: false }`
[INFO] running `Command { std: "docker" "rm" "-f" "6b840e213252cb67675ea30de2df0d125256b08f356ebae22e12310ece513a4d", kill_on_drop: false }`
[INFO] [stdout] 6b840e213252cb67675ea30de2df0d125256b08f356ebae22e12310ece513a4d
[INFO] running `Command { std: "docker" "create" "-v" "/var/lib/crater-agent-workspace/builds/worker-7-tc2/target:/opt/rustwide/target:rw,Z" "-v" "/var/lib/crater-agent-workspace/builds/worker-7-tc2/source:/opt/rustwide/workdir:ro,Z" "-v" "/var/lib/crater-agent-workspace/cargo-home:/opt/rustwide/cargo-home:ro,Z" "-v" "/var/lib/crater-agent-workspace/rustup-home:/opt/rustwide/rustup-home:ro,Z" "-e" "SOURCE_DIR=/opt/rustwide/workdir" "-e" "CARGO_TARGET_DIR=/opt/rustwide/target" "-e" "CARGO_INCREMENTAL=0" "-e" "RUST_BACKTRACE=full" "-e" "RUSTFLAGS=--cap-lints=warn" "-e" "RUSTDOCFLAGS=--cap-lints=warn" "-e" "CARGO_HOME=/opt/rustwide/cargo-home" "-e" "RUSTUP_HOME=/opt/rustwide/rustup-home" "-w" "/opt/rustwide/workdir" "-m" "1610612736" "--user" "0:0" "--network" "none" "ghcr.io/rust-lang/crates-build-env/linux@sha256:2788e3201cd34a07e3172128adcd8b3090168a8e3bcc40d7c032b9dda1df7d1c" "/opt/rustwide/cargo-home/bin/cargo" "+beta-2023-12-22" "build" "--frozen" "--message-format=json", kill_on_drop: false }`
[INFO] [stdout] 96b972b0ca5227b64904b6fe7e1b7aeb336b77fef84010f1c951b81aeac6954b
[INFO] running `Command { std: "docker" "start" "-a" "96b972b0ca5227b64904b6fe7e1b7aeb336b77fef84010f1c951b81aeac6954b", kill_on_drop: false }`
[INFO] [stderr]    Compiling cfg-if v1.0.0
[INFO] [stderr]    Compiling libc v0.2.151
[INFO] [stderr]    Compiling version_check v0.9.4
[INFO] [stderr]    Compiling proc-macro2 v1.0.75
[INFO] [stderr]    Compiling memchr v2.7.1
[INFO] [stderr]    Compiling unicode-ident v1.0.12
[INFO] [stderr]    Compiling adler v1.0.2
[INFO] [stderr]    Compiling autocfg v1.1.0
[INFO] [stderr]    Compiling gimli v0.28.1
[INFO] [stderr]    Compiling miniz_oxide v0.7.1
[INFO] [stderr]    Compiling typenum v1.17.0
[INFO] [stderr]    Compiling tinyvec_macros v0.1.1
[INFO] [stderr]    Compiling rustc-demangle v0.1.23
[INFO] [stderr]    Compiling tinyvec v1.6.0
[INFO] [stderr]    Compiling quote v1.0.35
[INFO] [stderr]    Compiling syn v2.0.48
[INFO] [stderr]    Compiling generic-array v0.14.7
[INFO] [stderr]    Compiling unicase v2.7.0
[INFO] [stderr]    Compiling serde v1.0.194
[INFO] [stderr]    Compiling log v0.4.20
[INFO] [stderr]    Compiling cc v1.0.83
[INFO] [stderr]    Compiling regex-syntax v0.8.2
[INFO] [stderr]    Compiling addr2line v0.21.0
[INFO] [stderr]    Compiling unicode-normalization v0.1.22
[INFO] [stderr]    Compiling lazy_static v1.4.0
[INFO] [stderr]    Compiling unicode-bidi v0.3.14
[INFO] [stderr]    Compiling crossbeam-utils v0.8.18
[INFO] [stderr]    Compiling bitflags v2.4.1
[INFO] [stderr]    Compiling getrandom v0.2.11
[INFO] [stderr]    Compiling object v0.32.2
[INFO] [stderr]    Compiling safemem v0.3.3
[INFO] [stderr]    Compiling httparse v1.8.0
[INFO] [stderr]    Compiling rustix v0.38.28
[INFO] [stderr]    Compiling crc32fast v1.3.2
[INFO] [stderr]    Compiling mime_guess v2.0.4
[INFO] [stderr]    Compiling backtrace v0.3.69
[INFO] [stderr]    Compiling rand_core v0.6.4
[INFO] [stderr]    Compiling num-traits v0.2.17
[INFO] [stderr]    Compiling linux-raw-sys v0.4.12
[INFO] [stderr]    Compiling thiserror v1.0.56
[INFO] [stderr]    Compiling ppv-lite86 v0.2.17
[INFO] [stderr]    Compiling alloc-no-stdlib v2.0.4
[INFO] [stderr]    Compiling version_check v0.1.5
[INFO] [stderr]    Compiling alloc-stdlib v0.2.2
[INFO] [stderr]    Compiling rand_chacha v0.3.1
[INFO] [stderr]    Compiling unicase v1.4.2
[INFO] [stderr]    Compiling digest v0.9.0
[INFO] [stderr]    Compiling block-buffer v0.9.0
[INFO] [stderr]    Compiling aho-corasick v1.1.2
[INFO] [stderr]    Compiling num_cpus v1.16.0
[INFO] [stderr]    Compiling log v0.3.9
[INFO] [stderr]    Compiling error-chain v0.12.4
[INFO] [stderr]    Compiling serde_derive v1.0.194
[INFO] [stderr]    Compiling thiserror-impl v1.0.56
[INFO] [stderr]    Compiling percent-encoding v2.3.1
[INFO] [stderr]    Compiling serde_json v1.0.111
[INFO] [stderr]    Compiling matches v0.1.10
[INFO] [stderr]    Compiling fastrand v2.0.1
[INFO] [stderr]    Compiling either v1.9.0
[INFO] [stderr]    Compiling syn v1.0.109
[INFO] [stderr]    Compiling mime v0.3.17
[INFO] [stderr]    Compiling powerfmt v0.2.0
[INFO] [stderr]    Compiling opaque-debug v0.3.0
[INFO] [stderr]    Compiling byteorder v1.5.0
[INFO] [stderr]    Compiling deranged v0.3.11
[INFO] [stderr]    Compiling md-5 v0.9.1
[INFO] [stderr]    Compiling tempfile v3.9.0
[INFO] [stderr]    Compiling regex-automata v0.4.3
[INFO] [stderr]    Compiling itertools v0.10.5
[INFO] [stderr]    Compiling idna v0.1.5
[INFO] [stderr]    Compiling form_urlencoded v1.2.1
[INFO] [stderr]    Compiling gzip-header v1.0.0
[INFO] [stderr]    Compiling rand v0.8.5
[INFO] [stderr]    Compiling brotli-decompressor v2.5.1
[INFO] [stderr]    Compiling buf_redux v0.8.4
[INFO] [stderr]    Compiling idna v0.5.0
[INFO] [stderr]    Compiling twoway v0.1.8
[INFO] [stderr]    Compiling quick-error v1.2.3
[INFO] [stderr]    Compiling bitflags v0.7.0
[INFO] [stderr]    Compiling percent-encoding v1.0.1
[INFO] [stderr]    Compiling chunked_transfer v1.5.0
[INFO] [stderr]    Compiling httpdate v1.0.3
[INFO] [stderr]    Compiling num_threads v0.1.6
[INFO] [stderr]    Compiling time-core v0.1.2
[INFO] [stderr]    Compiling equivalent v1.0.1
[INFO] [stderr]    Compiling ucd-util v0.1.10
[INFO] [stderr]    Compiling hashbrown v0.14.3
[INFO] [stderr]    Compiling hex v0.4.3
[INFO] [stderr]    Compiling regex v0.2.11
[INFO] [stderr]    Compiling ascii v1.1.0
[INFO] [stderr]    Compiling iana-time-zone v0.1.59
[INFO] [stderr]    Compiling adler32 v1.2.0
[INFO] [stderr]    Compiling itoa v1.0.10
[INFO] [stderr]    Compiling ryu v1.0.16
[INFO] [stderr]    Compiling array-init v2.1.0
[INFO] [stderr]    Compiling deflate v1.0.0
[INFO] [stderr]    Compiling chrono v0.4.31
[INFO] [stderr]    Compiling tiny_http v0.12.0
[INFO] [stderr]    Compiling indexmap v2.1.0
[INFO] [stderr]    Compiling regex v1.10.2
[INFO] [stderr]    Compiling regex-syntax v0.5.6
[INFO] [stderr]    Compiling time v0.3.31
[INFO] [stderr]    Compiling brotli v3.4.0
[INFO] [stderr]    Compiling url v2.5.0
[INFO] [stderr]    Compiling url v1.7.2
[INFO] [stderr]    Compiling multipart v0.18.0
[INFO] [stderr]    Compiling xml-rs v0.3.6
[INFO] [stderr]    Compiling base64 v0.9.3
[INFO] [stderr]    Compiling threadpool v1.8.1
[INFO] [stderr]    Compiling mime v0.2.6
[INFO] [stderr]    Compiling crossbeam-epoch v0.9.17
[INFO] [stderr]    Compiling thread_local v0.3.6
[INFO] [stderr]    Compiling filetime v0.2.23
[INFO] [stderr]    Compiling time v0.1.45
[INFO] [stderr]    Compiling aho-corasick v0.6.10
[INFO] [stderr]    Compiling lock_api v0.4.11
[INFO] [stderr]    Compiling bitflags v0.9.1
[INFO] [stderr]    Compiling sha1_smol v1.0.0
[INFO] [stderr]    Compiling base64 v0.13.1
[INFO] [stderr]    Compiling safemem v0.2.0
[INFO] [stderr]    Compiling parking_lot_core v0.9.9
[INFO] [stderr]    Compiling traitobject v0.1.0
[INFO] [stderr]    Compiling utf8-ranges v1.0.5
[INFO] [stderr]    Compiling fixedbitset v0.4.2
[INFO] [stderr]    Compiling typeable v0.1.2
[INFO] [stderr]    Compiling language-tags v0.2.2
[INFO] [stderr]    Compiling petgraph v0.6.4
[INFO] [stderr]    Compiling base64 v0.6.0
[INFO] [stderr]    Compiling hyper v0.10.16
[INFO] [stderr]    Compiling rouille v3.6.2
[INFO] [stderr]    Compiling xml-rs v0.6.1
[INFO] [stderr]    Compiling ros_message v0.1.1
[INFO] [stderr]    Compiling crossbeam-deque v0.8.4
[INFO] [stderr]    Compiling serde-xml-rs v0.2.1
[INFO] [stderr]    Compiling serde_bytes v0.10.5
[INFO] [stderr]    Compiling error-chain v0.10.0
[INFO] [stderr]    Compiling crossbeam-queue v0.3.10
[INFO] [stderr]    Compiling crossbeam-channel v0.5.10
[INFO] [stderr]    Compiling nix v0.27.1
[INFO] [stderr]    Compiling thread-id v4.2.1
[INFO] [stderr]    Compiling match_cfg v0.1.0
[INFO] [stderr]    Compiling scopeguard v1.2.0
[INFO] [stderr]    Compiling linked-hash-map v0.5.6
[INFO] [stderr]    Compiling futures v0.1.31
[INFO] [stderr]    Compiling smallvec v1.11.2
[INFO] [stderr]    Compiling yaml-rust v0.4.5
[INFO] [stderr]    Compiling crossbeam v0.8.3
[INFO] [stderr]    Compiling rosrust_codegen v0.9.6
[INFO] [stderr]    Compiling ctrlc v3.4.2
[INFO] [stderr]    Compiling hostname v0.3.1
[INFO] [stderr]    Compiling xml-rpc v0.0.12
[INFO] [stderr]    Compiling colored v2.1.0
[INFO] [stderr]    Compiling socket2 v0.4.10
[INFO] [stderr]    Compiling convert_case v0.4.0
[INFO] [stderr]    Compiling parking_lot v0.12.1
[INFO] [stderr]    Compiling derive_more v0.99.17
[INFO] [stderr]    Compiling rosrust v0.9.11
[INFO] [stderr]    Compiling rosrust_dynamic_reconfigure v0.2.0 (/opt/rustwide/workdir)
[INFO] [stdout] error: proc macro panicked
[INFO] [stdout]   --> src/lib.rs:30:5
[INFO] [stdout]    |
[INFO] [stdout] 30 |     rosrust::rosmsg_include!(dynamic_reconfigure/ConfigDescription, dynamic_reconfigure/Reconfigure);
[INFO] [stdout]    |     ^^^^^^^^^^^^^^^^^^^^^^^^^^^^^^^^^^^^^^^^^^^^^^^^^^^^^^^^^^^^^^^^^^^^^^^^^^^^^^^^^^^^^^^^^^^^^^^^
[INFO] [stdout]    |
[INFO] [stdout]    = help: message: message dynamic_reconfigure/Reconfigure not found in provided directories
[INFO] [stdout]            Directories:
[INFO] [stdout]            share
[INFO] [stdout]            ../src
[INFO] [stdout]            
[INFO] [stdout] 
[INFO] [stdout] 
[INFO] [stdout] error[E0432]: unresolved import `dynamic_reconfigure`
[INFO] [stdout]   --> src/lib.rs:31:13
[INFO] [stdout]    |
[INFO] [stdout] 31 |     pub use dynamic_reconfigure::*;
[INFO] [stdout]    |             ^^^^^^^^^^^^^^^^^^^ use of undeclared crate or module `dynamic_reconfigure`
[INFO] [stdout] 
[INFO] [stdout] 
[INFO] [stdout] error[E0433]: failed to resolve: could not find `Config` in `msg`
[INFO] [stdout]   --> src/lib.rs:97:24
[INFO] [stdout]    |
[INFO] [stdout] 97 |     let mut cfg = msg::Config::default();
[INFO] [stdout]    |                        ^^^^^^ could not find `Config` in `msg`
[INFO] [stdout] 
[INFO] [stdout] 
[INFO] [stdout] error[E0433]: failed to resolve: could not find `Config` in `msg`
[INFO] [stdout]    --> src/lib.rs:524:28
[INFO] [stdout]     |
[INFO] [stdout] 524 |         let mut max = msg::Config::default();
[INFO] [stdout]     |                            ^^^^^^ could not find `Config` in `msg`
[INFO] [stdout] 
[INFO] [stdout] 
[INFO] [stdout] error[E0433]: failed to resolve: could not find `Config` in `msg`
[INFO] [stdout]    --> src/lib.rs:525:28
[INFO] [stdout]     |
[INFO] [stdout] 525 |         let mut min = msg::Config::default();
[INFO] [stdout]     |                            ^^^^^^ could not find `Config` in `msg`
[INFO] [stdout] 
[INFO] [stdout] 
[INFO] [stdout] error[E0433]: failed to resolve: could not find `Config` in `msg`
[INFO] [stdout]    --> src/lib.rs:526:29
[INFO] [stdout]     |
[INFO] [stdout] 526 |         let mut dflt = msg::Config::default();
[INFO] [stdout]     |                             ^^^^^^ could not find `Config` in `msg`
[INFO] [stdout] 
[INFO] [stdout] 
[INFO] [stdout] error[E0412]: cannot find type `Config` in module `msg`
[INFO] [stdout]   --> src/lib.rs:96:83
[INFO] [stdout]    |
[INFO] [stdout] 96 | pub fn msg_from_iterator(iter: impl IntoIterator<Item = (String, Value)>) -> msg::Config {
[INFO] [stdout]    |                                                                                   ^^^^^^ not found in `msg`
[INFO] [stdout] 
[INFO] [stdout] 
[INFO] [stdout] error[E0422]: cannot find struct, variant or union type `StrParameter` in module `msg`
[INFO] [stdout]    --> src/lib.rs:100:53
[INFO] [stdout]     |
[INFO] [stdout] 100 |             Value::Str(value) => cfg.strs.push(msg::StrParameter { name, value }),
[INFO] [stdout]     |                                                     ^^^^^^^^^^^^ not found in `msg`
[INFO] [stdout] 
[INFO] [stdout] 
[INFO] [stdout] error[E0422]: cannot find struct, variant or union type `IntParameter` in module `msg`
[INFO] [stdout]    --> src/lib.rs:101:53
[INFO] [stdout]     |
[INFO] [stdout] 101 |             Value::Int(value) => cfg.ints.push(msg::IntParameter { name, value }),
[INFO] [stdout]     |                                                     ^^^^^^^^^^^^ not found in `msg`
[INFO] [stdout] 
[INFO] [stdout] 
[INFO] [stdout] error[E0422]: cannot find struct, variant or union type `DoubleParameter` in module `msg`
[INFO] [stdout]    --> src/lib.rs:102:58
[INFO] [stdout]     |
[INFO] [stdout] 102 |             Value::Float(value) => cfg.doubles.push(msg::DoubleParameter { name, value }),
[INFO] [stdout]     |                                                          ^^^^^^^^^^^^^^^ not found in `msg`
[INFO] [stdout] 
[INFO] [stdout] 
[INFO] [stdout] error[E0422]: cannot find struct, variant or union type `BoolParameter` in module `msg`
[INFO] [stdout]    --> src/lib.rs:103:55
[INFO] [stdout]     |
[INFO] [stdout] 103 |             Value::Bool(value) => cfg.bools.push(msg::BoolParameter { name, value }),
[INFO] [stdout]     |                                                       ^^^^^^^^^^^^^ not found in `msg`
[INFO] [stdout] 
[INFO] [stdout] 
[INFO] [stdout] error[E0412]: cannot find type `GroupState` in module `msg`
[INFO] [stdout]    --> src/lib.rs:388:27
[INFO] [stdout]     |
[INFO] [stdout] 388 | impl From<Group> for msg::GroupState {
[INFO] [stdout]     |                           ^^^^^^^^^^ not found in `msg`
[INFO] [stdout] 
[INFO] [stdout] 
[INFO] [stdout] error[E0422]: cannot find struct, variant or union type `GroupState` in module `msg`
[INFO] [stdout]    --> src/lib.rs:398:14
[INFO] [stdout]     |
[INFO] [stdout] 398 |         msg::GroupState {
[INFO] [stdout]     |              ^^^^^^^^^^ not found in `msg`
[INFO] [stdout] 
[INFO] [stdout] 
[INFO] [stdout] error[E0412]: cannot find type `Config` in module `msg`
[INFO] [stdout]    --> src/lib.rs:440:38
[INFO] [stdout]     |
[INFO] [stdout] 440 | fn insert_property(config: &mut msg::Config, name: String, value: Value) {
[INFO] [stdout]     |                                      ^^^^^^ not found in `msg`
[INFO] [stdout] 
[INFO] [stdout] 
[INFO] [stdout] error[E0422]: cannot find struct, variant or union type `StrParameter` in module `msg`
[INFO] [stdout]    --> src/lib.rs:442:52
[INFO] [stdout]     |
[INFO] [stdout] 442 |         Value::Str(value) => config.strs.push(msg::StrParameter { name, value }),
[INFO] [stdout]     |                                                    ^^^^^^^^^^^^ not found in `msg`
[INFO] [stdout] 
[INFO] [stdout] 
[INFO] [stdout] error[E0422]: cannot find struct, variant or union type `IntParameter` in module `msg`
[INFO] [stdout]    --> src/lib.rs:443:52
[INFO] [stdout]     |
[INFO] [stdout] 443 |         Value::Int(value) => config.ints.push(msg::IntParameter { name, value }),
[INFO] [stdout]     |                                                    ^^^^^^^^^^^^ not found in `msg`
[INFO] [stdout] 
[INFO] [stdout] 
[INFO] [stdout] error[E0422]: cannot find struct, variant or union type `DoubleParameter` in module `msg`
[INFO] [stdout]    --> src/lib.rs:444:57
[INFO] [stdout]     |
[INFO] [stdout] 444 |         Value::Float(value) => config.doubles.push(msg::DoubleParameter { name, value }),
[INFO] [stdout]     |                                                         ^^^^^^^^^^^^^^^ not found in `msg`
[INFO] [stdout] 
[INFO] [stdout] 
[INFO] [stdout] error[E0422]: cannot find struct, variant or union type `BoolParameter` in module `msg`
[INFO] [stdout]    --> src/lib.rs:445:54
[INFO] [stdout]     |
[INFO] [stdout] 445 |         Value::Bool(value) => config.bools.push(msg::BoolParameter { name, value }),
[INFO] [stdout]     |                                                      ^^^^^^^^^^^^^ not found in `msg`
[INFO] [stdout] 
[INFO] [stdout] 
[INFO] [stdout] error[E0422]: cannot find struct, variant or union type `Config` in module `msg`
[INFO] [stdout]    --> src/lib.rs:490:14
[INFO] [stdout]     |
[INFO] [stdout] 490 |         msg::Config {
[INFO] [stdout]     |              ^^^^^^ not found in `msg`
[INFO] [stdout] 
[INFO] [stdout] 
[INFO] [stdout] error[E0412]: cannot find type `Config` in module `msg`
[INFO] [stdout]    --> src/lib.rs:496:17
[INFO] [stdout]     |
[INFO] [stdout] 496 |         }: msg::Config,
[INFO] [stdout]     |                 ^^^^^^ not found in `msg`
[INFO] [stdout] 
[INFO] [stdout] 
[INFO] [stdout] error[E0422]: cannot find struct, variant or union type `BoolParameter` in module `msg`
[INFO] [stdout]    --> src/lib.rs:500:24
[INFO] [stdout]     |
[INFO] [stdout] 500 |             .map(|msg::BoolParameter { name, value }| (name, Value::from(value)))
[INFO] [stdout]     |                        ^^^^^^^^^^^^^ not found in `msg`
[INFO] [stdout] 
[INFO] [stdout] 
[INFO] [stdout] error[E0422]: cannot find struct, variant or union type `IntParameter` in module `msg`
[INFO] [stdout]    --> src/lib.rs:503:32
[INFO] [stdout]     |
[INFO] [stdout] 503 |                     .map(|msg::IntParameter { name, value }| (name, value.into())),
[INFO] [stdout]     |                                ^^^^^^^^^^^^ not found in `msg`
[INFO] [stdout] 
[INFO] [stdout] 
[INFO] [stdout] error[E0422]: cannot find struct, variant or union type `StrParameter` in module `msg`
[INFO] [stdout]    --> src/lib.rs:507:32
[INFO] [stdout]     |
[INFO] [stdout] 507 |                     .map(|msg::StrParameter { name, value }| (name, value.into())),
[INFO] [stdout]     |                                ^^^^^^^^^^^^ not found in `msg`
[INFO] [stdout] 
[INFO] [stdout] 
[INFO] [stdout] error[E0422]: cannot find struct, variant or union type `DoubleParameter` in module `msg`
[INFO] [stdout]    --> src/lib.rs:512:32
[INFO] [stdout]     |
[INFO] [stdout] 512 |                     .map(|msg::DoubleParameter { name, value }| (name, value.into())),
[INFO] [stdout]     |                                ^^^^^^^^^^^^^^^ not found in `msg`
[INFO] [stdout] 
[INFO] [stdout] 
[INFO] [stdout] error[E0412]: cannot find type `ConfigDescription` in module `msg`
[INFO] [stdout]    --> src/lib.rs:523:39
[INFO] [stdout]     |
[INFO] [stdout] 523 |     fn description_msg(&self) -> msg::ConfigDescription {
[INFO] [stdout]     |                                       ^^^^^^^^^^^^^^^^^ not found in `msg`
[INFO] [stdout] 
[INFO] [stdout] 
[INFO] [stdout] error[E0422]: cannot find struct, variant or union type `Group` in module `msg`
[INFO] [stdout]    --> src/lib.rs:536:34
[INFO] [stdout]     |
[INFO] [stdout] 536 |             let mut group = msg::Group {
[INFO] [stdout]     |                                  ^^^^^ not found in `msg`
[INFO] [stdout] 
[INFO] [stdout] 
[INFO] [stdout] error[E0422]: cannot find struct, variant or union type `ParamDescription` in module `msg`
[INFO] [stdout]    --> src/lib.rs:558:44
[INFO] [stdout]     |
[INFO] [stdout] 558 |                 group.parameters.push(msg::ParamDescription {
[INFO] [stdout]     |                                            ^^^^^^^^^^^^^^^^ not found in `msg`
[INFO] [stdout] 
[INFO] [stdout] 
[INFO] [stdout] error[E0422]: cannot find struct, variant or union type `ConfigDescription` in module `msg`
[INFO] [stdout]    --> src/lib.rs:573:14
[INFO] [stdout]     |
[INFO] [stdout] 573 |         msg::ConfigDescription {
[INFO] [stdout]     |              ^^^^^^^^^^^^^^^^^ not found in `msg`
[INFO] [stdout] 
[INFO] [stdout] 
[INFO] [stdout] error[E0412]: cannot find type `Config` in module `msg`
[INFO] [stdout]    --> src/lib.rs:580:34
[INFO] [stdout]     |
[INFO] [stdout] 580 |     fn config_msg(&self) -> msg::Config {
[INFO] [stdout]     |                                  ^^^^^^ not found in `msg`
[INFO] [stdout] 
[INFO] [stdout] 
[INFO] [stdout] error[E0422]: cannot find struct, variant or union type `Config` in module `msg`
[INFO] [stdout]    --> src/lib.rs:581:31
[INFO] [stdout]     |
[INFO] [stdout] 581 |         let mut config = msg::Config {
[INFO] [stdout]     |                               ^^^^^^ not found in `msg`
[INFO] [stdout] 
[INFO] [stdout] 
[INFO] [stdout] error[E0412]: cannot find type `Config` in module `msg`
[INFO] [stdout]    --> src/lib.rs:623:34
[INFO] [stdout]     |
[INFO] [stdout] 623 |     update_topic: Publisher<msg::Config>,
[INFO] [stdout]     |                                  ^^^^^^ not found in `msg`
[INFO] [stdout] 
[INFO] [stdout] 
[INFO] [stdout] error[E0412]: cannot find type `ConfigDescription` in module `msg`
[INFO] [stdout]    --> src/lib.rs:624:33
[INFO] [stdout]     |
[INFO] [stdout] 624 |     descr_topic: Publisher<msg::ConfigDescription>,
[INFO] [stdout]     |                                 ^^^^^^^^^^^^^^^^^ not found in `msg`
[INFO] [stdout] 
[INFO] [stdout] 
[INFO] [stdout] error[E0412]: cannot find type `ConfigDescription` in module `msg`
[INFO] [stdout]    --> src/lib.rs:626:37
[INFO] [stdout]     |
[INFO] [stdout] 626 |     description_msg: Arc<Mutex<msg::ConfigDescription>>,
[INFO] [stdout]     |                                     ^^^^^^^^^^^^^^^^^ not found in `msg`
[INFO] [stdout] 
[INFO] [stdout] 
[INFO] [stdout] error[E0412]: cannot find type `Config` in module `msg`
[INFO] [stdout]    --> src/lib.rs:627:32
[INFO] [stdout]     |
[INFO] [stdout] 627 |     config_msg: Arc<Mutex<msg::Config>>,
[INFO] [stdout]     |                                ^^^^^^ not found in `msg`
[INFO] [stdout] 
[INFO] [stdout] 
[INFO] [stdout] error[E0412]: cannot find type `Reconfigure` in module `msg`
[INFO] [stdout]    --> src/lib.rs:690:28
[INFO] [stdout]     |
[INFO] [stdout] 690 |             service::<msg::Reconfigure, _>(&format!("{}set_parameters", namespace), move |req| {
[INFO] [stdout]     |                            ^^^^^^^^^^^ not found in `msg`
[INFO] [stdout] 
[INFO] [stdout] 
[INFO] [stdout] error[E0422]: cannot find struct, variant or union type `ReconfigureRes` in module `msg`
[INFO] [stdout]    --> src/lib.rs:722:25
[INFO] [stdout]     |
[INFO] [stdout] 722 |                 Ok(msg::ReconfigureRes {
[INFO] [stdout]     |                         ^^^^^^^^^^^^^^ not found in `msg`
[INFO] [stdout] 
[INFO] [stdout] 
[INFO] [stdout] error: aborting due to 36 previous errors
[INFO] [stdout] 
[INFO] [stdout] 
[INFO] [stdout] Some errors have detailed explanations: E0412, E0422, E0432, E0433.
[INFO] [stdout] 
[INFO] [stdout] For more information about an error, try `rustc --explain E0412`.
[INFO] [stdout] 
[INFO] [stderr] error: could not compile `rosrust_dynamic_reconfigure` (lib) due to 37 previous errors
[INFO] [stderr] warning: build failed, waiting for other jobs to finish...
[INFO] running `Command { std: "docker" "inspect" "96b972b0ca5227b64904b6fe7e1b7aeb336b77fef84010f1c951b81aeac6954b", kill_on_drop: false }`
[INFO] running `Command { std: "docker" "rm" "-f" "96b972b0ca5227b64904b6fe7e1b7aeb336b77fef84010f1c951b81aeac6954b", kill_on_drop: false }`
[INFO] [stdout] 96b972b0ca5227b64904b6fe7e1b7aeb336b77fef84010f1c951b81aeac6954b
