[INFO] fetching crate rosrust 0.9.11...
[INFO] testing rosrust-0.9.11 against 1.75.0 for beta-1.76-1
[INFO] extracting crate rosrust 0.9.11 into /workspace/builds/worker-7-tc1/source
[INFO] validating manifest of crates.io crate rosrust 0.9.11 on toolchain 1.75.0
[INFO] running `Command { std: CARGO_HOME="/workspace/cargo-home" RUSTUP_HOME="/workspace/rustup-home" "/workspace/cargo-home/bin/cargo" "+1.75.0" "metadata" "--manifest-path" "Cargo.toml" "--no-deps", kill_on_drop: false }`
[INFO] started tweaking crates.io crate rosrust 0.9.11
[INFO] finished tweaking crates.io crate rosrust 0.9.11
[INFO] tweaked toml for crates.io crate rosrust 0.9.11 written to /workspace/builds/worker-7-tc1/source/Cargo.toml
[INFO] crate crates.io crate rosrust 0.9.11 already has a lockfile, it will not be regenerated
[INFO] running `Command { std: CARGO_HOME="/workspace/cargo-home" RUSTUP_HOME="/workspace/rustup-home" "/workspace/cargo-home/bin/cargo" "+1.75.0" "fetch" "--manifest-path" "Cargo.toml", kill_on_drop: false }`
[INFO] [stderr]     Updating crates.io index
[INFO] [stderr]  Downloading crates ...
[INFO] [stderr]   Downloaded serde-xml-rs v0.2.1
[INFO] [stderr]   Downloaded ros_message v0.1.1
[INFO] [stderr]   Downloaded serde_bytes v0.10.5
[INFO] [stderr]   Downloaded multipart v0.18.0
[INFO] [stderr]   Downloaded xml-rs v0.3.6
[INFO] [stderr]   Downloaded rouille v3.6.1
[INFO] [stderr]   Downloaded gimli v0.27.1
[INFO] [stderr]   Downloaded base64 v0.6.0
[INFO] [stderr]   Downloaded rosrust_codegen v0.9.6
[INFO] [stderr]   Downloaded xml-rpc v0.0.12
[INFO] [stderr]   Downloaded ctrlc v3.2.5
[INFO] [stderr]   Downloaded gzip-header v1.0.0
[INFO] running `Command { std: "docker" "create" "-v" "/var/lib/crater-agent-workspace/builds/worker-7-tc1/target:/opt/rustwide/target:rw,Z" "-v" "/var/lib/crater-agent-workspace/builds/worker-7-tc1/source:/opt/rustwide/workdir:ro,Z" "-v" "/var/lib/crater-agent-workspace/cargo-home:/opt/rustwide/cargo-home:ro,Z" "-v" "/var/lib/crater-agent-workspace/rustup-home:/opt/rustwide/rustup-home:ro,Z" "-e" "SOURCE_DIR=/opt/rustwide/workdir" "-e" "CARGO_TARGET_DIR=/opt/rustwide/target" "-e" "CARGO_HOME=/opt/rustwide/cargo-home" "-e" "RUSTUP_HOME=/opt/rustwide/rustup-home" "-w" "/opt/rustwide/workdir" "-m" "1610612736" "--user" "0:0" "--network" "none" "ghcr.io/rust-lang/crates-build-env/linux@sha256:2788e3201cd34a07e3172128adcd8b3090168a8e3bcc40d7c032b9dda1df7d1c" "/opt/rustwide/cargo-home/bin/cargo" "+1.75.0" "metadata" "--no-deps" "--format-version=1", kill_on_drop: false }`
[INFO] [stdout] 4970e4ec0c02d712f4f1ede01b644978aed1746571a0342d7612c4687616ad41
[INFO] running `Command { std: "docker" "start" "-a" "4970e4ec0c02d712f4f1ede01b644978aed1746571a0342d7612c4687616ad41", kill_on_drop: false }`
[INFO] running `Command { std: "docker" "inspect" "4970e4ec0c02d712f4f1ede01b644978aed1746571a0342d7612c4687616ad41", kill_on_drop: false }`
[INFO] running `Command { std: "docker" "rm" "-f" "4970e4ec0c02d712f4f1ede01b644978aed1746571a0342d7612c4687616ad41", kill_on_drop: false }`
[INFO] [stdout] 4970e4ec0c02d712f4f1ede01b644978aed1746571a0342d7612c4687616ad41
[INFO] running `Command { std: "docker" "create" "-v" "/var/lib/crater-agent-workspace/builds/worker-7-tc1/target:/opt/rustwide/target:rw,Z" "-v" "/var/lib/crater-agent-workspace/builds/worker-7-tc1/source:/opt/rustwide/workdir:ro,Z" "-v" "/var/lib/crater-agent-workspace/cargo-home:/opt/rustwide/cargo-home:ro,Z" "-v" "/var/lib/crater-agent-workspace/rustup-home:/opt/rustwide/rustup-home:ro,Z" "-e" "SOURCE_DIR=/opt/rustwide/workdir" "-e" "CARGO_TARGET_DIR=/opt/rustwide/target" "-e" "CARGO_INCREMENTAL=0" "-e" "RUST_BACKTRACE=full" "-e" "RUSTFLAGS=--cap-lints=warn" "-e" "RUSTDOCFLAGS=--cap-lints=warn" "-e" "CARGO_HOME=/opt/rustwide/cargo-home" "-e" "RUSTUP_HOME=/opt/rustwide/rustup-home" "-w" "/opt/rustwide/workdir" "-m" "1610612736" "--user" "0:0" "--network" "none" "ghcr.io/rust-lang/crates-build-env/linux@sha256:2788e3201cd34a07e3172128adcd8b3090168a8e3bcc40d7c032b9dda1df7d1c" "/opt/rustwide/cargo-home/bin/cargo" "+1.75.0" "build" "--frozen" "--message-format=json", kill_on_drop: false }`
[INFO] [stdout] 8bbb9bc685412d638f02657cc49a69a9ad0b13b78a28d7b5d71be3b305788c0d
[INFO] running `Command { std: "docker" "start" "-a" "8bbb9bc685412d638f02657cc49a69a9ad0b13b78a28d7b5d71be3b305788c0d", kill_on_drop: false }`
[INFO] [stderr]    Compiling libc v0.2.139
[INFO] [stderr]    Compiling memchr v2.5.0
[INFO] [stderr]    Compiling typenum v1.16.0
[INFO] [stderr]    Compiling proc-macro2 v1.0.51
[INFO] [stderr]    Compiling log v0.4.17
[INFO] [stderr]    Compiling unicode-ident v1.0.6
[INFO] [stderr]    Compiling quote v1.0.23
[INFO] [stderr]    Compiling tinyvec_macros v0.1.1
[INFO] [stderr]    Compiling syn v1.0.107
[INFO] [stderr]    Compiling serde v1.0.152
[INFO] [stderr]    Compiling cc v1.0.79
[INFO] [stderr]    Compiling crossbeam-utils v0.8.14
[INFO] [stderr]    Compiling unicode-bidi v0.3.10
[INFO] [stderr]    Compiling crc32fast v1.3.2
[INFO] [stderr]    Compiling generic-array v0.14.6
[INFO] [stderr]    Compiling unicase v2.6.0
[INFO] [stderr]    Compiling tinyvec v1.6.0
[INFO] [stderr]    Compiling memoffset v0.7.1
[INFO] [stderr]    Compiling num-traits v0.2.15
[INFO] [stderr]    Compiling safemem v0.3.3
[INFO] [stderr]    Compiling gimli v0.27.1
[INFO] [stderr]    Compiling httparse v1.8.0
[INFO] [stderr]    Compiling serde_derive v1.0.152
[INFO] [stderr]    Compiling miniz_oxide v0.6.2
[INFO] [stderr]    Compiling mime_guess v2.0.4
[INFO] [stderr]    Compiling num-integer v0.1.45
[INFO] [stderr]    Compiling rustc-demangle v0.1.21
[INFO] [stderr]    Compiling alloc-no-stdlib v2.0.4
[INFO] [stderr]    Compiling version_check v0.1.5
[INFO] [stderr]    Compiling ppv-lite86 v0.2.17
[INFO] [stderr]    Compiling unicode-normalization v0.1.22
[INFO] [stderr]    Compiling object v0.30.3
[INFO] [stderr]    Compiling unicase v1.4.2
[INFO] [stderr]    Compiling alloc-stdlib v0.2.2
[INFO] [stderr]    Compiling backtrace v0.3.67
[INFO] [stderr]    Compiling log v0.3.9
[INFO] [stderr]    Compiling crossbeam-epoch v0.9.13
[INFO] [stderr]    Compiling matches v0.1.10
[INFO] [stderr]    Compiling thiserror v1.0.38
[INFO] [stderr]    Compiling percent-encoding v2.2.0
[INFO] [stderr]    Compiling serde_json v1.0.92
[INFO] [stderr]    Compiling mime v0.3.16
[INFO] [stderr]    Compiling remove_dir_all v0.5.3
[INFO] [stderr]    Compiling fastrand v1.8.0
[INFO] [stderr]    Compiling form_urlencoded v1.1.0
[INFO] [stderr]    Compiling idna v0.3.0
[INFO] [stderr]    Compiling idna v0.1.5
[INFO] [stderr]    Compiling gzip-header v1.0.0
[INFO] [stderr]    Compiling brotli-decompressor v2.3.4
[INFO] [stderr]    Compiling aho-corasick v0.7.20
[INFO] [stderr]    Compiling buf_redux v0.8.4
[INFO] [stderr]    Compiling getrandom v0.2.8
[INFO] [stderr]    Compiling num_cpus v1.15.0
[INFO] [stderr]    Compiling tempfile v3.3.0
[INFO] [stderr]    Compiling rand_core v0.6.4
[INFO] [stderr]    Compiling crypto-common v0.1.6
[INFO] [stderr]    Compiling block-buffer v0.10.3
[INFO] [stderr]    Compiling block-buffer v0.9.0
[INFO] [stderr]    Compiling digest v0.10.6
[INFO] [stderr]    Compiling digest v0.9.0
[INFO] [stderr]    Compiling twoway v0.1.8
[INFO] [stderr]    Compiling error-chain v0.12.4
[INFO] [stderr]    Compiling rand_chacha v0.3.1
[INFO] [stderr]    Compiling iana-time-zone v0.1.53
[INFO] [stderr]    Compiling opaque-debug v0.3.0
[INFO] [stderr]    Compiling cpufeatures v0.2.5
[INFO] [stderr]    Compiling adler32 v1.2.0
[INFO] [stderr]    Compiling itoa v1.0.5
[INFO] [stderr]    Compiling bitflags v0.7.0
[INFO] [stderr]    Compiling rand v0.8.5
[INFO] [stderr]    Compiling quick-error v1.2.3
[INFO] [stderr]    Compiling ucd-util v0.1.10
[INFO] [stderr]    Compiling ascii v1.1.0
[INFO] [stderr]    Compiling regex-syntax v0.6.28
[INFO] [stderr]    Compiling chunked_transfer v1.4.1
[INFO] [stderr]    Compiling percent-encoding v1.0.1
[INFO] [stderr]    Compiling httpdate v1.0.2
[INFO] [stderr]    Compiling either v1.8.1
[INFO] [stderr]    Compiling num_threads v0.1.6
[INFO] [stderr]    Compiling regex v0.2.11
[INFO] [stderr]    Compiling addr2line v0.19.0
[INFO] [stderr]    Compiling ryu v1.0.12
[INFO] [stderr]    Compiling time-core v0.1.0
[INFO] [stderr]    Compiling crossbeam-queue v0.3.8
[INFO] [stderr]    Compiling time v0.3.17
[INFO] [stderr]    Compiling brotli v3.3.4
[INFO] [stderr]    Compiling tiny_http v0.12.0
[INFO] [stderr]    Compiling itertools v0.10.5
[INFO] [stderr]    Compiling url v1.7.2
[INFO] [stderr]    Compiling regex-syntax v0.5.6
[INFO] [stderr]    Compiling xml-rs v0.3.6
[INFO] [stderr]    Compiling multipart v0.18.0
[INFO] [stderr]    Compiling deflate v1.0.0
[INFO] [stderr]    Compiling sha1 v0.10.5
[INFO] [stderr]    Compiling md-5 v0.9.1
[INFO] [stderr]    Compiling chrono v0.4.23
[INFO] [stderr]    Compiling threadpool v1.8.1
[INFO] [stderr]    Compiling url v2.3.1
[INFO] [stderr]    Compiling time v0.1.45
[INFO] [stderr]    Compiling filetime v0.2.19
[INFO] [stderr]    Compiling mime v0.2.6
[INFO] [stderr]    Compiling base64 v0.9.3
[INFO] [stderr]    Compiling aho-corasick v0.6.10
[INFO] [stderr]    Compiling regex v1.7.1
[INFO] [stderr]    Compiling thread_local v0.3.6
[INFO] [stderr]    Compiling hex v0.4.3
[INFO] [stderr]    Compiling traitobject v0.1.0
[INFO] [stderr]    Compiling safemem v0.2.0
[INFO] [stderr]    Compiling array-init v2.1.0
[INFO] [stderr]    Compiling bitflags v0.9.1
[INFO] [stderr]    Compiling utf8-ranges v1.0.5
[INFO] [stderr]    Compiling language-tags v0.2.2
[INFO] [stderr]    Compiling static_assertions v1.1.0
[INFO] [stderr]    Compiling typeable v0.1.2
[INFO] [stderr]    Compiling base64 v0.13.1
[INFO] [stderr]    Compiling nix v0.26.2
[INFO] [stderr]    Compiling xml-rs v0.6.1
[INFO] [stderr]    Compiling hyper v0.10.16
[INFO] [stderr]    Compiling error-chain v0.10.0
[INFO] [stderr]    Compiling base64 v0.6.0
[INFO] [stderr]    Compiling crossbeam-deque v0.8.2
[INFO] [stderr]    Compiling serde_bytes v0.10.5
[INFO] [stderr]    Compiling serde-xml-rs v0.2.1
[INFO] [stderr]    Compiling atty v0.2.14
[INFO] [stderr]    Compiling crossbeam-channel v0.5.6
[INFO] [stderr]    Compiling match_cfg v0.1.0
[INFO] [stderr]    Compiling futures v0.1.31
[INFO] [stderr]    Compiling hostname v0.3.1
[INFO] [stderr]    Compiling colored v2.0.0
[INFO] [stderr]    Compiling socket2 v0.4.7
[INFO] [stderr]    Compiling crossbeam v0.8.2
[INFO] [stderr]    Compiling thiserror-impl v1.0.38
[INFO] [stderr]    Compiling ctrlc v3.2.5
[INFO] [stderr]    Compiling ros_message v0.1.1
[INFO] [stderr]    Compiling rouille v3.6.1
[INFO] [stderr]    Compiling xml-rpc v0.0.12
[INFO] [stderr]    Compiling rosrust_codegen v0.9.6
[INFO] [stderr]    Compiling rosrust v0.9.11 (/opt/rustwide/workdir)
[INFO] [stdout] warning: unused import: `self::error::Error`
[INFO] [stdout]  --> src/tcpros/mod.rs:2:9
[INFO] [stdout]   |
[INFO] [stdout] 2 | pub use self::error::Error;
[INFO] [stdout]   |         ^^^^^^^^^^^^^^^^^^
[INFO] [stdout]   |
[INFO] [stdout]   = note: `#[warn(unused_imports)]` on by default
[INFO] [stdout] 
[INFO] [stdout] 
[INFO] [stdout] warning: 1 warning emitted
[INFO] [stdout] 
[INFO] [stdout] 
[INFO] [stderr]     Finished dev [unoptimized + debuginfo] target(s) in 16.45s
[INFO] [stderr] warning: the following packages contain code that will be rejected by a future version of Rust: buf_redux v0.8.4, multipart v0.18.0, traitobject v0.1.0
[INFO] [stderr] note: to see what the problems were, use the option `--future-incompat-report`, or run `cargo report future-incompatibilities --id 1`
[INFO] running `Command { std: "docker" "inspect" "8bbb9bc685412d638f02657cc49a69a9ad0b13b78a28d7b5d71be3b305788c0d", kill_on_drop: false }`
[INFO] running `Command { std: "docker" "rm" "-f" "8bbb9bc685412d638f02657cc49a69a9ad0b13b78a28d7b5d71be3b305788c0d", kill_on_drop: false }`
[INFO] [stdout] 8bbb9bc685412d638f02657cc49a69a9ad0b13b78a28d7b5d71be3b305788c0d
[INFO] running `Command { std: "docker" "create" "-v" "/var/lib/crater-agent-workspace/builds/worker-7-tc1/target:/opt/rustwide/target:rw,Z" "-v" "/var/lib/crater-agent-workspace/builds/worker-7-tc1/source:/opt/rustwide/workdir:ro,Z" "-v" "/var/lib/crater-agent-workspace/cargo-home:/opt/rustwide/cargo-home:ro,Z" "-v" "/var/lib/crater-agent-workspace/rustup-home:/opt/rustwide/rustup-home:ro,Z" "-e" "SOURCE_DIR=/opt/rustwide/workdir" "-e" "CARGO_TARGET_DIR=/opt/rustwide/target" "-e" "CARGO_INCREMENTAL=0" "-e" "RUST_BACKTRACE=full" "-e" "RUSTFLAGS=--cap-lints=warn" "-e" "RUSTDOCFLAGS=--cap-lints=warn" "-e" "CARGO_HOME=/opt/rustwide/cargo-home" "-e" "RUSTUP_HOME=/opt/rustwide/rustup-home" "-w" "/opt/rustwide/workdir" "-m" "1610612736" "--user" "0:0" "--network" "none" "ghcr.io/rust-lang/crates-build-env/linux@sha256:2788e3201cd34a07e3172128adcd8b3090168a8e3bcc40d7c032b9dda1df7d1c" "/opt/rustwide/cargo-home/bin/cargo" "+1.75.0" "test" "--frozen" "--no-run" "--message-format=json", kill_on_drop: false }`
[INFO] [stdout] f08ea07e7c58eebcbc98638d755f07d1824eaebaa740af560a0fff384b88f50f
[INFO] running `Command { std: "docker" "start" "-a" "f08ea07e7c58eebcbc98638d755f07d1824eaebaa740af560a0fff384b88f50f", kill_on_drop: false }`
[INFO] [stderr]    Compiling rayon-core v1.10.2
[INFO] [stderr]    Compiling unicode-width v0.1.10
[INFO] [stderr]    Compiling plotters-backend v0.3.4
[INFO] [stderr]    Compiling bstr v0.2.17
[INFO] [stderr]    Compiling csv-core v0.1.10
[INFO] [stderr]    Compiling half v1.8.2
[INFO] [stderr]    Compiling cast v0.3.0
[INFO] [stderr]    Compiling itoa v0.4.8
[INFO] [stderr]    Compiling same-file v1.0.6
[INFO] [stderr]    Compiling tinytemplate v1.2.1
[INFO] [stderr]    Compiling humantime v2.1.0
[INFO] [stderr]    Compiling oorandom v11.1.3
[INFO] [stderr]    Compiling termcolor v1.2.0
[INFO] [stdout] warning: unused import: `self::error::Error`
[INFO] [stdout]  --> src/tcpros/mod.rs:2:9
[INFO] [stdout]   |
[INFO] [stdout] 2 | pub use self::error::Error;
[INFO] [stdout]   |         ^^^^^^^^^^^^^^^^^^
[INFO] [stdout]   |
[INFO] [stdout]   = note: `#[warn(unused_imports)]` on by default
[INFO] [stdout] 
[INFO] [stdout] 
[INFO] [stdout] warning: 1 warning emitted
[INFO] [stdout] 
[INFO] [stdout] 
[INFO] [stderr]    Compiling textwrap v0.11.0
[INFO] [stderr]    Compiling walkdir v2.3.2
[INFO] [stderr]    Compiling criterion-plot v0.4.5
[INFO] [stderr]    Compiling clap v2.34.0
[INFO] [stderr]    Compiling plotters-svg v0.3.3
[INFO] [stderr]    Compiling env_logger v0.9.3
[INFO] [stderr]    Compiling serde_cbor v0.11.2
[INFO] [stderr]    Compiling plotters v0.3.4
[INFO] [stderr]    Compiling csv v1.1.6
[INFO] [stderr]    Compiling rayon v1.6.1
[INFO] [stderr]    Compiling criterion v0.3.6
[INFO] [stderr]    Compiling rosrust v0.9.11 (/opt/rustwide/workdir)
[INFO] [stdout] error: proc macro panicked
[INFO] [stdout]  --> tests/wait_for_service.rs:8:5
[INFO] [stdout]   |
[INFO] [stdout] 8 |     rosrust::rosmsg_include!(rospy_tutorials / AddTwoInts);
[INFO] [stdout]   |     ^^^^^^^^^^^^^^^^^^^^^^^^^^^^^^^^^^^^^^^^^^^^^^^^^^^^^^
[INFO] [stdout]   |
[INFO] [stdout]   = help: message: message rospy_tutorials/AddTwoInts not found in provided directories
[INFO] [stdout]           Directories:
[INFO] [stdout]           share
[INFO] [stdout]           ../src
[INFO] [stdout]           
[INFO] [stdout] 
[INFO] [stdout] 
[INFO] [stdout] error: proc macro panicked
[INFO] [stdout]  --> tests/service_to_rosrust_client.rs:6:5
[INFO] [stdout]   |
[INFO] [stdout] 6 |     rosrust::rosmsg_include!(roscpp_tutorials / TwoInts);
[INFO] [stdout]   |     ^^^^^^^^^^^^^^^^^^^^^^^^^^^^^^^^^^^^^^^^^^^^^^^^^^^^
[INFO] [stdout]   |
[INFO] [stdout]   = help: message: message roscpp_tutorials/TwoInts not found in provided directories
[INFO] [stdout]           Directories:
[INFO] [stdout]           share
[INFO] [stdout]           ../src
[INFO] [stdout]           
[INFO] [stdout] 
[INFO] [stdout] 
[INFO] [stdout] error: proc macro panicked
[INFO] [stdout]  --> tests/subscriber_to_rostopic_publisher.rs:7:5
[INFO] [stdout]   |
[INFO] [stdout] 7 |     rosrust::rosmsg_include!(std_msgs / String);
[INFO] [stdout]   |     ^^^^^^^^^^^^^^^^^^^^^^^^^^^^^^^^^^^^^^^^^^^
[INFO] [stdout]   |
[INFO] [stdout]   = help: message: message std_msgs/String not found in provided directories
[INFO] [stdout]           Directories:
[INFO] [stdout]           share
[INFO] [stdout]           ../src
[INFO] [stdout]           
[INFO] [stdout] 
[INFO] [stdout] 
[INFO] [stdout] error: proc macro panicked
[INFO] [stdout]  --> examples/publisher.rs:2:5
[INFO] [stdout]   |
[INFO] [stdout] 2 |     rosrust::rosmsg_include!(std_msgs / String);
[INFO] [stdout]   |     ^^^^^^^^^^^^^^^^^^^^^^^^^^^^^^^^^^^^^^^^^^^
[INFO] [stdout]   |
[INFO] [stdout]   = help: message: message std_msgs/String not found in provided directories
[INFO] [stdout]           Directories:
[INFO] [stdout]           share
[INFO] [stdout]           ../src
[INFO] [stdout]           
[INFO] [stdout] 
[INFO] [stdout] 
[INFO] [stdout] error: proc macro panicked
[INFO] [stdout]  --> tests/service_to_rosservice_client.rs:6:5
[INFO] [stdout]   |
[INFO] [stdout] 6 |     rosrust::rosmsg_include!(roscpp_tutorials / TwoInts);
[INFO] [stdout]   |     ^^^^^^^^^^^^^^^^^^^^^^^^^^^^^^^^^^^^^^^^^^^^^^^^^^^^
[INFO] [stdout]   |
[INFO] [stdout]   = help: message: message roscpp_tutorials/TwoInts not found in provided directories
[INFO] [stdout]           Directories:
[INFO] [stdout]           share
[INFO] [stdout]           ../src
[INFO] [stdout]           
[INFO] [stdout] 
[INFO] [stdout] 
[INFO] [stdout] error: proc macro panicked
[INFO] [stdout]  --> examples/service.rs:2:5
[INFO] [stdout]   |
[INFO] [stdout] 2 |     rosrust::rosmsg_include!(roscpp_tutorials / TwoInts);
[INFO] [stdout]   |     ^^^^^^^^^^^^^^^^^^^^^^^^^^^^^^^^^^^^^^^^^^^^^^^^^^^^
[INFO] [stdout]   |
[INFO] [stdout]   = help: message: message roscpp_tutorials/TwoInts not found in provided directories
[INFO] [stdout]           Directories:
[INFO] [stdout]           share
[INFO] [stdout]           ../src
[INFO] [stdout]           
[INFO] [stdout] 
[INFO] [stdout] 
[INFO] [stdout] error: proc macro panicked
[INFO] [stdout]  --> tests/client_to_rospy_service.rs:6:5
[INFO] [stdout]   |
[INFO] [stdout] 6 |     rosrust::rosmsg_include!(rospy_tutorials / AddTwoInts);
[INFO] [stdout]   |     ^^^^^^^^^^^^^^^^^^^^^^^^^^^^^^^^^^^^^^^^^^^^^^^^^^^^^^
[INFO] [stdout]   |
[INFO] [stdout]   = help: message: message rospy_tutorials/AddTwoInts not found in provided directories
[INFO] [stdout]           Directories:
[INFO] [stdout]           share
[INFO] [stdout]           ../src
[INFO] [stdout]           
[INFO] [stdout] 
[INFO] [stdout] 
[INFO] [stdout] error: proc macro panicked
[INFO] [stdout]  --> tests/publisher_to_rospy_subscriber.rs:7:5
[INFO] [stdout]   |
[INFO] [stdout] 7 |     rosrust::rosmsg_include!(std_msgs / String, rosgraph_msgs / Log);
[INFO] [stdout]   |     ^^^^^^^^^^^^^^^^^^^^^^^^^^^^^^^^^^^^^^^^^^^^^^^^^^^^^^^^^^^^^^^^
[INFO] [stdout]   |
[INFO] [stdout]   = help: message: message std_msgs/String not found in provided directories
[INFO] [stdout]           Directories:
[INFO] [stdout]           share
[INFO] [stdout]           ../src
[INFO] [stdout]           
[INFO] [stdout] 
[INFO] [stdout] 
[INFO] [stdout] error: proc macro panicked
[INFO] [stdout]  --> tests/client_to_rospy_service_reconnection.rs:8:5
[INFO] [stdout]   |
[INFO] [stdout] 8 |     rosrust::rosmsg_include!(rospy_tutorials / AddTwoInts);
[INFO] [stdout]   |     ^^^^^^^^^^^^^^^^^^^^^^^^^^^^^^^^^^^^^^^^^^^^^^^^^^^^^^
[INFO] [stdout]   |
[INFO] [stdout]   = help: message: message rospy_tutorials/AddTwoInts not found in provided directories
[INFO] [stdout]           Directories:
[INFO] [stdout]           share
[INFO] [stdout]           ../src
[INFO] [stdout]           
[INFO] [stdout] 
[INFO] [stdout] 
[INFO] [stdout] error: proc macro panicked
[INFO] [stdout]  --> examples/subscriber.rs:2:5
[INFO] [stdout]   |
[INFO] [stdout] 2 |     rosrust::rosmsg_include!(std_msgs / String);
[INFO] [stdout]   |     ^^^^^^^^^^^^^^^^^^^^^^^^^^^^^^^^^^^^^^^^^^^
[INFO] [stdout]   |
[INFO] [stdout]   = help: message: message std_msgs/String not found in provided directories
[INFO] [stdout]           Directories:
[INFO] [stdout]           share
[INFO] [stdout]           ../src
[INFO] [stdout]           
[INFO] [stdout] 
[INFO] [stdout] 
[INFO] [stdout] error: proc macro panicked
[INFO] [stdout]  --> tests/publisher_to_multiple_subscribers.rs:7:5
[INFO] [stdout]   |
[INFO] [stdout] 7 |     rosrust::rosmsg_include!(std_msgs / String, rosgraph_msgs / Log);
[INFO] [stdout]   |     ^^^^^^^^^^^^^^^^^^^^^^^^^^^^^^^^^^^^^^^^^^^^^^^^^^^^^^^^^^^^^^^^
[INFO] [stdout]   |
[INFO] [stdout]   = help: message: message std_msgs/String not found in provided directories
[INFO] [stdout]           Directories:
[INFO] [stdout]           share
[INFO] [stdout]           ../src
[INFO] [stdout]           
[INFO] [stdout] 
[INFO] [stdout] 
[INFO] [stdout] warning: unused imports: `assert_success_and_output_containing`, `bytes_contain`, `test_publisher`, `test_subscriber_detailed`, `test_subscriber`
[INFO] [stdout]  --> tests/util/mod.rs:4:5
[INFO] [stdout]   |
[INFO] [stdout] 4 |     assert_success_and_output_containing, bytes_contain, run_roscore_for, test_publisher,
[INFO] [stdout]   |     ^^^^^^^^^^^^^^^^^^^^^^^^^^^^^^^^^^^^  ^^^^^^^^^^^^^                   ^^^^^^^^^^^^^^
[INFO] [stdout] 5 |     test_subscriber, test_subscriber_detailed, ChildProcessTerminator, TestVariant,
[INFO] [stdout]   |     ^^^^^^^^^^^^^^^  ^^^^^^^^^^^^^^^^^^^^^^^^
[INFO] [stdout]   |
[INFO] [stdout]   = note: `#[warn(unused_imports)]` on by default
[INFO] [stdout] 
[INFO] [stdout] 
[INFO] [stdout] warning: unused imports: `ChildProcessTerminator`, `assert_success_and_output_containing`, `bytes_contain`, `test_publisher`, `test_subscriber_detailed`, `test_subscriber`
[INFO] [stdout]  --> tests/util/mod.rs:4:5
[INFO] [stdout]   |
[INFO] [stdout] 4 |     assert_success_and_output_containing, bytes_contain, run_roscore_for, test_publisher,
[INFO] [stdout]   |     ^^^^^^^^^^^^^^^^^^^^^^^^^^^^^^^^^^^^  ^^^^^^^^^^^^^                   ^^^^^^^^^^^^^^
[INFO] [stdout] 5 |     test_subscriber, test_subscriber_detailed, ChildProcessTerminator, TestVariant,
[INFO] [stdout]   |     ^^^^^^^^^^^^^^^  ^^^^^^^^^^^^^^^^^^^^^^^^  ^^^^^^^^^^^^^^^^^^^^^^
[INFO] [stdout]   |
[INFO] [stdout]   = note: `#[warn(unused_imports)]` on by default
[INFO] [stdout] 
[INFO] [stdout] 
[INFO] [stdout] error: proc macro panicked
[INFO] [stdout]  --> tests/client_to_roscpp_service.rs:6:5
[INFO] [stdout]   |
[INFO] [stdout] 6 |     rosrust::rosmsg_include!(roscpp_tutorials / TwoInts);
[INFO] [stdout]   |     ^^^^^^^^^^^^^^^^^^^^^^^^^^^^^^^^^^^^^^^^^^^^^^^^^^^^
[INFO] [stdout]   |
[INFO] [stdout]   = help: message: message roscpp_tutorials/TwoInts not found in provided directories
[INFO] [stdout]           Directories:
[INFO] [stdout]           share
[INFO] [stdout]           ../src
[INFO] [stdout]           
[INFO] [stdout] 
[INFO] [stdout] 
[INFO] [stdout] error: proc macro panicked
[INFO] [stdout]  --> tests/derive_array_test.rs:6:5
[INFO] [stdout]   |
[INFO] [stdout] 6 |     rosrust::rosmsg_include!(geometry_msgs / PoseWithCovariance);
[INFO] [stdout]   |     ^^^^^^^^^^^^^^^^^^^^^^^^^^^^^^^^^^^^^^^^^^^^^^^^^^^^^^^^^^^^
[INFO] [stdout]   |
[INFO] [stdout]   = help: message: message geometry_msgs/PoseWithCovariance not found in provided directories
[INFO] [stdout]           Directories:
[INFO] [stdout]           share
[INFO] [stdout]           ../src
[INFO] [stdout]           
[INFO] [stdout] 
[INFO] [stdout] 
[INFO] [stdout] warning: unused imports: `ChildProcessTerminator`, `assert_success_and_output_containing`, `bytes_contain`, `test_publisher`, `test_subscriber_detailed`, `test_subscriber`
[INFO] [stdout]  --> tests/util/mod.rs:4:5
[INFO] [stdout]   |
[INFO] [stdout] 4 |     assert_success_and_output_containing, bytes_contain, run_roscore_for, test_publisher,
[INFO] [stdout]   |     ^^^^^^^^^^^^^^^^^^^^^^^^^^^^^^^^^^^^  ^^^^^^^^^^^^^                   ^^^^^^^^^^^^^^
[INFO] [stdout] 5 |     test_subscriber, test_subscriber_detailed, ChildProcessTerminator, TestVariant,
[INFO] [stdout]   |     ^^^^^^^^^^^^^^^  ^^^^^^^^^^^^^^^^^^^^^^^^  ^^^^^^^^^^^^^^^^^^^^^^
[INFO] [stdout]   |
[INFO] [stdout]   = note: `#[warn(unused_imports)]` on by default
[INFO] [stdout] 
[INFO] [stdout] 
[INFO] [stdout] error[E0433]: failed to resolve: could not find `roscpp_tutorials` in `msg`
[INFO] [stdout]   --> tests/service_to_rosrust_client.rs:26:44
[INFO] [stdout]    |
[INFO] [stdout] 26 |     let _service = rosrust::service::<msg::roscpp_tutorials::TwoInts, _>("add_two_ints", |req| {
[INFO] [stdout]    |                                            ^^^^^^^^^^^^^^^^ could not find `roscpp_tutorials` in `msg`
[INFO] [stdout] 
[INFO] [stdout] 
[INFO] [stdout] error[E0433]: failed to resolve: could not find `roscpp_tutorials` in `msg`
[INFO] [stdout]   --> tests/service_to_rosrust_client.rs:27:17
[INFO] [stdout]    |
[INFO] [stdout] 27 |         Ok(msg::roscpp_tutorials::TwoIntsRes { sum: req.a + req.b })
[INFO] [stdout]    |                 ^^^^^^^^^^^^^^^^ could not find `roscpp_tutorials` in `msg`
[INFO] [stdout] 
[INFO] [stdout] 
[INFO] [stdout] warning: unused imports: `ChildProcessTerminator`, `bytes_contain`, `test_publisher`, `test_subscriber_detailed`, `test_subscriber`
[INFO] [stdout]  --> tests/util/mod.rs:4:43
[INFO] [stdout]   |
[INFO] [stdout] 4 |     assert_success_and_output_containing, bytes_contain, run_roscore_for, test_publisher,
[INFO] [stdout]   |                                           ^^^^^^^^^^^^^                   ^^^^^^^^^^^^^^
[INFO] [stdout] 5 |     test_subscriber, test_subscriber_detailed, ChildProcessTerminator, TestVariant,
[INFO] [stdout]   |     ^^^^^^^^^^^^^^^  ^^^^^^^^^^^^^^^^^^^^^^^^  ^^^^^^^^^^^^^^^^^^^^^^
[INFO] [stdout]   |
[INFO] [stdout]   = note: `#[warn(unused_imports)]` on by default
[INFO] [stdout] 
[INFO] [stdout] 
[INFO] [stdout] error[E0433]: failed to resolve: could not find `rospy_tutorials` in `msg`
[INFO] [stdout]   --> tests/client_to_rospy_service_reconnection.rs:11:47
[INFO] [stdout]    |
[INFO] [stdout] 11 | fn test_request(client: &rosrust::Client<msg::rospy_tutorials::AddTwoInts>, a: i64, b: i64) {
[INFO] [stdout]    |                                               ^^^^^^^^^^^^^^^ could not find `rospy_tutorials` in `msg`
[INFO] [stdout] 
[INFO] [stdout] 
[INFO] [stdout] error[E0433]: failed to resolve: could not find `rospy_tutorials` in `msg`
[INFO] [stdout]   --> tests/client_to_rospy_service_reconnection.rs:13:20
[INFO] [stdout]    |
[INFO] [stdout] 13 |         .req(&msg::rospy_tutorials::AddTwoIntsReq { a, b })
[INFO] [stdout]    |                    ^^^^^^^^^^^^^^^ could not find `rospy_tutorials` in `msg`
[INFO] [stdout] 
[INFO] [stdout] 
[INFO] [stdout] error[E0433]: failed to resolve: could not find `rospy_tutorials` in `msg`
[INFO] [stdout]   --> tests/client_to_rospy_service_reconnection.rs:30:41
[INFO] [stdout]    |
[INFO] [stdout] 30 |     let client = rosrust::client::<msg::rospy_tutorials::AddTwoInts>("add_two_ints").unwrap();
[INFO] [stdout]    |                                         ^^^^^^^^^^^^^^^ could not find `rospy_tutorials` in `msg`
[INFO] [stdout] 
[INFO] [stdout] 
[INFO] [stdout] error[E0433]: failed to resolve: could not find `roscpp_tutorials` in `msg`
[INFO] [stdout]   --> examples/service.rs:14:33
[INFO] [stdout]    |
[INFO] [stdout] 14 |         rosrust::service::<msg::roscpp_tutorials::TwoInts, _>("add_two_ints", move |req| {
[INFO] [stdout]    |                                 ^^^^^^^^^^^^^^^^ could not find `roscpp_tutorials` in `msg`
[INFO] [stdout] 
[INFO] [stdout] 
[INFO] [stdout] error[E0433]: failed to resolve: could not find `rospy_tutorials` in `msg`
[INFO] [stdout]   --> tests/client_to_rospy_service_reconnection.rs:37:53
[INFO] [stdout]    |
[INFO] [stdout] 37 |     let request_that_should_fail = client.req(&msg::rospy_tutorials::AddTwoIntsReq { a: 5, b: 10 });
[INFO] [stdout]    |                                                     ^^^^^^^^^^^^^^^ could not find `rospy_tutorials` in `msg`
[INFO] [stdout] 
[INFO] [stdout] 
[INFO] [stdout] error[E0433]: failed to resolve: could not find `rospy_tutorials` in `msg`
[INFO] [stdout]   --> tests/client_to_rospy_service_reconnection.rs:44:31
[INFO] [stdout]    |
[INFO] [stdout] 44 |         client.req_async(msg::rospy_tutorials::AddTwoIntsReq { a: 5, b: 10 });
[INFO] [stdout]    |                               ^^^^^^^^^^^^^^^ could not find `rospy_tutorials` in `msg`
[INFO] [stdout] 
[INFO] [stdout] 
[INFO] [stdout] warning: unused imports: `assert_success_and_output_containing`, `bytes_contain`, `test_publisher`, `test_subscriber_detailed`, `test_subscriber`
[INFO] [stdout]  --> tests/util/mod.rs:4:5
[INFO] [stdout]   |
[INFO] [stdout] 4 |     assert_success_and_output_containing, bytes_contain, run_roscore_for, test_publisher,
[INFO] [stdout]   |     ^^^^^^^^^^^^^^^^^^^^^^^^^^^^^^^^^^^^  ^^^^^^^^^^^^^                   ^^^^^^^^^^^^^^
[INFO] [stdout] 5 |     test_subscriber, test_subscriber_detailed, ChildProcessTerminator, TestVariant,
[INFO] [stdout]   |     ^^^^^^^^^^^^^^^  ^^^^^^^^^^^^^^^^^^^^^^^^
[INFO] [stdout]   |
[INFO] [stdout]   = note: `#[warn(unused_imports)]` on by default
[INFO] [stdout] 
[INFO] [stdout] 
[INFO] [stdout] error[E0433]: failed to resolve: could not find `roscpp_tutorials` in `msg`
[INFO] [stdout]   --> examples/service.rs:21:21
[INFO] [stdout]    |
[INFO] [stdout] 21 |             Ok(msg::roscpp_tutorials::TwoIntsRes { sum })
[INFO] [stdout]    |                     ^^^^^^^^^^^^^^^^ could not find `roscpp_tutorials` in `msg`
[INFO] [stdout] 
[INFO] [stdout] 
[INFO] [stdout] error[E0433]: failed to resolve: could not find `roscpp_tutorials` in `msg`
[INFO] [stdout]  --> tests/client_to_roscpp_service.rs:9:47
[INFO] [stdout]   |
[INFO] [stdout] 9 | fn test_request(client: &rosrust::Client<msg::roscpp_tutorials::TwoInts>, a: i64, b: i64) {
[INFO] [stdout]   |                                               ^^^^^^^^^^^^^^^^ could not find `roscpp_tutorials` in `msg`
[INFO] [stdout] 
[INFO] [stdout] 
[INFO] [stdout] error[E0433]: failed to resolve: could not find `roscpp_tutorials` in `msg`
[INFO] [stdout]   --> tests/service_to_rosservice_client.rs:26:44
[INFO] [stdout]    |
[INFO] [stdout] 26 |     let _service = rosrust::service::<msg::roscpp_tutorials::TwoInts, _>("add_two_ints", |req| {
[INFO] [stdout]    |                                            ^^^^^^^^^^^^^^^^ could not find `roscpp_tutorials` in `msg`
[INFO] [stdout] 
[INFO] [stdout] 
[INFO] [stdout] error[E0433]: failed to resolve: could not find `roscpp_tutorials` in `msg`
[INFO] [stdout]   --> tests/client_to_roscpp_service.rs:11:20
[INFO] [stdout]    |
[INFO] [stdout] 11 |         .req(&msg::roscpp_tutorials::TwoIntsReq { a, b })
[INFO] [stdout]    |                    ^^^^^^^^^^^^^^^^ could not find `roscpp_tutorials` in `msg`
[INFO] [stdout] 
[INFO] [stdout] 
[INFO] [stdout] error[E0433]: failed to resolve: could not find `std_msgs` in `msg`
[INFO] [stdout]   --> examples/publisher.rs:25:24
[INFO] [stdout]    |
[INFO] [stdout] 25 |         let msg = msg::std_msgs::String {
[INFO] [stdout]    |                        ^^^^^^^^ could not find `std_msgs` in `msg`
[INFO] [stdout] 
[INFO] [stdout] 
[INFO] [stdout] error[E0433]: failed to resolve: could not find `std_msgs` in `msg`
[INFO] [stdout]   --> tests/publisher_to_rospy_subscriber.rs:29:45
[INFO] [stdout]    |
[INFO] [stdout] 29 |     let publisher = rosrust::publish::<msg::std_msgs::String>("chatter", 100).unwrap();
[INFO] [stdout]    |                                             ^^^^^^^^ could not find `std_msgs` in `msg`
[INFO] [stdout] 
[INFO] [stdout] 
[INFO] [stdout] error[E0433]: failed to resolve: could not find `roscpp_tutorials` in `msg`
[INFO] [stdout]   --> tests/client_to_roscpp_service.rs:28:41
[INFO] [stdout]    |
[INFO] [stdout] 28 |     let client = rosrust::client::<msg::roscpp_tutorials::TwoInts>("add_two_ints").unwrap();
[INFO] [stdout]    |                                         ^^^^^^^^^^^^^^^^ could not find `roscpp_tutorials` in `msg`
[INFO] [stdout] 
[INFO] [stdout] 
[INFO] [stdout] error[E0433]: failed to resolve: could not find `std_msgs` in `msg`
[INFO] [stdout]   --> tests/subscriber_to_rostopic_publisher.rs:26:48
[INFO] [stdout]    |
[INFO] [stdout] 26 |     let subscriber = rosrust::subscribe::<msg::std_msgs::String, _>("chatter", 100, move |data| {
[INFO] [stdout]    |                                                ^^^^^^^^ could not find `std_msgs` in `msg`
[INFO] [stdout] 
[INFO] [stdout] 
[INFO] [stdout] error[E0433]: failed to resolve: could not find `rospy_tutorials` in `msg`
[INFO] [stdout]   --> tests/wait_for_service.rs:11:47
[INFO] [stdout]    |
[INFO] [stdout] 11 | fn test_request(client: &rosrust::Client<msg::rospy_tutorials::AddTwoInts>, a: i64, b: i64) {
[INFO] [stdout]    |                                               ^^^^^^^^^^^^^^^ could not find `rospy_tutorials` in `msg`
[INFO] [stdout] 
[INFO] [stdout] 
[INFO] [stdout] warning: unused imports: `assert_success_and_output_containing`, `bytes_contain`, `test_publisher`, `test_subscriber_detailed`, `test_subscriber`
[INFO] [stdout]  --> tests/util/mod.rs:4:5
[INFO] [stdout]   |
[INFO] [stdout] 4 |     assert_success_and_output_containing, bytes_contain, run_roscore_for, test_publisher,
[INFO] [stdout]   |     ^^^^^^^^^^^^^^^^^^^^^^^^^^^^^^^^^^^^  ^^^^^^^^^^^^^                   ^^^^^^^^^^^^^^
[INFO] [stdout] 5 |     test_subscriber, test_subscriber_detailed, ChildProcessTerminator, TestVariant,
[INFO] [stdout]   |     ^^^^^^^^^^^^^^^  ^^^^^^^^^^^^^^^^^^^^^^^^
[INFO] [stdout]   |
[INFO] [stdout]   = note: `#[warn(unused_imports)]` on by default
[INFO] [stdout] 
[INFO] [stdout] 
[INFO] [stdout] error[E0433]: failed to resolve: could not find `rospy_tutorials` in `msg`
[INFO] [stdout]  --> tests/client_to_rospy_service.rs:9:47
[INFO] [stdout]   |
[INFO] [stdout] 9 | fn test_request(client: &rosrust::Client<msg::rospy_tutorials::AddTwoInts>, a: i64, b: i64) {
[INFO] [stdout]   |                                               ^^^^^^^^^^^^^^^ could not find `rospy_tutorials` in `msg`
[INFO] [stdout] 
[INFO] [stdout] 
[INFO] [stdout] error[E0433]: failed to resolve: could not find `rospy_tutorials` in `msg`
[INFO] [stdout]   --> tests/client_to_rospy_service.rs:11:20
[INFO] [stdout]    |
[INFO] [stdout] 11 |         .req(&msg::rospy_tutorials::AddTwoIntsReq { a, b })
[INFO] [stdout]    |                    ^^^^^^^^^^^^^^^ could not find `rospy_tutorials` in `msg`
[INFO] [stdout] 
[INFO] [stdout] 
[INFO] [stdout] error[E0433]: failed to resolve: could not find `rospy_tutorials` in `msg`
[INFO] [stdout]   --> tests/client_to_rospy_service.rs:28:41
[INFO] [stdout]    |
[INFO] [stdout] 28 |     let client = rosrust::client::<msg::rospy_tutorials::AddTwoInts>("add_two_ints").unwrap();
[INFO] [stdout]    |                                         ^^^^^^^^^^^^^^^ could not find `rospy_tutorials` in `msg`
[INFO] [stdout] 
[INFO] [stdout] 
[INFO] [stdout] error[E0433]: failed to resolve: could not find `roscpp_tutorials` in `msg`
[INFO] [stdout]   --> tests/service_to_rosservice_client.rs:27:17
[INFO] [stdout]    |
[INFO] [stdout] 27 |         Ok(msg::roscpp_tutorials::TwoIntsRes { sum: req.a + req.b })
[INFO] [stdout]    |                 ^^^^^^^^^^^^^^^^ could not find `roscpp_tutorials` in `msg`
[INFO] [stdout] 
[INFO] [stdout] 
[INFO] [stdout] warning: unused imports: `assert_success_and_output_containing`, `bytes_contain`, `test_publisher`, `test_subscriber_detailed`, `test_subscriber`
[INFO] [stdout]  --> tests/util/mod.rs:4:5
[INFO] [stdout]   |
[INFO] [stdout] 4 |     assert_success_and_output_containing, bytes_contain, run_roscore_for, test_publisher,
[INFO] [stdout]   |     ^^^^^^^^^^^^^^^^^^^^^^^^^^^^^^^^^^^^  ^^^^^^^^^^^^^                   ^^^^^^^^^^^^^^
[INFO] [stdout] 5 |     test_subscriber, test_subscriber_detailed, ChildProcessTerminator, TestVariant,
[INFO] [stdout]   |     ^^^^^^^^^^^^^^^  ^^^^^^^^^^^^^^^^^^^^^^^^
[INFO] [stdout]   |
[INFO] [stdout]   = note: `#[warn(unused_imports)]` on by default
[INFO] [stdout] 
[INFO] [stdout] 
[INFO] [stdout] warning: unused imports: `assert_success_and_output_containing`, `bytes_contain`, `test_publisher`, `test_subscriber_detailed`
[INFO] [stdout]  --> tests/util/mod.rs:4:5
[INFO] [stdout]   |
[INFO] [stdout] 4 |     assert_success_and_output_containing, bytes_contain, run_roscore_for, test_publisher,
[INFO] [stdout]   |     ^^^^^^^^^^^^^^^^^^^^^^^^^^^^^^^^^^^^  ^^^^^^^^^^^^^                   ^^^^^^^^^^^^^^
[INFO] [stdout] 5 |     test_subscriber, test_subscriber_detailed, ChildProcessTerminator, TestVariant,
[INFO] [stdout]   |                      ^^^^^^^^^^^^^^^^^^^^^^^^
[INFO] [stdout]   |
[INFO] [stdout]   = note: `#[warn(unused_imports)]` on by default
[INFO] [stdout] 
[INFO] [stdout] 
[INFO] [stdout] error[E0433]: failed to resolve: could not find `rospy_tutorials` in `msg`
[INFO] [stdout]   --> tests/wait_for_service.rs:13:20
[INFO] [stdout]    |
[INFO] [stdout] 13 |         .req(&msg::rospy_tutorials::AddTwoIntsReq { a, b })
[INFO] [stdout]    |                    ^^^^^^^^^^^^^^^ could not find `rospy_tutorials` in `msg`
[INFO] [stdout] 
[INFO] [stdout] 
[INFO] [stdout] warning: unused imports: `ChildProcessTerminator`, `bytes_contain`, `test_publisher`, `test_subscriber_detailed`, `test_subscriber`
[INFO] [stdout]  --> tests/util/mod.rs:4:43
[INFO] [stdout]   |
[INFO] [stdout] 4 |     assert_success_and_output_containing, bytes_contain, run_roscore_for, test_publisher,
[INFO] [stdout]   |                                           ^^^^^^^^^^^^^                   ^^^^^^^^^^^^^^
[INFO] [stdout] 5 |     test_subscriber, test_subscriber_detailed, ChildProcessTerminator, TestVariant,
[INFO] [stdout]   |     ^^^^^^^^^^^^^^^  ^^^^^^^^^^^^^^^^^^^^^^^^  ^^^^^^^^^^^^^^^^^^^^^^
[INFO] [stdout]   |
[INFO] [stdout]   = note: `#[warn(unused_imports)]` on by default
[INFO] [stdout] 
[INFO] [stdout] 
[INFO] [stdout] error[E0433]: failed to resolve: could not find `std_msgs` in `msg`
[INFO] [stdout]   --> tests/publisher_to_rospy_subscriber.rs:32:24
[INFO] [stdout]    |
[INFO] [stdout] 32 |     let message = msg::std_msgs::String {
[INFO] [stdout]    |                        ^^^^^^^^ could not find `std_msgs` in `msg`
[INFO] [stdout] 
[INFO] [stdout] 
[INFO] [stdout] error[E0433]: failed to resolve: could not find `rosgraph_msgs` in `msg`
[INFO] [stdout]   --> tests/publisher_to_rospy_subscriber.rs:24:35
[INFO] [stdout]    |
[INFO] [stdout] 24 |         rosrust::subscribe::<msg::rosgraph_msgs::Log, _>("/rosout_agg", 100, move |data| {
[INFO] [stdout]    |                                   ^^^^^^^^^^^^^ could not find `rosgraph_msgs` in `msg`
[INFO] [stdout]    |
[INFO] [stdout] help: consider importing this module
[INFO] [stdout]    |
[INFO] [stdout] 1  + use rosrust::msg::rosgraph_msgs;
[INFO] [stdout]    |
[INFO] [stdout] help: if you import `rosgraph_msgs`, refer to it directly
[INFO] [stdout]    |
[INFO] [stdout] 24 -         rosrust::subscribe::<msg::rosgraph_msgs::Log, _>("/rosout_agg", 100, move |data| {
[INFO] [stdout] 24 +         rosrust::subscribe::<rosgraph_msgs::Log, _>("/rosout_agg", 100, move |data| {
[INFO] [stdout]    |
[INFO] [stdout] 
[INFO] [stdout] 
[INFO] [stdout] warning: unused imports: `assert_success_and_output_containing`, `bytes_contain`, `test_subscriber_detailed`, `test_subscriber`
[INFO] [stdout]  --> tests/util/mod.rs:4:5
[INFO] [stdout]   |
[INFO] [stdout] 4 |     assert_success_and_output_containing, bytes_contain, run_roscore_for, test_publisher,
[INFO] [stdout]   |     ^^^^^^^^^^^^^^^^^^^^^^^^^^^^^^^^^^^^  ^^^^^^^^^^^^^
[INFO] [stdout] 5 |     test_subscriber, test_subscriber_detailed, ChildProcessTerminator, TestVariant,
[INFO] [stdout]   |     ^^^^^^^^^^^^^^^  ^^^^^^^^^^^^^^^^^^^^^^^^
[INFO] [stdout]   |
[INFO] [stdout]   = note: `#[warn(unused_imports)]` on by default
[INFO] [stdout] 
[INFO] [stdout] 
[INFO] [stdout] error[E0433]: failed to resolve: could not find `std_msgs` in `msg`
[INFO] [stdout]   --> tests/publisher_to_multiple_subscribers.rs:41:45
[INFO] [stdout]    |
[INFO] [stdout] 41 |     let publisher = rosrust::publish::<msg::std_msgs::String>("chatter", 100).unwrap();
[INFO] [stdout]    |                                             ^^^^^^^^ could not find `std_msgs` in `msg`
[INFO] [stdout] 
[INFO] [stdout] 
[INFO] [stdout] error[E0433]: failed to resolve: could not find `rospy_tutorials` in `msg`
[INFO] [stdout]   --> tests/wait_for_service.rs:38:42
[INFO] [stdout]    |
[INFO] [stdout] 38 |     let client1 = rosrust::client::<msg::rospy_tutorials::AddTwoInts>("add_two_ints").unwrap();
[INFO] [stdout]    |                                          ^^^^^^^^^^^^^^^ could not find `rospy_tutorials` in `msg`
[INFO] [stdout] 
[INFO] [stdout] 
[INFO] [stdout] error[E0433]: failed to resolve: could not find `std_msgs` in `msg`
[INFO] [stdout]   --> examples/subscriber.rs:13:69
[INFO] [stdout]    |
[INFO] [stdout] 13 |     let subscriber_info = rosrust::subscribe("chatter", 2, |v: msg::std_msgs::String| {
[INFO] [stdout]    |                                                                     ^^^^^^^^ could not find `std_msgs` in `msg`
[INFO] [stdout] 
[INFO] [stdout] 
[INFO] [stdout] error[E0433]: failed to resolve: could not find `std_msgs` in `msg`
[INFO] [stdout]   --> tests/publisher_to_multiple_subscribers.rs:44:24
[INFO] [stdout]    |
[INFO] [stdout] 44 |     let message = msg::std_msgs::String {
[INFO] [stdout]    |                        ^^^^^^^^ could not find `std_msgs` in `msg`
[INFO] [stdout] 
[INFO] [stdout] 
[INFO] [stdout] error[E0433]: failed to resolve: could not find `geometry_msgs` in `msg`
[INFO] [stdout]   --> tests/derive_array_test.rs:11:29
[INFO] [stdout]    |
[INFO] [stdout] 11 |     let mut message1 = msg::geometry_msgs::PoseWithCovariance::default();
[INFO] [stdout]    |                             ^^^^^^^^^^^^^ could not find `geometry_msgs` in `msg`
[INFO] [stdout] 
[INFO] [stdout] 
[INFO] [stdout] error[E0433]: failed to resolve: could not find `rosgraph_msgs` in `msg`
[INFO] [stdout]   --> tests/publisher_to_multiple_subscribers.rs:36:35
[INFO] [stdout]    |
[INFO] [stdout] 36 |         rosrust::subscribe::<msg::rosgraph_msgs::Log, _>("/rosout_agg", 100, move |data| {
[INFO] [stdout]    |                                   ^^^^^^^^^^^^^ could not find `rosgraph_msgs` in `msg`
[INFO] [stdout]    |
[INFO] [stdout] help: consider importing this module
[INFO] [stdout]    |
[INFO] [stdout] 1  + use rosrust::msg::rosgraph_msgs;
[INFO] [stdout]    |
[INFO] [stdout] help: if you import `rosgraph_msgs`, refer to it directly
[INFO] [stdout]    |
[INFO] [stdout] 36 -         rosrust::subscribe::<msg::rosgraph_msgs::Log, _>("/rosout_agg", 100, move |data| {
[INFO] [stdout] 36 +         rosrust::subscribe::<rosgraph_msgs::Log, _>("/rosout_agg", 100, move |data| {
[INFO] [stdout]    |
[INFO] [stdout] 
[INFO] [stdout] 
[INFO] [stdout] error: aborting due to 4 previous errors; 1 warning emitted
[INFO] [stdout] 
[INFO] [stdout] 
[INFO] [stdout] For more information about this error, try `rustc --explain E0433`.
[INFO] [stdout] 
[INFO] [stdout] warning: unused imports: `assert_success_and_output_containing`, `bytes_contain`, `test_subscriber_detailed`, `test_subscriber`
[INFO] [stdout]  --> tests/util/mod.rs:4:5
[INFO] [stdout]   |
[INFO] [stdout] 4 |     assert_success_and_output_containing, bytes_contain, run_roscore_for, test_publisher,
[INFO] [stdout]   |     ^^^^^^^^^^^^^^^^^^^^^^^^^^^^^^^^^^^^  ^^^^^^^^^^^^^
[INFO] [stdout] 5 |     test_subscriber, test_subscriber_detailed, ChildProcessTerminator, TestVariant,
[INFO] [stdout]   |     ^^^^^^^^^^^^^^^  ^^^^^^^^^^^^^^^^^^^^^^^^
[INFO] [stdout]   |
[INFO] [stdout]   = note: `#[warn(unused_imports)]` on by default
[INFO] [stdout] 
[INFO] [stdout] 
[INFO] [stdout] error[E0433]: failed to resolve: could not find `geometry_msgs` in `msg`
[INFO] [stdout]   --> tests/derive_array_test.rs:13:29
[INFO] [stdout]    |
[INFO] [stdout] 13 |     let mut message2 = msg::geometry_msgs::PoseWithCovariance::default();
[INFO] [stdout]    |                             ^^^^^^^^^^^^^ could not find `geometry_msgs` in `msg`
[INFO] [stdout] 
[INFO] [stdout] 
[INFO] [stdout] error[E0433]: failed to resolve: could not find `rospy_tutorials` in `msg`
[INFO] [stdout]   --> tests/wait_for_service.rs:58:42
[INFO] [stdout]    |
[INFO] [stdout] 58 |     let client2 = rosrust::client::<msg::rospy_tutorials::AddTwoInts>("add_two_ints").unwrap();
[INFO] [stdout]    |                                          ^^^^^^^^^^^^^^^ could not find `rospy_tutorials` in `msg`
[INFO] [stdout] 
[INFO] [stdout] 
[INFO] [stdout] warning: unused imports: `assert_success_and_output_containing`, `bytes_contain`, `test_publisher`, `test_subscriber_detailed`, `test_subscriber`
[INFO] [stdout]  --> tests/util/mod.rs:4:5
[INFO] [stdout]   |
[INFO] [stdout] 4 |     assert_success_and_output_containing, bytes_contain, run_roscore_for, test_publisher,
[INFO] [stdout]   |     ^^^^^^^^^^^^^^^^^^^^^^^^^^^^^^^^^^^^  ^^^^^^^^^^^^^                   ^^^^^^^^^^^^^^
[INFO] [stdout] 5 |     test_subscriber, test_subscriber_detailed, ChildProcessTerminator, TestVariant,
[INFO] [stdout]   |     ^^^^^^^^^^^^^^^  ^^^^^^^^^^^^^^^^^^^^^^^^
[INFO] [stdout]   |
[INFO] [stdout]   = note: `#[warn(unused_imports)]` on by default
[INFO] [stdout] 
[INFO] [stdout] 
[INFO] [stderr] error: could not compile `rosrust` (test "client_to_rospy_service") due to 5 previous errors; 1 warning emitted
[INFO] [stderr] warning: build failed, waiting for other jobs to finish...
[INFO] [stdout] error: aborting due to 3 previous errors
[INFO] [stdout] 
[INFO] [stdout] 
[INFO] [stdout] error: aborting due to 4 previous errors; 1 warning emitted
[INFO] [stdout] 
[INFO] [stdout] 
[INFO] [stdout] For more information about this error, try `rustc --explain E0433`.
[INFO] [stdout] 
[INFO] [stdout] error[E0433]: failed to resolve: could not find `geometry_msgs` in `msg`
[INFO] [stdout]   --> tests/derive_array_test.rs:15:29
[INFO] [stdout]    |
[INFO] [stdout] 15 |     let mut message3 = msg::geometry_msgs::PoseWithCovariance::default();
[INFO] [stdout]    |                             ^^^^^^^^^^^^^ could not find `geometry_msgs` in `msg`
[INFO] [stdout] 
[INFO] [stdout] 
[INFO] [stdout] For more information about this error, try `rustc --explain E0433`.
[INFO] [stdout] 
[INFO] [stdout] error: aborting due to 3 previous errors; 1 warning emitted
[INFO] [stdout] 
[INFO] [stdout] 
[INFO] [stdout] For more information about this error, try `rustc --explain E0433`.
[INFO] [stdout] 
[INFO] [stderr] error: could not compile `rosrust` (test "client_to_roscpp_service") due to 5 previous errors; 1 warning emitted
[INFO] [stdout] error: aborting due to 2 previous errors
[INFO] [stdout] 
[INFO] [stdout] 
[INFO] [stdout] For more information about this error, try `rustc --explain E0433`.
[INFO] [stdout] 
[INFO] [stderr] error: could not compile `rosrust` (example "service") due to 4 previous errors
[INFO] [stdout] error: aborting due to 4 previous errors
[INFO] [stdout] 
[INFO] [stdout] 
[INFO] [stdout] For more information about this error, try `rustc --explain E0433`.
[INFO] [stdout] 
[INFO] [stdout] error: aborting due to 3 previous errors; 1 warning emitted
[INFO] [stdout] 
[INFO] [stdout] 
[INFO] [stdout] For more information about this error, try `rustc --explain E0433`.
[INFO] [stdout] 
[INFO] [stdout] error: aborting due to 6 previous errors; 1 warning emitted
[INFO] [stdout] 
[INFO] [stdout] 
[INFO] [stdout] For more information about this error, try `rustc --explain E0433`.
[INFO] [stdout] 
[INFO] [stderr] error: could not compile `rosrust` (example "subscriber") due to 3 previous errors
[INFO] [stderr] error: could not compile `rosrust` (test "service_to_rosrust_client") due to 4 previous errors; 1 warning emitted
[INFO] [stderr] error: could not compile `rosrust` (test "client_to_rospy_service_reconnection") due to 7 previous errors; 1 warning emitted
[INFO] [stderr] error: could not compile `rosrust` (test "service_to_rosservice_client") due to 4 previous errors; 1 warning emitted
[INFO] [stderr] error: could not compile `rosrust` (test "derive_array_test") due to 5 previous errors
[INFO] [stdout] error: aborting due to 5 previous errors; 1 warning emitted
[INFO] [stdout] 
[INFO] [stdout] 
[INFO] [stdout] For more information about this error, try `rustc --explain E0433`.
[INFO] [stdout] 
[INFO] [stderr] error: could not compile `rosrust` (test "wait_for_service") due to 6 previous errors; 1 warning emitted
[INFO] [stdout] error: aborting due to 4 previous errors; 1 warning emitted
[INFO] [stdout] 
[INFO] [stdout] 
[INFO] [stdout] For more information about this error, try `rustc --explain E0433`.
[INFO] [stdout] 
[INFO] [stdout] error: aborting due to 2 previous errors
[INFO] [stdout] 
[INFO] [stdout] 
[INFO] [stdout] For more information about this error, try `rustc --explain E0433`.
[INFO] [stdout] 
[INFO] [stdout] error: aborting due to 2 previous errors; 1 warning emitted
[INFO] [stdout] 
[INFO] [stdout] 
[INFO] [stderr] error: could not compile `rosrust` (test "publisher_to_rospy_subscriber") due to 5 previous errors; 1 warning emitted
[INFO] [stdout] For more information about this error, try `rustc --explain E0433`.
[INFO] [stdout] 
[INFO] [stdout] error: aborting due to 4 previous errors; 1 warning emitted
[INFO] [stdout] 
[INFO] [stdout] 
[INFO] [stdout] For more information about this error, try `rustc --explain E0433`.
[INFO] [stdout] 
[INFO] [stderr] error: could not compile `rosrust` (example "publisher") due to 3 previous errors
[INFO] [stderr] error: could not compile `rosrust` (test "publisher_to_multiple_subscribers") due to 5 previous errors; 1 warning emitted
[INFO] [stderr] error: could not compile `rosrust` (test "subscriber_to_rostopic_publisher") due to 3 previous errors; 1 warning emitted
[INFO] [stdout] warning: 1 warning emitted
[INFO] [stdout] 
[INFO] [stdout] 
[INFO] [stdout] warning: 1 warning emitted
[INFO] [stdout] 
[INFO] [stdout] 
[INFO] [stdout] warning: 1 warning emitted
[INFO] [stdout] 
[INFO] [stdout] 
[INFO] running `Command { std: "docker" "inspect" "f08ea07e7c58eebcbc98638d755f07d1824eaebaa740af560a0fff384b88f50f", kill_on_drop: false }`
[INFO] running `Command { std: "docker" "rm" "-f" "f08ea07e7c58eebcbc98638d755f07d1824eaebaa740af560a0fff384b88f50f", kill_on_drop: false }`
[INFO] [stdout] f08ea07e7c58eebcbc98638d755f07d1824eaebaa740af560a0fff384b88f50f
