[INFO] fetching crate roslibrust 0.8.0...
[INFO] testing roslibrust-0.8.0 against 1.75.0 for beta-1.76-1
[INFO] extracting crate roslibrust 0.8.0 into /workspace/builds/worker-6-tc1/source
[INFO] validating manifest of crates.io crate roslibrust 0.8.0 on toolchain 1.75.0
[INFO] running `Command { std: CARGO_HOME="/workspace/cargo-home" RUSTUP_HOME="/workspace/rustup-home" "/workspace/cargo-home/bin/cargo" "+1.75.0" "metadata" "--manifest-path" "Cargo.toml" "--no-deps", kill_on_drop: false }`
[INFO] started tweaking crates.io crate roslibrust 0.8.0
[INFO] removed 0 missing tests
[INFO] finished tweaking crates.io crate roslibrust 0.8.0
[INFO] tweaked toml for crates.io crate roslibrust 0.8.0 written to /workspace/builds/worker-6-tc1/source/Cargo.toml
[INFO] crate crates.io crate roslibrust 0.8.0 already has a lockfile, it will not be regenerated
[INFO] running `Command { std: CARGO_HOME="/workspace/cargo-home" RUSTUP_HOME="/workspace/rustup-home" "/workspace/cargo-home/bin/cargo" "+1.75.0" "fetch" "--manifest-path" "Cargo.toml", kill_on_drop: false }`
[INFO] [stderr]     Updating crates.io index
[INFO] [stderr]  Downloading crates ...
[INFO] [stderr]   Downloaded simple-error v0.3.0
[INFO] [stderr]   Downloaded deadqueue v0.2.4
[INFO] [stderr]   Downloaded gethostname v0.4.2
[INFO] [stderr]   Downloaded tracing v0.1.38
[INFO] [stderr]   Downloaded test-log v0.2.12
[INFO] [stderr]   Downloaded roslibrust_codegen_macro v0.8.0
[INFO] [stderr]   Downloaded abort-on-drop v0.2.2
[INFO] [stderr]   Downloaded serde_rosmsg v0.2.0
[INFO] [stderr]   Downloaded roslibrust_codegen v0.8.0
[INFO] [stderr]   Downloaded serde_xmlrpc v0.2.0
[INFO] running `Command { std: "docker" "create" "-v" "/var/lib/crater-agent-workspace/builds/worker-6-tc1/target:/opt/rustwide/target:rw,Z" "-v" "/var/lib/crater-agent-workspace/builds/worker-6-tc1/source:/opt/rustwide/workdir:ro,Z" "-v" "/var/lib/crater-agent-workspace/cargo-home:/opt/rustwide/cargo-home:ro,Z" "-v" "/var/lib/crater-agent-workspace/rustup-home:/opt/rustwide/rustup-home:ro,Z" "-e" "SOURCE_DIR=/opt/rustwide/workdir" "-e" "CARGO_TARGET_DIR=/opt/rustwide/target" "-e" "CARGO_HOME=/opt/rustwide/cargo-home" "-e" "RUSTUP_HOME=/opt/rustwide/rustup-home" "-w" "/opt/rustwide/workdir" "-m" "1610612736" "--user" "0:0" "--network" "none" "ghcr.io/rust-lang/crates-build-env/linux@sha256:2788e3201cd34a07e3172128adcd8b3090168a8e3bcc40d7c032b9dda1df7d1c" "/opt/rustwide/cargo-home/bin/cargo" "+1.75.0" "metadata" "--no-deps" "--format-version=1", kill_on_drop: false }`
[INFO] [stdout] e0bdb634ee6bf52ed45ce101940f466db98c5507664582282ccdbca989a14e48
[INFO] running `Command { std: "docker" "start" "-a" "e0bdb634ee6bf52ed45ce101940f466db98c5507664582282ccdbca989a14e48", kill_on_drop: false }`
[INFO] running `Command { std: "docker" "inspect" "e0bdb634ee6bf52ed45ce101940f466db98c5507664582282ccdbca989a14e48", kill_on_drop: false }`
[INFO] running `Command { std: "docker" "rm" "-f" "e0bdb634ee6bf52ed45ce101940f466db98c5507664582282ccdbca989a14e48", kill_on_drop: false }`
[INFO] [stdout] e0bdb634ee6bf52ed45ce101940f466db98c5507664582282ccdbca989a14e48
[INFO] running `Command { std: "docker" "create" "-v" "/var/lib/crater-agent-workspace/builds/worker-6-tc1/target:/opt/rustwide/target:rw,Z" "-v" "/var/lib/crater-agent-workspace/builds/worker-6-tc1/source:/opt/rustwide/workdir:ro,Z" "-v" "/var/lib/crater-agent-workspace/cargo-home:/opt/rustwide/cargo-home:ro,Z" "-v" "/var/lib/crater-agent-workspace/rustup-home:/opt/rustwide/rustup-home:ro,Z" "-e" "SOURCE_DIR=/opt/rustwide/workdir" "-e" "CARGO_TARGET_DIR=/opt/rustwide/target" "-e" "CARGO_INCREMENTAL=0" "-e" "RUST_BACKTRACE=full" "-e" "RUSTFLAGS=--cap-lints=warn" "-e" "RUSTDOCFLAGS=--cap-lints=warn" "-e" "CARGO_HOME=/opt/rustwide/cargo-home" "-e" "RUSTUP_HOME=/opt/rustwide/rustup-home" "-w" "/opt/rustwide/workdir" "-m" "1610612736" "--user" "0:0" "--network" "none" "ghcr.io/rust-lang/crates-build-env/linux@sha256:2788e3201cd34a07e3172128adcd8b3090168a8e3bcc40d7c032b9dda1df7d1c" "/opt/rustwide/cargo-home/bin/cargo" "+1.75.0" "build" "--frozen" "--message-format=json", kill_on_drop: false }`
[INFO] [stdout] 9be097ea8c68944787f3294991df63d294fd7ae3e8c25b2c86b8eb8e7a693138
[INFO] running `Command { std: "docker" "start" "-a" "9be097ea8c68944787f3294991df63d294fd7ae3e8c25b2c86b8eb8e7a693138", kill_on_drop: false }`
[INFO] [stderr]    Compiling proc-macro2 v1.0.56
[INFO] [stderr]    Compiling quote v1.0.26
[INFO] [stderr]    Compiling unicode-ident v1.0.8
[INFO] [stderr]    Compiling autocfg v1.1.0
[INFO] [stderr]    Compiling libc v0.2.142
[INFO] [stderr]    Compiling log v0.4.17
[INFO] [stderr]    Compiling pin-project-lite v0.2.9
[INFO] [stderr]    Compiling version_check v0.9.4
[INFO] [stderr]    Compiling typenum v1.16.0
[INFO] [stderr]    Compiling itoa v1.0.6
[INFO] [stderr]    Compiling serde_derive v1.0.160
[INFO] [stderr]    Compiling futures-core v0.3.28
[INFO] [stderr]    Compiling bytes v1.4.0
[INFO] [stderr]    Compiling tinyvec_macros v0.1.1
[INFO] [stderr]    Compiling serde v1.0.160
[INFO] [stderr]    Compiling futures-task v0.3.28
[INFO] [stderr]    Compiling futures-channel v0.3.28
[INFO] [stderr]    Compiling tinyvec v1.6.0
[INFO] [stderr]    Compiling syn v1.0.109
[INFO] [stderr]    Compiling futures-sink v0.3.28
[INFO] [stderr]    Compiling futures-util v0.3.28
[INFO] [stderr]    Compiling serde_json v1.0.96
[INFO] [stderr]    Compiling thiserror v1.0.40
[INFO] [stderr]    Compiling tokio v1.28.0
[INFO] [stderr]    Compiling generic-array v0.14.7
[INFO] [stderr]    Compiling slab v0.4.8
[INFO] [stderr]    Compiling httparse v1.8.0
[INFO] [stderr]    Compiling ppv-lite86 v0.2.17
[INFO] [stderr]    Compiling ryu v1.0.13
[INFO] [stderr]    Compiling same-file v1.0.6
[INFO] [stderr]    Compiling futures-io v0.3.28
[INFO] [stderr]    Compiling memchr v2.6.3
[INFO] [stderr]    Compiling crossbeam-utils v0.8.15
[INFO] [stderr]    Compiling percent-encoding v2.2.0
[INFO] [stderr]    Compiling unicode-bidi v0.3.13
[INFO] [stderr]    Compiling walkdir v2.3.3
[INFO] [stderr]    Compiling form_urlencoded v1.1.0
[INFO] [stderr]    Compiling lock_api v0.4.9
[INFO] [stderr]    Compiling simple-error v0.3.0
[INFO] [stderr]    Compiling md5 v0.7.0
[INFO] [stderr]    Compiling parking_lot_core v0.9.7
[INFO] [stderr]    Compiling xml-rs v0.8.4
[INFO] [stderr]    Compiling cpufeatures v0.2.7
[INFO] [stderr]    Compiling crossbeam-queue v0.3.8
[INFO] [stderr]    Compiling http v0.2.9
[INFO] [stderr]    Compiling syn v2.0.15
[INFO] [stderr]    Compiling unicode-normalization v0.1.22
[INFO] [stderr]    Compiling mio v0.8.6
[INFO] [stderr]    Compiling signal-hook-registry v1.4.1
[INFO] [stderr]    Compiling getrandom v0.2.9
[INFO] [stderr]    Compiling socket2 v0.4.9
[INFO] [stderr]    Compiling num_cpus v1.15.0
[INFO] [stderr]    Compiling rand_core v0.6.4
[INFO] [stderr]    Compiling byteorder v1.4.3
[INFO] [stderr]    Compiling rand_chacha v0.3.1
[INFO] [stderr]    Compiling idna v0.3.0
[INFO] [stderr]    Compiling smallvec v1.10.0
[INFO] [stderr]    Compiling anyhow v1.0.70
[INFO] [stderr]    Compiling utf-8 v0.7.6
[INFO] [stderr]    Compiling base64 v0.13.1
[INFO] [stderr]    Compiling async-trait v0.1.68
[INFO] [stderr]    Compiling rand v0.8.5
[INFO] [stderr]    Compiling once_cell v1.17.1
[INFO] [stderr]    Compiling hashbrown v0.12.3
[INFO] [stderr]    Compiling url v2.3.1
[INFO] [stderr]    Compiling uuid v1.3.1
[INFO] [stderr]    Compiling block-buffer v0.10.4
[INFO] [stderr]    Compiling crypto-common v0.1.6
[INFO] [stderr]    Compiling digest v0.10.6
[INFO] [stderr]    Compiling sha-1 v0.10.1
[INFO] [stderr]    Compiling dashmap v5.4.0
[INFO] [stderr]    Compiling smart-default v0.6.0
[INFO] [stderr]    Compiling tokio-macros v2.1.0
[INFO] [stderr]    Compiling futures-macro v0.3.28
[INFO] [stderr]    Compiling thiserror-impl v1.0.40
[INFO] [stderr]    Compiling tungstenite v0.17.3
[INFO] [stderr]    Compiling futures-executor v0.3.28
[INFO] [stderr]    Compiling futures v0.3.28
[INFO] [stderr]    Compiling tokio-tungstenite v0.17.2
[INFO] [stderr]    Compiling abort-on-drop v0.2.2
[INFO] [stderr]    Compiling deadqueue v0.2.4
[INFO] [stderr]    Compiling roslibrust_codegen v0.8.0
[INFO] [stderr]    Compiling roslibrust_codegen_macro v0.8.0
[INFO] [stderr]    Compiling roslibrust v0.8.0 (/opt/rustwide/workdir)
[INFO] [stdout] warning: field `known_publishers` is never read
[INFO] [stdout]    --> src/rosbridge/mod.rs:142:16
[INFO] [stdout]     |
[INFO] [stdout] 130 | pub(crate) struct Subscription {
[INFO] [stdout]     |                   ------------ field in this struct
[INFO] [stdout] ...
[INFO] [stdout] 142 |     pub(crate) known_publishers: Vec<String>,
[INFO] [stdout]     |                ^^^^^^^^^^^^^^^^
[INFO] [stdout]     |
[INFO] [stdout]     = note: `#[warn(dead_code)]` on by default
[INFO] [stdout] 
[INFO] [stdout] 
[INFO] [stdout] warning: field `topic_type` is never read
[INFO] [stdout]    --> src/rosbridge/mod.rs:147:16
[INFO] [stdout]     |
[INFO] [stdout] 146 | pub(crate) struct PublisherHandle {
[INFO] [stdout]     |                   --------------- field in this struct
[INFO] [stdout] 147 |     pub(crate) topic_type: String,
[INFO] [stdout]     |                ^^^^^^^^^^
[INFO] [stdout] 
[INFO] [stdout] 
[INFO] [stdout] warning: 2 warnings emitted
[INFO] [stdout] 
[INFO] [stdout] 
[INFO] [stderr]     Finished dev [unoptimized + debuginfo] target(s) in 11.37s
[INFO] running `Command { std: "docker" "inspect" "9be097ea8c68944787f3294991df63d294fd7ae3e8c25b2c86b8eb8e7a693138", kill_on_drop: false }`
[INFO] running `Command { std: "docker" "rm" "-f" "9be097ea8c68944787f3294991df63d294fd7ae3e8c25b2c86b8eb8e7a693138", kill_on_drop: false }`
[INFO] [stdout] 9be097ea8c68944787f3294991df63d294fd7ae3e8c25b2c86b8eb8e7a693138
[INFO] running `Command { std: "docker" "create" "-v" "/var/lib/crater-agent-workspace/builds/worker-6-tc1/target:/opt/rustwide/target:rw,Z" "-v" "/var/lib/crater-agent-workspace/builds/worker-6-tc1/source:/opt/rustwide/workdir:ro,Z" "-v" "/var/lib/crater-agent-workspace/cargo-home:/opt/rustwide/cargo-home:ro,Z" "-v" "/var/lib/crater-agent-workspace/rustup-home:/opt/rustwide/rustup-home:ro,Z" "-e" "SOURCE_DIR=/opt/rustwide/workdir" "-e" "CARGO_TARGET_DIR=/opt/rustwide/target" "-e" "CARGO_INCREMENTAL=0" "-e" "RUST_BACKTRACE=full" "-e" "RUSTFLAGS=--cap-lints=warn" "-e" "RUSTDOCFLAGS=--cap-lints=warn" "-e" "CARGO_HOME=/opt/rustwide/cargo-home" "-e" "RUSTUP_HOME=/opt/rustwide/rustup-home" "-w" "/opt/rustwide/workdir" "-m" "1610612736" "--user" "0:0" "--network" "none" "ghcr.io/rust-lang/crates-build-env/linux@sha256:2788e3201cd34a07e3172128adcd8b3090168a8e3bcc40d7c032b9dda1df7d1c" "/opt/rustwide/cargo-home/bin/cargo" "+1.75.0" "test" "--frozen" "--no-run" "--message-format=json", kill_on_drop: false }`
[INFO] [stdout] 90baca8467028a1df7d65d65203edf3dd79a9d0ff8f27ad7da96a05d4aee0b10
[INFO] running `Command { std: "docker" "start" "-a" "90baca8467028a1df7d65d65203edf3dd79a9d0ff8f27ad7da96a05d4aee0b10", kill_on_drop: false }`
[INFO] [stderr]    Compiling libc v0.2.142
[INFO] [stderr]    Compiling log v0.4.17
[INFO] [stderr]    Compiling syn v1.0.109
[INFO] [stderr]    Compiling io-lifetimes v1.0.10
[INFO] [stderr]    Compiling rustix v0.37.14
[INFO] [stderr]    Compiling aho-corasick v1.0.1
[INFO] [stderr]    Compiling time-core v0.1.0
[INFO] [stderr]    Compiling regex-syntax v0.7.5
[INFO] [stderr]    Compiling bitflags v1.3.2
[INFO] [stderr]    Compiling linux-raw-sys v0.3.4
[INFO] [stderr]    Compiling num_threads v0.1.6
[INFO] [stderr]    Compiling termcolor v1.2.0
[INFO] [stderr]    Compiling humantime v2.1.0
[INFO] [stderr]    Compiling time-macros v0.2.8
[INFO] [stderr]    Compiling signal-hook-registry v1.4.1
[INFO] [stderr]    Compiling mio v0.8.6
[INFO] [stderr]    Compiling tokio v1.28.0
[INFO] [stderr]    Compiling regex-automata v0.3.8
[INFO] [stderr]    Compiling getrandom v0.2.9
[INFO] [stderr]    Compiling socket2 v0.4.9
[INFO] [stderr]    Compiling num_cpus v1.15.0
[INFO] [stderr]    Compiling atty v0.2.14
[INFO] [stderr]    Compiling rand_core v0.6.4
[INFO] [stderr]    Compiling parking_lot_core v0.9.7
[INFO] [stderr]    Compiling colored v2.0.0
[INFO] [stderr]    Compiling uuid v1.3.1
[INFO] [stderr]    Compiling time v0.3.20
[INFO] [stderr]    Compiling rand_chacha v0.3.1
[INFO] [stderr]    Compiling dashmap v5.4.0
[INFO] [stderr]    Compiling rand v0.8.5
[INFO] [stderr]    Compiling simple_logger v2.3.0
[INFO] [stderr]    Compiling tungstenite v0.17.3
[INFO] [stderr]    Compiling is-terminal v0.4.7
[INFO] [stderr]    Compiling roslibrust_codegen v0.8.0
[INFO] [stderr]    Compiling regex v1.9.5
[INFO] [stderr]    Compiling env_logger v0.10.0
[INFO] [stderr]    Compiling smart-default v0.6.0
[INFO] [stderr]    Compiling test-log v0.2.12
[INFO] [stderr]    Compiling roslibrust_codegen_macro v0.8.0
[INFO] [stderr]    Compiling tokio-tungstenite v0.17.2
[INFO] [stderr]    Compiling abort-on-drop v0.2.2
[INFO] [stderr]    Compiling deadqueue v0.2.4
[INFO] [stderr]    Compiling roslibrust v0.8.0 (/opt/rustwide/workdir)
[INFO] [stdout] warning: field `known_publishers` is never read
[INFO] [stdout]    --> src/rosbridge/mod.rs:142:16
[INFO] [stdout]     |
[INFO] [stdout] 130 | pub(crate) struct Subscription {
[INFO] [stdout]     |                   ------------ field in this struct
[INFO] [stdout] ...
[INFO] [stdout] 142 |     pub(crate) known_publishers: Vec<String>,
[INFO] [stdout]     |                ^^^^^^^^^^^^^^^^
[INFO] [stdout]     |
[INFO] [stdout]     = note: `#[warn(dead_code)]` on by default
[INFO] [stdout] 
[INFO] [stdout] 
[INFO] [stdout] warning: field `topic_type` is never read
[INFO] [stdout]    --> src/rosbridge/mod.rs:147:16
[INFO] [stdout]     |
[INFO] [stdout] 146 | pub(crate) struct PublisherHandle {
[INFO] [stdout]     |                   --------------- field in this struct
[INFO] [stdout] 147 |     pub(crate) topic_type: String,
[INFO] [stdout]     |                ^^^^^^^^^^
[INFO] [stdout] 
[INFO] [stdout] 
[INFO] [stdout] warning: 2 warnings emitted
[INFO] [stdout] 
[INFO] [stdout] 
[INFO] [stdout] error: Codegen was instructed to search a path that could not be canonicalized relative to "/opt/rustwide/workdir": "assets/ros1_common_interfaces/std_msgs", No such file or directory (os error 2)
[INFO] [stdout]  --> examples/ros1_listener.rs:1:1
[INFO] [stdout]   |
[INFO] [stdout] 1 | roslibrust_codegen_macro::find_and_generate_ros_messages!("assets/ros1_common_interfaces/std_msgs");
[INFO] [stdout]   | ^^^^^^^^^^^^^^^^^^^^^^^^^^^^^^^^^^^^^^^^^^^^^^^^^^^^^^^^^^^^^^^^^^^^^^^^^^^^^^^^^^^^^^^^^^^^^^^^^^^
[INFO] [stdout]   |
[INFO] [stdout]   = note: this error originates in the macro `roslibrust_codegen_macro::find_and_generate_ros_messages` (in Nightly builds, run with -Z macro-backtrace for more info)
[INFO] [stdout] 
[INFO] [stdout] 
[INFO] [stdout] error: Codegen was instructed to search a path that could not be canonicalized relative to "/opt/rustwide/workdir": "assets/ros1_common_interfaces", No such file or directory (os error 2)
[INFO] [stdout]  --> examples/subscribe_and_log.rs:4:1
[INFO] [stdout]   |
[INFO] [stdout] 4 | roslibrust_codegen_macro::find_and_generate_ros_messages!("assets/ros1_common_interfaces");
[INFO] [stdout]   | ^^^^^^^^^^^^^^^^^^^^^^^^^^^^^^^^^^^^^^^^^^^^^^^^^^^^^^^^^^^^^^^^^^^^^^^^^^^^^^^^^^^^^^^^^^
[INFO] [stdout]   |
[INFO] [stdout]   = note: this error originates in the macro `roslibrust_codegen_macro::find_and_generate_ros_messages` (in Nightly builds, run with -Z macro-backtrace for more info)
[INFO] [stdout] 
[INFO] [stdout] 
[INFO] [stdout] error: Codegen was instructed to search a path that could not be canonicalized relative to "/opt/rustwide/workdir": "assets/ros1_common_interfaces/std_msgs", No such file or directory (os error 2)
[INFO] [stdout]  --> examples/ros1_talker.rs:1:1
[INFO] [stdout]   |
[INFO] [stdout] 1 | roslibrust_codegen_macro::find_and_generate_ros_messages!("assets/ros1_common_interfaces/std_msgs");
[INFO] [stdout]   | ^^^^^^^^^^^^^^^^^^^^^^^^^^^^^^^^^^^^^^^^^^^^^^^^^^^^^^^^^^^^^^^^^^^^^^^^^^^^^^^^^^^^^^^^^^^^^^^^^^^
[INFO] [stdout]   |
[INFO] [stdout]   = note: this error originates in the macro `roslibrust_codegen_macro::find_and_generate_ros_messages` (in Nightly builds, run with -Z macro-backtrace for more info)
[INFO] [stdout] 
[INFO] [stdout] 
[INFO] [stdout] error: aborting due to previous error
[INFO] [stdout] 
[INFO] [stdout] 
[INFO] [stderr] error: could not compile `roslibrust` (example "ros1_listener") due to 2 previous errors
[INFO] [stderr] warning: build failed, waiting for other jobs to finish...
[INFO] [stdout] error: aborting due to previous error
[INFO] [stdout] 
[INFO] [stdout] 
[INFO] [stderr] error: could not compile `roslibrust` (example "ros1_talker") due to 2 previous errors
[INFO] [stdout] error: Codegen was instructed to search a path that could not be canonicalized relative to "/opt/rustwide/workdir": "assets/ros1_common_interfaces", No such file or directory (os error 2)
[INFO] [stdout]  --> examples/service_server.rs:4:1
[INFO] [stdout]   |
[INFO] [stdout] 4 | roslibrust_codegen_macro::find_and_generate_ros_messages!("assets/ros1_common_interfaces");
[INFO] [stdout]   | ^^^^^^^^^^^^^^^^^^^^^^^^^^^^^^^^^^^^^^^^^^^^^^^^^^^^^^^^^^^^^^^^^^^^^^^^^^^^^^^^^^^^^^^^^^
[INFO] [stdout]   |
[INFO] [stdout]   = note: this error originates in the macro `roslibrust_codegen_macro::find_and_generate_ros_messages` (in Nightly builds, run with -Z macro-backtrace for more info)
[INFO] [stdout] 
[INFO] [stdout] 
[INFO] [stdout] error: Codegen was instructed to search a path that could not be canonicalized relative to "/opt/rustwide/workdir": "assets/ros1_common_interfaces/std_msgs", No such file or directory (os error 2)
[INFO] [stdout]  --> examples/basic_publisher.rs:4:1
[INFO] [stdout]   |
[INFO] [stdout] 4 | roslibrust_codegen_macro::find_and_generate_ros_messages!("assets/ros1_common_interfaces/std_msgs");
[INFO] [stdout]   | ^^^^^^^^^^^^^^^^^^^^^^^^^^^^^^^^^^^^^^^^^^^^^^^^^^^^^^^^^^^^^^^^^^^^^^^^^^^^^^^^^^^^^^^^^^^^^^^^^^^
[INFO] [stdout]   |
[INFO] [stdout]   = note: this error originates in the macro `roslibrust_codegen_macro::find_and_generate_ros_messages` (in Nightly builds, run with -Z macro-backtrace for more info)
[INFO] [stdout] 
[INFO] [stdout] 
[INFO] [stdout] error: Codegen was instructed to search a path that could not be canonicalized relative to "/opt/rustwide/workdir": "assets/ros1_common_interfaces/std_msgs", No such file or directory (os error 2)
[INFO] [stdout]   --> examples/ros1_ros2_bridge_example.rs:11:5
[INFO] [stdout]    |
[INFO] [stdout] 11 | /     roslibrust_codegen_macro::find_and_generate_ros_messages!(
[INFO] [stdout] 12 | |         "assets/ros1_common_interfaces/std_msgs"
[INFO] [stdout] 13 | |     );
[INFO] [stdout]    | |_____^
[INFO] [stdout]    |
[INFO] [stdout]    = note: this error originates in the macro `roslibrust_codegen_macro::find_and_generate_ros_messages` (in Nightly builds, run with -Z macro-backtrace for more info)
[INFO] [stdout] 
[INFO] [stdout] 
[INFO] [stdout] error: Codegen was instructed to search a path that could not be canonicalized relative to "/opt/rustwide/workdir": "assets/ros2_common_interfaces/std_msgs", No such file or directory (os error 2)
[INFO] [stdout]   --> examples/ros1_ros2_bridge_example.rs:17:5
[INFO] [stdout]    |
[INFO] [stdout] 17 | /     roslibrust_codegen_macro::find_and_generate_ros_messages_without_ros_package_path!(
[INFO] [stdout] 18 | |         "assets/ros2_common_interfaces/std_msgs"
[INFO] [stdout] 19 | |     );
[INFO] [stdout]    | |_____^
[INFO] [stdout]    |
[INFO] [stdout]    = note: this error originates in the macro `roslibrust_codegen_macro::find_and_generate_ros_messages_without_ros_package_path` (in Nightly builds, run with -Z macro-backtrace for more info)
[INFO] [stdout] 
[INFO] [stdout] 
[INFO] [stdout] error: Codegen was instructed to search a path that could not be canonicalized relative to "/opt/rustwide/workdir": "assets/ros1_common_interfaces", No such file or directory (os error 2)
[INFO] [stdout]  --> examples/calling_service.rs:4:1
[INFO] [stdout]   |
[INFO] [stdout] 4 | roslibrust_codegen_macro::find_and_generate_ros_messages!("assets/ros1_common_interfaces",);
[INFO] [stdout]   | ^^^^^^^^^^^^^^^^^^^^^^^^^^^^^^^^^^^^^^^^^^^^^^^^^^^^^^^^^^^^^^^^^^^^^^^^^^^^^^^^^^^^^^^^^^^
[INFO] [stdout]   |
[INFO] [stdout]   = note: this error originates in the macro `roslibrust_codegen_macro::find_and_generate_ros_messages` (in Nightly builds, run with -Z macro-backtrace for more info)
[INFO] [stdout] 
[INFO] [stdout] 
[INFO] [stdout] error[E0433]: failed to resolve: use of undeclared crate or module `std_msgs`
[INFO] [stdout]   --> examples/basic_publisher.rs:22:19
[INFO] [stdout]    |
[INFO] [stdout] 22 |         let msg = std_msgs::Header::default();
[INFO] [stdout]    |                   ^^^^^^^^ use of undeclared crate or module `std_msgs`
[INFO] [stdout] 
[INFO] [stdout] 
[INFO] [stdout] error[E0433]: failed to resolve: use of undeclared crate or module `std_msgs`
[INFO] [stdout]   --> examples/subscribe_and_log.rs:20:33
[INFO] [stdout]    |
[INFO] [stdout] 20 |     let rx = client.subscribe::<std_msgs::Header>("talker").await?;
[INFO] [stdout]    |                                 ^^^^^^^^ use of undeclared crate or module `std_msgs`
[INFO] [stdout] 
[INFO] [stdout] 
[INFO] [stdout] error[E0433]: failed to resolve: could not find `std_msgs` in `ros1`
[INFO] [stdout]   --> examples/ros1_ros2_bridge_example.rs:72:28
[INFO] [stdout]    |
[INFO] [stdout] 72 |         .subscribe::<ros1::std_msgs::Header>("/bridge_header")
[INFO] [stdout]    |                            ^^^^^^^^ could not find `std_msgs` in `ros1`
[INFO] [stdout] 
[INFO] [stdout] 
[INFO] [stdout] error: aborting due to 2 previous errors
[INFO] [stdout] 
[INFO] [stdout] 
[INFO] [stdout] For more information about this error, try `rustc --explain E0433`.
[INFO] [stdout] 
[INFO] [stderr] error: could not compile `roslibrust` (example "subscribe_and_log") due to 3 previous errors
[INFO] [stdout] error[E0433]: failed to resolve: could not find `std_msgs` in `ros2`
[INFO] [stdout]   --> examples/ros1_ros2_bridge_example.rs:90:43
[INFO] [stdout]    |
[INFO] [stdout] 90 |                 let converted_msg = ros2::std_msgs::Header {
[INFO] [stdout]    |                                           ^^^^^^^^ could not find `std_msgs` in `ros2`
[INFO] [stdout] 
[INFO] [stdout] 
[INFO] [stdout] warning: field `known_publishers` is never read
[INFO] [stdout]    --> src/rosbridge/mod.rs:142:16
[INFO] [stdout]     |
[INFO] [stdout] 130 | pub(crate) struct Subscription {
[INFO] [stdout]     |                   ------------ field in this struct
[INFO] [stdout] ...
[INFO] [stdout] 142 |     pub(crate) known_publishers: Vec<String>,
[INFO] [stdout]     |                ^^^^^^^^^^^^^^^^
[INFO] [stdout]     |
[INFO] [stdout]     = note: `#[warn(dead_code)]` on by default
[INFO] [stdout] 
[INFO] [stdout] 
[INFO] [stdout] warning: field `topic_type` is never read
[INFO] [stdout]    --> src/rosbridge/mod.rs:147:16
[INFO] [stdout]     |
[INFO] [stdout] 146 | pub(crate) struct PublisherHandle {
[INFO] [stdout]     |                   --------------- field in this struct
[INFO] [stdout] 147 |     pub(crate) topic_type: String,
[INFO] [stdout]     |                ^^^^^^^^^^
[INFO] [stdout] 
[INFO] [stdout] 
[INFO] [stdout] error: Codegen was instructed to search a path that could not be canonicalized relative to "/opt/rustwide/workdir": "assets/ros1_common_interfaces/std_msgs", No such file or directory (os error 2)
[INFO] [stdout]   --> examples/generic_message.rs:10:5
[INFO] [stdout]    |
[INFO] [stdout] 10 | /     roslibrust_codegen_macro::find_and_generate_ros_messages!(
[INFO] [stdout] 11 | |         "assets/ros1_common_interfaces/std_msgs"
[INFO] [stdout] 12 | |     );
[INFO] [stdout]    | |_____^
[INFO] [stdout]    |
[INFO] [stdout]    = note: this error originates in the macro `roslibrust_codegen_macro::find_and_generate_ros_messages` (in Nightly builds, run with -Z macro-backtrace for more info)
[INFO] [stdout] 
[INFO] [stdout] 
[INFO] [stdout] error: Codegen was instructed to search a path that could not be canonicalized relative to "/opt/rustwide/workdir": "assets/ros2_common_interfaces/std_msgs", No such file or directory (os error 2)
[INFO] [stdout]   --> examples/generic_message.rs:16:5
[INFO] [stdout]    |
[INFO] [stdout] 16 | /     roslibrust_codegen_macro::find_and_generate_ros_messages_without_ros_package_path!(
[INFO] [stdout] 17 | |         "assets/ros2_common_interfaces/std_msgs"
[INFO] [stdout] 18 | |     );
[INFO] [stdout]    | |_____^
[INFO] [stdout]    |
[INFO] [stdout]    = note: this error originates in the macro `roslibrust_codegen_macro::find_and_generate_ros_messages_without_ros_package_path` (in Nightly builds, run with -Z macro-backtrace for more info)
[INFO] [stdout] 
[INFO] [stdout] 
[INFO] [stdout] error[E0433]: failed to resolve: use of undeclared crate or module `std_srvs`
[INFO] [stdout]  --> examples/service_server.rs:9:14
[INFO] [stdout]   |
[INFO] [stdout] 9 |     request: std_srvs::SetBoolRequest,
[INFO] [stdout]   |              ^^^^^^^^ use of undeclared crate or module `std_srvs`
[INFO] [stdout] 
[INFO] [stdout] 
[INFO] [stdout] error[E0433]: failed to resolve: use of undeclared crate or module `std_srvs`
[INFO] [stdout]   --> examples/service_server.rs:10:13
[INFO] [stdout]    |
[INFO] [stdout] 10 | ) -> Result<std_srvs::SetBoolResponse, Box<dyn std::error::Error + Send + Sync>> {
[INFO] [stdout]    |             ^^^^^^^^ use of undeclared crate or module `std_srvs`
[INFO] [stdout] 
[INFO] [stdout] 
[INFO] [stdout] error[E0433]: failed to resolve: use of undeclared crate or module `std_srvs`
[INFO] [stdout]   --> examples/service_server.rs:12:8
[INFO] [stdout]    |
[INFO] [stdout] 12 |     Ok(std_srvs::SetBoolResponse {
[INFO] [stdout]    |        ^^^^^^^^ use of undeclared crate or module `std_srvs`
[INFO] [stdout] 
[INFO] [stdout] 
[INFO] [stdout] error[E0433]: failed to resolve: use of undeclared crate or module `std_srvs`
[INFO] [stdout]   --> examples/service_server.rs:54:30
[INFO] [stdout]    |
[INFO] [stdout] 54 |         .advertise_service::<std_srvs::SetBool>("/my_set_bool", my_service)
[INFO] [stdout]    |                              ^^^^^^^^ use of undeclared crate or module `std_srvs`
[INFO] [stdout] 
[INFO] [stdout] 
[INFO] [stdout] error: aborting due to 5 previous errors
[INFO] [stdout] 
[INFO] [stdout] 
[INFO] [stdout] For more information about this error, try `rustc --explain E0433`.
[INFO] [stdout] 
[INFO] [stdout] error[E0433]: failed to resolve: use of undeclared crate or module `rosapi`
[INFO] [stdout]   --> examples/calling_service.rs:21:29
[INFO] [stdout]    |
[INFO] [stdout] 21 |         .call_service::<(), rosapi::GetTimeResponse>("/rosapi/get_time", ())
[INFO] [stdout]    |                             ^^^^^^ use of undeclared crate or module `rosapi`
[INFO] [stdout] 
[INFO] [stdout] 
[INFO] [stderr] error: could not compile `roslibrust` (example "service_server") due to 6 previous errors
[INFO] [stdout] error: aborting due to 2 previous errors
[INFO] [stdout] 
[INFO] [stdout] 
[INFO] [stdout] For more information about this error, try `rustc --explain E0433`.
[INFO] [stdout] 
[INFO] [stderr] error: could not compile `roslibrust` (example "calling_service") due to 3 previous errors
[INFO] [stdout] error[E0433]: failed to resolve: use of undeclared crate or module `std_msgs`
[INFO] [stdout]   --> examples/basic_publisher.rs:19:40
[INFO] [stdout]    |
[INFO] [stdout] 19 |     let publisher = client.advertise::<std_msgs::Header>("talker").await?;
[INFO] [stdout]    |                                        ^^^^^^^^ use of undeclared crate or module `std_msgs`
[INFO] [stdout] 
[INFO] [stdout] 
[INFO] [stdout] error: aborting due to 3 previous errors
[INFO] [stdout] 
[INFO] [stdout] 
[INFO] [stdout] For more information about this error, try `rustc --explain E0433`.
[INFO] [stdout] 
[INFO] [stderr] error: could not compile `roslibrust` (example "basic_publisher") due to 4 previous errors
[INFO] [stdout] error[E0433]: failed to resolve: could not find `std_msgs` in `ros1`
[INFO] [stdout]   --> examples/generic_message.rs:28:14
[INFO] [stdout]    |
[INFO] [stdout] 28 |     V1(ros1::std_msgs::Header),
[INFO] [stdout]    |              ^^^^^^^^ could not find `std_msgs` in `ros1`
[INFO] [stdout] 
[INFO] [stdout] 
[INFO] [stdout] error: aborting due to 4 previous errors
[INFO] [stdout] 
[INFO] [stdout] 
[INFO] [stderr] error: could not compile `roslibrust` (example "ros1_ros2_bridge_example") due to 5 previous errors
[INFO] [stdout] For more information about this error, try `rustc --explain E0433`.
[INFO] [stdout] 
[INFO] [stdout] error[E0433]: failed to resolve: could not find `std_msgs` in `ros2`
[INFO] [stdout]   --> examples/generic_message.rs:29:14
[INFO] [stdout]    |
[INFO] [stdout] 29 |     V2(ros2::std_msgs::Header),
[INFO] [stdout]    |              ^^^^^^^^ could not find `std_msgs` in `ros2`
[INFO] [stdout] 
[INFO] [stdout] 
[INFO] [stdout] error: aborting due to 4 previous errors
[INFO] [stdout] 
[INFO] [stdout] 
[INFO] [stdout] For more information about this error, try `rustc --explain E0433`.
[INFO] [stdout] 
[INFO] [stderr] error: could not compile `roslibrust` (example "generic_message") due to 5 previous errors
[INFO] [stdout] warning: 2 warnings emitted
[INFO] [stdout] 
[INFO] [stdout] 
[INFO] running `Command { std: "docker" "inspect" "90baca8467028a1df7d65d65203edf3dd79a9d0ff8f27ad7da96a05d4aee0b10", kill_on_drop: false }`
[INFO] running `Command { std: "docker" "rm" "-f" "90baca8467028a1df7d65d65203edf3dd79a9d0ff8f27ad7da96a05d4aee0b10", kill_on_drop: false }`
[INFO] [stdout] 90baca8467028a1df7d65d65203edf3dd79a9d0ff8f27ad7da96a05d4aee0b10
[INFO] testing roslibrust-0.8.0 against beta-2023-12-22 for beta-1.76-1
[INFO] extracting crate roslibrust 0.8.0 into /workspace/builds/worker-6-tc2/source
[INFO] validating manifest of crates.io crate roslibrust 0.8.0 on toolchain beta-2023-12-22
[INFO] running `Command { std: CARGO_HOME="/workspace/cargo-home" RUSTUP_HOME="/workspace/rustup-home" "/workspace/cargo-home/bin/cargo" "+beta-2023-12-22" "metadata" "--manifest-path" "Cargo.toml" "--no-deps", kill_on_drop: false }`
[INFO] started tweaking crates.io crate roslibrust 0.8.0
[INFO] removed 0 missing tests
[INFO] finished tweaking crates.io crate roslibrust 0.8.0
[INFO] tweaked toml for crates.io crate roslibrust 0.8.0 written to /workspace/builds/worker-6-tc2/source/Cargo.toml
[INFO] crate crates.io crate roslibrust 0.8.0 already has a lockfile, it will not be regenerated
[INFO] running `Command { std: CARGO_HOME="/workspace/cargo-home" RUSTUP_HOME="/workspace/rustup-home" "/workspace/cargo-home/bin/cargo" "+beta-2023-12-22" "fetch" "--manifest-path" "Cargo.toml", kill_on_drop: false }`
[INFO] running `Command { std: "docker" "create" "-v" "/var/lib/crater-agent-workspace/builds/worker-6-tc2/target:/opt/rustwide/target:rw,Z" "-v" "/var/lib/crater-agent-workspace/builds/worker-6-tc2/source:/opt/rustwide/workdir:ro,Z" "-v" "/var/lib/crater-agent-workspace/cargo-home:/opt/rustwide/cargo-home:ro,Z" "-v" "/var/lib/crater-agent-workspace/rustup-home:/opt/rustwide/rustup-home:ro,Z" "-e" "SOURCE_DIR=/opt/rustwide/workdir" "-e" "CARGO_TARGET_DIR=/opt/rustwide/target" "-e" "CARGO_HOME=/opt/rustwide/cargo-home" "-e" "RUSTUP_HOME=/opt/rustwide/rustup-home" "-w" "/opt/rustwide/workdir" "-m" "1610612736" "--user" "0:0" "--network" "none" "ghcr.io/rust-lang/crates-build-env/linux@sha256:2788e3201cd34a07e3172128adcd8b3090168a8e3bcc40d7c032b9dda1df7d1c" "/opt/rustwide/cargo-home/bin/cargo" "+beta-2023-12-22" "metadata" "--no-deps" "--format-version=1", kill_on_drop: false }`
[INFO] [stdout] da2dd9adceb3775d198c1bb736c5e4af7ec8e95d8f3dfd3bbf23e17956551ab7
[INFO] running `Command { std: "docker" "start" "-a" "da2dd9adceb3775d198c1bb736c5e4af7ec8e95d8f3dfd3bbf23e17956551ab7", kill_on_drop: false }`
[INFO] running `Command { std: "docker" "inspect" "da2dd9adceb3775d198c1bb736c5e4af7ec8e95d8f3dfd3bbf23e17956551ab7", kill_on_drop: false }`
[INFO] running `Command { std: "docker" "rm" "-f" "da2dd9adceb3775d198c1bb736c5e4af7ec8e95d8f3dfd3bbf23e17956551ab7", kill_on_drop: false }`
[INFO] [stdout] da2dd9adceb3775d198c1bb736c5e4af7ec8e95d8f3dfd3bbf23e17956551ab7
[INFO] running `Command { std: "docker" "create" "-v" "/var/lib/crater-agent-workspace/builds/worker-6-tc2/target:/opt/rustwide/target:rw,Z" "-v" "/var/lib/crater-agent-workspace/builds/worker-6-tc2/source:/opt/rustwide/workdir:ro,Z" "-v" "/var/lib/crater-agent-workspace/cargo-home:/opt/rustwide/cargo-home:ro,Z" "-v" "/var/lib/crater-agent-workspace/rustup-home:/opt/rustwide/rustup-home:ro,Z" "-e" "SOURCE_DIR=/opt/rustwide/workdir" "-e" "CARGO_TARGET_DIR=/opt/rustwide/target" "-e" "CARGO_INCREMENTAL=0" "-e" "RUST_BACKTRACE=full" "-e" "RUSTFLAGS=--cap-lints=warn" "-e" "RUSTDOCFLAGS=--cap-lints=warn" "-e" "CARGO_HOME=/opt/rustwide/cargo-home" "-e" "RUSTUP_HOME=/opt/rustwide/rustup-home" "-w" "/opt/rustwide/workdir" "-m" "1610612736" "--user" "0:0" "--network" "none" "ghcr.io/rust-lang/crates-build-env/linux@sha256:2788e3201cd34a07e3172128adcd8b3090168a8e3bcc40d7c032b9dda1df7d1c" "/opt/rustwide/cargo-home/bin/cargo" "+beta-2023-12-22" "build" "--frozen" "--message-format=json", kill_on_drop: false }`
[INFO] [stdout] 801fff57e86e7c7345594bc307c7cbbd661d9c5441e4674123d4ba0485cdbdd9
[INFO] running `Command { std: "docker" "start" "-a" "801fff57e86e7c7345594bc307c7cbbd661d9c5441e4674123d4ba0485cdbdd9", kill_on_drop: false }`
[INFO] [stderr]    Compiling proc-macro2 v1.0.56
[INFO] [stderr]    Compiling quote v1.0.26
[INFO] [stderr]    Compiling unicode-ident v1.0.8
[INFO] [stderr]    Compiling autocfg v1.1.0
[INFO] [stderr]    Compiling libc v0.2.142
[INFO] [stderr]    Compiling log v0.4.17
[INFO] [stderr]    Compiling pin-project-lite v0.2.9
[INFO] [stderr]    Compiling typenum v1.16.0
[INFO] [stderr]    Compiling version_check v0.9.4
[INFO] [stderr]    Compiling serde_derive v1.0.160
[INFO] [stderr]    Compiling itoa v1.0.6
[INFO] [stderr]    Compiling bytes v1.4.0
[INFO] [stderr]    Compiling futures-core v0.3.28
[INFO] [stderr]    Compiling tinyvec_macros v0.1.1
[INFO] [stderr]    Compiling futures-task v0.3.28
[INFO] [stderr]    Compiling serde v1.0.160
[INFO] [stderr]    Compiling futures-channel v0.3.28
[INFO] [stderr]    Compiling tinyvec v1.6.0
[INFO] [stderr]    Compiling futures-sink v0.3.28
[INFO] [stderr]    Compiling serde_json v1.0.96
[INFO] [stderr]    Compiling syn v1.0.109
[INFO] [stderr]    Compiling futures-util v0.3.28
[INFO] [stderr]    Compiling thiserror v1.0.40
[INFO] [stderr]    Compiling tokio v1.28.0
[INFO] [stderr]    Compiling slab v0.4.8
[INFO] [stderr]    Compiling generic-array v0.14.7
[INFO] [stderr]    Compiling crossbeam-utils v0.8.15
[INFO] [stderr]    Compiling ryu v1.0.13
[INFO] [stderr]    Compiling percent-encoding v2.2.0
[INFO] [stderr]    Compiling httparse v1.8.0
[INFO] [stderr]    Compiling memchr v2.6.3
[INFO] [stderr]    Compiling ppv-lite86 v0.2.17
[INFO] [stderr]    Compiling same-file v1.0.6
[INFO] [stderr]    Compiling unicode-bidi v0.3.13
[INFO] [stderr]    Compiling futures-io v0.3.28
[INFO] [stderr]    Compiling walkdir v2.3.3
[INFO] [stderr]    Compiling form_urlencoded v1.1.0
[INFO] [stderr]    Compiling lock_api v0.4.9
[INFO] [stderr]    Compiling simple-error v0.3.0
[INFO] [stderr]    Compiling parking_lot_core v0.9.7
[INFO] [stderr]    Compiling md5 v0.7.0
[INFO] [stderr]    Compiling crossbeam-queue v0.3.8
[INFO] [stderr]    Compiling xml-rs v0.8.4
[INFO] [stderr]    Compiling cpufeatures v0.2.7
[INFO] [stderr]    Compiling syn v2.0.15
[INFO] [stderr]    Compiling http v0.2.9
[INFO] [stderr]    Compiling mio v0.8.6
[INFO] [stderr]    Compiling signal-hook-registry v1.4.1
[INFO] [stderr]    Compiling getrandom v0.2.9
[INFO] [stderr]    Compiling socket2 v0.4.9
[INFO] [stderr]    Compiling num_cpus v1.15.0
[INFO] [stderr]    Compiling unicode-normalization v0.1.22
[INFO] [stderr]    Compiling rand_core v0.6.4
[INFO] [stderr]    Compiling rand_chacha v0.3.1
[INFO] [stderr]    Compiling base64 v0.13.1
[INFO] [stderr]    Compiling byteorder v1.4.3
[INFO] [stderr]    Compiling idna v0.3.0
[INFO] [stderr]    Compiling rand v0.8.5
[INFO] [stderr]    Compiling utf-8 v0.7.6
[INFO] [stderr]    Compiling async-trait v0.1.68
[INFO] [stderr]    Compiling anyhow v1.0.70
[INFO] [stderr]    Compiling smallvec v1.10.0
[INFO] [stderr]    Compiling block-buffer v0.10.4
[INFO] [stderr]    Compiling crypto-common v0.1.6
[INFO] [stderr]    Compiling hashbrown v0.12.3
[INFO] [stderr]    Compiling once_cell v1.17.1
[INFO] [stderr]    Compiling digest v0.10.6
[INFO] [stderr]    Compiling uuid v1.3.1
[INFO] [stderr]    Compiling url v2.3.1
[INFO] [stderr]    Compiling sha-1 v0.10.1
[INFO] [stderr]    Compiling dashmap v5.4.0
[INFO] [stderr]    Compiling tokio-macros v2.1.0
[INFO] [stderr]    Compiling futures-macro v0.3.28
[INFO] [stderr]    Compiling thiserror-impl v1.0.40
[INFO] [stderr]    Compiling smart-default v0.6.0
[INFO] [stderr]    Compiling tungstenite v0.17.3
[INFO] [stderr]    Compiling futures-executor v0.3.28
[INFO] [stderr]    Compiling futures v0.3.28
[INFO] [stderr]    Compiling deadqueue v0.2.4
[INFO] [stderr]    Compiling abort-on-drop v0.2.2
[INFO] [stderr]    Compiling tokio-tungstenite v0.17.2
[INFO] [stderr]    Compiling roslibrust_codegen v0.8.0
[INFO] [stderr]    Compiling roslibrust_codegen_macro v0.8.0
[INFO] [stderr]    Compiling roslibrust v0.8.0 (/opt/rustwide/workdir)
[INFO] [stdout] warning: field `known_publishers` is never read
[INFO] [stdout]    --> src/rosbridge/mod.rs:142:16
[INFO] [stdout]     |
[INFO] [stdout] 130 | pub(crate) struct Subscription {
[INFO] [stdout]     |                   ------------ field in this struct
[INFO] [stdout] ...
[INFO] [stdout] 142 |     pub(crate) known_publishers: Vec<String>,
[INFO] [stdout]     |                ^^^^^^^^^^^^^^^^
[INFO] [stdout]     |
[INFO] [stdout]     = note: `#[warn(dead_code)]` on by default
[INFO] [stdout] 
[INFO] [stdout] 
[INFO] [stdout] warning: field `topic_type` is never read
[INFO] [stdout]    --> src/rosbridge/mod.rs:147:16
[INFO] [stdout]     |
[INFO] [stdout] 146 | pub(crate) struct PublisherHandle {
[INFO] [stdout]     |                   --------------- field in this struct
[INFO] [stdout] 147 |     pub(crate) topic_type: String,
[INFO] [stdout]     |                ^^^^^^^^^^
[INFO] [stdout] 
[INFO] [stdout] 
[INFO] [stdout] warning: 2 warnings emitted
[INFO] [stdout] 
[INFO] [stdout] 
[INFO] [stderr]     Finished dev [unoptimized + debuginfo] target(s) in 14.59s
[INFO] running `Command { std: "docker" "inspect" "801fff57e86e7c7345594bc307c7cbbd661d9c5441e4674123d4ba0485cdbdd9", kill_on_drop: false }`
[INFO] running `Command { std: "docker" "rm" "-f" "801fff57e86e7c7345594bc307c7cbbd661d9c5441e4674123d4ba0485cdbdd9", kill_on_drop: false }`
[INFO] [stdout] 801fff57e86e7c7345594bc307c7cbbd661d9c5441e4674123d4ba0485cdbdd9
[INFO] running `Command { std: "docker" "create" "-v" "/var/lib/crater-agent-workspace/builds/worker-6-tc2/target:/opt/rustwide/target:rw,Z" "-v" "/var/lib/crater-agent-workspace/builds/worker-6-tc2/source:/opt/rustwide/workdir:ro,Z" "-v" "/var/lib/crater-agent-workspace/cargo-home:/opt/rustwide/cargo-home:ro,Z" "-v" "/var/lib/crater-agent-workspace/rustup-home:/opt/rustwide/rustup-home:ro,Z" "-e" "SOURCE_DIR=/opt/rustwide/workdir" "-e" "CARGO_TARGET_DIR=/opt/rustwide/target" "-e" "CARGO_INCREMENTAL=0" "-e" "RUST_BACKTRACE=full" "-e" "RUSTFLAGS=--cap-lints=warn" "-e" "RUSTDOCFLAGS=--cap-lints=warn" "-e" "CARGO_HOME=/opt/rustwide/cargo-home" "-e" "RUSTUP_HOME=/opt/rustwide/rustup-home" "-w" "/opt/rustwide/workdir" "-m" "1610612736" "--user" "0:0" "--network" "none" "ghcr.io/rust-lang/crates-build-env/linux@sha256:2788e3201cd34a07e3172128adcd8b3090168a8e3bcc40d7c032b9dda1df7d1c" "/opt/rustwide/cargo-home/bin/cargo" "+beta-2023-12-22" "test" "--frozen" "--no-run" "--message-format=json", kill_on_drop: false }`
[INFO] [stdout] ba2ebdafff15bc1ad788c214717c6b168b91a71c212984436212ac2b2b1ce6d6
[INFO] running `Command { std: "docker" "start" "-a" "ba2ebdafff15bc1ad788c214717c6b168b91a71c212984436212ac2b2b1ce6d6", kill_on_drop: false }`
[INFO] [stderr]    Compiling libc v0.2.142
[INFO] [stderr]    Compiling log v0.4.17
[INFO] [stderr]    Compiling syn v1.0.109
[INFO] [stderr]    Compiling io-lifetimes v1.0.10
[INFO] [stderr]    Compiling rustix v0.37.14
[INFO] [stderr]    Compiling aho-corasick v1.0.1
[INFO] [stderr]    Compiling bitflags v1.3.2
[INFO] [stderr]    Compiling time-core v0.1.0
[INFO] [stderr]    Compiling linux-raw-sys v0.3.4
[INFO] [stderr]    Compiling regex-syntax v0.7.5
[INFO] [stderr]    Compiling num_threads v0.1.6
[INFO] [stderr]    Compiling humantime v2.1.0
[INFO] [stderr]    Compiling termcolor v1.2.0
[INFO] [stderr]    Compiling time-macros v0.2.8
[INFO] [stderr]    Compiling mio v0.8.6
[INFO] [stderr]    Compiling signal-hook-registry v1.4.1
[INFO] [stderr]    Compiling tokio v1.28.0
[INFO] [stderr]    Compiling regex-automata v0.3.8
[INFO] [stderr]    Compiling getrandom v0.2.9
[INFO] [stderr]    Compiling socket2 v0.4.9
[INFO] [stderr]    Compiling num_cpus v1.15.0
[INFO] [stderr]    Compiling parking_lot_core v0.9.7
[INFO] [stderr]    Compiling atty v0.2.14
[INFO] [stderr]    Compiling rand_core v0.6.4
[INFO] [stderr]    Compiling colored v2.0.0
[INFO] [stderr]    Compiling uuid v1.3.1
[INFO] [stderr]    Compiling dashmap v5.4.0
[INFO] [stderr]    Compiling time v0.3.20
[INFO] [stderr]    Compiling rand_chacha v0.3.1
[INFO] [stderr]    Compiling rand v0.8.5
[INFO] [stderr]    Compiling tungstenite v0.17.3
[INFO] [stderr]    Compiling is-terminal v0.4.7
[INFO] [stderr]    Compiling simple_logger v2.3.0
[INFO] [stderr]    Compiling roslibrust_codegen v0.8.0
[INFO] [stderr]    Compiling regex v1.9.5
[INFO] [stderr]    Compiling env_logger v0.10.0
[INFO] [stderr]    Compiling smart-default v0.6.0
[INFO] [stderr]    Compiling test-log v0.2.12
[INFO] [stderr]    Compiling roslibrust_codegen_macro v0.8.0
[INFO] [stderr]    Compiling deadqueue v0.2.4
[INFO] [stderr]    Compiling abort-on-drop v0.2.2
[INFO] [stderr]    Compiling tokio-tungstenite v0.17.2
[INFO] [stderr]    Compiling roslibrust v0.8.0 (/opt/rustwide/workdir)
[INFO] [stdout] warning: field `known_publishers` is never read
[INFO] [stdout]    --> src/rosbridge/mod.rs:142:16
[INFO] [stdout]     |
[INFO] [stdout] 130 | pub(crate) struct Subscription {
[INFO] [stdout]     |                   ------------ field in this struct
[INFO] [stdout] ...
[INFO] [stdout] 142 |     pub(crate) known_publishers: Vec<String>,
[INFO] [stdout]     |                ^^^^^^^^^^^^^^^^
[INFO] [stdout]     |
[INFO] [stdout]     = note: `#[warn(dead_code)]` on by default
[INFO] [stdout] 
[INFO] [stdout] 
[INFO] [stdout] warning: field `topic_type` is never read
[INFO] [stdout]    --> src/rosbridge/mod.rs:147:16
[INFO] [stdout]     |
[INFO] [stdout] 146 | pub(crate) struct PublisherHandle {
[INFO] [stdout]     |                   --------------- field in this struct
[INFO] [stdout] 147 |     pub(crate) topic_type: String,
[INFO] [stdout]     |                ^^^^^^^^^^
[INFO] [stdout] 
[INFO] [stdout] 
[INFO] [stdout] warning: 2 warnings emitted
[INFO] [stdout] 
[INFO] [stdout] 
[INFO] [stdout] error: Codegen was instructed to search a path that could not be canonicalized relative to "/opt/rustwide/workdir": "assets/ros1_common_interfaces", No such file or directory (os error 2)
[INFO] [stdout]  --> examples/subscribe_and_log.rs:4:1
[INFO] [stdout]   |
[INFO] [stdout] 4 | roslibrust_codegen_macro::find_and_generate_ros_messages!("assets/ros1_common_interfaces");
[INFO] [stdout]   | ^^^^^^^^^^^^^^^^^^^^^^^^^^^^^^^^^^^^^^^^^^^^^^^^^^^^^^^^^^^^^^^^^^^^^^^^^^^^^^^^^^^^^^^^^^
[INFO] [stdout]   |
[INFO] [stdout]   = note: this error originates in the macro `roslibrust_codegen_macro::find_and_generate_ros_messages` (in Nightly builds, run with -Z macro-backtrace for more info)
[INFO] [stdout] 
[INFO] [stdout] 
[INFO] [stdout] error: Codegen was instructed to search a path that could not be canonicalized relative to "/opt/rustwide/workdir": "assets/ros1_common_interfaces/std_msgs", No such file or directory (os error 2)
[INFO] [stdout]  --> examples/ros1_listener.rs:1:1
[INFO] [stdout]   |
[INFO] [stdout] 1 | roslibrust_codegen_macro::find_and_generate_ros_messages!("assets/ros1_common_interfaces/std_msgs");
[INFO] [stdout]   | ^^^^^^^^^^^^^^^^^^^^^^^^^^^^^^^^^^^^^^^^^^^^^^^^^^^^^^^^^^^^^^^^^^^^^^^^^^^^^^^^^^^^^^^^^^^^^^^^^^^
[INFO] [stdout]   |
[INFO] [stdout]   = note: this error originates in the macro `roslibrust_codegen_macro::find_and_generate_ros_messages` (in Nightly builds, run with -Z macro-backtrace for more info)
[INFO] [stdout] 
[INFO] [stdout] 
[INFO] [stdout] warning: field `known_publishers` is never read
[INFO] [stdout]    --> src/rosbridge/mod.rs:142:16
[INFO] [stdout]     |
[INFO] [stdout] 130 | pub(crate) struct Subscription {
[INFO] [stdout]     |                   ------------ field in this struct
[INFO] [stdout] ...
[INFO] [stdout] 142 |     pub(crate) known_publishers: Vec<String>,
[INFO] [stdout]     |                ^^^^^^^^^^^^^^^^
[INFO] [stdout]     |
[INFO] [stdout]     = note: `#[warn(dead_code)]` on by default
[INFO] [stdout] 
[INFO] [stdout] 
[INFO] [stdout] warning: field `topic_type` is never read
[INFO] [stdout]    --> src/rosbridge/mod.rs:147:16
[INFO] [stdout]     |
[INFO] [stdout] 146 | pub(crate) struct PublisherHandle {
[INFO] [stdout]     |                   --------------- field in this struct
[INFO] [stdout] 147 |     pub(crate) topic_type: String,
[INFO] [stdout]     |                ^^^^^^^^^^
[INFO] [stdout] 
[INFO] [stdout] 
[INFO] [stdout] error: Codegen was instructed to search a path that could not be canonicalized relative to "/opt/rustwide/workdir": "assets/ros1_common_interfaces/std_msgs", No such file or directory (os error 2)
[INFO] [stdout]   --> examples/generic_message.rs:10:5
[INFO] [stdout]    |
[INFO] [stdout] 10 | /     roslibrust_codegen_macro::find_and_generate_ros_messages!(
[INFO] [stdout] 11 | |         "assets/ros1_common_interfaces/std_msgs"
[INFO] [stdout] 12 | |     );
[INFO] [stdout]    | |_____^
[INFO] [stdout]    |
[INFO] [stdout]    = note: this error originates in the macro `roslibrust_codegen_macro::find_and_generate_ros_messages` (in Nightly builds, run with -Z macro-backtrace for more info)
[INFO] [stdout] 
[INFO] [stdout] 
[INFO] [stdout] error: Codegen was instructed to search a path that could not be canonicalized relative to "/opt/rustwide/workdir": "assets/ros2_common_interfaces/std_msgs", No such file or directory (os error 2)
[INFO] [stdout]   --> examples/generic_message.rs:16:5
[INFO] [stdout]    |
[INFO] [stdout] 16 | /     roslibrust_codegen_macro::find_and_generate_ros_messages_without_ros_package_path!(
[INFO] [stdout] 17 | |         "assets/ros2_common_interfaces/std_msgs"
[INFO] [stdout] 18 | |     );
[INFO] [stdout]    | |_____^
[INFO] [stdout]    |
[INFO] [stdout]    = note: this error originates in the macro `roslibrust_codegen_macro::find_and_generate_ros_messages_without_ros_package_path` (in Nightly builds, run with -Z macro-backtrace for more info)
[INFO] [stdout] 
[INFO] [stdout] 
[INFO] [stdout] error: aborting due to 1 previous error
[INFO] [stdout] 
[INFO] [stdout] 
[INFO] [stderr] error: could not compile `roslibrust` (example "ros1_listener") due to 2 previous errors
[INFO] [stderr] warning: build failed, waiting for other jobs to finish...
[INFO] [stdout] error: Codegen was instructed to search a path that could not be canonicalized relative to "/opt/rustwide/workdir": "assets/ros1_common_interfaces/std_msgs", No such file or directory (os error 2)
[INFO] [stdout]  --> examples/basic_publisher.rs:4:1
[INFO] [stdout]   |
[INFO] [stdout] 4 | roslibrust_codegen_macro::find_and_generate_ros_messages!("assets/ros1_common_interfaces/std_msgs");
[INFO] [stdout]   | ^^^^^^^^^^^^^^^^^^^^^^^^^^^^^^^^^^^^^^^^^^^^^^^^^^^^^^^^^^^^^^^^^^^^^^^^^^^^^^^^^^^^^^^^^^^^^^^^^^^
[INFO] [stdout]   |
[INFO] [stdout]   = note: this error originates in the macro `roslibrust_codegen_macro::find_and_generate_ros_messages` (in Nightly builds, run with -Z macro-backtrace for more info)
[INFO] [stdout] 
[INFO] [stdout] 
[INFO] [stdout] error: Codegen was instructed to search a path that could not be canonicalized relative to "/opt/rustwide/workdir": "assets/ros1_common_interfaces", No such file or directory (os error 2)
[INFO] [stdout]  --> examples/service_server.rs:4:1
[INFO] [stdout]   |
[INFO] [stdout] 4 | roslibrust_codegen_macro::find_and_generate_ros_messages!("assets/ros1_common_interfaces");
[INFO] [stdout]   | ^^^^^^^^^^^^^^^^^^^^^^^^^^^^^^^^^^^^^^^^^^^^^^^^^^^^^^^^^^^^^^^^^^^^^^^^^^^^^^^^^^^^^^^^^^
[INFO] [stdout]   |
[INFO] [stdout]   = note: this error originates in the macro `roslibrust_codegen_macro::find_and_generate_ros_messages` (in Nightly builds, run with -Z macro-backtrace for more info)
[INFO] [stdout] 
[INFO] [stdout] 
[INFO] [stdout] error: Codegen was instructed to search a path that could not be canonicalized relative to "/opt/rustwide/workdir": "assets/ros1_common_interfaces/std_msgs", No such file or directory (os error 2)
[INFO] [stdout]  --> examples/ros1_talker.rs:1:1
[INFO] [stdout]   |
[INFO] [stdout] 1 | roslibrust_codegen_macro::find_and_generate_ros_messages!("assets/ros1_common_interfaces/std_msgs");
[INFO] [stdout]   | ^^^^^^^^^^^^^^^^^^^^^^^^^^^^^^^^^^^^^^^^^^^^^^^^^^^^^^^^^^^^^^^^^^^^^^^^^^^^^^^^^^^^^^^^^^^^^^^^^^^
[INFO] [stdout]   |
[INFO] [stdout]   = note: this error originates in the macro `roslibrust_codegen_macro::find_and_generate_ros_messages` (in Nightly builds, run with -Z macro-backtrace for more info)
[INFO] [stdout] 
[INFO] [stdout] 
[INFO] [stdout] error: aborting due to 1 previous error
[INFO] [stdout] 
[INFO] [stdout] 
[INFO] [stderr] error: could not compile `roslibrust` (example "ros1_talker") due to 2 previous errors
[INFO] [stdout] error: Codegen was instructed to search a path that could not be canonicalized relative to "/opt/rustwide/workdir": "assets/ros1_common_interfaces", No such file or directory (os error 2)
[INFO] [stdout]  --> examples/calling_service.rs:4:1
[INFO] [stdout]   |
[INFO] [stdout] 4 | roslibrust_codegen_macro::find_and_generate_ros_messages!("assets/ros1_common_interfaces",);
[INFO] [stdout]   | ^^^^^^^^^^^^^^^^^^^^^^^^^^^^^^^^^^^^^^^^^^^^^^^^^^^^^^^^^^^^^^^^^^^^^^^^^^^^^^^^^^^^^^^^^^^
[INFO] [stdout]   |
[INFO] [stdout]   = note: this error originates in the macro `roslibrust_codegen_macro::find_and_generate_ros_messages` (in Nightly builds, run with -Z macro-backtrace for more info)
[INFO] [stdout] 
[INFO] [stdout] 
[INFO] [stdout] error: Codegen was instructed to search a path that could not be canonicalized relative to "/opt/rustwide/workdir": "assets/ros1_common_interfaces/std_msgs", No such file or directory (os error 2)
[INFO] [stdout]   --> examples/ros1_ros2_bridge_example.rs:11:5
[INFO] [stdout]    |
[INFO] [stdout] 11 | /     roslibrust_codegen_macro::find_and_generate_ros_messages!(
[INFO] [stdout] 12 | |         "assets/ros1_common_interfaces/std_msgs"
[INFO] [stdout] 13 | |     );
[INFO] [stdout]    | |_____^
[INFO] [stdout]    |
[INFO] [stdout]    = note: this error originates in the macro `roslibrust_codegen_macro::find_and_generate_ros_messages` (in Nightly builds, run with -Z macro-backtrace for more info)
[INFO] [stdout] 
[INFO] [stdout] 
[INFO] [stdout] error: Codegen was instructed to search a path that could not be canonicalized relative to "/opt/rustwide/workdir": "assets/ros2_common_interfaces/std_msgs", No such file or directory (os error 2)
[INFO] [stdout]   --> examples/ros1_ros2_bridge_example.rs:17:5
[INFO] [stdout]    |
[INFO] [stdout] 17 | /     roslibrust_codegen_macro::find_and_generate_ros_messages_without_ros_package_path!(
[INFO] [stdout] 18 | |         "assets/ros2_common_interfaces/std_msgs"
[INFO] [stdout] 19 | |     );
[INFO] [stdout]    | |_____^
[INFO] [stdout]    |
[INFO] [stdout]    = note: this error originates in the macro `roslibrust_codegen_macro::find_and_generate_ros_messages_without_ros_package_path` (in Nightly builds, run with -Z macro-backtrace for more info)
[INFO] [stdout] 
[INFO] [stdout] 
[INFO] [stdout] error[E0433]: failed to resolve: could not find `std_msgs` in `ros1`
[INFO] [stdout]   --> examples/generic_message.rs:28:14
[INFO] [stdout]    |
[INFO] [stdout] 28 |     V1(ros1::std_msgs::Header),
[INFO] [stdout]    |              ^^^^^^^^ could not find `std_msgs` in `ros1`
[INFO] [stdout] 
[INFO] [stdout] 
[INFO] [stdout] error[E0433]: failed to resolve: could not find `std_msgs` in `ros2`
[INFO] [stdout]   --> examples/generic_message.rs:29:14
[INFO] [stdout]    |
[INFO] [stdout] 29 |     V2(ros2::std_msgs::Header),
[INFO] [stdout]    |              ^^^^^^^^ could not find `std_msgs` in `ros2`
[INFO] [stdout] 
[INFO] [stdout] 
[INFO] [stdout] error[E0433]: failed to resolve: use of undeclared crate or module `std_msgs`
[INFO] [stdout]   --> examples/subscribe_and_log.rs:20:33
[INFO] [stdout]    |
[INFO] [stdout] 20 |     let rx = client.subscribe::<std_msgs::Header>("talker").await?;
[INFO] [stdout]    |                                 ^^^^^^^^ use of undeclared crate or module `std_msgs`
[INFO] [stdout] 
[INFO] [stdout] 
[INFO] [stdout] error: aborting due to 2 previous errors
[INFO] [stdout] 
[INFO] [stdout] 
[INFO] [stdout] For more information about this error, try `rustc --explain E0433`.
[INFO] [stdout] 
[INFO] [stderr] error: could not compile `roslibrust` (example "subscribe_and_log") due to 3 previous errors
[INFO] [stdout] error[E0433]: failed to resolve: use of undeclared crate or module `std_msgs`
[INFO] [stdout]   --> examples/basic_publisher.rs:22:19
[INFO] [stdout]    |
[INFO] [stdout] 22 |         let msg = std_msgs::Header::default();
[INFO] [stdout]    |                   ^^^^^^^^ use of undeclared crate or module `std_msgs`
[INFO] [stdout] 
[INFO] [stdout] 
[INFO] [stdout] error[E0433]: failed to resolve: could not find `std_msgs` in `ros1`
[INFO] [stdout]   --> examples/ros1_ros2_bridge_example.rs:72:28
[INFO] [stdout]    |
[INFO] [stdout] 72 |         .subscribe::<ros1::std_msgs::Header>("/bridge_header")
[INFO] [stdout]    |                            ^^^^^^^^ could not find `std_msgs` in `ros1`
[INFO] [stdout] 
[INFO] [stdout] 
[INFO] [stdout] error[E0433]: failed to resolve: could not find `std_msgs` in `ros2`
[INFO] [stdout]   --> examples/ros1_ros2_bridge_example.rs:90:43
[INFO] [stdout]    |
[INFO] [stdout] 90 |                 let converted_msg = ros2::std_msgs::Header {
[INFO] [stdout]    |                                           ^^^^^^^^ could not find `std_msgs` in `ros2`
[INFO] [stdout] 
[INFO] [stdout] 
[INFO] [stdout] error[E0433]: failed to resolve: use of undeclared crate or module `std_srvs`
[INFO] [stdout]  --> examples/service_server.rs:9:14
[INFO] [stdout]   |
[INFO] [stdout] 9 |     request: std_srvs::SetBoolRequest,
[INFO] [stdout]   |              ^^^^^^^^ use of undeclared crate or module `std_srvs`
[INFO] [stdout] 
[INFO] [stdout] 
[INFO] [stdout] error[E0433]: failed to resolve: use of undeclared crate or module `std_srvs`
[INFO] [stdout]   --> examples/service_server.rs:10:13
[INFO] [stdout]    |
[INFO] [stdout] 10 | ) -> Result<std_srvs::SetBoolResponse, Box<dyn std::error::Error + Send + Sync>> {
[INFO] [stdout]    |             ^^^^^^^^ use of undeclared crate or module `std_srvs`
[INFO] [stdout] 
[INFO] [stdout] 
[INFO] [stdout] error[E0433]: failed to resolve: use of undeclared crate or module `std_srvs`
[INFO] [stdout]   --> examples/service_server.rs:12:8
[INFO] [stdout]    |
[INFO] [stdout] 12 |     Ok(std_srvs::SetBoolResponse {
[INFO] [stdout]    |        ^^^^^^^^ use of undeclared crate or module `std_srvs`
[INFO] [stdout] 
[INFO] [stdout] 
[INFO] [stdout] error[E0433]: failed to resolve: use of undeclared crate or module `std_srvs`
[INFO] [stdout]   --> examples/service_server.rs:54:30
[INFO] [stdout]    |
[INFO] [stdout] 54 |         .advertise_service::<std_srvs::SetBool>("/my_set_bool", my_service)
[INFO] [stdout]    |                              ^^^^^^^^ use of undeclared crate or module `std_srvs`
[INFO] [stdout] 
[INFO] [stdout] 
[INFO] [stdout] error: aborting due to 5 previous errors
[INFO] [stdout] 
[INFO] [stdout] 
[INFO] [stdout] For more information about this error, try `rustc --explain E0433`.
[INFO] [stdout] 
[INFO] [stdout] error: aborting due to 4 previous errors
[INFO] [stdout] 
[INFO] [stdout] 
[INFO] [stderr] error: could not compile `roslibrust` (example "service_server") due to 6 previous errors
[INFO] [stdout] For more information about this error, try `rustc --explain E0433`.
[INFO] [stdout] 
[INFO] [stderr] error: could not compile `roslibrust` (example "generic_message") due to 5 previous errors
[INFO] [stdout] error[E0433]: failed to resolve: use of undeclared crate or module `std_msgs`
[INFO] [stdout]   --> examples/basic_publisher.rs:19:40
[INFO] [stdout]    |
[INFO] [stdout] 19 |     let publisher = client.advertise::<std_msgs::Header>("talker").await?;
[INFO] [stdout]    |                                        ^^^^^^^^ use of undeclared crate or module `std_msgs`
[INFO] [stdout] 
[INFO] [stdout] 
[INFO] [stdout] error: aborting due to 3 previous errors
[INFO] [stdout] 
[INFO] [stdout] 
[INFO] [stdout] For more information about this error, try `rustc --explain E0433`.
[INFO] [stdout] 
[INFO] [stdout] error[E0433]: failed to resolve: use of undeclared crate or module `rosapi`
[INFO] [stdout]   --> examples/calling_service.rs:21:29
[INFO] [stdout]    |
[INFO] [stdout] 21 |         .call_service::<(), rosapi::GetTimeResponse>("/rosapi/get_time", ())
[INFO] [stdout]    |                             ^^^^^^ use of undeclared crate or module `rosapi`
[INFO] [stdout] 
[INFO] [stdout] 
[INFO] [stdout] error: aborting due to 2 previous errors
[INFO] [stdout] 
[INFO] [stdout] 
[INFO] [stdout] For more information about this error, try `rustc --explain E0433`.
[INFO] [stdout] 
[INFO] [stderr] error: could not compile `roslibrust` (example "basic_publisher") due to 4 previous errors
[INFO] [stdout] error: aborting due to 4 previous errors
[INFO] [stdout] 
[INFO] [stdout] 
[INFO] [stderr] error: could not compile `roslibrust` (example "calling_service") due to 3 previous errors
[INFO] [stdout] For more information about this error, try `rustc --explain E0433`.
[INFO] [stdout] 
[INFO] [stderr] error: could not compile `roslibrust` (example "ros1_ros2_bridge_example") due to 5 previous errors
[INFO] [stdout] warning: 2 warnings emitted
[INFO] [stdout] 
[INFO] [stdout] 
[INFO] running `Command { std: "docker" "inspect" "ba2ebdafff15bc1ad788c214717c6b168b91a71c212984436212ac2b2b1ce6d6", kill_on_drop: false }`
[INFO] running `Command { std: "docker" "rm" "-f" "ba2ebdafff15bc1ad788c214717c6b168b91a71c212984436212ac2b2b1ce6d6", kill_on_drop: false }`
[INFO] [stdout] ba2ebdafff15bc1ad788c214717c6b168b91a71c212984436212ac2b2b1ce6d6
