[INFO] fetching crate ros2-client 0.6.0...
[INFO] testing ros2-client-0.6.0 against 1.75.0 for beta-1.76-1
[INFO] extracting crate ros2-client 0.6.0 into /workspace/builds/worker-2-tc1/source
[INFO] validating manifest of crates.io crate ros2-client 0.6.0 on toolchain 1.75.0
[INFO] running `Command { std: CARGO_HOME="/workspace/cargo-home" RUSTUP_HOME="/workspace/rustup-home" "/workspace/cargo-home/bin/cargo" "+1.75.0" "metadata" "--manifest-path" "Cargo.toml" "--no-deps", kill_on_drop: false }`
[INFO] started tweaking crates.io crate ros2-client 0.6.0
[INFO] finished tweaking crates.io crate ros2-client 0.6.0
[INFO] tweaked toml for crates.io crate ros2-client 0.6.0 written to /workspace/builds/worker-2-tc1/source/Cargo.toml
[INFO] crate crates.io crate ros2-client 0.6.0 already has a lockfile, it will not be regenerated
[INFO] running `Command { std: CARGO_HOME="/workspace/cargo-home" RUSTUP_HOME="/workspace/rustup-home" "/workspace/cargo-home/bin/cargo" "+1.75.0" "fetch" "--manifest-path" "Cargo.toml", kill_on_drop: false }`
[INFO] [stderr]     Updating crates.io index
[INFO] [stderr]  Downloading crates ...
[INFO] [stderr]   Downloaded newline-converter v0.3.0
[INFO] [stderr]   Downloaded socketpair v0.19.3
[INFO] [stderr]   Downloaded uuid-macro-internal v1.4.1
[INFO] [stderr]   Downloaded serde v1.0.175
[INFO] [stderr]   Downloaded if-addrs v0.10.1
[INFO] [stderr]   Downloaded cdr-encoding-size v0.5.0
[INFO] [stderr]   Downloaded speedy-derive v0.8.6
[INFO] [stderr]   Downloaded event-listener-strategy v0.3.0
[INFO] [stderr]   Downloaded serde_repr v0.1.15
[INFO] [stderr]   Downloaded async-lock v3.1.0
[INFO] [stderr]   Downloaded mailparse v0.14.0
[INFO] [stderr]   Downloaded serde_derive v1.0.175
[INFO] [stderr]   Downloaded cms v0.2.2
[INFO] [stderr]   Downloaded openssl v0.10.59
[INFO] [stderr]   Downloaded async-channel v2.1.0
[INFO] [stderr]   Downloaded polling v3.3.0
[INFO] [stderr]   Downloaded speedy v0.8.6
[INFO] [stderr]   Downloaded local-ip-address v0.5.3
[INFO] [stderr]   Downloaded charset v0.1.3
[INFO] [stderr]   Downloaded openssl-sys v0.9.95
[INFO] [stderr]   Downloaded neli-proc-macros v0.1.3
[INFO] [stderr]   Downloaded async-io v2.2.0
[INFO] [stderr]   Downloaded x509-certificate v0.23.1
[INFO] [stderr]   Downloaded test-case v1.2.3
[INFO] [stderr]   Downloaded cdr-encoding-size-derive v0.5.0
[INFO] [stderr]   Downloaded io-lifetimes v2.0.2
[INFO] [stderr]   Downloaded io-extras v0.18.0
[INFO] [stderr]   Downloaded neli v0.6.4
[INFO] [stderr]   Downloaded rustdds v0.9.0
[INFO] running `Command { std: "docker" "create" "-v" "/var/lib/crater-agent-workspace/builds/worker-2-tc1/target:/opt/rustwide/target:rw,Z" "-v" "/var/lib/crater-agent-workspace/builds/worker-2-tc1/source:/opt/rustwide/workdir:ro,Z" "-v" "/var/lib/crater-agent-workspace/cargo-home:/opt/rustwide/cargo-home:ro,Z" "-v" "/var/lib/crater-agent-workspace/rustup-home:/opt/rustwide/rustup-home:ro,Z" "-e" "SOURCE_DIR=/opt/rustwide/workdir" "-e" "CARGO_TARGET_DIR=/opt/rustwide/target" "-e" "CARGO_HOME=/opt/rustwide/cargo-home" "-e" "RUSTUP_HOME=/opt/rustwide/rustup-home" "-w" "/opt/rustwide/workdir" "-m" "1610612736" "--user" "0:0" "--network" "none" "ghcr.io/rust-lang/crates-build-env/linux@sha256:2788e3201cd34a07e3172128adcd8b3090168a8e3bcc40d7c032b9dda1df7d1c" "/opt/rustwide/cargo-home/bin/cargo" "+1.75.0" "metadata" "--no-deps" "--format-version=1", kill_on_drop: false }`
[INFO] [stdout] 1a69fb6bf34452dcf2e02354d14611a37dd5f13910bb0ea9016094aee110c18a
[INFO] running `Command { std: "docker" "start" "-a" "1a69fb6bf34452dcf2e02354d14611a37dd5f13910bb0ea9016094aee110c18a", kill_on_drop: false }`
[INFO] running `Command { std: "docker" "inspect" "1a69fb6bf34452dcf2e02354d14611a37dd5f13910bb0ea9016094aee110c18a", kill_on_drop: false }`
[INFO] running `Command { std: "docker" "rm" "-f" "1a69fb6bf34452dcf2e02354d14611a37dd5f13910bb0ea9016094aee110c18a", kill_on_drop: false }`
[INFO] [stdout] 1a69fb6bf34452dcf2e02354d14611a37dd5f13910bb0ea9016094aee110c18a
[INFO] running `Command { std: "docker" "create" "-v" "/var/lib/crater-agent-workspace/builds/worker-2-tc1/target:/opt/rustwide/target:rw,Z" "-v" "/var/lib/crater-agent-workspace/builds/worker-2-tc1/source:/opt/rustwide/workdir:ro,Z" "-v" "/var/lib/crater-agent-workspace/cargo-home:/opt/rustwide/cargo-home:ro,Z" "-v" "/var/lib/crater-agent-workspace/rustup-home:/opt/rustwide/rustup-home:ro,Z" "-e" "SOURCE_DIR=/opt/rustwide/workdir" "-e" "CARGO_TARGET_DIR=/opt/rustwide/target" "-e" "CARGO_INCREMENTAL=0" "-e" "RUST_BACKTRACE=full" "-e" "RUSTFLAGS=--cap-lints=warn" "-e" "RUSTDOCFLAGS=--cap-lints=warn" "-e" "CARGO_HOME=/opt/rustwide/cargo-home" "-e" "RUSTUP_HOME=/opt/rustwide/rustup-home" "-w" "/opt/rustwide/workdir" "-m" "1610612736" "--user" "0:0" "--network" "none" "ghcr.io/rust-lang/crates-build-env/linux@sha256:2788e3201cd34a07e3172128adcd8b3090168a8e3bcc40d7c032b9dda1df7d1c" "/opt/rustwide/cargo-home/bin/cargo" "+1.75.0" "build" "--frozen" "--message-format=json", kill_on_drop: false }`
[INFO] [stdout] 222c5b949bfd05f4ecdcef61daabf8bae1ee12f2d3b76f821bd5022f017a7cc2
[INFO] running `Command { std: "docker" "start" "-a" "222c5b949bfd05f4ecdcef61daabf8bae1ee12f2d3b76f821bd5022f017a7cc2", kill_on_drop: false }`
[INFO] [stderr]    Compiling proc-macro2 v1.0.66
[INFO] [stderr]    Compiling unicode-ident v1.0.11
[INFO] [stderr]    Compiling libc v0.2.150
[INFO] [stderr]    Compiling serde v1.0.175
[INFO] [stderr]    Compiling serde_derive v1.0.175
[INFO] [stderr]    Compiling memchr v2.6.3
[INFO] [stderr]    Compiling slab v0.4.8
[INFO] [stderr]    Compiling futures-core v0.3.28
[INFO] [stderr]    Compiling crossbeam-utils v0.8.16
[INFO] [stderr]    Compiling futures-channel v0.3.28
[INFO] [stderr]    Compiling futures-task v0.3.28
[INFO] [stderr]    Compiling io-lifetimes v2.0.2
[INFO] [stderr]    Compiling futures-util v0.3.28
[INFO] [stderr]    Compiling syn v1.0.109
[INFO] [stderr]    Compiling futures-sink v0.3.28
[INFO] [stderr]    Compiling quote v1.0.32
[INFO] [stderr]    Compiling num-traits v0.2.16
[INFO] [stderr]    Compiling memoffset v0.8.0
[INFO] [stderr]    Compiling syn v2.0.27
[INFO] [stderr]    Compiling rustix v0.38.21
[INFO] [stderr]    Compiling cfg-if v0.1.10
[INFO] [stderr]    Compiling io-extras v0.18.0
[INFO] [stderr]    Compiling utf8parse v0.2.1
[INFO] [stderr]    Compiling futures-io v0.3.28
[INFO] [stderr]    Compiling anstyle-parse v0.2.1
[INFO] [stderr]    Compiling concurrent-queue v2.2.0
[INFO] [stderr]    Compiling socketpair v0.19.3
[INFO] [stderr]    Compiling thiserror v1.0.50
[INFO] [stderr]    Compiling bitflags v2.4.1
[INFO] [stderr]    Compiling getrandom v0.2.10
[INFO] [stderr]    Compiling iovec v0.1.4
[INFO] [stderr]    Compiling net2 v0.2.39
[INFO] [stderr]    Compiling linux-raw-sys v0.4.11
[INFO] [stderr]    Compiling anstyle-query v1.0.0
[INFO] [stderr]    Compiling rand_core v0.6.4
[INFO] [stderr]    Compiling parking v2.1.0
[INFO] [stderr]    Compiling anstyle v1.0.3
[INFO] [stderr]    Compiling rand_chacha v0.3.1
[INFO] [stderr]    Compiling colorchoice v1.0.0
[INFO] [stderr]    Compiling anstream v0.5.0
[INFO] [stderr]    Compiling event-listener v3.1.0
[INFO] [stderr]    Compiling rand v0.8.5
[INFO] [stderr]    Compiling aho-corasick v1.0.2
[INFO] [stderr]    Compiling strsim v0.10.0
[INFO] [stderr]    Compiling lazycell v1.3.0
[INFO] [stderr]    Compiling clap_lex v0.5.1
[INFO] [stderr]    Compiling regex-syntax v0.7.4
[INFO] [stderr]    Compiling iana-time-zone v0.1.57
[INFO] [stderr]    Compiling clap_builder v4.4.2
[INFO] [stderr]    Compiling log v0.4.19
[INFO] [stderr]    Compiling chrono v0.4.31
[INFO] [stderr]    Compiling mio v0.6.23
[INFO] [stderr]    Compiling mio-extras v2.0.6
[INFO] [stderr]    Compiling regex-automata v0.3.3
[INFO] [stderr]    Compiling futures-macro v0.3.28
[INFO] [stderr]    Compiling speedy-derive v0.8.6
[INFO] [stderr]    Compiling enumflags2_derive v0.7.7
[INFO] [stderr]    Compiling thiserror-impl v1.0.50
[INFO] [stderr]    Compiling enumflags2 v0.7.7
[INFO] [stderr]    Compiling cdr-encoding-size-derive v0.5.0
[INFO] [stderr]    Compiling num-derive v0.4.1
[INFO] [stderr]    Compiling speedy v0.8.6
[INFO] [stderr]    Compiling cdr-encoding-size v0.5.0
[INFO] [stderr]    Compiling uuid-macro-internal v1.4.1
[INFO] [stderr]    Compiling serde_repr v0.1.15
[INFO] [stderr]    Compiling mio v0.8.8
[INFO] [stderr]    Compiling bytes v1.5.0
[INFO] [stderr]    Compiling event-listener-strategy v0.3.0
[INFO] [stderr]    Compiling if-addrs v0.10.1
[INFO] [stderr]    Compiling socket2 v0.5.3
[INFO] [stderr]    Compiling minimal-lexical v0.2.1
[INFO] [stderr]    Compiling md5 v0.7.0
[INFO] [stderr]    Compiling byteorder v1.4.3
[INFO] [stderr]    Compiling itertools v0.11.0
[INFO] [stderr]    Compiling async-channel v2.1.0
[INFO] [stderr]    Compiling nom v7.1.3
[INFO] [stderr]    Compiling futures-executor v0.3.28
[INFO] [stderr]    Compiling uuid v1.4.1
[INFO] [stderr]    Compiling futures v0.3.28
[INFO] [stderr]    Compiling rustdds v0.9.0
[INFO] [stderr]    Compiling bstr v1.6.2
[INFO] [stderr]    Compiling clap v4.4.3
[INFO] [stderr]    Compiling widestring v1.0.2
[INFO] [stderr]    Compiling ros2-client v0.6.0 (/opt/rustwide/workdir)
[INFO] [stderr]     Finished dev [unoptimized + debuginfo] target(s) in 27.34s
[INFO] running `Command { std: "docker" "inspect" "222c5b949bfd05f4ecdcef61daabf8bae1ee12f2d3b76f821bd5022f017a7cc2", kill_on_drop: false }`
[INFO] running `Command { std: "docker" "rm" "-f" "222c5b949bfd05f4ecdcef61daabf8bae1ee12f2d3b76f821bd5022f017a7cc2", kill_on_drop: false }`
[INFO] [stdout] 222c5b949bfd05f4ecdcef61daabf8bae1ee12f2d3b76f821bd5022f017a7cc2
[INFO] running `Command { std: "docker" "create" "-v" "/var/lib/crater-agent-workspace/builds/worker-2-tc1/target:/opt/rustwide/target:rw,Z" "-v" "/var/lib/crater-agent-workspace/builds/worker-2-tc1/source:/opt/rustwide/workdir:ro,Z" "-v" "/var/lib/crater-agent-workspace/cargo-home:/opt/rustwide/cargo-home:ro,Z" "-v" "/var/lib/crater-agent-workspace/rustup-home:/opt/rustwide/rustup-home:ro,Z" "-e" "SOURCE_DIR=/opt/rustwide/workdir" "-e" "CARGO_TARGET_DIR=/opt/rustwide/target" "-e" "CARGO_INCREMENTAL=0" "-e" "RUST_BACKTRACE=full" "-e" "RUSTFLAGS=--cap-lints=warn" "-e" "RUSTDOCFLAGS=--cap-lints=warn" "-e" "CARGO_HOME=/opt/rustwide/cargo-home" "-e" "RUSTUP_HOME=/opt/rustwide/rustup-home" "-w" "/opt/rustwide/workdir" "-m" "1610612736" "--user" "0:0" "--network" "none" "ghcr.io/rust-lang/crates-build-env/linux@sha256:2788e3201cd34a07e3172128adcd8b3090168a8e3bcc40d7c032b9dda1df7d1c" "/opt/rustwide/cargo-home/bin/cargo" "+1.75.0" "test" "--frozen" "--no-run" "--message-format=json", kill_on_drop: false }`
[INFO] [stdout] c8deb1ecb9e3587da43cebbc8704021be4692b2703226425d47996acd17edd84
[INFO] running `Command { std: "docker" "start" "-a" "c8deb1ecb9e3587da43cebbc8704021be4692b2703226425d47996acd17edd84", kill_on_drop: false }`
[INFO] [stderr]    Compiling event-listener v2.5.3
[INFO] [stderr]    Compiling waker-fn v1.1.0
[INFO] [stderr]    Compiling fastrand v1.9.0
[INFO] [stderr]    Compiling io-lifetimes v1.0.11
[INFO] [stderr]    Compiling polling v2.8.0
[INFO] [stderr]    Compiling rustix v0.37.23
[INFO] [stderr]    Compiling async-io v1.13.0
[INFO] [stderr]    Compiling linux-raw-sys v0.3.8
[INFO] [stderr]    Compiling async-task v4.4.0
[INFO] [stderr]    Compiling futures-lite v1.13.0
[INFO] [stderr]    Compiling async-lock v2.7.0
[INFO] [stderr]    Compiling async-channel v1.9.0
[INFO] [stderr]    Compiling socket2 v0.4.9
[INFO] [stderr]    Compiling lock_api v0.4.10
[INFO] [stderr]    Compiling atomic-waker v1.1.1
[INFO] [stderr]    Compiling signal-hook v0.3.17
[INFO] [stderr]    Compiling parking_lot_core v0.9.8
[INFO] [stderr]    Compiling signal-hook-registry v1.4.1
[INFO] [stderr]    Compiling async-net v1.7.0
[INFO] [stderr]    Compiling async-fs v1.6.0
[INFO] [stderr]    Compiling async-process v1.7.0
[INFO] [stderr]    Compiling smallvec v1.11.0
[INFO] [stderr]    Compiling anyhow v1.0.72
[INFO] [stderr]    Compiling tracing-core v0.1.32
[INFO] [stderr]    Compiling blocking v1.3.1
[INFO] [stderr]    Compiling destructure_traitobject v0.2.0
[INFO] [stderr]    Compiling serde_json v1.0.103
[INFO] [stderr]    Compiling linked-hash-map v0.5.6
[INFO] [stderr]    Compiling ryu v1.0.15
[INFO] [stderr]    Compiling quick-error v1.2.3
[INFO] [stderr]    Compiling yaml-rust v0.4.5
[INFO] [stderr]    Compiling tracing v0.1.40
[INFO] [stderr]    Compiling humantime v1.3.0
[INFO] [stderr]    Compiling unsafe-any-ors v1.0.0
[INFO] [stderr]    Compiling test-case v1.2.3
[INFO] [stderr]    Compiling regex v1.9.1
[INFO] [stderr]    Compiling ordered-float v2.10.0
[INFO] [stderr]    Compiling atty v0.2.14
[INFO] [stderr]    Compiling termcolor v1.2.0
[INFO] [stderr]    Compiling itoa v1.0.9
[INFO] [stderr]    Compiling serde_yaml v0.8.26
[INFO] [stderr]    Compiling serde-value v0.7.0
[INFO] [stderr]    Compiling env_logger v0.7.1
[INFO] [stderr]    Compiling parking_lot v0.12.1
[INFO] [stderr]    Compiling polling v3.3.0
[INFO] [stderr]    Compiling typemap-ors v1.0.0
[INFO] [stderr]    Compiling async-executor v1.5.1
[INFO] [stderr]    Compiling nix v0.26.2
[INFO] [stderr]    Compiling async-lock v3.1.0
[INFO] [stderr]    Compiling derivative v2.2.0
[INFO] [stderr]    Compiling futures-lite v2.0.1
[INFO] [stderr]    Compiling thread-id v4.1.0
[INFO] [stderr]    Compiling log-mdc v0.1.0
[INFO] [stderr]    Compiling arc-swap v1.6.0
[INFO] [stderr]    Compiling fnv v1.0.7
[INFO] [stderr]    Compiling async-io v2.2.0
[INFO] [stderr]    Compiling termion v1.5.6
[INFO] [stderr]    Compiling pretty_env_logger v0.4.0
[INFO] [stderr]    Compiling smol v1.3.0
[INFO] [stderr]    Compiling ctrlc v3.4.0
[INFO] [stderr]    Compiling log4rs v1.2.0
[INFO] [stderr]    Compiling ros2-client v0.6.0 (/opt/rustwide/workdir)
[INFO] [stdout] error: linking with `cc` failed: exit status: 1
[INFO] [stdout]   |
[INFO] [stdout]   = note: LC_ALL="C" PATH="/opt/rustwide/rustup-home/toolchains/1.75.0-x86_64-unknown-linux-gnu/lib/rustlib/x86_64-unknown-linux-gnu/bin:/opt/rustwide/cargo-home/bin:/usr/local/sbin:/usr/local/bin:/usr/sbin:/usr/bin:/sbin:/bin" VSLANG="1033" "cc" "-m64" "/tmp/rustcHFvnTn/symbols.o" "/opt/rustwide/target/debug/examples/client_list_parameters-362b30707dbf2ece.client_list_parameters.c8f81a631795fd68-cgu.0.rcgu.o" "/opt/rustwide/target/debug/examples/client_list_parameters-362b30707dbf2ece.client_list_parameters.c8f81a631795fd68-cgu.1.rcgu.o" "/opt/rustwide/target/debug/examples/client_list_parameters-362b30707dbf2ece.client_list_parameters.c8f81a631795fd68-cgu.2.rcgu.o" "/opt/rustwide/target/debug/examples/client_list_parameters-362b30707dbf2ece.client_list_parameters.c8f81a631795fd68-cgu.3.rcgu.o" "/opt/rustwide/target/debug/examples/client_list_parameters-362b30707dbf2ece.client_list_parameters.c8f81a631795fd68-cgu.4.rcgu.o" "/opt/rustwide/target/debug/examples/client_list_parameters-362b30707dbf2ece.3w98n7up4xgl9mzp.rcgu.o" "-Wl,--as-needed" "-L" "/opt/rustwide/target/debug/deps" "-L" "/opt/rustwide/rustup-home/toolchains/1.75.0-x86_64-unknown-linux-gnu/lib/rustlib/x86_64-unknown-linux-gnu/lib" "-Wl,-Bstatic" "/opt/rustwide/target/debug/deps/libpretty_env_logger-c149911994fb7215.rlib" "/opt/rustwide/target/debug/deps/libenv_logger-d6e86656053a9c04.rlib" "/opt/rustwide/target/debug/deps/libtermcolor-c45be6d4018c8de7.rlib" "/opt/rustwide/target/debug/deps/libatty-e3ed953d99456dad.rlib" "/opt/rustwide/target/debug/deps/libhumantime-ce043b5585f26040.rlib" "/opt/rustwide/target/debug/deps/libquick_error-e0931f21b2f0d487.rlib" "/opt/rustwide/target/debug/deps/libregex-227f4e2b1ccba981.rlib" "/opt/rustwide/target/debug/deps/libregex_automata-5992b30ba4b7ea7b.rlib" "/opt/rustwide/target/debug/deps/libaho_corasick-fd3ff428333be419.rlib" "/opt/rustwide/target/debug/deps/libregex_syntax-1e06914efac87e2c.rlib" "/opt/rustwide/target/debug/deps/libros2_client-56cb372f7af22cbc.rlib" "/opt/rustwide/target/debug/deps/libasync_channel-61f756f19613d3d0.rlib" "/opt/rustwide/target/debug/deps/libevent_listener_strategy-ac637725a9e1655e.rlib" "/opt/rustwide/target/debug/deps/libevent_listener-fdb0091f488260b3.rlib" "/opt/rustwide/target/debug/deps/libparking-0f4ca2efc4a73a35.rlib" "/opt/rustwide/target/debug/deps/libconcurrent_queue-8bc35ef950c0233e.rlib" "/opt/rustwide/target/debug/deps/libcrossbeam_utils-47eab3bd9fac73cc.rlib" "/opt/rustwide/target/debug/deps/libwidestring-588fc71f5245109c.rlib" "/opt/rustwide/target/debug/deps/libuuid-19235ad273b17ae6.rlib" "/opt/rustwide/target/debug/deps/librustdds-eaa09a124fb4b49d.rlib" "/opt/rustwide/target/debug/deps/libmd5-04e408ba799db848.rlib" "/opt/rustwide/target/debug/deps/libthiserror-f68e4f29d8e71614.rlib" "/opt/rustwide/target/debug/deps/librand-4c29df46f0ae6659.rlib" "/opt/rustwide/target/debug/deps/librand_chacha-82e6e2d1cbbbf183.rlib" "/opt/rustwide/target/debug/deps/libppv_lite86-9f808eb911999ef2.rlib" "/opt/rustwide/target/debug/deps/librand_core-49eba04d5dca7ac8.rlib" "/opt/rustwide/target/debug/deps/libgetrandom-631cc2723200cec3.rlib" "/opt/rustwide/target/debug/deps/libcfg_if-61dc7a6799e72b18.rlib" "/opt/rustwide/target/debug/deps/libfutures-7ce0a50fa7598ac9.rlib" "/opt/rustwide/target/debug/deps/libfutures_executor-8e3ed88c69cb406c.rlib" "/opt/rustwide/target/debug/deps/libfutures_util-0127f42b1f2eff3b.rlib" "/opt/rustwide/target/debug/deps/libmemchr-a76ee3fe84a5d757.rlib" "/opt/rustwide/target/debug/deps/libfutures_io-d79041797d5bea95.rlib" "/opt/rustwide/target/debug/deps/libfutures_channel-7a67c9eac5807581.rlib" "/opt/rustwide/target/debug/deps/libpin_project_lite-e0757e0deaa2f8a0.rlib" "/opt/rustwide/target/debug/deps/libfutures_sink-2b0e95e5f1ef133b.rlib" "/opt/rustwide/target/debug/deps/libfutures_task-ec207c36a8b1b716.rlib" "/opt/rustwide/target/debug/deps/libpin_utils-741f7d9d160e4a16.rlib" "/opt/rustwide/target/debug/deps/libfutures_core-02b74ed2f49284a7.rlib" "/opt/rustwide/target/debug/deps/libmio-ac61d36f4ab119d7.rlib" "/opt/rustwide/target/debug/deps/libsocketpair-a1553e24ad2bc4c1.rlib" "/opt/rustwide/target/debug/deps/librustix-ea1de7b5cb944229.rlib" "/opt/rustwide/target/debug/deps/libbitflags-912d270082a3a4ea.rlib" "/opt/rustwide/target/debug/deps/liblinux_raw_sys-555ef41f4ba88f04.rlib" "/opt/rustwide/target/debug/deps/libio_extras-3e7dcc22a1f4db8b.rlib" "/opt/rustwide/target/debug/deps/libio_lifetimes-9805b37080076c24.rlib" "/opt/rustwide/target/debug/deps/libstatic_assertions-06b6572b5d394a0a.rlib" "/opt/rustwide/target/debug/deps/libif_addrs-b03bb7387c90654f.rlib" "/opt/rustwide/target/debug/deps/libsocket2-275e8f920fba1183.rlib" "/opt/rustwide/target/debug/deps/libbyteorder-80df7aa73d7d6480.rlib" "/opt/rustwide/target/debug/deps/libbit_vec-686f97f41052bc6d.rlib" "/opt/rustwide/target/debug/deps/libenumflags2-b8cde4a35d5c70eb.rlib" "/opt/rustwide/target/debug/deps/libcdr_encoding_size-cfee1d5d3a198a36.rlib" "/opt/rustwide/target/debug/deps/libbytes-c1485c9e807fef81.rlib" "/opt/rustwide/target/debug/deps/libchrono-d8001b2f9bf40123.rlib" "/opt/rustwide/target/debug/deps/libnum_traits-c9cb8d08fcbd8ea8.rlib" "/opt/rustwide/target/debug/deps/libiana_time_zone-4d940f736806fce6.rlib" "/opt/rustwide/target/debug/deps/libmio_extras-001a236b39ae18f5.rlib" "/opt/rustwide/target/debug/deps/liblazycell-4a65d633f88cb90e.rlib" "/opt/rustwide/target/debug/deps/libspeedy-211f444c6b2f1136.rlib" "/opt/rustwide/target/debug/deps/libmemoffset-a6b4d089601cb16a.rlib" "/opt/rustwide/target/debug/deps/liblazy_static-591486ebcb9a7ead.rlib" "/opt/rustwide/target/debug/deps/libmio-85855acbd97a858c.rlib" "/opt/rustwide/target/debug/deps/liblog-07d3e194e046ac4e.rlib" "/opt/rustwide/target/debug/deps/libserde-b22203e11079183b.rlib" "/opt/rustwide/target/debug/deps/libslab-7742106a97732125.rlib" "/opt/rustwide/target/debug/deps/libiovec-e5693b83241111f4.rlib" "/opt/rustwide/target/debug/deps/libnet2-09cdd4a7f381b4ed.rlib" "/opt/rustwide/target/debug/deps/libcfg_if-925b73a2e437f0c3.rlib" "/opt/rustwide/target/debug/deps/liblibc-42ff0ec7bfa97a0f.rlib" "/opt/rustwide/rustup-home/toolchains/1.75.0-x86_64-unknown-linux-gnu/lib/rustlib/x86_64-unknown-linux-gnu/lib/libstd-90f6ddbf82de36ec.rlib" "/opt/rustwide/rustup-home/toolchains/1.75.0-x86_64-unknown-linux-gnu/lib/rustlib/x86_64-unknown-linux-gnu/lib/libpanic_unwind-480c41e9d4e1f677.rlib" "/opt/rustwide/rustup-home/toolchains/1.75.0-x86_64-unknown-linux-gnu/lib/rustlib/x86_64-unknown-linux-gnu/lib/libobject-db744c0ca03eed1d.rlib" "/opt/rustwide/rustup-home/toolchains/1.75.0-x86_64-unknown-linux-gnu/lib/rustlib/x86_64-unknown-linux-gnu/lib/libmemchr-8ba652dc7d4b285a.rlib" "/opt/rustwide/rustup-home/toolchains/1.75.0-x86_64-unknown-linux-gnu/lib/rustlib/x86_64-unknown-linux-gnu/lib/libaddr2line-d5f4520a9ebc0d58.rlib" "/opt/rustwide/rustup-home/toolchains/1.75.0-x86_64-unknown-linux-gnu/lib/rustlib/x86_64-unknown-linux-gnu/lib/libgimli-4ad84de58f0cb463.rlib" "/opt/rustwide/rustup-home/toolchains/1.75.0-x86_64-unknown-linux-gnu/lib/rustlib/x86_64-unknown-linux-gnu/lib/librustc_demangle-0d10aae2e0f38735.rlib" "/opt/rustwide/rustup-home/toolchains/1.75.0-x86_64-unknown-linux-gnu/lib/rustlib/x86_64-unknown-linux-gnu/lib/libstd_detect-0c17cff739e6745b.rlib" "/opt/rustwide/rustup-home/toolchains/1.75.0-x86_64-unknown-linux-gnu/lib/rustlib/x86_64-unknown-linux-gnu/lib/libhashbrown-b29e17139dde1aa8.rlib" "/opt/rustwide/rustup-home/toolchains/1.75.0-x86_64-unknown-linux-gnu/lib/rustlib/x86_64-unknown-linux-gnu/lib/librustc_std_workspace_alloc-1f975299829cc7bd.rlib" "/opt/rustwide/rustup-home/toolchains/1.75.0-x86_64-unknown-linux-gnu/lib/rustlib/x86_64-unknown-linux-gnu/lib/libminiz_oxide-86bae3bc3079f89b.rlib" "/opt/rustwide/rustup-home/toolchains/1.75.0-x86_64-unknown-linux-gnu/lib/rustlib/x86_64-unknown-linux-gnu/lib/libadler-321b82c30dffdf5f.rlib" "/opt/rustwide/rustup-home/toolchains/1.75.0-x86_64-unknown-linux-gnu/lib/rustlib/x86_64-unknown-linux-gnu/lib/libunwind-3dd8a6810a0bdfef.rlib" "/opt/rustwide/rustup-home/toolchains/1.75.0-x86_64-unknown-linux-gnu/lib/rustlib/x86_64-unknown-linux-gnu/lib/libcfg_if-eb39a61c0c879984.rlib" "/opt/rustwide/rustup-home/toolchains/1.75.0-x86_64-unknown-linux-gnu/lib/rustlib/x86_64-unknown-linux-gnu/lib/liblibc-aa769569f91c3548.rlib" "/opt/rustwide/rustup-home/toolchains/1.75.0-x86_64-unknown-linux-gnu/lib/rustlib/x86_64-unknown-linux-gnu/lib/liballoc-510a192a50a983ed.rlib" "/opt/rustwide/rustup-home/toolchains/1.75.0-x86_64-unknown-linux-gnu/lib/rustlib/x86_64-unknown-linux-gnu/lib/librustc_std_workspace_core-0577018320f99037.rlib" "/opt/rustwide/rustup-home/toolchains/1.75.0-x86_64-unknown-linux-gnu/lib/rustlib/x86_64-unknown-linux-gnu/lib/libcore-193cf992125ccd4c.rlib" "/opt/rustwide/rustup-home/toolchains/1.75.0-x86_64-unknown-linux-gnu/lib/rustlib/x86_64-unknown-linux-gnu/lib/libcompiler_builtins-8e138eaf26ebb4a8.rlib" "-Wl,-Bdynamic" "-lgcc_s" "-lutil" "-lrt" "-lpthread" "-lm" "-ldl" "-lc" "-Wl,--eh-frame-hdr" "-Wl,-z,noexecstack" "-L" "/opt/rustwide/rustup-home/toolchains/1.75.0-x86_64-unknown-linux-gnu/lib/rustlib/x86_64-unknown-linux-gnu/lib" "-o" "/opt/rustwide/target/debug/examples/client_list_parameters-362b30707dbf2ece" "-Wl,--gc-sections" "-pie" "-Wl,-z,relro,-z,now" "-nodefaultlibs"
[INFO] [stdout]   = note: collect2: fatal error: ld terminated with signal 9 [Killed]
[INFO] [stdout]           compilation terminated.
[INFO] [stdout]           
[INFO] [stdout] 
[INFO] [stdout] 
[INFO] [stdout] error: aborting due to previous error
[INFO] [stdout] 
[INFO] [stdout] 
[INFO] [stderr] error: could not compile `ros2-client` (example "client_list_parameters") due to 2 previous errors
[INFO] [stderr] warning: build failed, waiting for other jobs to finish...
[INFO] [stdout] error: linking with `cc` failed: exit status: 1
[INFO] [stdout]   |
[INFO] [stdout]   = note: LC_ALL="C" PATH="/opt/rustwide/rustup-home/toolchains/1.75.0-x86_64-unknown-linux-gnu/lib/rustlib/x86_64-unknown-linux-gnu/bin:/opt/rustwide/cargo-home/bin:/usr/local/sbin:/usr/local/bin:/usr/sbin:/usr/bin:/sbin:/bin" VSLANG="1033" "cc" "-m64" "/tmp/rustcQjix6L/symbols.o" "/opt/rustwide/target/debug/examples/async_service_client-e732315810954940.async_service_client.9baf87b2100a00c3-cgu.00.rcgu.o" "/opt/rustwide/target/debug/examples/async_service_client-e732315810954940.async_service_client.9baf87b2100a00c3-cgu.01.rcgu.o" "/opt/rustwide/target/debug/examples/async_service_client-e732315810954940.async_service_client.9baf87b2100a00c3-cgu.02.rcgu.o" "/opt/rustwide/target/debug/examples/async_service_client-e732315810954940.async_service_client.9baf87b2100a00c3-cgu.03.rcgu.o" "/opt/rustwide/target/debug/examples/async_service_client-e732315810954940.async_service_client.9baf87b2100a00c3-cgu.04.rcgu.o" "/opt/rustwide/target/debug/examples/async_service_client-e732315810954940.async_service_client.9baf87b2100a00c3-cgu.05.rcgu.o" "/opt/rustwide/target/debug/examples/async_service_client-e732315810954940.async_service_client.9baf87b2100a00c3-cgu.06.rcgu.o" "/opt/rustwide/target/debug/examples/async_service_client-e732315810954940.async_service_client.9baf87b2100a00c3-cgu.07.rcgu.o" "/opt/rustwide/target/debug/examples/async_service_client-e732315810954940.async_service_client.9baf87b2100a00c3-cgu.08.rcgu.o" "/opt/rustwide/target/debug/examples/async_service_client-e732315810954940.async_service_client.9baf87b2100a00c3-cgu.09.rcgu.o" "/opt/rustwide/target/debug/examples/async_service_client-e732315810954940.async_service_client.9baf87b2100a00c3-cgu.10.rcgu.o" "/opt/rustwide/target/debug/examples/async_service_client-e732315810954940.async_service_client.9baf87b2100a00c3-cgu.11.rcgu.o" "/opt/rustwide/target/debug/examples/async_service_client-e732315810954940.async_service_client.9baf87b2100a00c3-cgu.12.rcgu.o" "/opt/rustwide/target/debug/examples/async_service_client-e732315810954940.async_service_client.9baf87b2100a00c3-cgu.13.rcgu.o" "/opt/rustwide/target/debug/examples/async_service_client-e732315810954940.async_service_client.9baf87b2100a00c3-cgu.14.rcgu.o" "/opt/rustwide/target/debug/examples/async_service_client-e732315810954940.async_service_client.9baf87b2100a00c3-cgu.15.rcgu.o" "/opt/rustwide/target/debug/examples/async_service_client-e732315810954940.3ixnazyefeztws43.rcgu.o" "-Wl,--as-needed" "-L" "/opt/rustwide/target/debug/deps" "-L" "/opt/rustwide/rustup-home/toolchains/1.75.0-x86_64-unknown-linux-gnu/lib/rustlib/x86_64-unknown-linux-gnu/lib" "-Wl,-Bstatic" "/opt/rustwide/target/debug/deps/libctrlc-dbb48314730d92f1.rlib" "/opt/rustwide/target/debug/deps/libnix-8fe381b4741b7c8c.rlib" "/opt/rustwide/target/debug/deps/libpretty_env_logger-c149911994fb7215.rlib" "/opt/rustwide/target/debug/deps/libenv_logger-d6e86656053a9c04.rlib" "/opt/rustwide/target/debug/deps/libtermcolor-c45be6d4018c8de7.rlib" "/opt/rustwide/target/debug/deps/libatty-e3ed953d99456dad.rlib" "/opt/rustwide/target/debug/deps/libhumantime-ce043b5585f26040.rlib" "/opt/rustwide/target/debug/deps/libquick_error-e0931f21b2f0d487.rlib" "/opt/rustwide/target/debug/deps/libregex-227f4e2b1ccba981.rlib" "/opt/rustwide/target/debug/deps/libregex_automata-5992b30ba4b7ea7b.rlib" "/opt/rustwide/target/debug/deps/libaho_corasick-fd3ff428333be419.rlib" "/opt/rustwide/target/debug/deps/libregex_syntax-1e06914efac87e2c.rlib" "/opt/rustwide/target/debug/deps/libros2_client-56cb372f7af22cbc.rlib" "/opt/rustwide/target/debug/deps/libasync_channel-61f756f19613d3d0.rlib" "/opt/rustwide/target/debug/deps/libevent_listener_strategy-ac637725a9e1655e.rlib" "/opt/rustwide/target/debug/deps/libevent_listener-fdb0091f488260b3.rlib" "/opt/rustwide/target/debug/deps/libwidestring-588fc71f5245109c.rlib" "/opt/rustwide/target/debug/deps/libuuid-19235ad273b17ae6.rlib" "/opt/rustwide/target/debug/deps/librustdds-eaa09a124fb4b49d.rlib" "/opt/rustwide/target/debug/deps/libmd5-04e408ba799db848.rlib" "/opt/rustwide/target/debug/deps/libthiserror-f68e4f29d8e71614.rlib" "/opt/rustwide/target/debug/deps/librand-4c29df46f0ae6659.rlib" "/opt/rustwide/target/debug/deps/librand_chacha-82e6e2d1cbbbf183.rlib" "/opt/rustwide/target/debug/deps/libppv_lite86-9f808eb911999ef2.rlib" "/opt/rustwide/target/debug/deps/librand_core-49eba04d5dca7ac8.rlib" "/opt/rustwide/target/debug/deps/libgetrandom-631cc2723200cec3.rlib" "/opt/rustwide/target/debug/deps/libmio-ac61d36f4ab119d7.rlib" "/opt/rustwide/target/debug/deps/libsocketpair-a1553e24ad2bc4c1.rlib" "/opt/rustwide/target/debug/deps/librustix-ea1de7b5cb944229.rlib" "/opt/rustwide/target/debug/deps/libbitflags-912d270082a3a4ea.rlib" "/opt/rustwide/target/debug/deps/liblinux_raw_sys-555ef41f4ba88f04.rlib" "/opt/rustwide/target/debug/deps/libio_extras-3e7dcc22a1f4db8b.rlib" "/opt/rustwide/target/debug/deps/libio_lifetimes-9805b37080076c24.rlib" "/opt/rustwide/target/debug/deps/libstatic_assertions-06b6572b5d394a0a.rlib" "/opt/rustwide/target/debug/deps/libif_addrs-b03bb7387c90654f.rlib" "/opt/rustwide/target/debug/deps/libsocket2-275e8f920fba1183.rlib" "/opt/rustwide/target/debug/deps/libbyteorder-80df7aa73d7d6480.rlib" "/opt/rustwide/target/debug/deps/libbit_vec-686f97f41052bc6d.rlib" "/opt/rustwide/target/debug/deps/libenumflags2-b8cde4a35d5c70eb.rlib" "/opt/rustwide/target/debug/deps/libcdr_encoding_size-cfee1d5d3a198a36.rlib" "/opt/rustwide/target/debug/deps/libbytes-c1485c9e807fef81.rlib" "/opt/rustwide/target/debug/deps/libchrono-d8001b2f9bf40123.rlib" "/opt/rustwide/target/debug/deps/libnum_traits-c9cb8d08fcbd8ea8.rlib" "/opt/rustwide/target/debug/deps/libiana_time_zone-4d940f736806fce6.rlib" "/opt/rustwide/target/debug/deps/libmio_extras-001a236b39ae18f5.rlib" "/opt/rustwide/target/debug/deps/liblazycell-4a65d633f88cb90e.rlib" "/opt/rustwide/target/debug/deps/libmio-85855acbd97a858c.rlib" "/opt/rustwide/target/debug/deps/libiovec-e5693b83241111f4.rlib" "/opt/rustwide/target/debug/deps/libnet2-09cdd4a7f381b4ed.rlib" "/opt/rustwide/target/debug/deps/libcfg_if-925b73a2e437f0c3.rlib" "/opt/rustwide/target/debug/deps/libspeedy-211f444c6b2f1136.rlib" "/opt/rustwide/target/debug/deps/libmemoffset-a6b4d089601cb16a.rlib" "/opt/rustwide/target/debug/deps/liblazy_static-591486ebcb9a7ead.rlib" "/opt/rustwide/target/debug/deps/libsmol-615d1f49dc5d8a1b.rlib" "/opt/rustwide/target/debug/deps/libasync_process-55282e69b1d1e644.rlib" "/opt/rustwide/target/debug/deps/libsignal_hook-11567bda0442f3bf.rlib" "/opt/rustwide/target/debug/deps/libsignal_hook_registry-10483726049f1dc9.rlib" "/opt/rustwide/target/debug/deps/libasync_net-029f61a454b32121.rlib" "/opt/rustwide/target/debug/deps/libasync_fs-4284089a6e9b5f20.rlib" "/opt/rustwide/target/debug/deps/libblocking-97e4a0f396bbe94b.rlib" "/opt/rustwide/target/debug/deps/libatomic_waker-2aea9cfb34008db2.rlib" "/opt/rustwide/target/debug/deps/libasync_channel-483a2fcb7940a04c.rlib" "/opt/rustwide/target/debug/deps/libasync_io-99500a4bbd51dcb3.rlib" "/opt/rustwide/target/debug/deps/librustix-63f1e37101ebba85.rlib" "/opt/rustwide/target/debug/deps/libio_lifetimes-1f84eac02221408c.rlib" "/opt/rustwide/target/debug/deps/libbitflags-b7cee2ca4fb438d0.rlib" "/opt/rustwide/target/debug/deps/liblinux_raw_sys-1ca3a0a37c48e6e0.rlib" "/opt/rustwide/target/debug/deps/libpolling-abd17da9aee2e8e4.rlib" "/opt/rustwide/target/debug/deps/libsocket2-6ca9496f5344863a.rlib" "/opt/rustwide/target/debug/deps/liblibc-42ff0ec7bfa97a0f.rlib" "/opt/rustwide/target/debug/deps/libasync_executor-440ae941628d34b0.rlib" "/opt/rustwide/target/debug/deps/libfutures_lite-5ad3d66ba84cd09f.rlib" "/opt/rustwide/target/debug/deps/libfastrand-b53203d729799780.rlib" "/opt/rustwide/target/debug/deps/libwaker_fn-22984b605b7992c0.rlib" "/opt/rustwide/target/debug/deps/libparking-0f4ca2efc4a73a35.rlib" "/opt/rustwide/target/debug/deps/libconcurrent_queue-8bc35ef950c0233e.rlib" "/opt/rustwide/target/debug/deps/libcrossbeam_utils-47eab3bd9fac73cc.rlib" "/opt/rustwide/target/debug/deps/libcfg_if-61dc7a6799e72b18.rlib" "/opt/rustwide/target/debug/deps/libasync_task-b3a0004a3a010835.rlib" "/opt/rustwide/target/debug/deps/libasync_lock-98c48320dd176b08.rlib" "/opt/rustwide/target/debug/deps/libevent_listener-c4b6b56059522037.rlib" "/opt/rustwide/target/debug/deps/libfutures-7ce0a50fa7598ac9.rlib" "/opt/rustwide/target/debug/deps/libfutures_executor-8e3ed88c69cb406c.rlib" "/opt/rustwide/target/debug/deps/libfutures_util-0127f42b1f2eff3b.rlib" "/opt/rustwide/target/debug/deps/libmemchr-a76ee3fe84a5d757.rlib" "/opt/rustwide/target/debug/deps/libfutures_io-d79041797d5bea95.rlib" "/opt/rustwide/target/debug/deps/libslab-7742106a97732125.rlib" "/opt/rustwide/target/debug/deps/libfutures_channel-7a67c9eac5807581.rlib" "/opt/rustwide/target/debug/deps/libpin_project_lite-e0757e0deaa2f8a0.rlib" "/opt/rustwide/target/debug/deps/libfutures_sink-2b0e95e5f1ef133b.rlib" "/opt/rustwide/target/debug/deps/libfutures_task-ec207c36a8b1b716.rlib" "/opt/rustwide/target/debug/deps/libpin_utils-741f7d9d160e4a16.rlib" "/opt/rustwide/target/debug/deps/libfutures_core-02b74ed2f49284a7.rlib" "/opt/rustwide/target/debug/deps/liblog-07d3e194e046ac4e.rlib" "/opt/rustwide/target/debug/deps/libserde-b22203e11079183b.rlib" "/opt/rustwide/rustup-home/toolchains/1.75.0-x86_64-unknown-linux-gnu/lib/rustlib/x86_64-unknown-linux-gnu/lib/libstd-90f6ddbf82de36ec.rlib" "/opt/rustwide/rustup-home/toolchains/1.75.0-x86_64-unknown-linux-gnu/lib/rustlib/x86_64-unknown-linux-gnu/lib/libpanic_unwind-480c41e9d4e1f677.rlib" "/opt/rustwide/rustup-home/toolchains/1.75.0-x86_64-unknown-linux-gnu/lib/rustlib/x86_64-unknown-linux-gnu/lib/libobject-db744c0ca03eed1d.rlib" "/opt/rustwide/rustup-home/toolchains/1.75.0-x86_64-unknown-linux-gnu/lib/rustlib/x86_64-unknown-linux-gnu/lib/libmemchr-8ba652dc7d4b285a.rlib" "/opt/rustwide/rustup-home/toolchains/1.75.0-x86_64-unknown-linux-gnu/lib/rustlib/x86_64-unknown-linux-gnu/lib/libaddr2line-d5f4520a9ebc0d58.rlib" "/opt/rustwide/rustup-home/toolchains/1.75.0-x86_64-unknown-linux-gnu/lib/rustlib/x86_64-unknown-linux-gnu/lib/libgimli-4ad84de58f0cb463.rlib" "/opt/rustwide/rustup-home/toolchains/1.75.0-x86_64-unknown-linux-gnu/lib/rustlib/x86_64-unknown-linux-gnu/lib/librustc_demangle-0d10aae2e0f38735.rlib" "/opt/rustwide/rustup-home/toolchains/1.75.0-x86_64-unknown-linux-gnu/lib/rustlib/x86_64-unknown-linux-gnu/lib/libstd_detect-0c17cff739e6745b.rlib" "/opt/rustwide/rustup-home/toolchains/1.75.0-x86_64-unknown-linux-gnu/lib/rustlib/x86_64-unknown-linux-gnu/lib/libhashbrown-b29e17139dde1aa8.rlib" "/opt/rustwide/rustup-home/toolchains/1.75.0-x86_64-unknown-linux-gnu/lib/rustlib/x86_64-unknown-linux-gnu/lib/librustc_std_workspace_alloc-1f975299829cc7bd.rlib" "/opt/rustwide/rustup-home/toolchains/1.75.0-x86_64-unknown-linux-gnu/lib/rustlib/x86_64-unknown-linux-gnu/lib/libminiz_oxide-86bae3bc3079f89b.rlib" "/opt/rustwide/rustup-home/toolchains/1.75.0-x86_64-unknown-linux-gnu/lib/rustlib/x86_64-unknown-linux-gnu/lib/libadler-321b82c30dffdf5f.rlib" "/opt/rustwide/rustup-home/toolchains/1.75.0-x86_64-unknown-linux-gnu/lib/rustlib/x86_64-unknown-linux-gnu/lib/libunwind-3dd8a6810a0bdfef.rlib" "/opt/rustwide/rustup-home/toolchains/1.75.0-x86_64-unknown-linux-gnu/lib/rustlib/x86_64-unknown-linux-gnu/lib/libcfg_if-eb39a61c0c879984.rlib" "/opt/rustwide/rustup-home/toolchains/1.75.0-x86_64-unknown-linux-gnu/lib/rustlib/x86_64-unknown-linux-gnu/lib/liblibc-aa769569f91c3548.rlib" "/opt/rustwide/rustup-home/toolchains/1.75.0-x86_64-unknown-linux-gnu/lib/rustlib/x86_64-unknown-linux-gnu/lib/liballoc-510a192a50a983ed.rlib" "/opt/rustwide/rustup-home/toolchains/1.75.0-x86_64-unknown-linux-gnu/lib/rustlib/x86_64-unknown-linux-gnu/lib/librustc_std_workspace_core-0577018320f99037.rlib" "/opt/rustwide/rustup-home/toolchains/1.75.0-x86_64-unknown-linux-gnu/lib/rustlib/x86_64-unknown-linux-gnu/lib/libcore-193cf992125ccd4c.rlib" "/opt/rustwide/rustup-home/toolchains/1.75.0-x86_64-unknown-linux-gnu/lib/rustlib/x86_64-unknown-linux-gnu/lib/libcompiler_builtins-8e138eaf26ebb4a8.rlib" "-Wl,-Bdynamic" "-lgcc_s" "-lutil" "-lrt" "-lpthread" "-lm" "-ldl" "-lc" "-Wl,--eh-frame-hdr" "-Wl,-z,noexecstack" "-L" "/opt/rustwide/rustup-home/toolchains/1.75.0-x86_64-unknown-linux-gnu/lib/rustlib/x86_64-unknown-linux-gnu/lib" "-o" "/opt/rustwide/target/debug/examples/async_service_client-e732315810954940" "-Wl,--gc-sections" "-pie" "-Wl,-z,relro,-z,now" "-nodefaultlibs"
[INFO] [stdout]   = note: collect2: fatal error: ld terminated with signal 9 [Killed]
[INFO] [stdout]           compilation terminated.
[INFO] [stdout]           
[INFO] [stdout] 
[INFO] [stdout] 
[INFO] [stdout] error: aborting due to previous error
[INFO] [stdout] 
[INFO] [stdout] 
[INFO] [stderr] error: could not compile `ros2-client` (example "async_service_client") due to 2 previous errors
[INFO] running `Command { std: "docker" "inspect" "c8deb1ecb9e3587da43cebbc8704021be4692b2703226425d47996acd17edd84", kill_on_drop: false }`
[INFO] running `Command { std: "docker" "rm" "-f" "c8deb1ecb9e3587da43cebbc8704021be4692b2703226425d47996acd17edd84", kill_on_drop: false }`
[INFO] [stdout] c8deb1ecb9e3587da43cebbc8704021be4692b2703226425d47996acd17edd84
[INFO] testing ros2-client-0.6.0 against beta-2023-12-22 for beta-1.76-1
[INFO] extracting crate ros2-client 0.6.0 into /workspace/builds/worker-2-tc2/source
[INFO] validating manifest of crates.io crate ros2-client 0.6.0 on toolchain beta-2023-12-22
[INFO] running `Command { std: CARGO_HOME="/workspace/cargo-home" RUSTUP_HOME="/workspace/rustup-home" "/workspace/cargo-home/bin/cargo" "+beta-2023-12-22" "metadata" "--manifest-path" "Cargo.toml" "--no-deps", kill_on_drop: false }`
[INFO] started tweaking crates.io crate ros2-client 0.6.0
[INFO] finished tweaking crates.io crate ros2-client 0.6.0
[INFO] tweaked toml for crates.io crate ros2-client 0.6.0 written to /workspace/builds/worker-2-tc2/source/Cargo.toml
[INFO] crate crates.io crate ros2-client 0.6.0 already has a lockfile, it will not be regenerated
[INFO] running `Command { std: CARGO_HOME="/workspace/cargo-home" RUSTUP_HOME="/workspace/rustup-home" "/workspace/cargo-home/bin/cargo" "+beta-2023-12-22" "fetch" "--manifest-path" "Cargo.toml", kill_on_drop: false }`
[INFO] running `Command { std: "docker" "create" "-v" "/var/lib/crater-agent-workspace/builds/worker-2-tc2/target:/opt/rustwide/target:rw,Z" "-v" "/var/lib/crater-agent-workspace/builds/worker-2-tc2/source:/opt/rustwide/workdir:ro,Z" "-v" "/var/lib/crater-agent-workspace/cargo-home:/opt/rustwide/cargo-home:ro,Z" "-v" "/var/lib/crater-agent-workspace/rustup-home:/opt/rustwide/rustup-home:ro,Z" "-e" "SOURCE_DIR=/opt/rustwide/workdir" "-e" "CARGO_TARGET_DIR=/opt/rustwide/target" "-e" "CARGO_HOME=/opt/rustwide/cargo-home" "-e" "RUSTUP_HOME=/opt/rustwide/rustup-home" "-w" "/opt/rustwide/workdir" "-m" "1610612736" "--user" "0:0" "--network" "none" "ghcr.io/rust-lang/crates-build-env/linux@sha256:2788e3201cd34a07e3172128adcd8b3090168a8e3bcc40d7c032b9dda1df7d1c" "/opt/rustwide/cargo-home/bin/cargo" "+beta-2023-12-22" "metadata" "--no-deps" "--format-version=1", kill_on_drop: false }`
[INFO] [stdout] 3714c5fd3f0142ae1de40bc04dbd65bcfd48895a27eab9286a28ce5a603f0a2e
[INFO] running `Command { std: "docker" "start" "-a" "3714c5fd3f0142ae1de40bc04dbd65bcfd48895a27eab9286a28ce5a603f0a2e", kill_on_drop: false }`
[INFO] running `Command { std: "docker" "inspect" "3714c5fd3f0142ae1de40bc04dbd65bcfd48895a27eab9286a28ce5a603f0a2e", kill_on_drop: false }`
[INFO] running `Command { std: "docker" "rm" "-f" "3714c5fd3f0142ae1de40bc04dbd65bcfd48895a27eab9286a28ce5a603f0a2e", kill_on_drop: false }`
[INFO] [stdout] 3714c5fd3f0142ae1de40bc04dbd65bcfd48895a27eab9286a28ce5a603f0a2e
[INFO] running `Command { std: "docker" "create" "-v" "/var/lib/crater-agent-workspace/builds/worker-2-tc2/target:/opt/rustwide/target:rw,Z" "-v" "/var/lib/crater-agent-workspace/builds/worker-2-tc2/source:/opt/rustwide/workdir:ro,Z" "-v" "/var/lib/crater-agent-workspace/cargo-home:/opt/rustwide/cargo-home:ro,Z" "-v" "/var/lib/crater-agent-workspace/rustup-home:/opt/rustwide/rustup-home:ro,Z" "-e" "SOURCE_DIR=/opt/rustwide/workdir" "-e" "CARGO_TARGET_DIR=/opt/rustwide/target" "-e" "CARGO_INCREMENTAL=0" "-e" "RUST_BACKTRACE=full" "-e" "RUSTFLAGS=--cap-lints=warn" "-e" "RUSTDOCFLAGS=--cap-lints=warn" "-e" "CARGO_HOME=/opt/rustwide/cargo-home" "-e" "RUSTUP_HOME=/opt/rustwide/rustup-home" "-w" "/opt/rustwide/workdir" "-m" "1610612736" "--user" "0:0" "--network" "none" "ghcr.io/rust-lang/crates-build-env/linux@sha256:2788e3201cd34a07e3172128adcd8b3090168a8e3bcc40d7c032b9dda1df7d1c" "/opt/rustwide/cargo-home/bin/cargo" "+beta-2023-12-22" "build" "--frozen" "--message-format=json", kill_on_drop: false }`
[INFO] [stdout] ce01bd7d6f981d99d97f3e39915a96d2441572acc60c4611cda46fd8788deac6
[INFO] running `Command { std: "docker" "start" "-a" "ce01bd7d6f981d99d97f3e39915a96d2441572acc60c4611cda46fd8788deac6", kill_on_drop: false }`
[INFO] [stderr]    Compiling proc-macro2 v1.0.66
[INFO] [stderr]    Compiling unicode-ident v1.0.11
[INFO] [stderr]    Compiling libc v0.2.150
[INFO] [stderr]    Compiling serde v1.0.175
[INFO] [stderr]    Compiling serde_derive v1.0.175
[INFO] [stderr]    Compiling futures-core v0.3.28
[INFO] [stderr]    Compiling slab v0.4.8
[INFO] [stderr]    Compiling memchr v2.6.3
[INFO] [stderr]    Compiling futures-task v0.3.28
[INFO] [stderr]    Compiling futures-channel v0.3.28
[INFO] [stderr]    Compiling crossbeam-utils v0.8.16
[INFO] [stderr]    Compiling futures-sink v0.3.28
[INFO] [stderr]    Compiling io-lifetimes v2.0.2
[INFO] [stderr]    Compiling futures-util v0.3.28
[INFO] [stderr]    Compiling syn v1.0.109
[INFO] [stderr]    Compiling quote v1.0.32
[INFO] [stderr]    Compiling num-traits v0.2.16
[INFO] [stderr]    Compiling memoffset v0.8.0
[INFO] [stderr]    Compiling utf8parse v0.2.1
[INFO] [stderr]    Compiling syn v2.0.27
[INFO] [stderr]    Compiling cfg-if v0.1.10
[INFO] [stderr]    Compiling futures-io v0.3.28
[INFO] [stderr]    Compiling rustix v0.38.21
[INFO] [stderr]    Compiling io-extras v0.18.0
[INFO] [stderr]    Compiling anstyle-parse v0.2.1
[INFO] [stderr]    Compiling concurrent-queue v2.2.0
[INFO] [stderr]    Compiling colorchoice v1.0.0
[INFO] [stderr]    Compiling anstyle-query v1.0.0
[INFO] [stderr]    Compiling parking v2.1.0
[INFO] [stderr]    Compiling thiserror v1.0.50
[INFO] [stderr]    Compiling linux-raw-sys v0.4.11
[INFO] [stderr]    Compiling anstyle v1.0.3
[INFO] [stderr]    Compiling bitflags v2.4.1
[INFO] [stderr]    Compiling getrandom v0.2.10
[INFO] [stderr]    Compiling net2 v0.2.39
[INFO] [stderr]    Compiling iovec v0.1.4
[INFO] [stderr]    Compiling rand_core v0.6.4
[INFO] [stderr]    Compiling socketpair v0.19.3
[INFO] [stderr]    Compiling anstream v0.5.0
[INFO] [stderr]    Compiling event-listener v3.1.0
[INFO] [stderr]    Compiling rand_chacha v0.3.1
[INFO] [stderr]    Compiling rand v0.8.5
[INFO] [stderr]    Compiling aho-corasick v1.0.2
[INFO] [stderr]    Compiling log v0.4.19
[INFO] [stderr]    Compiling iana-time-zone v0.1.57
[INFO] [stderr]    Compiling lazycell v1.3.0
[INFO] [stderr]    Compiling mio v0.6.23
[INFO] [stderr]    Compiling regex-syntax v0.7.4
[INFO] [stderr]    Compiling strsim v0.10.0
[INFO] [stderr]    Compiling clap_lex v0.5.1
[INFO] [stderr]    Compiling clap_builder v4.4.2
[INFO] [stderr]    Compiling mio v0.8.8
[INFO] [stderr]    Compiling mio-extras v2.0.6
[INFO] [stderr]    Compiling chrono v0.4.31
[INFO] [stderr]    Compiling bytes v1.5.0
[INFO] [stderr]    Compiling event-listener-strategy v0.3.0
[INFO] [stderr]    Compiling regex-automata v0.3.3
[INFO] [stderr]    Compiling if-addrs v0.10.1
[INFO] [stderr]    Compiling futures-macro v0.3.28
[INFO] [stderr]    Compiling enumflags2_derive v0.7.7
[INFO] [stderr]    Compiling thiserror-impl v1.0.50
[INFO] [stderr]    Compiling speedy-derive v0.8.6
[INFO] [stderr]    Compiling cdr-encoding-size-derive v0.5.0
[INFO] [stderr]    Compiling enumflags2 v0.7.7
[INFO] [stderr]    Compiling num-derive v0.4.1
[INFO] [stderr]    Compiling cdr-encoding-size v0.5.0
[INFO] [stderr]    Compiling serde_repr v0.1.15
[INFO] [stderr]    Compiling uuid-macro-internal v1.4.1
[INFO] [stderr]    Compiling socket2 v0.5.3
[INFO] [stderr]    Compiling minimal-lexical v0.2.1
[INFO] [stderr]    Compiling speedy v0.8.6
[INFO] [stderr]    Compiling md5 v0.7.0
[INFO] [stderr]    Compiling byteorder v1.4.3
[INFO] [stderr]    Compiling itertools v0.11.0
[INFO] [stderr]    Compiling nom v7.1.3
[INFO] [stderr]    Compiling uuid v1.4.1
[INFO] [stderr]    Compiling bstr v1.6.2
[INFO] [stderr]    Compiling futures-executor v0.3.28
[INFO] [stderr]    Compiling async-channel v2.1.0
[INFO] [stderr]    Compiling futures v0.3.28
[INFO] [stderr]    Compiling clap v4.4.3
[INFO] [stderr]    Compiling widestring v1.0.2
[INFO] [stderr]    Compiling rustdds v0.9.0
[INFO] [stderr]    Compiling ros2-client v0.6.0 (/opt/rustwide/workdir)
[INFO] [stderr]     Finished dev [unoptimized + debuginfo] target(s) in 43.10s
[INFO] running `Command { std: "docker" "inspect" "ce01bd7d6f981d99d97f3e39915a96d2441572acc60c4611cda46fd8788deac6", kill_on_drop: false }`
[INFO] running `Command { std: "docker" "rm" "-f" "ce01bd7d6f981d99d97f3e39915a96d2441572acc60c4611cda46fd8788deac6", kill_on_drop: false }`
[INFO] [stdout] ce01bd7d6f981d99d97f3e39915a96d2441572acc60c4611cda46fd8788deac6
[INFO] running `Command { std: "docker" "create" "-v" "/var/lib/crater-agent-workspace/builds/worker-2-tc2/target:/opt/rustwide/target:rw,Z" "-v" "/var/lib/crater-agent-workspace/builds/worker-2-tc2/source:/opt/rustwide/workdir:ro,Z" "-v" "/var/lib/crater-agent-workspace/cargo-home:/opt/rustwide/cargo-home:ro,Z" "-v" "/var/lib/crater-agent-workspace/rustup-home:/opt/rustwide/rustup-home:ro,Z" "-e" "SOURCE_DIR=/opt/rustwide/workdir" "-e" "CARGO_TARGET_DIR=/opt/rustwide/target" "-e" "CARGO_INCREMENTAL=0" "-e" "RUST_BACKTRACE=full" "-e" "RUSTFLAGS=--cap-lints=warn" "-e" "RUSTDOCFLAGS=--cap-lints=warn" "-e" "CARGO_HOME=/opt/rustwide/cargo-home" "-e" "RUSTUP_HOME=/opt/rustwide/rustup-home" "-w" "/opt/rustwide/workdir" "-m" "1610612736" "--user" "0:0" "--network" "none" "ghcr.io/rust-lang/crates-build-env/linux@sha256:2788e3201cd34a07e3172128adcd8b3090168a8e3bcc40d7c032b9dda1df7d1c" "/opt/rustwide/cargo-home/bin/cargo" "+beta-2023-12-22" "test" "--frozen" "--no-run" "--message-format=json", kill_on_drop: false }`
[INFO] [stdout] 4c25317718e57f65a8e1f0cea49b51165d42de241e21e81c2f97d500d8658d5e
[INFO] running `Command { std: "docker" "start" "-a" "4c25317718e57f65a8e1f0cea49b51165d42de241e21e81c2f97d500d8658d5e", kill_on_drop: false }`
[INFO] [stderr]    Compiling waker-fn v1.1.0
[INFO] [stderr]    Compiling event-listener v2.5.3
[INFO] [stderr]    Compiling fastrand v1.9.0
[INFO] [stderr]    Compiling io-lifetimes v1.0.11
[INFO] [stderr]    Compiling polling v2.8.0
[INFO] [stderr]    Compiling rustix v0.37.23
[INFO] [stderr]    Compiling async-io v1.13.0
[INFO] [stderr]    Compiling async-task v4.4.0
[INFO] [stderr]    Compiling linux-raw-sys v0.3.8
[INFO] [stderr]    Compiling futures-lite v1.13.0
[INFO] [stderr]    Compiling async-lock v2.7.0
[INFO] [stderr]    Compiling async-channel v1.9.0
[INFO] [stderr]    Compiling socket2 v0.4.9
[INFO] [stderr]    Compiling lock_api v0.4.10
[INFO] [stderr]    Compiling signal-hook v0.3.17
[INFO] [stderr]    Compiling atomic-waker v1.1.1
[INFO] [stderr]    Compiling parking_lot_core v0.9.8
[INFO] [stderr]    Compiling signal-hook-registry v1.4.1
[INFO] [stderr]    Compiling async-net v1.7.0
[INFO] [stderr]    Compiling async-fs v1.6.0
[INFO] [stderr]    Compiling async-process v1.7.0
[INFO] [stderr]    Compiling blocking v1.3.1
[INFO] [stderr]    Compiling destructure_traitobject v0.2.0
[INFO] [stderr]    Compiling serde_json v1.0.103
[INFO] [stderr]    Compiling tracing-core v0.1.32
[INFO] [stderr]    Compiling linked-hash-map v0.5.6
[INFO] [stderr]    Compiling anyhow v1.0.72
[INFO] [stderr]    Compiling smallvec v1.11.0
[INFO] [stderr]    Compiling ryu v1.0.15
[INFO] [stderr]    Compiling quick-error v1.2.3
[INFO] [stderr]    Compiling humantime v1.3.0
[INFO] [stderr]    Compiling test-case v1.2.3
[INFO] [stderr]    Compiling yaml-rust v0.4.5
[INFO] [stderr]    Compiling tracing v0.1.40
[INFO] [stderr]    Compiling unsafe-any-ors v1.0.0
[INFO] [stderr]    Compiling regex v1.9.1
[INFO] [stderr]    Compiling ordered-float v2.10.0
[INFO] [stderr]    Compiling atty v0.2.14
[INFO] [stderr]    Compiling termcolor v1.2.0
[INFO] [stderr]    Compiling itoa v1.0.9
[INFO] [stderr]    Compiling typemap-ors v1.0.0
[INFO] [stderr]    Compiling serde-value v0.7.0
[INFO] [stderr]    Compiling serde_yaml v0.8.26
[INFO] [stderr]    Compiling env_logger v0.7.1
[INFO] [stderr]    Compiling parking_lot v0.12.1
[INFO] [stderr]    Compiling polling v3.3.0
[INFO] [stderr]    Compiling async-executor v1.5.1
[INFO] [stderr]    Compiling nix v0.26.2
[INFO] [stderr]    Compiling async-lock v3.1.0
[INFO] [stderr]    Compiling derivative v2.2.0
[INFO] [stderr]    Compiling futures-lite v2.0.1
[INFO] [stderr]    Compiling thread-id v4.1.0
[INFO] [stderr]    Compiling arc-swap v1.6.0
[INFO] [stderr]    Compiling fnv v1.0.7
[INFO] [stderr]    Compiling log-mdc v0.1.0
[INFO] [stderr]    Compiling termion v1.5.6
[INFO] [stderr]    Compiling async-io v2.2.0
[INFO] [stderr]    Compiling smol v1.3.0
[INFO] [stderr]    Compiling ctrlc v3.4.0
[INFO] [stderr]    Compiling pretty_env_logger v0.4.0
[INFO] [stderr]    Compiling log4rs v1.2.0
[INFO] [stderr]    Compiling ros2-client v0.6.0 (/opt/rustwide/workdir)
[INFO] [stdout] error: linking with `cc` failed: exit status: 1
[INFO] [stdout]   |
[INFO] [stdout]   = note: LC_ALL="C" PATH="/opt/rustwide/rustup-home/toolchains/beta-2023-12-22-x86_64-unknown-linux-gnu/lib/rustlib/x86_64-unknown-linux-gnu/bin:/opt/rustwide/cargo-home/bin:/usr/local/sbin:/usr/local/bin:/usr/sbin:/usr/bin:/sbin:/bin" VSLANG="1033" "cc" "-m64" "/tmp/rustc6hlrvr/symbols.o" "/opt/rustwide/target/debug/examples/async_talker-c34af553dbe82654.async_talker.d72965411c73ec96-cgu.0.rcgu.o" "/opt/rustwide/target/debug/examples/async_talker-c34af553dbe82654.async_talker.d72965411c73ec96-cgu.1.rcgu.o" "/opt/rustwide/target/debug/examples/async_talker-c34af553dbe82654.1z6d6uo7nvpl71hl.rcgu.o" "-Wl,--as-needed" "-L" "/opt/rustwide/target/debug/deps" "-L" "/opt/rustwide/rustup-home/toolchains/beta-2023-12-22-x86_64-unknown-linux-gnu/lib/rustlib/x86_64-unknown-linux-gnu/lib" "-Wl,-Bstatic" "/opt/rustwide/target/debug/deps/libsmol-9705765efb4e42d3.rlib" "/opt/rustwide/target/debug/deps/libasync_process-fc5a35a0744c0196.rlib" "/opt/rustwide/target/debug/deps/libsignal_hook-3b449fcaa4bbc43d.rlib" "/opt/rustwide/target/debug/deps/libsignal_hook_registry-0be07e6a634a4966.rlib" "/opt/rustwide/target/debug/deps/libasync_net-12c6a83ef5c40c18.rlib" "/opt/rustwide/target/debug/deps/libasync_fs-ab44cd966f9a7ad8.rlib" "/opt/rustwide/target/debug/deps/libblocking-b2d8afa5a3428ec7.rlib" "/opt/rustwide/target/debug/deps/libatomic_waker-9f9bf126abafb66a.rlib" "/opt/rustwide/target/debug/deps/libasync_channel-217b27274461ebfd.rlib" "/opt/rustwide/target/debug/deps/libasync_io-e127294d78467bdc.rlib" "/opt/rustwide/target/debug/deps/librustix-4ba2a44489d700f0.rlib" "/opt/rustwide/target/debug/deps/libio_lifetimes-f35b8e6b5f0c2b1a.rlib" "/opt/rustwide/target/debug/deps/libbitflags-85e13ed1e0c6d910.rlib" "/opt/rustwide/target/debug/deps/liblinux_raw_sys-777f6c1fa6b62135.rlib" "/opt/rustwide/target/debug/deps/libpolling-b828249849754e5d.rlib" "/opt/rustwide/target/debug/deps/libsocket2-c800f853b74de429.rlib" "/opt/rustwide/target/debug/deps/libasync_executor-fc65a6dfcf641c11.rlib" "/opt/rustwide/target/debug/deps/libfutures_lite-150aa89a95702735.rlib" "/opt/rustwide/target/debug/deps/libfastrand-9a0695f12d217e0d.rlib" "/opt/rustwide/target/debug/deps/libasync_task-9b848b81dff15ed3.rlib" "/opt/rustwide/target/debug/deps/libasync_lock-3c1fa044cf50a6a6.rlib" "/opt/rustwide/target/debug/deps/libevent_listener-769af95c79f2a6ea.rlib" "/opt/rustwide/target/debug/deps/liblog4rs-4719e56fe5e55557.rlib" "/opt/rustwide/target/debug/deps/liblog_mdc-623a94e4f58c40a4.rlib" "/opt/rustwide/target/debug/deps/libserde_json-dc211f910bb2cadc.rlib" "/opt/rustwide/target/debug/deps/libitoa-c3a42249f065e11e.rlib" "/opt/rustwide/target/debug/deps/libthread_id-16a758861636c4e5.rlib" "/opt/rustwide/target/debug/deps/libhumantime-ce381c4933d03978.rlib" "/opt/rustwide/target/debug/deps/libserde_yaml-6922c0ca7fa53dc0.rlib" "/opt/rustwide/target/debug/deps/libryu-d2c3aff9aeca12bd.rlib" "/opt/rustwide/target/debug/deps/libindexmap-7ff1a537f445f359.rlib" "/opt/rustwide/target/debug/deps/libhashbrown-e273ba0f8cdcbe5b.rlib" "/opt/rustwide/target/debug/deps/libyaml_rust-4a308368ddddc975.rlib" "/opt/rustwide/target/debug/deps/liblinked_hash_map-d832c69510805464.rlib" "/opt/rustwide/target/debug/deps/libtypemap_ors-0d978ce19c28afa7.rlib" "/opt/rustwide/target/debug/deps/libunsafe_any_ors-a179706337caf3a4.rlib" "/opt/rustwide/target/debug/deps/libdestructure_traitobject-23d9724fa49225d9.rlib" "/opt/rustwide/target/debug/deps/libanyhow-415a5eac12114bce.rlib" "/opt/rustwide/target/debug/deps/libparking_lot-351e394c40586a90.rlib" "/opt/rustwide/target/debug/deps/libparking_lot_core-00e64f7ede5398a9.rlib" "/opt/rustwide/target/debug/deps/libsmallvec-e3d8269c0db97757.rlib" "/opt/rustwide/target/debug/deps/liblock_api-01b7e6f95550bc19.rlib" "/opt/rustwide/target/debug/deps/libscopeguard-f937485db0060aca.rlib" "/opt/rustwide/target/debug/deps/libserde_value-174cbeacaf1afaa0.rlib" "/opt/rustwide/target/debug/deps/libordered_float-26702f84d43223f3.rlib" "/opt/rustwide/target/debug/deps/libfnv-953831fe314029b4.rlib" "/opt/rustwide/target/debug/deps/libarc_swap-6f2cb018ed2934f6.rlib" "/opt/rustwide/target/debug/deps/libasync_io-554560b68f404f49.rlib" "/opt/rustwide/target/debug/deps/libpolling-8de25f383d0ef571.rlib" "/opt/rustwide/target/debug/deps/libtracing-ebdce66d2dbd9da1.rlib" "/opt/rustwide/target/debug/deps/libtracing_core-b61ad49324a1f35e.rlib" "/opt/rustwide/target/debug/deps/libwaker_fn-c70ff5f06f747f8a.rlib" "/opt/rustwide/target/debug/deps/libasync_lock-6c506425ec64d504.rlib" "/opt/rustwide/target/debug/deps/libfutures_lite-19919158f1a0903a.rlib" "/opt/rustwide/target/debug/deps/libros2_client-b6de7ae844f3e5c5.rlib" "/opt/rustwide/target/debug/deps/libasync_channel-a8294d59e2c2adbd.rlib" "/opt/rustwide/target/debug/deps/libevent_listener_strategy-9785abaff80fd0fa.rlib" "/opt/rustwide/target/debug/deps/libevent_listener-aa1e404c087915d9.rlib" "/opt/rustwide/target/debug/deps/libparking-12765d0edc6ae50b.rlib" "/opt/rustwide/target/debug/deps/libconcurrent_queue-d4fe28d167c4d7ed.rlib" "/opt/rustwide/target/debug/deps/libcrossbeam_utils-1aa252bc66f86fa9.rlib" "/opt/rustwide/target/debug/deps/libwidestring-ae096bdd53f620a4.rlib" "/opt/rustwide/target/debug/deps/libuuid-641dce6ea9042bb8.rlib" "/opt/rustwide/target/debug/deps/librustdds-f985ad9b2cf4a8e2.rlib" "/opt/rustwide/target/debug/deps/libmd5-8738a961730a0f9b.rlib" "/opt/rustwide/target/debug/deps/libthiserror-3f0050cb0eb893e4.rlib" "/opt/rustwide/target/debug/deps/librand-4b937f2a6da68029.rlib" "/opt/rustwide/target/debug/deps/librand_chacha-50e94f79a658dff7.rlib" "/opt/rustwide/target/debug/deps/libppv_lite86-db48c90fa293bcfe.rlib" "/opt/rustwide/target/debug/deps/librand_core-8d04253e2854425f.rlib" "/opt/rustwide/target/debug/deps/libgetrandom-78345a25ca72cb96.rlib" "/opt/rustwide/target/debug/deps/libcfg_if-e7002d307f97bc56.rlib" "/opt/rustwide/target/debug/deps/libfutures-0437bd263d2d96b2.rlib" "/opt/rustwide/target/debug/deps/libfutures_executor-295c1fb835e72f00.rlib" "/opt/rustwide/target/debug/deps/libfutures_util-d8e8cf29e8468b53.rlib" "/opt/rustwide/target/debug/deps/libmemchr-28f7d340dd19ea23.rlib" "/opt/rustwide/target/debug/deps/libfutures_io-8d841d2d120f18f7.rlib" "/opt/rustwide/target/debug/deps/libfutures_channel-1c01044b1824807b.rlib" "/opt/rustwide/target/debug/deps/libpin_project_lite-085b19c93bbb2231.rlib" "/opt/rustwide/target/debug/deps/libfutures_sink-db4543f7c83d2288.rlib" "/opt/rustwide/target/debug/deps/libfutures_task-44fabbc3ce50b4f3.rlib" "/opt/rustwide/target/debug/deps/libpin_utils-9c5dcf17efb91bff.rlib" "/opt/rustwide/target/debug/deps/libfutures_core-eae31d72cfa7dcb2.rlib" "/opt/rustwide/target/debug/deps/libmio-9aeb9679b91cd2f9.rlib" "/opt/rustwide/target/debug/deps/libsocketpair-700882c2b4d2e3c3.rlib" "/opt/rustwide/target/debug/deps/librustix-3675727fe974fd0e.rlib" "/opt/rustwide/target/debug/deps/libbitflags-52f05aea2267c407.rlib" "/opt/rustwide/target/debug/deps/liblinux_raw_sys-a4c56c4cf92f23b2.rlib" "/opt/rustwide/target/debug/deps/libio_extras-3ed6cedbacfea1b7.rlib" "/opt/rustwide/target/debug/deps/libio_lifetimes-f95f7f085eb86a0d.rlib" "/opt/rustwide/target/debug/deps/libstatic_assertions-0ef270c4de502b0e.rlib" "/opt/rustwide/target/debug/deps/libif_addrs-3f11aa529a653248.rlib" "/opt/rustwide/target/debug/deps/libsocket2-eb29874cfd49a030.rlib" "/opt/rustwide/target/debug/deps/libbyteorder-ed62e161f2ac8375.rlib" "/opt/rustwide/target/debug/deps/libbit_vec-66b280c55763b85c.rlib" "/opt/rustwide/target/debug/deps/libenumflags2-5b1e1f54f1414c85.rlib" "/opt/rustwide/target/debug/deps/libcdr_encoding_size-b2a0e262fc6158ea.rlib" "/opt/rustwide/target/debug/deps/libbytes-df8cb08704a74a42.rlib" "/opt/rustwide/target/debug/deps/libchrono-ea65068fadb0dbc9.rlib" "/opt/rustwide/target/debug/deps/libnum_traits-30c1c9885c091669.rlib" "/opt/rustwide/target/debug/deps/libiana_time_zone-1e31e534761afa1b.rlib" "/opt/rustwide/target/debug/deps/libmio_extras-a13274490db69a79.rlib" "/opt/rustwide/target/debug/deps/liblazycell-7d1af79ecf1aabd8.rlib" "/opt/rustwide/target/debug/deps/libmio-109e85bb742f3a68.rlib" "/opt/rustwide/target/debug/deps/libslab-7cf3b345ffecd469.rlib" "/opt/rustwide/target/debug/deps/libiovec-44ef0b6c9f8ce96a.rlib" "/opt/rustwide/target/debug/deps/libnet2-26213c3337896aa2.rlib" "/opt/rustwide/target/debug/deps/libcfg_if-e83968822db62928.rlib" "/opt/rustwide/target/debug/deps/liblibc-a522e99adbe02c02.rlib" "/opt/rustwide/target/debug/deps/liblog-a62070d6d5148f6e.rlib" "/opt/rustwide/target/debug/deps/libserde-890804ab62c66dd3.rlib" "/opt/rustwide/target/debug/deps/libspeedy-963c4ac4a9e6435d.rlib" "/opt/rustwide/target/debug/deps/libmemoffset-f38cdfb94c4bdc1f.rlib" "/opt/rustwide/target/debug/deps/liblazy_static-efa3519517df6cf0.rlib" "/opt/rustwide/rustup-home/toolchains/beta-2023-12-22-x86_64-unknown-linux-gnu/lib/rustlib/x86_64-unknown-linux-gnu/lib/libstd-0672489a78b613de.rlib" "/opt/rustwide/rustup-home/toolchains/beta-2023-12-22-x86_64-unknown-linux-gnu/lib/rustlib/x86_64-unknown-linux-gnu/lib/libpanic_unwind-7eb3ffc34a49f675.rlib" "/opt/rustwide/rustup-home/toolchains/beta-2023-12-22-x86_64-unknown-linux-gnu/lib/rustlib/x86_64-unknown-linux-gnu/lib/libobject-6478a9daa4bee8e2.rlib" "/opt/rustwide/rustup-home/toolchains/beta-2023-12-22-x86_64-unknown-linux-gnu/lib/rustlib/x86_64-unknown-linux-gnu/lib/libmemchr-0c75d871a5c3923d.rlib" "/opt/rustwide/rustup-home/toolchains/beta-2023-12-22-x86_64-unknown-linux-gnu/lib/rustlib/x86_64-unknown-linux-gnu/lib/libaddr2line-d163ef63ad37bb71.rlib" "/opt/rustwide/rustup-home/toolchains/beta-2023-12-22-x86_64-unknown-linux-gnu/lib/rustlib/x86_64-unknown-linux-gnu/lib/libgimli-8a3fd810a85b9f4c.rlib" "/opt/rustwide/rustup-home/toolchains/beta-2023-12-22-x86_64-unknown-linux-gnu/lib/rustlib/x86_64-unknown-linux-gnu/lib/librustc_demangle-462a2cde8c5dfc10.rlib" "/opt/rustwide/rustup-home/toolchains/beta-2023-12-22-x86_64-unknown-linux-gnu/lib/rustlib/x86_64-unknown-linux-gnu/lib/libstd_detect-cb06ac9f54713f71.rlib" "/opt/rustwide/rustup-home/toolchains/beta-2023-12-22-x86_64-unknown-linux-gnu/lib/rustlib/x86_64-unknown-linux-gnu/lib/libhashbrown-f20bfd1f8e59b393.rlib" "/opt/rustwide/rustup-home/toolchains/beta-2023-12-22-x86_64-unknown-linux-gnu/lib/rustlib/x86_64-unknown-linux-gnu/lib/librustc_std_workspace_alloc-1ef460949b49da4b.rlib" "/opt/rustwide/rustup-home/toolchains/beta-2023-12-22-x86_64-unknown-linux-gnu/lib/rustlib/x86_64-unknown-linux-gnu/lib/libminiz_oxide-2cb0c0ffe4f87514.rlib" "/opt/rustwide/rustup-home/toolchains/beta-2023-12-22-x86_64-unknown-linux-gnu/lib/rustlib/x86_64-unknown-linux-gnu/lib/libadler-58d841eb322a11a2.rlib" "/opt/rustwide/rustup-home/toolchains/beta-2023-12-22-x86_64-unknown-linux-gnu/lib/rustlib/x86_64-unknown-linux-gnu/lib/libunwind-aa2ae0b0a9d11533.rlib" "/opt/rustwide/rustup-home/toolchains/beta-2023-12-22-x86_64-unknown-linux-gnu/lib/rustlib/x86_64-unknown-linux-gnu/lib/libcfg_if-23874e15830ed336.rlib" "/opt/rustwide/rustup-home/toolchains/beta-2023-12-22-x86_64-unknown-linux-gnu/lib/rustlib/x86_64-unknown-linux-gnu/lib/liblibc-e47cddc003bce885.rlib" "/opt/rustwide/rustup-home/toolchains/beta-2023-12-22-x86_64-unknown-linux-gnu/lib/rustlib/x86_64-unknown-linux-gnu/lib/liballoc-c22b13b48a8f128e.rlib" "/opt/rustwide/rustup-home/toolchains/beta-2023-12-22-x86_64-unknown-linux-gnu/lib/rustlib/x86_64-unknown-linux-gnu/lib/librustc_std_workspace_core-e46bc3da6d7c462f.rlib" "/opt/rustwide/rustup-home/toolchains/beta-2023-12-22-x86_64-unknown-linux-gnu/lib/rustlib/x86_64-unknown-linux-gnu/lib/libcore-8d1ac131d3cb2645.rlib" "/opt/rustwide/rustup-home/toolchains/beta-2023-12-22-x86_64-unknown-linux-gnu/lib/rustlib/x86_64-unknown-linux-gnu/lib/libcompiler_builtins-a1b43df8c6899c1f.rlib" "-Wl,-Bdynamic" "-lgcc_s" "-lutil" "-lrt" "-lpthread" "-lm" "-ldl" "-lc" "-Wl,--eh-frame-hdr" "-Wl,-z,noexecstack" "-L" "/opt/rustwide/rustup-home/toolchains/beta-2023-12-22-x86_64-unknown-linux-gnu/lib/rustlib/x86_64-unknown-linux-gnu/lib" "-o" "/opt/rustwide/target/debug/examples/async_talker-c34af553dbe82654" "-Wl,--gc-sections" "-pie" "-Wl,-z,relro,-z,now" "-nodefaultlibs"
[INFO] [stdout]   = note: collect2: fatal error: ld terminated with signal 9 [Killed]
[INFO] [stdout]           compilation terminated.
[INFO] [stdout]           
[INFO] [stdout] 
[INFO] [stdout] 
[INFO] [stdout] error: aborting due to 1 previous error
[INFO] [stdout] 
[INFO] [stdout] 
[INFO] [stderr] error: could not compile `ros2-client` (example "async_talker") due to 2 previous errors
[INFO] [stderr] warning: build failed, waiting for other jobs to finish...
[INFO] running `Command { std: "docker" "inspect" "4c25317718e57f65a8e1f0cea49b51165d42de241e21e81c2f97d500d8658d5e", kill_on_drop: false }`
[INFO] running `Command { std: "docker" "rm" "-f" "4c25317718e57f65a8e1f0cea49b51165d42de241e21e81c2f97d500d8658d5e", kill_on_drop: false }`
[INFO] [stdout] 4c25317718e57f65a8e1f0cea49b51165d42de241e21e81c2f97d500d8658d5e
