[INFO] fetching crate rome_js_syntax 0.0.2...
[INFO] testing rome_js_syntax-0.0.2 against 1.75.0 for beta-1.76-1
[INFO] extracting crate rome_js_syntax 0.0.2 into /workspace/builds/worker-0-tc1/source
[INFO] validating manifest of crates.io crate rome_js_syntax 0.0.2 on toolchain 1.75.0
[INFO] running `Command { std: CARGO_HOME="/workspace/cargo-home" RUSTUP_HOME="/workspace/rustup-home" "/workspace/cargo-home/bin/cargo" "+1.75.0" "metadata" "--manifest-path" "Cargo.toml" "--no-deps", kill_on_drop: false }`
[INFO] started tweaking crates.io crate rome_js_syntax 0.0.2
[INFO] finished tweaking crates.io crate rome_js_syntax 0.0.2
[INFO] tweaked toml for crates.io crate rome_js_syntax 0.0.2 written to /workspace/builds/worker-0-tc1/source/Cargo.toml
[INFO] running `Command { std: CARGO_HOME="/workspace/cargo-home" RUSTUP_HOME="/workspace/rustup-home" "/workspace/cargo-home/bin/cargo" "+1.75.0" "generate-lockfile" "--manifest-path" "Cargo.toml", kill_on_drop: false }`
[INFO] [stderr]     Updating crates.io index
[INFO] running `Command { std: CARGO_HOME="/workspace/cargo-home" RUSTUP_HOME="/workspace/rustup-home" "/workspace/cargo-home/bin/cargo" "+1.75.0" "fetch" "--manifest-path" "Cargo.toml", kill_on_drop: false }`
[INFO] [stderr]  Downloading crates ...
[INFO] [stderr]   Downloaded rome_console v0.0.1
[INFO] [stderr]   Downloaded rome_rowan v0.0.1
[INFO] [stderr]   Downloaded rome_diagnostics_macros v0.0.1
[INFO] [stderr]   Downloaded rome_markup v0.0.1
[INFO] [stderr]   Downloaded rome_diagnostics v0.0.1
[INFO] [stderr]   Downloaded rome_text_size v0.0.1
[INFO] [stderr]   Downloaded rome_diagnostics_categories v0.0.1
[INFO] [stderr]   Downloaded rome_text_edit v0.0.1
[INFO] running `Command { std: "docker" "create" "-v" "/var/lib/crater-agent-workspace/builds/worker-0-tc1/target:/opt/rustwide/target:rw,Z" "-v" "/var/lib/crater-agent-workspace/builds/worker-0-tc1/source:/opt/rustwide/workdir:ro,Z" "-v" "/var/lib/crater-agent-workspace/cargo-home:/opt/rustwide/cargo-home:ro,Z" "-v" "/var/lib/crater-agent-workspace/rustup-home:/opt/rustwide/rustup-home:ro,Z" "-e" "SOURCE_DIR=/opt/rustwide/workdir" "-e" "CARGO_TARGET_DIR=/opt/rustwide/target" "-e" "CARGO_HOME=/opt/rustwide/cargo-home" "-e" "RUSTUP_HOME=/opt/rustwide/rustup-home" "-w" "/opt/rustwide/workdir" "-m" "1610612736" "--user" "0:0" "--network" "none" "ghcr.io/rust-lang/crates-build-env/linux@sha256:2788e3201cd34a07e3172128adcd8b3090168a8e3bcc40d7c032b9dda1df7d1c" "/opt/rustwide/cargo-home/bin/cargo" "+1.75.0" "metadata" "--no-deps" "--format-version=1", kill_on_drop: false }`
[INFO] [stdout] 9aebd8cf8bf455d2caebc1d1898e373c303a223227e6d18c37018f84c4d5718f
[INFO] running `Command { std: "docker" "start" "-a" "9aebd8cf8bf455d2caebc1d1898e373c303a223227e6d18c37018f84c4d5718f", kill_on_drop: false }`
[INFO] running `Command { std: "docker" "inspect" "9aebd8cf8bf455d2caebc1d1898e373c303a223227e6d18c37018f84c4d5718f", kill_on_drop: false }`
[INFO] running `Command { std: "docker" "rm" "-f" "9aebd8cf8bf455d2caebc1d1898e373c303a223227e6d18c37018f84c4d5718f", kill_on_drop: false }`
[INFO] [stdout] 9aebd8cf8bf455d2caebc1d1898e373c303a223227e6d18c37018f84c4d5718f
[INFO] running `Command { std: "docker" "create" "-v" "/var/lib/crater-agent-workspace/builds/worker-0-tc1/target:/opt/rustwide/target:rw,Z" "-v" "/var/lib/crater-agent-workspace/builds/worker-0-tc1/source:/opt/rustwide/workdir:ro,Z" "-v" "/var/lib/crater-agent-workspace/cargo-home:/opt/rustwide/cargo-home:ro,Z" "-v" "/var/lib/crater-agent-workspace/rustup-home:/opt/rustwide/rustup-home:ro,Z" "-e" "SOURCE_DIR=/opt/rustwide/workdir" "-e" "CARGO_TARGET_DIR=/opt/rustwide/target" "-e" "CARGO_INCREMENTAL=0" "-e" "RUST_BACKTRACE=full" "-e" "RUSTFLAGS=--cap-lints=warn" "-e" "RUSTDOCFLAGS=--cap-lints=warn" "-e" "CARGO_HOME=/opt/rustwide/cargo-home" "-e" "RUSTUP_HOME=/opt/rustwide/rustup-home" "-w" "/opt/rustwide/workdir" "-m" "1610612736" "--user" "0:0" "--network" "none" "ghcr.io/rust-lang/crates-build-env/linux@sha256:2788e3201cd34a07e3172128adcd8b3090168a8e3bcc40d7c032b9dda1df7d1c" "/opt/rustwide/cargo-home/bin/cargo" "+1.75.0" "build" "--frozen" "--message-format=json", kill_on_drop: false }`
[INFO] [stdout] 6e7531f4ea4ef4ec9936ee64e5ec3c3d8ea5ba74b6655d6b3d52f0df6e7ada4f
[INFO] running `Command { std: "docker" "start" "-a" "6e7531f4ea4ef4ec9936ee64e5ec3c3d8ea5ba74b6655d6b3d52f0df6e7ada4f", kill_on_drop: false }`
[INFO] [stderr]    Compiling serde v1.0.194
[INFO] [stderr]    Compiling libc v0.2.151
[INFO] [stderr]    Compiling memchr v2.7.1
[INFO] [stderr]    Compiling proc-macro-error-attr v1.0.4
[INFO] [stderr]    Compiling proc-macro-error v1.0.4
[INFO] [stderr]    Compiling regex-automata v0.1.10
[INFO] [stderr]    Compiling serde_json v1.0.111
[INFO] [stderr]    Compiling syn v2.0.48
[INFO] [stderr]    Compiling memoffset v0.8.0
[INFO] [stderr]    Compiling serde_derive_internals v0.26.0
[INFO] [stderr]    Compiling itoa v1.0.10
[INFO] [stderr]    Compiling once_cell v1.19.0
[INFO] [stderr]    Compiling unicode-segmentation v1.10.1
[INFO] [stderr]    Compiling schemars v0.8.16
[INFO] [stderr]    Compiling ryu v1.0.16
[INFO] [stderr]    Compiling bstr v0.2.17
[INFO] [stderr]    Compiling tracing-core v0.1.32
[INFO] [stderr]    Compiling similar v2.4.0
[INFO] [stderr]    Compiling rome_diagnostics_categories v0.0.1
[INFO] [stderr]    Compiling gimli v0.28.1
[INFO] [stderr]    Compiling pin-project-lite v0.2.13
[INFO] [stderr]    Compiling cc v1.0.83
[INFO] [stderr]    Compiling adler v1.0.2
[INFO] [stderr]    Compiling dyn-clone v1.0.16
[INFO] [stderr]    Compiling schemars_derive v0.8.16
[INFO] [stderr]    Compiling miniz_oxide v0.7.1
[INFO] [stderr]    Compiling atty v0.2.14
[INFO] [stderr]    Compiling tracing v0.1.40
[INFO] [stderr]    Compiling rome_markup v0.0.1
[INFO] [stderr]    Compiling object v0.32.2
[INFO] [stderr]    Compiling unicode-width v0.1.11
[INFO] [stderr]    Compiling countme v3.0.1
[INFO] [stderr]    Compiling rustc-hash v1.1.0
[INFO] [stderr]    Compiling hashbrown v0.12.3
[INFO] [stderr]    Compiling termcolor v1.4.0
[INFO] [stderr]    Compiling backtrace v0.3.69
[INFO] [stderr]    Compiling rustc-demangle v0.1.23
[INFO] [stderr]    Compiling rome_diagnostics_macros v0.0.1
[INFO] [stderr]    Compiling pico-args v0.5.0
[INFO] [stderr]    Compiling bitflags v1.3.2
[INFO] [stderr]    Compiling serde_derive v1.0.194
[INFO] [stderr]    Compiling addr2line v0.21.0
[INFO] [stderr]    Compiling rome_text_size v0.0.1
[INFO] [stderr]    Compiling rome_text_edit v0.0.1
[INFO] [stderr]    Compiling rome_rowan v0.0.1
[INFO] [stderr]    Compiling rome_console v0.0.1
[INFO] [stderr]    Compiling rome_diagnostics v0.0.1
[INFO] [stderr]    Compiling rome_js_syntax v0.0.2 (/opt/rustwide/workdir)
[INFO] [stdout] warning: unused import: `type_ext::*`
[INFO] [stdout]   --> src/lib.rs:33:9
[INFO] [stdout]    |
[INFO] [stdout] 33 | pub use type_ext::*;
[INFO] [stdout]    |         ^^^^^^^^^^^
[INFO] [stdout]    |
[INFO] [stdout]    = note: `#[warn(unused_imports)]` on by default
[INFO] [stdout] 
[INFO] [stdout] 
[INFO] [stdout] warning: 1 warning emitted
[INFO] [stdout] 
[INFO] [stdout] 
[INFO] [stderr]     Finished dev [unoptimized + debuginfo] target(s) in 40.31s
[INFO] running `Command { std: "docker" "inspect" "6e7531f4ea4ef4ec9936ee64e5ec3c3d8ea5ba74b6655d6b3d52f0df6e7ada4f", kill_on_drop: false }`
[INFO] running `Command { std: "docker" "rm" "-f" "6e7531f4ea4ef4ec9936ee64e5ec3c3d8ea5ba74b6655d6b3d52f0df6e7ada4f", kill_on_drop: false }`
[INFO] [stdout] 6e7531f4ea4ef4ec9936ee64e5ec3c3d8ea5ba74b6655d6b3d52f0df6e7ada4f
[INFO] running `Command { std: "docker" "create" "-v" "/var/lib/crater-agent-workspace/builds/worker-0-tc1/target:/opt/rustwide/target:rw,Z" "-v" "/var/lib/crater-agent-workspace/builds/worker-0-tc1/source:/opt/rustwide/workdir:ro,Z" "-v" "/var/lib/crater-agent-workspace/cargo-home:/opt/rustwide/cargo-home:ro,Z" "-v" "/var/lib/crater-agent-workspace/rustup-home:/opt/rustwide/rustup-home:ro,Z" "-e" "SOURCE_DIR=/opt/rustwide/workdir" "-e" "CARGO_TARGET_DIR=/opt/rustwide/target" "-e" "CARGO_INCREMENTAL=0" "-e" "RUST_BACKTRACE=full" "-e" "RUSTFLAGS=--cap-lints=warn" "-e" "RUSTDOCFLAGS=--cap-lints=warn" "-e" "CARGO_HOME=/opt/rustwide/cargo-home" "-e" "RUSTUP_HOME=/opt/rustwide/rustup-home" "-w" "/opt/rustwide/workdir" "-m" "1610612736" "--user" "0:0" "--network" "none" "ghcr.io/rust-lang/crates-build-env/linux@sha256:2788e3201cd34a07e3172128adcd8b3090168a8e3bcc40d7c032b9dda1df7d1c" "/opt/rustwide/cargo-home/bin/cargo" "+1.75.0" "test" "--frozen" "--no-run" "--message-format=json", kill_on_drop: false }`
[INFO] [stdout] 214a22e8a4742c9bf79b1cbbe68c06d576add759fc388836091b98bb946d02dc
[INFO] running `Command { std: "docker" "start" "-a" "214a22e8a4742c9bf79b1cbbe68c06d576add759fc388836091b98bb946d02dc", kill_on_drop: false }`
[INFO] [stdout] warning: unused import: `type_ext::*`
[INFO] [stdout]   --> src/lib.rs:33:9
[INFO] [stdout]    |
[INFO] [stdout] 33 | pub use type_ext::*;
[INFO] [stdout]    |         ^^^^^^^^^^^
[INFO] [stdout]    |
[INFO] [stdout]    = note: `#[warn(unused_imports)]` on by default
[INFO] [stdout] 
[INFO] [stdout] 
[INFO] [stdout] warning: 1 warning emitted
[INFO] [stdout] 
[INFO] [stdout] 
[INFO] [stderr]    Compiling rome_js_syntax v0.0.2 (/opt/rustwide/workdir)
[INFO] [stdout] error[E0433]: failed to resolve: use of undeclared crate or module `rome_js_factory`
[INFO] [stdout]   --> src/directive_ext.rs:45:9
[INFO] [stdout]    |
[INFO] [stdout] 45 |     use rome_js_factory::syntax::{JsDirective, JsSyntaxKind::*};
[INFO] [stdout]    |         ^^^^^^^^^^^^^^^ use of undeclared crate or module `rome_js_factory`
[INFO] [stdout] 
[INFO] [stdout] 
[INFO] [stdout] error[E0433]: failed to resolve: use of undeclared crate or module `rome_js_factory`
[INFO] [stdout]   --> src/numbers.rs:44:9
[INFO] [stdout]    |
[INFO] [stdout] 44 |     use rome_js_factory::syntax::{JsNumberLiteralExpression, JsSyntaxKind::*};
[INFO] [stdout]    |         ^^^^^^^^^^^^^^^ use of undeclared crate or module `rome_js_factory`
[INFO] [stdout] 
[INFO] [stdout] 
[INFO] [stdout] error[E0433]: failed to resolve: use of undeclared crate or module `rome_js_factory`
[INFO] [stdout]    --> src/stmt_ext.rs:119:9
[INFO] [stdout]     |
[INFO] [stdout] 119 |     use rome_js_factory::syntax::{JsSyntaxKind::*, JsVariableDeclaration};
[INFO] [stdout]     |         ^^^^^^^^^^^^^^^ use of undeclared crate or module `rome_js_factory`
[INFO] [stdout] 
[INFO] [stdout] 
[INFO] [stdout] error[E0432]: unresolved import `rome_js_factory`
[INFO] [stdout]   --> src/directive_ext.rs:46:9
[INFO] [stdout]    |
[INFO] [stdout] 46 |     use rome_js_factory::JsSyntaxTreeBuilder;
[INFO] [stdout]    |         ^^^^^^^^^^^^^^^ use of undeclared crate or module `rome_js_factory`
[INFO] [stdout] 
[INFO] [stdout] 
[INFO] [stdout] error[E0432]: unresolved import `rome_js_factory`
[INFO] [stdout]   --> src/numbers.rs:45:9
[INFO] [stdout]    |
[INFO] [stdout] 45 |     use rome_js_factory::JsSyntaxTreeBuilder;
[INFO] [stdout]    |         ^^^^^^^^^^^^^^^ use of undeclared crate or module `rome_js_factory`
[INFO] [stdout] 
[INFO] [stdout] 
[INFO] [stdout] error[E0432]: unresolved import `rome_js_factory`
[INFO] [stdout]    --> src/stmt_ext.rs:120:9
[INFO] [stdout]     |
[INFO] [stdout] 120 |     use rome_js_factory::JsSyntaxTreeBuilder;
[INFO] [stdout]     |         ^^^^^^^^^^^^^^^ use of undeclared crate or module `rome_js_factory`
[INFO] [stdout] 
[INFO] [stdout] 
[INFO] [stdout] error[E0425]: cannot find value `JS_DIRECTIVE` in this scope
[INFO] [stdout]   --> src/directive_ext.rs:54:37
[INFO] [stdout]    |
[INFO] [stdout] 54 |             tree_builder.start_node(JS_DIRECTIVE);
[INFO] [stdout]    |                                     ^^^^^^^^^^^^ not found in this scope
[INFO] [stdout]    |
[INFO] [stdout] help: consider importing this unit variant
[INFO] [stdout]    |
[INFO] [stdout] 45 +     use crate::JsSyntaxKind::JS_DIRECTIVE;
[INFO] [stdout]    |
[INFO] [stdout] 
[INFO] [stdout] 
[INFO] [stdout] error[E0425]: cannot find value `JS_STRING_LITERAL` in this scope
[INFO] [stdout]   --> src/directive_ext.rs:55:32
[INFO] [stdout]    |
[INFO] [stdout] 55 |             tree_builder.token(JS_STRING_LITERAL, token);
[INFO] [stdout]    |                                ^^^^^^^^^^^^^^^^^ not found in this scope
[INFO] [stdout]    |
[INFO] [stdout] help: consider importing this unit variant
[INFO] [stdout]    |
[INFO] [stdout] 45 +     use crate::JsSyntaxKind::JS_STRING_LITERAL;
[INFO] [stdout]    |
[INFO] [stdout] 
[INFO] [stdout] 
[INFO] [stdout] error[E0425]: cannot find value `JS_NUMBER_LITERAL_EXPRESSION` in this scope
[INFO] [stdout]   --> src/numbers.rs:50:33
[INFO] [stdout]    |
[INFO] [stdout] 50 |         tree_builder.start_node(JS_NUMBER_LITERAL_EXPRESSION);
[INFO] [stdout]    |                                 ^^^^^^^^^^^^^^^^^^^^^^^^^^^^ not found in this scope
[INFO] [stdout]    |
[INFO] [stdout] help: consider importing this unit variant
[INFO] [stdout]    |
[INFO] [stdout] 43 +     use crate::JsSyntaxKind::JS_NUMBER_LITERAL_EXPRESSION;
[INFO] [stdout]    |
[INFO] [stdout] 
[INFO] [stdout] 
[INFO] [stdout] error[E0425]: cannot find value `JS_NUMBER_LITERAL` in this scope
[INFO] [stdout]   --> src/numbers.rs:51:28
[INFO] [stdout]    |
[INFO] [stdout] 51 |         tree_builder.token(JS_NUMBER_LITERAL, literal);
[INFO] [stdout]    |                            ^^^^^^^^^^^^^^^^^ not found in this scope
[INFO] [stdout]    |
[INFO] [stdout] help: consider importing this unit variant
[INFO] [stdout]    |
[INFO] [stdout] 43 +     use crate::JsSyntaxKind::JS_NUMBER_LITERAL;
[INFO] [stdout]    |
[INFO] [stdout] 
[INFO] [stdout] 
[INFO] [stdout] error[E0425]: cannot find value `JS_VARIABLE_DECLARATION` in this scope
[INFO] [stdout]    --> src/stmt_ext.rs:126:33
[INFO] [stdout]     |
[INFO] [stdout] 126 |         tree_builder.start_node(JS_VARIABLE_DECLARATION);
[INFO] [stdout]     |                                 ^^^^^^^^^^^^^^^^^^^^^^^ not found in this scope
[INFO] [stdout]     |
[INFO] [stdout] help: consider importing this unit variant
[INFO] [stdout]     |
[INFO] [stdout] 119 +     use crate::JsSyntaxKind::JS_VARIABLE_DECLARATION;
[INFO] [stdout]     |
[INFO] [stdout] 
[INFO] [stdout] 
[INFO] [stdout] error[E0425]: cannot find value `VAR_KW` in this scope
[INFO] [stdout]    --> src/stmt_ext.rs:127:28
[INFO] [stdout]     |
[INFO] [stdout] 127 |         tree_builder.token(VAR_KW, "var");
[INFO] [stdout]     |                            ^^^^^^ not found in this scope
[INFO] [stdout]     |
[INFO] [stdout] help: consider importing this unit variant
[INFO] [stdout]     |
[INFO] [stdout] 119 +     use crate::JsSyntaxKind::VAR_KW;
[INFO] [stdout]     |
[INFO] [stdout] 
[INFO] [stdout] 
[INFO] [stdout] error[E0425]: cannot find value `JS_VARIABLE_DECLARATOR_LIST` in this scope
[INFO] [stdout]    --> src/stmt_ext.rs:128:33
[INFO] [stdout]     |
[INFO] [stdout] 128 |         tree_builder.start_node(JS_VARIABLE_DECLARATOR_LIST);
[INFO] [stdout]     |                                 ^^^^^^^^^^^^^^^^^^^^^^^^^^^ not found in this scope
[INFO] [stdout]     |
[INFO] [stdout] help: consider importing this unit variant
[INFO] [stdout]     |
[INFO] [stdout] 119 +     use crate::JsSyntaxKind::JS_VARIABLE_DECLARATOR_LIST;
[INFO] [stdout]     |
[INFO] [stdout] 
[INFO] [stdout] 
[INFO] [stdout] error[E0425]: cannot find value `JS_VARIABLE_DECLARATOR` in this scope
[INFO] [stdout]    --> src/stmt_ext.rs:129:33
[INFO] [stdout]     |
[INFO] [stdout] 129 |         tree_builder.start_node(JS_VARIABLE_DECLARATOR);
[INFO] [stdout]     |                                 ^^^^^^^^^^^^^^^^^^^^^^ not found in this scope
[INFO] [stdout]     |
[INFO] [stdout] help: consider importing this unit variant
[INFO] [stdout]     |
[INFO] [stdout] 119 +     use crate::JsSyntaxKind::JS_VARIABLE_DECLARATOR;
[INFO] [stdout]     |
[INFO] [stdout] 
[INFO] [stdout] 
[INFO] [stdout] error[E0425]: cannot find value `JS_IDENTIFIER_BINDING` in this scope
[INFO] [stdout]    --> src/stmt_ext.rs:131:33
[INFO] [stdout]     |
[INFO] [stdout] 131 |         tree_builder.start_node(JS_IDENTIFIER_BINDING);
[INFO] [stdout]     |                                 ^^^^^^^^^^^^^^^^^^^^^ not found in this scope
[INFO] [stdout]     |
[INFO] [stdout] help: consider importing this unit variant
[INFO] [stdout]     |
[INFO] [stdout] 119 +     use crate::JsSyntaxKind::JS_IDENTIFIER_BINDING;
[INFO] [stdout]     |
[INFO] [stdout] 
[INFO] [stdout] 
[INFO] [stdout] error[E0425]: cannot find value `IDENT` in this scope
[INFO] [stdout]    --> src/stmt_ext.rs:132:28
[INFO] [stdout]     |
[INFO] [stdout] 132 |         tree_builder.token(IDENT, "a");
[INFO] [stdout]     |                            ^^^^^ not found in this scope
[INFO] [stdout]     |
[INFO] [stdout] help: consider importing this unit variant
[INFO] [stdout]     |
[INFO] [stdout] 119 +     use crate::JsSyntaxKind::IDENT;
[INFO] [stdout]     |
[INFO] [stdout] 
[INFO] [stdout] 
[INFO] [stdout] warning: unused import: `rome_rowan::AstNode`
[INFO] [stdout]   --> src/directive_ext.rs:47:9
[INFO] [stdout]    |
[INFO] [stdout] 47 |     use rome_rowan::AstNode;
[INFO] [stdout]    |         ^^^^^^^^^^^^^^^^^^^
[INFO] [stdout]    |
[INFO] [stdout]    = note: `#[warn(unused_imports)]` on by default
[INFO] [stdout] 
[INFO] [stdout] 
[INFO] [stdout] warning: unused import: `rome_rowan::AstNode`
[INFO] [stdout]   --> src/numbers.rs:46:9
[INFO] [stdout]    |
[INFO] [stdout] 46 |     use rome_rowan::AstNode;
[INFO] [stdout]    |         ^^^^^^^^^^^^^^^^^^^
[INFO] [stdout] 
[INFO] [stdout] 
[INFO] [stdout] warning: unused import: `rome_rowan::AstNode`
[INFO] [stdout]    --> src/stmt_ext.rs:121:9
[INFO] [stdout]     |
[INFO] [stdout] 121 |     use rome_rowan::AstNode;
[INFO] [stdout]     |         ^^^^^^^^^^^^^^^^^^^
[INFO] [stdout] 
[INFO] [stdout] 
[INFO] [stdout] warning: unused import: `type_ext::*`
[INFO] [stdout]   --> src/lib.rs:33:9
[INFO] [stdout]    |
[INFO] [stdout] 33 | pub use type_ext::*;
[INFO] [stdout]    |         ^^^^^^^^^^^
[INFO] [stdout] 
[INFO] [stdout] 
[INFO] [stdout] error: aborting due to 16 previous errors; 4 warnings emitted
[INFO] [stdout] 
[INFO] [stdout] 
[INFO] [stdout] Some errors have detailed explanations: E0425, E0432, E0433.
[INFO] [stdout] 
[INFO] [stdout] For more information about an error, try `rustc --explain E0425`.
[INFO] [stdout] 
[INFO] [stderr] error: could not compile `rome_js_syntax` (lib test) due to 17 previous errors; 4 warnings emitted
[INFO] running `Command { std: "docker" "inspect" "214a22e8a4742c9bf79b1cbbe68c06d576add759fc388836091b98bb946d02dc", kill_on_drop: false }`
[INFO] running `Command { std: "docker" "rm" "-f" "214a22e8a4742c9bf79b1cbbe68c06d576add759fc388836091b98bb946d02dc", kill_on_drop: false }`
[INFO] [stdout] 214a22e8a4742c9bf79b1cbbe68c06d576add759fc388836091b98bb946d02dc
[INFO] testing rome_js_syntax-0.0.2 against beta-2023-12-22 for beta-1.76-1
[INFO] extracting crate rome_js_syntax 0.0.2 into /workspace/builds/worker-0-tc2/source
[INFO] validating manifest of crates.io crate rome_js_syntax 0.0.2 on toolchain beta-2023-12-22
[INFO] running `Command { std: CARGO_HOME="/workspace/cargo-home" RUSTUP_HOME="/workspace/rustup-home" "/workspace/cargo-home/bin/cargo" "+beta-2023-12-22" "metadata" "--manifest-path" "Cargo.toml" "--no-deps", kill_on_drop: false }`
[INFO] started tweaking crates.io crate rome_js_syntax 0.0.2
[INFO] finished tweaking crates.io crate rome_js_syntax 0.0.2
[INFO] tweaked toml for crates.io crate rome_js_syntax 0.0.2 written to /workspace/builds/worker-0-tc2/source/Cargo.toml
[INFO] running `Command { std: CARGO_HOME="/workspace/cargo-home" RUSTUP_HOME="/workspace/rustup-home" "/workspace/cargo-home/bin/cargo" "+beta-2023-12-22" "generate-lockfile" "--manifest-path" "Cargo.toml", kill_on_drop: false }`
[INFO] [stderr]     Blocking waiting for file lock on package cache
[INFO] [stderr]     Updating crates.io index
[INFO] running `Command { std: CARGO_HOME="/workspace/cargo-home" RUSTUP_HOME="/workspace/rustup-home" "/workspace/cargo-home/bin/cargo" "+beta-2023-12-22" "fetch" "--manifest-path" "Cargo.toml", kill_on_drop: false }`
[INFO] running `Command { std: "docker" "create" "-v" "/var/lib/crater-agent-workspace/builds/worker-0-tc2/target:/opt/rustwide/target:rw,Z" "-v" "/var/lib/crater-agent-workspace/builds/worker-0-tc2/source:/opt/rustwide/workdir:ro,Z" "-v" "/var/lib/crater-agent-workspace/cargo-home:/opt/rustwide/cargo-home:ro,Z" "-v" "/var/lib/crater-agent-workspace/rustup-home:/opt/rustwide/rustup-home:ro,Z" "-e" "SOURCE_DIR=/opt/rustwide/workdir" "-e" "CARGO_TARGET_DIR=/opt/rustwide/target" "-e" "CARGO_HOME=/opt/rustwide/cargo-home" "-e" "RUSTUP_HOME=/opt/rustwide/rustup-home" "-w" "/opt/rustwide/workdir" "-m" "1610612736" "--user" "0:0" "--network" "none" "ghcr.io/rust-lang/crates-build-env/linux@sha256:2788e3201cd34a07e3172128adcd8b3090168a8e3bcc40d7c032b9dda1df7d1c" "/opt/rustwide/cargo-home/bin/cargo" "+beta-2023-12-22" "metadata" "--no-deps" "--format-version=1", kill_on_drop: false }`
[INFO] [stdout] 747e67d237d3c10ef397448285b8b8ea84b4accd97940fb1e86b87204f5ad69f
[INFO] running `Command { std: "docker" "start" "-a" "747e67d237d3c10ef397448285b8b8ea84b4accd97940fb1e86b87204f5ad69f", kill_on_drop: false }`
[INFO] running `Command { std: "docker" "inspect" "747e67d237d3c10ef397448285b8b8ea84b4accd97940fb1e86b87204f5ad69f", kill_on_drop: false }`
[INFO] running `Command { std: "docker" "rm" "-f" "747e67d237d3c10ef397448285b8b8ea84b4accd97940fb1e86b87204f5ad69f", kill_on_drop: false }`
[INFO] [stdout] 747e67d237d3c10ef397448285b8b8ea84b4accd97940fb1e86b87204f5ad69f
[INFO] running `Command { std: "docker" "create" "-v" "/var/lib/crater-agent-workspace/builds/worker-0-tc2/target:/opt/rustwide/target:rw,Z" "-v" "/var/lib/crater-agent-workspace/builds/worker-0-tc2/source:/opt/rustwide/workdir:ro,Z" "-v" "/var/lib/crater-agent-workspace/cargo-home:/opt/rustwide/cargo-home:ro,Z" "-v" "/var/lib/crater-agent-workspace/rustup-home:/opt/rustwide/rustup-home:ro,Z" "-e" "SOURCE_DIR=/opt/rustwide/workdir" "-e" "CARGO_TARGET_DIR=/opt/rustwide/target" "-e" "CARGO_INCREMENTAL=0" "-e" "RUST_BACKTRACE=full" "-e" "RUSTFLAGS=--cap-lints=warn" "-e" "RUSTDOCFLAGS=--cap-lints=warn" "-e" "CARGO_HOME=/opt/rustwide/cargo-home" "-e" "RUSTUP_HOME=/opt/rustwide/rustup-home" "-w" "/opt/rustwide/workdir" "-m" "1610612736" "--user" "0:0" "--network" "none" "ghcr.io/rust-lang/crates-build-env/linux@sha256:2788e3201cd34a07e3172128adcd8b3090168a8e3bcc40d7c032b9dda1df7d1c" "/opt/rustwide/cargo-home/bin/cargo" "+beta-2023-12-22" "build" "--frozen" "--message-format=json", kill_on_drop: false }`
[INFO] [stdout] 20106a47557e63dbb18a6bf86c63977b2666e5291681005ef0ea7e882762ce03
[INFO] running `Command { std: "docker" "start" "-a" "20106a47557e63dbb18a6bf86c63977b2666e5291681005ef0ea7e882762ce03", kill_on_drop: false }`
[INFO] [stderr]    Compiling serde v1.0.194
[INFO] [stderr]    Compiling libc v0.2.151
[INFO] [stderr]    Compiling memchr v2.7.1
[INFO] [stderr]    Compiling proc-macro-error-attr v1.0.4
[INFO] [stderr]    Compiling proc-macro-error v1.0.4
[INFO] [stderr]    Compiling regex-automata v0.1.10
[INFO] [stderr]    Compiling syn v2.0.48
[INFO] [stderr]    Compiling serde_json v1.0.111
[INFO] [stderr]    Compiling serde_derive_internals v0.26.0
[INFO] [stderr]    Compiling memoffset v0.8.0
[INFO] [stderr]    Compiling itoa v1.0.10
[INFO] [stderr]    Compiling unicode-segmentation v1.10.1
[INFO] [stderr]    Compiling schemars v0.8.16
[INFO] [stderr]    Compiling bstr v0.2.17
[INFO] [stderr]    Compiling ryu v1.0.16
[INFO] [stderr]    Compiling once_cell v1.19.0
[INFO] [stderr]    Compiling tracing-core v0.1.32
[INFO] [stderr]    Compiling similar v2.4.0
[INFO] [stderr]    Compiling rome_diagnostics_categories v0.0.1
[INFO] [stderr]    Compiling dyn-clone v1.0.16
[INFO] [stderr]    Compiling pin-project-lite v0.2.13
[INFO] [stderr]    Compiling gimli v0.28.1
[INFO] [stderr]    Compiling adler v1.0.2
[INFO] [stderr]    Compiling schemars_derive v0.8.16
[INFO] [stderr]    Compiling cc v1.0.83
[INFO] [stderr]    Compiling tracing v0.1.40
[INFO] [stderr]    Compiling atty v0.2.14
[INFO] [stderr]    Compiling miniz_oxide v0.7.1
[INFO] [stderr]    Compiling rome_markup v0.0.1
[INFO] [stderr]    Compiling object v0.32.2
[INFO] [stderr]    Compiling rustc-demangle v0.1.23
[INFO] [stderr]    Compiling hashbrown v0.12.3
[INFO] [stderr]    Compiling termcolor v1.4.0
[INFO] [stderr]    Compiling unicode-width v0.1.11
[INFO] [stderr]    Compiling countme v3.0.1
[INFO] [stderr]    Compiling rustc-hash v1.1.0
[INFO] [stderr]    Compiling rome_diagnostics_macros v0.0.1
[INFO] [stderr]    Compiling pico-args v0.5.0
[INFO] [stderr]    Compiling backtrace v0.3.69
[INFO] [stderr]    Compiling bitflags v1.3.2
[INFO] [stderr]    Compiling serde_derive v1.0.194
[INFO] [stderr]    Compiling addr2line v0.21.0
[INFO] [stderr]    Compiling rome_text_size v0.0.1
[INFO] [stderr]    Compiling rome_text_edit v0.0.1
[INFO] [stderr]    Compiling rome_rowan v0.0.1
[INFO] [stderr]    Compiling rome_console v0.0.1
[INFO] [stderr]    Compiling rome_diagnostics v0.0.1
[INFO] [stderr]    Compiling rome_js_syntax v0.0.2 (/opt/rustwide/workdir)
[INFO] [stdout] warning: unused import: `type_ext::*`
[INFO] [stdout]   --> src/lib.rs:33:9
[INFO] [stdout]    |
[INFO] [stdout] 33 | pub use type_ext::*;
[INFO] [stdout]    |         ^^^^^^^^^^^
[INFO] [stdout]    |
[INFO] [stdout]    = note: `#[warn(unused_imports)]` on by default
[INFO] [stdout] 
[INFO] [stdout] 
[INFO] [stdout] warning: 1 warning emitted
[INFO] [stdout] 
[INFO] [stdout] 
[INFO] [stderr]     Finished dev [unoptimized + debuginfo] target(s) in 37.85s
[INFO] running `Command { std: "docker" "inspect" "20106a47557e63dbb18a6bf86c63977b2666e5291681005ef0ea7e882762ce03", kill_on_drop: false }`
[INFO] running `Command { std: "docker" "rm" "-f" "20106a47557e63dbb18a6bf86c63977b2666e5291681005ef0ea7e882762ce03", kill_on_drop: false }`
[INFO] [stdout] 20106a47557e63dbb18a6bf86c63977b2666e5291681005ef0ea7e882762ce03
[INFO] running `Command { std: "docker" "create" "-v" "/var/lib/crater-agent-workspace/builds/worker-0-tc2/target:/opt/rustwide/target:rw,Z" "-v" "/var/lib/crater-agent-workspace/builds/worker-0-tc2/source:/opt/rustwide/workdir:ro,Z" "-v" "/var/lib/crater-agent-workspace/cargo-home:/opt/rustwide/cargo-home:ro,Z" "-v" "/var/lib/crater-agent-workspace/rustup-home:/opt/rustwide/rustup-home:ro,Z" "-e" "SOURCE_DIR=/opt/rustwide/workdir" "-e" "CARGO_TARGET_DIR=/opt/rustwide/target" "-e" "CARGO_INCREMENTAL=0" "-e" "RUST_BACKTRACE=full" "-e" "RUSTFLAGS=--cap-lints=warn" "-e" "RUSTDOCFLAGS=--cap-lints=warn" "-e" "CARGO_HOME=/opt/rustwide/cargo-home" "-e" "RUSTUP_HOME=/opt/rustwide/rustup-home" "-w" "/opt/rustwide/workdir" "-m" "1610612736" "--user" "0:0" "--network" "none" "ghcr.io/rust-lang/crates-build-env/linux@sha256:2788e3201cd34a07e3172128adcd8b3090168a8e3bcc40d7c032b9dda1df7d1c" "/opt/rustwide/cargo-home/bin/cargo" "+beta-2023-12-22" "test" "--frozen" "--no-run" "--message-format=json", kill_on_drop: false }`
[INFO] [stdout] c438b87ad5c8571e6fd79e5eb99d7a02cd612279dba106b7ed6c3961f96cd270
[INFO] running `Command { std: "docker" "start" "-a" "c438b87ad5c8571e6fd79e5eb99d7a02cd612279dba106b7ed6c3961f96cd270", kill_on_drop: false }`
[INFO] [stderr]    Compiling rome_js_syntax v0.0.2 (/opt/rustwide/workdir)
[INFO] [stdout] warning: unused import: `type_ext::*`
[INFO] [stdout]   --> src/lib.rs:33:9
[INFO] [stdout]    |
[INFO] [stdout] 33 | pub use type_ext::*;
[INFO] [stdout]    |         ^^^^^^^^^^^
[INFO] [stdout]    |
[INFO] [stdout]    = note: `#[warn(unused_imports)]` on by default
[INFO] [stdout] 
[INFO] [stdout] 
[INFO] [stdout] warning: 1 warning emitted
[INFO] [stdout] 
[INFO] [stdout] 
[INFO] [stdout] error[E0433]: failed to resolve: use of undeclared crate or module `rome_js_factory`
[INFO] [stdout]   --> src/directive_ext.rs:45:9
[INFO] [stdout]    |
[INFO] [stdout] 45 |     use rome_js_factory::syntax::{JsDirective, JsSyntaxKind::*};
[INFO] [stdout]    |         ^^^^^^^^^^^^^^^ use of undeclared crate or module `rome_js_factory`
[INFO] [stdout] 
[INFO] [stdout] 
[INFO] [stdout] error[E0433]: failed to resolve: use of undeclared crate or module `rome_js_factory`
[INFO] [stdout]   --> src/numbers.rs:44:9
[INFO] [stdout]    |
[INFO] [stdout] 44 |     use rome_js_factory::syntax::{JsNumberLiteralExpression, JsSyntaxKind::*};
[INFO] [stdout]    |         ^^^^^^^^^^^^^^^ use of undeclared crate or module `rome_js_factory`
[INFO] [stdout] 
[INFO] [stdout] 
[INFO] [stdout] error[E0433]: failed to resolve: use of undeclared crate or module `rome_js_factory`
[INFO] [stdout]    --> src/stmt_ext.rs:119:9
[INFO] [stdout]     |
[INFO] [stdout] 119 |     use rome_js_factory::syntax::{JsSyntaxKind::*, JsVariableDeclaration};
[INFO] [stdout]     |         ^^^^^^^^^^^^^^^ use of undeclared crate or module `rome_js_factory`
[INFO] [stdout] 
[INFO] [stdout] 
[INFO] [stdout] error[E0432]: unresolved import `rome_js_factory`
[INFO] [stdout]   --> src/directive_ext.rs:46:9
[INFO] [stdout]    |
[INFO] [stdout] 46 |     use rome_js_factory::JsSyntaxTreeBuilder;
[INFO] [stdout]    |         ^^^^^^^^^^^^^^^ use of undeclared crate or module `rome_js_factory`
[INFO] [stdout] 
[INFO] [stdout] 
[INFO] [stdout] error[E0432]: unresolved import `rome_js_factory`
[INFO] [stdout]   --> src/numbers.rs:45:9
[INFO] [stdout]    |
[INFO] [stdout] 45 |     use rome_js_factory::JsSyntaxTreeBuilder;
[INFO] [stdout]    |         ^^^^^^^^^^^^^^^ use of undeclared crate or module `rome_js_factory`
[INFO] [stdout] 
[INFO] [stdout] 
[INFO] [stdout] error[E0432]: unresolved import `rome_js_factory`
[INFO] [stdout]    --> src/stmt_ext.rs:120:9
[INFO] [stdout]     |
[INFO] [stdout] 120 |     use rome_js_factory::JsSyntaxTreeBuilder;
[INFO] [stdout]     |         ^^^^^^^^^^^^^^^ use of undeclared crate or module `rome_js_factory`
[INFO] [stdout] 
[INFO] [stdout] 
[INFO] [stdout] error[E0425]: cannot find value `JS_DIRECTIVE` in this scope
[INFO] [stdout]   --> src/directive_ext.rs:54:37
[INFO] [stdout]    |
[INFO] [stdout] 54 |             tree_builder.start_node(JS_DIRECTIVE);
[INFO] [stdout]    |                                     ^^^^^^^^^^^^ not found in this scope
[INFO] [stdout]    |
[INFO] [stdout] help: consider importing this unit variant
[INFO] [stdout]    |
[INFO] [stdout] 45 +     use crate::JsSyntaxKind::JS_DIRECTIVE;
[INFO] [stdout]    |
[INFO] [stdout] 
[INFO] [stdout] 
[INFO] [stdout] error[E0425]: cannot find value `JS_STRING_LITERAL` in this scope
[INFO] [stdout]   --> src/directive_ext.rs:55:32
[INFO] [stdout]    |
[INFO] [stdout] 55 |             tree_builder.token(JS_STRING_LITERAL, token);
[INFO] [stdout]    |                                ^^^^^^^^^^^^^^^^^ not found in this scope
[INFO] [stdout]    |
[INFO] [stdout] help: consider importing this unit variant
[INFO] [stdout]    |
[INFO] [stdout] 45 +     use crate::JsSyntaxKind::JS_STRING_LITERAL;
[INFO] [stdout]    |
[INFO] [stdout] 
[INFO] [stdout] 
[INFO] [stdout] error[E0425]: cannot find value `JS_NUMBER_LITERAL_EXPRESSION` in this scope
[INFO] [stdout]   --> src/numbers.rs:50:33
[INFO] [stdout]    |
[INFO] [stdout] 50 |         tree_builder.start_node(JS_NUMBER_LITERAL_EXPRESSION);
[INFO] [stdout]    |                                 ^^^^^^^^^^^^^^^^^^^^^^^^^^^^ not found in this scope
[INFO] [stdout]    |
[INFO] [stdout] help: consider importing this unit variant
[INFO] [stdout]    |
[INFO] [stdout] 43 +     use crate::JsSyntaxKind::JS_NUMBER_LITERAL_EXPRESSION;
[INFO] [stdout]    |
[INFO] [stdout] 
[INFO] [stdout] 
[INFO] [stdout] error[E0425]: cannot find value `JS_NUMBER_LITERAL` in this scope
[INFO] [stdout]   --> src/numbers.rs:51:28
[INFO] [stdout]    |
[INFO] [stdout] 51 |         tree_builder.token(JS_NUMBER_LITERAL, literal);
[INFO] [stdout]    |                            ^^^^^^^^^^^^^^^^^ not found in this scope
[INFO] [stdout]    |
[INFO] [stdout] help: consider importing this unit variant
[INFO] [stdout]    |
[INFO] [stdout] 43 +     use crate::JsSyntaxKind::JS_NUMBER_LITERAL;
[INFO] [stdout]    |
[INFO] [stdout] 
[INFO] [stdout] 
[INFO] [stdout] error[E0425]: cannot find value `JS_VARIABLE_DECLARATION` in this scope
[INFO] [stdout]    --> src/stmt_ext.rs:126:33
[INFO] [stdout]     |
[INFO] [stdout] 126 |         tree_builder.start_node(JS_VARIABLE_DECLARATION);
[INFO] [stdout]     |                                 ^^^^^^^^^^^^^^^^^^^^^^^ not found in this scope
[INFO] [stdout]     |
[INFO] [stdout] help: consider importing this unit variant
[INFO] [stdout]     |
[INFO] [stdout] 119 +     use crate::JsSyntaxKind::JS_VARIABLE_DECLARATION;
[INFO] [stdout]     |
[INFO] [stdout] 
[INFO] [stdout] 
[INFO] [stdout] error[E0425]: cannot find value `VAR_KW` in this scope
[INFO] [stdout]    --> src/stmt_ext.rs:127:28
[INFO] [stdout]     |
[INFO] [stdout] 127 |         tree_builder.token(VAR_KW, "var");
[INFO] [stdout]     |                            ^^^^^^ not found in this scope
[INFO] [stdout]     |
[INFO] [stdout] help: consider importing this unit variant
[INFO] [stdout]     |
[INFO] [stdout] 119 +     use crate::JsSyntaxKind::VAR_KW;
[INFO] [stdout]     |
[INFO] [stdout] 
[INFO] [stdout] 
[INFO] [stdout] error[E0425]: cannot find value `JS_VARIABLE_DECLARATOR_LIST` in this scope
[INFO] [stdout]    --> src/stmt_ext.rs:128:33
[INFO] [stdout]     |
[INFO] [stdout] 128 |         tree_builder.start_node(JS_VARIABLE_DECLARATOR_LIST);
[INFO] [stdout]     |                                 ^^^^^^^^^^^^^^^^^^^^^^^^^^^ not found in this scope
[INFO] [stdout]     |
[INFO] [stdout] help: consider importing this unit variant
[INFO] [stdout]     |
[INFO] [stdout] 119 +     use crate::JsSyntaxKind::JS_VARIABLE_DECLARATOR_LIST;
[INFO] [stdout]     |
[INFO] [stdout] 
[INFO] [stdout] 
[INFO] [stdout] error[E0425]: cannot find value `JS_VARIABLE_DECLARATOR` in this scope
[INFO] [stdout]    --> src/stmt_ext.rs:129:33
[INFO] [stdout]     |
[INFO] [stdout] 129 |         tree_builder.start_node(JS_VARIABLE_DECLARATOR);
[INFO] [stdout]     |                                 ^^^^^^^^^^^^^^^^^^^^^^ not found in this scope
[INFO] [stdout]     |
[INFO] [stdout] help: consider importing this unit variant
[INFO] [stdout]     |
[INFO] [stdout] 119 +     use crate::JsSyntaxKind::JS_VARIABLE_DECLARATOR;
[INFO] [stdout]     |
[INFO] [stdout] 
[INFO] [stdout] 
[INFO] [stdout] error[E0425]: cannot find value `JS_IDENTIFIER_BINDING` in this scope
[INFO] [stdout]    --> src/stmt_ext.rs:131:33
[INFO] [stdout]     |
[INFO] [stdout] 131 |         tree_builder.start_node(JS_IDENTIFIER_BINDING);
[INFO] [stdout]     |                                 ^^^^^^^^^^^^^^^^^^^^^ not found in this scope
[INFO] [stdout]     |
[INFO] [stdout] help: consider importing this unit variant
[INFO] [stdout]     |
[INFO] [stdout] 119 +     use crate::JsSyntaxKind::JS_IDENTIFIER_BINDING;
[INFO] [stdout]     |
[INFO] [stdout] 
[INFO] [stdout] 
[INFO] [stdout] error[E0425]: cannot find value `IDENT` in this scope
[INFO] [stdout]    --> src/stmt_ext.rs:132:28
[INFO] [stdout]     |
[INFO] [stdout] 132 |         tree_builder.token(IDENT, "a");
[INFO] [stdout]     |                            ^^^^^ not found in this scope
[INFO] [stdout]     |
[INFO] [stdout] help: consider importing this unit variant
[INFO] [stdout]     |
[INFO] [stdout] 119 +     use crate::JsSyntaxKind::IDENT;
[INFO] [stdout]     |
[INFO] [stdout] 
[INFO] [stdout] 
[INFO] [stdout] warning: unused import: `rome_rowan::AstNode`
[INFO] [stdout]   --> src/directive_ext.rs:47:9
[INFO] [stdout]    |
[INFO] [stdout] 47 |     use rome_rowan::AstNode;
[INFO] [stdout]    |         ^^^^^^^^^^^^^^^^^^^
[INFO] [stdout]    |
[INFO] [stdout]    = note: `#[warn(unused_imports)]` on by default
[INFO] [stdout] 
[INFO] [stdout] 
[INFO] [stdout] warning: unused import: `rome_rowan::AstNode`
[INFO] [stdout]   --> src/numbers.rs:46:9
[INFO] [stdout]    |
[INFO] [stdout] 46 |     use rome_rowan::AstNode;
[INFO] [stdout]    |         ^^^^^^^^^^^^^^^^^^^
[INFO] [stdout] 
[INFO] [stdout] 
[INFO] [stdout] warning: unused import: `rome_rowan::AstNode`
[INFO] [stdout]    --> src/stmt_ext.rs:121:9
[INFO] [stdout]     |
[INFO] [stdout] 121 |     use rome_rowan::AstNode;
[INFO] [stdout]     |         ^^^^^^^^^^^^^^^^^^^
[INFO] [stdout] 
[INFO] [stdout] 
[INFO] [stdout] warning: unused import: `type_ext::*`
[INFO] [stdout]   --> src/lib.rs:33:9
[INFO] [stdout]    |
[INFO] [stdout] 33 | pub use type_ext::*;
[INFO] [stdout]    |         ^^^^^^^^^^^
[INFO] [stdout] 
[INFO] [stdout] 
[INFO] [stdout] error: aborting due to 16 previous errors; 4 warnings emitted
[INFO] [stdout] 
[INFO] [stdout] 
[INFO] [stdout] Some errors have detailed explanations: E0425, E0432, E0433.
[INFO] [stdout] 
[INFO] [stdout] For more information about an error, try `rustc --explain E0425`.
[INFO] [stdout] 
[INFO] [stderr] error: could not compile `rome_js_syntax` (lib test) due to 17 previous errors; 4 warnings emitted
[INFO] running `Command { std: "docker" "inspect" "c438b87ad5c8571e6fd79e5eb99d7a02cd612279dba106b7ed6c3961f96cd270", kill_on_drop: false }`
[INFO] running `Command { std: "docker" "rm" "-f" "c438b87ad5c8571e6fd79e5eb99d7a02cd612279dba106b7ed6c3961f96cd270", kill_on_drop: false }`
[INFO] [stdout] c438b87ad5c8571e6fd79e5eb99d7a02cd612279dba106b7ed6c3961f96cd270
