[INFO] fetching crate rome_js_semantic 0.1.0...
[INFO] testing rome_js_semantic-0.1.0 against 1.75.0 for beta-1.76-1
[INFO] extracting crate rome_js_semantic 0.1.0 into /workspace/builds/worker-1-tc1/source
[INFO] validating manifest of crates.io crate rome_js_semantic 0.1.0 on toolchain 1.75.0
[INFO] running `Command { std: CARGO_HOME="/workspace/cargo-home" RUSTUP_HOME="/workspace/rustup-home" "/workspace/cargo-home/bin/cargo" "+1.75.0" "metadata" "--manifest-path" "Cargo.toml" "--no-deps", kill_on_drop: false }`
[INFO] started tweaking crates.io crate rome_js_semantic 0.1.0
[INFO] finished tweaking crates.io crate rome_js_semantic 0.1.0
[INFO] tweaked toml for crates.io crate rome_js_semantic 0.1.0 written to /workspace/builds/worker-1-tc1/source/Cargo.toml
[INFO] running `Command { std: CARGO_HOME="/workspace/cargo-home" RUSTUP_HOME="/workspace/rustup-home" "/workspace/cargo-home/bin/cargo" "+1.75.0" "generate-lockfile" "--manifest-path" "Cargo.toml", kill_on_drop: false }`
[INFO] [stderr]     Updating crates.io index
[INFO] running `Command { std: CARGO_HOME="/workspace/cargo-home" RUSTUP_HOME="/workspace/rustup-home" "/workspace/cargo-home/bin/cargo" "+1.75.0" "fetch" "--manifest-path" "Cargo.toml", kill_on_drop: false }`
[INFO] [stderr]  Downloading crates ...
[INFO] [stderr]   Downloaded rome_diagnostics v0.0.1
[INFO] [stderr]   Downloaded rome_markup v0.0.1
[INFO] [stderr]   Downloaded rome_text_edit v0.0.1
[INFO] [stderr]   Downloaded rome_rowan v0.0.1
[INFO] [stderr]   Downloaded rome_console v0.0.1
[INFO] [stderr]   Downloaded rust-lapper v1.1.0
[INFO] [stderr]   Downloaded rome_js_syntax v0.0.2
[INFO] [stderr]   Downloaded rome_diagnostics_macros v0.0.1
[INFO] [stderr]   Downloaded rome_diagnostics_categories v0.0.1
[INFO] [stderr]   Downloaded rome_text_size v0.0.1
[INFO] running `Command { std: "docker" "create" "-v" "/var/lib/crater-agent-workspace/builds/worker-1-tc1/target:/opt/rustwide/target:rw,Z" "-v" "/var/lib/crater-agent-workspace/builds/worker-1-tc1/source:/opt/rustwide/workdir:ro,Z" "-v" "/var/lib/crater-agent-workspace/cargo-home:/opt/rustwide/cargo-home:ro,Z" "-v" "/var/lib/crater-agent-workspace/rustup-home:/opt/rustwide/rustup-home:ro,Z" "-e" "SOURCE_DIR=/opt/rustwide/workdir" "-e" "CARGO_TARGET_DIR=/opt/rustwide/target" "-e" "CARGO_HOME=/opt/rustwide/cargo-home" "-e" "RUSTUP_HOME=/opt/rustwide/rustup-home" "-w" "/opt/rustwide/workdir" "-m" "1610612736" "--user" "0:0" "--network" "none" "ghcr.io/rust-lang/crates-build-env/linux@sha256:2788e3201cd34a07e3172128adcd8b3090168a8e3bcc40d7c032b9dda1df7d1c" "/opt/rustwide/cargo-home/bin/cargo" "+1.75.0" "metadata" "--no-deps" "--format-version=1", kill_on_drop: false }`
[INFO] [stdout] 4d153e5ed6f22f2907a81d2ed7b2aaedf230fd0bb97f424722cada6b1871faba
[INFO] running `Command { std: "docker" "start" "-a" "4d153e5ed6f22f2907a81d2ed7b2aaedf230fd0bb97f424722cada6b1871faba", kill_on_drop: false }`
[INFO] running `Command { std: "docker" "inspect" "4d153e5ed6f22f2907a81d2ed7b2aaedf230fd0bb97f424722cada6b1871faba", kill_on_drop: false }`
[INFO] running `Command { std: "docker" "rm" "-f" "4d153e5ed6f22f2907a81d2ed7b2aaedf230fd0bb97f424722cada6b1871faba", kill_on_drop: false }`
[INFO] [stdout] 4d153e5ed6f22f2907a81d2ed7b2aaedf230fd0bb97f424722cada6b1871faba
[INFO] running `Command { std: "docker" "create" "-v" "/var/lib/crater-agent-workspace/builds/worker-1-tc1/target:/opt/rustwide/target:rw,Z" "-v" "/var/lib/crater-agent-workspace/builds/worker-1-tc1/source:/opt/rustwide/workdir:ro,Z" "-v" "/var/lib/crater-agent-workspace/cargo-home:/opt/rustwide/cargo-home:ro,Z" "-v" "/var/lib/crater-agent-workspace/rustup-home:/opt/rustwide/rustup-home:ro,Z" "-e" "SOURCE_DIR=/opt/rustwide/workdir" "-e" "CARGO_TARGET_DIR=/opt/rustwide/target" "-e" "CARGO_INCREMENTAL=0" "-e" "RUST_BACKTRACE=full" "-e" "RUSTFLAGS=--cap-lints=warn" "-e" "RUSTDOCFLAGS=--cap-lints=warn" "-e" "CARGO_HOME=/opt/rustwide/cargo-home" "-e" "RUSTUP_HOME=/opt/rustwide/rustup-home" "-w" "/opt/rustwide/workdir" "-m" "1610612736" "--user" "0:0" "--network" "none" "ghcr.io/rust-lang/crates-build-env/linux@sha256:2788e3201cd34a07e3172128adcd8b3090168a8e3bcc40d7c032b9dda1df7d1c" "/opt/rustwide/cargo-home/bin/cargo" "+1.75.0" "build" "--frozen" "--message-format=json", kill_on_drop: false }`
[INFO] [stdout] 5d735e4c2da3201686977c9e8bc8d08ef87ee3a1f33eb380f48ad01a3db145ed
[INFO] running `Command { std: "docker" "start" "-a" "5d735e4c2da3201686977c9e8bc8d08ef87ee3a1f33eb380f48ad01a3db145ed", kill_on_drop: false }`
[INFO] [stderr]    Compiling serde v1.0.194
[INFO] [stderr]    Compiling libc v0.2.151
[INFO] [stderr]    Compiling syn v1.0.109
[INFO] [stderr]    Compiling memchr v2.7.1
[INFO] [stderr]    Compiling proc-macro-error v1.0.4
[INFO] [stderr]    Compiling serde_json v1.0.111
[INFO] [stderr]    Compiling memoffset v0.8.0
[INFO] [stderr]    Compiling schemars v0.8.16
[INFO] [stderr]    Compiling rome_diagnostics_categories v0.0.1
[INFO] [stderr]    Compiling dyn-clone v1.0.16
[INFO] [stderr]    Compiling tracing v0.1.40
[INFO] [stderr]    Compiling num-traits v0.2.17
[INFO] [stderr]    Compiling hashbrown v0.12.3
[INFO] [stderr]    Compiling rustc-hash v1.1.0
[INFO] [stderr]    Compiling termcolor v1.4.0
[INFO] [stderr]    Compiling countme v3.0.1
[INFO] [stderr]    Compiling pico-args v0.5.0
[INFO] [stderr]    Compiling bstr v0.2.17
[INFO] [stderr]    Compiling object v0.32.2
[INFO] [stderr]    Compiling rome_markup v0.0.1
[INFO] [stderr]    Compiling similar v2.4.0
[INFO] [stderr]    Compiling cc v1.0.83
[INFO] [stderr]    Compiling atty v0.2.14
[INFO] [stderr]    Compiling rust-lapper v1.1.0
[INFO] [stderr]    Compiling backtrace v0.3.69
[INFO] [stderr]    Compiling serde_derive_internals v0.26.0
[INFO] [stderr]    Compiling rome_diagnostics_macros v0.0.1
[INFO] [stderr]    Compiling schemars_derive v0.8.16
[INFO] [stderr]    Compiling rome_text_size v0.0.1
[INFO] [stderr]    Compiling rome_text_edit v0.0.1
[INFO] [stderr]    Compiling rome_rowan v0.0.1
[INFO] [stderr]    Compiling rome_console v0.0.1
[INFO] [stderr]    Compiling rome_diagnostics v0.0.1
[INFO] [stderr]    Compiling rome_js_syntax v0.0.2
[INFO] [stderr]    Compiling rome_js_semantic v0.1.0 (/opt/rustwide/workdir)
[INFO] [stdout] warning: unused import: `builder::*`
[INFO] [stdout]   --> src/semantic_model.rs:32:9
[INFO] [stdout]    |
[INFO] [stdout] 32 | pub use builder::*;
[INFO] [stdout]    |         ^^^^^^^^^^
[INFO] [stdout]    |
[INFO] [stdout]    = note: `#[warn(unused_imports)]` on by default
[INFO] [stdout] 
[INFO] [stdout] 
[INFO] [stdout] warning: 1 warning emitted
[INFO] [stdout] 
[INFO] [stdout] 
[INFO] [stderr]     Finished dev [unoptimized + debuginfo] target(s) in 10.30s
[INFO] running `Command { std: "docker" "inspect" "5d735e4c2da3201686977c9e8bc8d08ef87ee3a1f33eb380f48ad01a3db145ed", kill_on_drop: false }`
[INFO] running `Command { std: "docker" "rm" "-f" "5d735e4c2da3201686977c9e8bc8d08ef87ee3a1f33eb380f48ad01a3db145ed", kill_on_drop: false }`
[INFO] [stdout] 5d735e4c2da3201686977c9e8bc8d08ef87ee3a1f33eb380f48ad01a3db145ed
[INFO] running `Command { std: "docker" "create" "-v" "/var/lib/crater-agent-workspace/builds/worker-1-tc1/target:/opt/rustwide/target:rw,Z" "-v" "/var/lib/crater-agent-workspace/builds/worker-1-tc1/source:/opt/rustwide/workdir:ro,Z" "-v" "/var/lib/crater-agent-workspace/cargo-home:/opt/rustwide/cargo-home:ro,Z" "-v" "/var/lib/crater-agent-workspace/rustup-home:/opt/rustwide/rustup-home:ro,Z" "-e" "SOURCE_DIR=/opt/rustwide/workdir" "-e" "CARGO_TARGET_DIR=/opt/rustwide/target" "-e" "CARGO_INCREMENTAL=0" "-e" "RUST_BACKTRACE=full" "-e" "RUSTFLAGS=--cap-lints=warn" "-e" "RUSTDOCFLAGS=--cap-lints=warn" "-e" "CARGO_HOME=/opt/rustwide/cargo-home" "-e" "RUSTUP_HOME=/opt/rustwide/rustup-home" "-w" "/opt/rustwide/workdir" "-m" "1610612736" "--user" "0:0" "--network" "none" "ghcr.io/rust-lang/crates-build-env/linux@sha256:2788e3201cd34a07e3172128adcd8b3090168a8e3bcc40d7c032b9dda1df7d1c" "/opt/rustwide/cargo-home/bin/cargo" "+1.75.0" "test" "--frozen" "--no-run" "--message-format=json", kill_on_drop: false }`
[INFO] [stdout] ec21c4b624c054de7a1a44cd181756d9b01cfd1adb9499a9cfde0b5115691a17
[INFO] running `Command { std: "docker" "start" "-a" "ec21c4b624c054de7a1a44cd181756d9b01cfd1adb9499a9cfde0b5115691a17", kill_on_drop: false }`
[INFO] [stdout] warning: unused import: `builder::*`
[INFO] [stdout]   --> src/semantic_model.rs:32:9
[INFO] [stdout]    |
[INFO] [stdout] 32 | pub use builder::*;
[INFO] [stdout]    |         ^^^^^^^^^^
[INFO] [stdout]    |
[INFO] [stdout]    = note: `#[warn(unused_imports)]` on by default
[INFO] [stdout] 
[INFO] [stdout] 
[INFO] [stderr]    Compiling rome_js_semantic v0.1.0 (/opt/rustwide/workdir)
[INFO] [stdout] warning: 1 warning emitted
[INFO] [stdout] 
[INFO] [stdout] 
[INFO] [stdout] error[E0432]: unresolved import `rome_js_syntax::JsFileSource`
[INFO] [stdout]    --> src/semantic_model/closure.rs:362:53
[INFO] [stdout]     |
[INFO] [stdout] 362 |     use rome_js_syntax::{JsArrowFunctionExpression, JsFileSource, JsSyntaxKind};
[INFO] [stdout]     |                                                     ^^^^^^^^^^^^
[INFO] [stdout]     |                                                     |
[INFO] [stdout]     |                                                     no `JsFileSource` in the root
[INFO] [stdout]     |                                                     help: a similar name exists in the module: `JsModuleSource`
[INFO] [stdout] 
[INFO] [stdout] 
[INFO] [stdout] error[E0432]: unresolved import `rome_js_syntax::JsFileSource`
[INFO] [stdout]   --> src/semantic_model/is_constant.rs:15:26
[INFO] [stdout]    |
[INFO] [stdout] 15 |     use rome_js_syntax::{JsFileSource, JsIdentifierBinding, JsVariableDeclarator};
[INFO] [stdout]    |                          ^^^^^^^^^^^^
[INFO] [stdout]    |                          |
[INFO] [stdout]    |                          no `JsFileSource` in the root
[INFO] [stdout]    |                          help: a similar name exists in the module: `JsModuleSource`
[INFO] [stdout] 
[INFO] [stdout] 
[INFO] [stdout] error[E0432]: unresolved import `rome_js_syntax::JsFileSource`
[INFO] [stdout]  --> src/semantic_model/tests.rs:8:9
[INFO] [stdout]   |
[INFO] [stdout] 8 |         JsFileSource, JsIdentifierAssignment, JsIdentifierBinding, JsReferenceIdentifier,
[INFO] [stdout]   |         ^^^^^^^^^^^^
[INFO] [stdout]   |         |
[INFO] [stdout]   |         no `JsFileSource` in the root
[INFO] [stdout]   |         help: a similar name exists in the module: `JsModuleSource`
[INFO] [stdout] 
[INFO] [stdout] 
[INFO] [stdout] error[E0432]: unresolved import `rome_js_syntax::JsFileSource`
[INFO] [stdout]  --> src/tests/assertions.rs:7:33
[INFO] [stdout]   |
[INFO] [stdout] 7 | use rome_js_syntax::{AnyJsRoot, JsFileSource, JsSyntaxToken, TextRange, TextSize, WalkEvent};
[INFO] [stdout]   |                                 ^^^^^^^^^^^^
[INFO] [stdout]   |                                 |
[INFO] [stdout]   |                                 no `JsFileSource` in the root
[INFO] [stdout]   |                                 help: a similar name exists in the module: `JsModuleSource`
[INFO] [stdout] 
[INFO] [stdout] 
[INFO] [stdout] warning: unused import: `builder::*`
[INFO] [stdout]   --> src/semantic_model.rs:32:9
[INFO] [stdout]    |
[INFO] [stdout] 32 | pub use builder::*;
[INFO] [stdout]    |         ^^^^^^^^^^
[INFO] [stdout]    |
[INFO] [stdout]    = note: `#[warn(unused_imports)]` on by default
[INFO] [stdout] 
[INFO] [stdout] 
[INFO] [stdout] error[E0433]: failed to resolve: use of undeclared crate or module `rome_js_parser`
[INFO] [stdout]    --> src/semantic_model/closure.rs:366:17
[INFO] [stdout]     |
[INFO] [stdout] 366 |         let r = rome_js_parser::parse(code, JsFileSource::tsx());
[INFO] [stdout]     |                 ^^^^^^^^^^^^^^ use of undeclared crate or module `rome_js_parser`
[INFO] [stdout] 
[INFO] [stdout] 
[INFO] [stdout] error[E0433]: failed to resolve: use of undeclared crate or module `rome_js_parser`
[INFO] [stdout]    --> src/semantic_model/closure.rs:408:17
[INFO] [stdout]     |
[INFO] [stdout] 408 |         let r = rome_js_parser::parse(code, JsFileSource::tsx());
[INFO] [stdout]     |                 ^^^^^^^^^^^^^^ use of undeclared crate or module `rome_js_parser`
[INFO] [stdout] 
[INFO] [stdout] 
[INFO] [stdout] error[E0433]: failed to resolve: use of undeclared crate or module `rome_js_parser`
[INFO] [stdout]   --> src/semantic_model/is_constant.rs:22:17
[INFO] [stdout]    |
[INFO] [stdout] 22 |         let r = rome_js_parser::parse(code, JsFileSource::js_module());
[INFO] [stdout]    |                 ^^^^^^^^^^^^^^ use of undeclared crate or module `rome_js_parser`
[INFO] [stdout] 
[INFO] [stdout] 
[INFO] [stdout] error[E0433]: failed to resolve: use of undeclared crate or module `rome_js_parser`
[INFO] [stdout]   --> src/semantic_model/tests.rs:15:17
[INFO] [stdout]    |
[INFO] [stdout] 15 |         let r = rome_js_parser::parse(
[INFO] [stdout]    |                 ^^^^^^^^^^^^^^ use of undeclared crate or module `rome_js_parser`
[INFO] [stdout] 
[INFO] [stdout] 
[INFO] [stdout] error[E0433]: failed to resolve: use of undeclared crate or module `rome_js_parser`
[INFO] [stdout]    --> src/semantic_model/tests.rs:118:17
[INFO] [stdout]     |
[INFO] [stdout] 118 |         let r = rome_js_parser::parse("function f() {} function g() {}", JsFileSource::js_module());
[INFO] [stdout]     |                 ^^^^^^^^^^^^^^ use of undeclared crate or module `rome_js_parser`
[INFO] [stdout] 
[INFO] [stdout] 
[INFO] [stdout] error[E0433]: failed to resolve: use of undeclared crate or module `rome_js_parser`
[INFO] [stdout]    --> src/semantic_model/tests.rs:156:17
[INFO] [stdout]     |
[INFO] [stdout] 156 |         let r = rome_js_parser::parse(code, JsFileSource::tsx());
[INFO] [stdout]     |                 ^^^^^^^^^^^^^^ use of undeclared crate or module `rome_js_parser`
[INFO] [stdout] 
[INFO] [stdout] 
[INFO] [stdout] error[E0433]: failed to resolve: use of undeclared crate or module `rome_js_parser`
[INFO] [stdout]    --> src/semantic_model/tests.rs:289:17
[INFO] [stdout]     |
[INFO] [stdout] 289 |         let r = rome_js_parser::parse("console.log()", JsFileSource::js_module());
[INFO] [stdout]     |                 ^^^^^^^^^^^^^^ use of undeclared crate or module `rome_js_parser`
[INFO] [stdout] 
[INFO] [stdout] 
[INFO] [stdout] error[E0433]: failed to resolve: use of undeclared crate or module `rome_js_parser`
[INFO] [stdout]    --> src/tests/assertions.rs:107:13
[INFO] [stdout]     |
[INFO] [stdout] 107 |     let r = rome_js_parser::parse(code, JsFileSource::tsx());
[INFO] [stdout]     |             ^^^^^^^^^^^^^^ use of undeclared crate or module `rome_js_parser`
[INFO] [stdout] 
[INFO] [stdout] 
[INFO] [stdout] warning: unused import: `SyntaxNodeCast`
[INFO] [stdout]   --> src/semantic_model/tests.rs:11:31
[INFO] [stdout]    |
[INFO] [stdout] 11 |     use rome_rowan::{AstNode, SyntaxNodeCast};
[INFO] [stdout]    |                               ^^^^^^^^^^^^^^
[INFO] [stdout] 
[INFO] [stdout] 
[INFO] [stdout] warning: unused import: `SemanticScopeExtensions`
[INFO] [stdout]  --> src/semantic_model/tests.rs:5:9
[INFO] [stdout]   |
[INFO] [stdout] 5 |         SemanticScopeExtensions,
[INFO] [stdout]   |         ^^^^^^^^^^^^^^^^^^^^^^^
[INFO] [stdout] 
[INFO] [stdout] 
[INFO] [stdout] warning: unused import: `rome_rowan::SyntaxNodeCast`
[INFO] [stdout]    --> src/semantic_model/closure.rs:363:9
[INFO] [stdout]     |
[INFO] [stdout] 363 |     use rome_rowan::SyntaxNodeCast;
[INFO] [stdout]     |         ^^^^^^^^^^^^^^^^^^^^^^^^^^
[INFO] [stdout] 
[INFO] [stdout] 
[INFO] [stdout] warning: unused import: `rome_rowan::AstNode`
[INFO] [stdout]   --> src/semantic_model/is_constant.rs:20:13
[INFO] [stdout]    |
[INFO] [stdout] 20 |         use rome_rowan::AstNode;
[INFO] [stdout]    |             ^^^^^^^^^^^^^^^^^^^
[INFO] [stdout] 
[INFO] [stdout] 
[INFO] [stdout] warning: unused import: `rome_rowan::SyntaxNodeCast`
[INFO] [stdout]   --> src/semantic_model/is_constant.rs:21:13
[INFO] [stdout]    |
[INFO] [stdout] 21 |         use rome_rowan::SyntaxNodeCast;
[INFO] [stdout]    |             ^^^^^^^^^^^^^^^^^^^^^^^^^^
[INFO] [stdout] 
[INFO] [stdout] 
[INFO] [stdout] warning: unused import: `BindingExtensions`
[INFO] [stdout]  --> src/semantic_model/tests.rs:4:25
[INFO] [stdout]   |
[INFO] [stdout] 4 |         semantic_model, BindingExtensions, CanBeImportedExported, SemanticModelOptions,
[INFO] [stdout]   |                         ^^^^^^^^^^^^^^^^^
[INFO] [stdout] 
[INFO] [stdout] 
[INFO] [stdout] error: aborting due to 12 previous errors; 7 warnings emitted
[INFO] [stdout] 
[INFO] [stdout] 
[INFO] [stdout] Some errors have detailed explanations: E0432, E0433.
[INFO] [stdout] 
[INFO] [stdout] For more information about an error, try `rustc --explain E0432`.
[INFO] [stdout] 
[INFO] [stderr] error: could not compile `rome_js_semantic` (lib test) due to 13 previous errors; 7 warnings emitted
[INFO] running `Command { std: "docker" "inspect" "ec21c4b624c054de7a1a44cd181756d9b01cfd1adb9499a9cfde0b5115691a17", kill_on_drop: false }`
[INFO] running `Command { std: "docker" "rm" "-f" "ec21c4b624c054de7a1a44cd181756d9b01cfd1adb9499a9cfde0b5115691a17", kill_on_drop: false }`
[INFO] [stdout] ec21c4b624c054de7a1a44cd181756d9b01cfd1adb9499a9cfde0b5115691a17
[INFO] testing rome_js_semantic-0.1.0 against beta-2023-12-22 for beta-1.76-1
[INFO] extracting crate rome_js_semantic 0.1.0 into /workspace/builds/worker-1-tc2/source
[INFO] validating manifest of crates.io crate rome_js_semantic 0.1.0 on toolchain beta-2023-12-22
[INFO] running `Command { std: CARGO_HOME="/workspace/cargo-home" RUSTUP_HOME="/workspace/rustup-home" "/workspace/cargo-home/bin/cargo" "+beta-2023-12-22" "metadata" "--manifest-path" "Cargo.toml" "--no-deps", kill_on_drop: false }`
[INFO] started tweaking crates.io crate rome_js_semantic 0.1.0
[INFO] finished tweaking crates.io crate rome_js_semantic 0.1.0
[INFO] tweaked toml for crates.io crate rome_js_semantic 0.1.0 written to /workspace/builds/worker-1-tc2/source/Cargo.toml
[INFO] running `Command { std: CARGO_HOME="/workspace/cargo-home" RUSTUP_HOME="/workspace/rustup-home" "/workspace/cargo-home/bin/cargo" "+beta-2023-12-22" "generate-lockfile" "--manifest-path" "Cargo.toml", kill_on_drop: false }`
[INFO] [stderr]     Updating crates.io index
[INFO] running `Command { std: CARGO_HOME="/workspace/cargo-home" RUSTUP_HOME="/workspace/rustup-home" "/workspace/cargo-home/bin/cargo" "+beta-2023-12-22" "fetch" "--manifest-path" "Cargo.toml", kill_on_drop: false }`
[INFO] running `Command { std: "docker" "create" "-v" "/var/lib/crater-agent-workspace/builds/worker-1-tc2/target:/opt/rustwide/target:rw,Z" "-v" "/var/lib/crater-agent-workspace/builds/worker-1-tc2/source:/opt/rustwide/workdir:ro,Z" "-v" "/var/lib/crater-agent-workspace/cargo-home:/opt/rustwide/cargo-home:ro,Z" "-v" "/var/lib/crater-agent-workspace/rustup-home:/opt/rustwide/rustup-home:ro,Z" "-e" "SOURCE_DIR=/opt/rustwide/workdir" "-e" "CARGO_TARGET_DIR=/opt/rustwide/target" "-e" "CARGO_HOME=/opt/rustwide/cargo-home" "-e" "RUSTUP_HOME=/opt/rustwide/rustup-home" "-w" "/opt/rustwide/workdir" "-m" "1610612736" "--user" "0:0" "--network" "none" "ghcr.io/rust-lang/crates-build-env/linux@sha256:2788e3201cd34a07e3172128adcd8b3090168a8e3bcc40d7c032b9dda1df7d1c" "/opt/rustwide/cargo-home/bin/cargo" "+beta-2023-12-22" "metadata" "--no-deps" "--format-version=1", kill_on_drop: false }`
[INFO] [stdout] ad36f43bda2a33f22ef0e40585c90a70ad5bfbbc921ebab11a11fa926b0662f0
[INFO] running `Command { std: "docker" "start" "-a" "ad36f43bda2a33f22ef0e40585c90a70ad5bfbbc921ebab11a11fa926b0662f0", kill_on_drop: false }`
[INFO] running `Command { std: "docker" "inspect" "ad36f43bda2a33f22ef0e40585c90a70ad5bfbbc921ebab11a11fa926b0662f0", kill_on_drop: false }`
[INFO] running `Command { std: "docker" "rm" "-f" "ad36f43bda2a33f22ef0e40585c90a70ad5bfbbc921ebab11a11fa926b0662f0", kill_on_drop: false }`
[INFO] [stdout] ad36f43bda2a33f22ef0e40585c90a70ad5bfbbc921ebab11a11fa926b0662f0
[INFO] running `Command { std: "docker" "create" "-v" "/var/lib/crater-agent-workspace/builds/worker-1-tc2/target:/opt/rustwide/target:rw,Z" "-v" "/var/lib/crater-agent-workspace/builds/worker-1-tc2/source:/opt/rustwide/workdir:ro,Z" "-v" "/var/lib/crater-agent-workspace/cargo-home:/opt/rustwide/cargo-home:ro,Z" "-v" "/var/lib/crater-agent-workspace/rustup-home:/opt/rustwide/rustup-home:ro,Z" "-e" "SOURCE_DIR=/opt/rustwide/workdir" "-e" "CARGO_TARGET_DIR=/opt/rustwide/target" "-e" "CARGO_INCREMENTAL=0" "-e" "RUST_BACKTRACE=full" "-e" "RUSTFLAGS=--cap-lints=warn" "-e" "RUSTDOCFLAGS=--cap-lints=warn" "-e" "CARGO_HOME=/opt/rustwide/cargo-home" "-e" "RUSTUP_HOME=/opt/rustwide/rustup-home" "-w" "/opt/rustwide/workdir" "-m" "1610612736" "--user" "0:0" "--network" "none" "ghcr.io/rust-lang/crates-build-env/linux@sha256:2788e3201cd34a07e3172128adcd8b3090168a8e3bcc40d7c032b9dda1df7d1c" "/opt/rustwide/cargo-home/bin/cargo" "+beta-2023-12-22" "build" "--frozen" "--message-format=json", kill_on_drop: false }`
[INFO] [stdout] 6cd6a8969f7a5ba6a7c7336928b5a2ab385efb34a9f71039053ec77be4c289c0
[INFO] running `Command { std: "docker" "start" "-a" "6cd6a8969f7a5ba6a7c7336928b5a2ab385efb34a9f71039053ec77be4c289c0", kill_on_drop: false }`
[INFO] [stderr]    Compiling serde v1.0.194
[INFO] [stderr]    Compiling libc v0.2.151
[INFO] [stderr]    Compiling syn v1.0.109
[INFO] [stderr]    Compiling memchr v2.7.1
[INFO] [stderr]    Compiling proc-macro-error v1.0.4
[INFO] [stderr]    Compiling regex-automata v0.1.10
[INFO] [stderr]    Compiling serde_json v1.0.111
[INFO] [stderr]    Compiling memoffset v0.8.0
[INFO] [stderr]    Compiling schemars v0.8.16
[INFO] [stderr]    Compiling dyn-clone v1.0.16
[INFO] [stderr]    Compiling rome_diagnostics_categories v0.0.1
[INFO] [stderr]    Compiling tracing v0.1.40
[INFO] [stderr]    Compiling num-traits v0.2.17
[INFO] [stderr]    Compiling countme v3.0.1
[INFO] [stderr]    Compiling rustc-hash v1.1.0
[INFO] [stderr]    Compiling hashbrown v0.12.3
[INFO] [stderr]    Compiling termcolor v1.4.0
[INFO] [stderr]    Compiling pico-args v0.5.0
[INFO] [stderr]    Compiling bstr v0.2.17
[INFO] [stderr]    Compiling object v0.32.2
[INFO] [stderr]    Compiling rome_markup v0.0.1
[INFO] [stderr]    Compiling similar v2.4.0
[INFO] [stderr]    Compiling cc v1.0.83
[INFO] [stderr]    Compiling atty v0.2.14
[INFO] [stderr]    Compiling rust-lapper v1.1.0
[INFO] [stderr]    Compiling backtrace v0.3.69
[INFO] [stderr]    Compiling serde_derive_internals v0.26.0
[INFO] [stderr]    Compiling rome_diagnostics_macros v0.0.1
[INFO] [stderr]    Compiling schemars_derive v0.8.16
[INFO] [stderr]    Compiling rome_text_size v0.0.1
[INFO] [stderr]    Compiling rome_text_edit v0.0.1
[INFO] [stderr]    Compiling rome_rowan v0.0.1
[INFO] [stderr]    Compiling rome_console v0.0.1
[INFO] [stderr]    Compiling rome_diagnostics v0.0.1
[INFO] [stderr]    Compiling rome_js_syntax v0.0.2
[INFO] [stderr]    Compiling rome_js_semantic v0.1.0 (/opt/rustwide/workdir)
[INFO] [stdout] warning: unused import: `builder::*`
[INFO] [stdout]   --> src/semantic_model.rs:32:9
[INFO] [stdout]    |
[INFO] [stdout] 32 | pub use builder::*;
[INFO] [stdout]    |         ^^^^^^^^^^
[INFO] [stdout]    |
[INFO] [stdout]    = note: `#[warn(unused_imports)]` on by default
[INFO] [stdout] 
[INFO] [stdout] 
[INFO] [stdout] warning: 1 warning emitted
[INFO] [stdout] 
[INFO] [stdout] 
[INFO] [stderr]     Finished dev [unoptimized + debuginfo] target(s) in 10.53s
[INFO] running `Command { std: "docker" "inspect" "6cd6a8969f7a5ba6a7c7336928b5a2ab385efb34a9f71039053ec77be4c289c0", kill_on_drop: false }`
[INFO] running `Command { std: "docker" "rm" "-f" "6cd6a8969f7a5ba6a7c7336928b5a2ab385efb34a9f71039053ec77be4c289c0", kill_on_drop: false }`
[INFO] [stdout] 6cd6a8969f7a5ba6a7c7336928b5a2ab385efb34a9f71039053ec77be4c289c0
[INFO] running `Command { std: "docker" "create" "-v" "/var/lib/crater-agent-workspace/builds/worker-1-tc2/target:/opt/rustwide/target:rw,Z" "-v" "/var/lib/crater-agent-workspace/builds/worker-1-tc2/source:/opt/rustwide/workdir:ro,Z" "-v" "/var/lib/crater-agent-workspace/cargo-home:/opt/rustwide/cargo-home:ro,Z" "-v" "/var/lib/crater-agent-workspace/rustup-home:/opt/rustwide/rustup-home:ro,Z" "-e" "SOURCE_DIR=/opt/rustwide/workdir" "-e" "CARGO_TARGET_DIR=/opt/rustwide/target" "-e" "CARGO_INCREMENTAL=0" "-e" "RUST_BACKTRACE=full" "-e" "RUSTFLAGS=--cap-lints=warn" "-e" "RUSTDOCFLAGS=--cap-lints=warn" "-e" "CARGO_HOME=/opt/rustwide/cargo-home" "-e" "RUSTUP_HOME=/opt/rustwide/rustup-home" "-w" "/opt/rustwide/workdir" "-m" "1610612736" "--user" "0:0" "--network" "none" "ghcr.io/rust-lang/crates-build-env/linux@sha256:2788e3201cd34a07e3172128adcd8b3090168a8e3bcc40d7c032b9dda1df7d1c" "/opt/rustwide/cargo-home/bin/cargo" "+beta-2023-12-22" "test" "--frozen" "--no-run" "--message-format=json", kill_on_drop: false }`
[INFO] [stdout] 8be239633b4423204f36444ca097c307bfc1b14f6d85bc97a6ed33fd24f33075
[INFO] running `Command { std: "docker" "start" "-a" "8be239633b4423204f36444ca097c307bfc1b14f6d85bc97a6ed33fd24f33075", kill_on_drop: false }`
[INFO] [stdout] warning: unused import: `builder::*`
[INFO] [stdout]   --> src/semantic_model.rs:32:9
[INFO] [stdout]    |
[INFO] [stdout] 32 | pub use builder::*;
[INFO] [stdout]    |         ^^^^^^^^^^
[INFO] [stdout]    |
[INFO] [stdout]    = note: `#[warn(unused_imports)]` on by default
[INFO] [stdout] 
[INFO] [stdout] 
[INFO] [stderr]    Compiling rome_js_semantic v0.1.0 (/opt/rustwide/workdir)
[INFO] [stdout] warning: 1 warning emitted
[INFO] [stdout] 
[INFO] [stdout] 
[INFO] [stdout] error[E0432]: unresolved import `rome_js_syntax::JsFileSource`
[INFO] [stdout]    --> src/semantic_model/closure.rs:362:53
[INFO] [stdout]     |
[INFO] [stdout] 362 |     use rome_js_syntax::{JsArrowFunctionExpression, JsFileSource, JsSyntaxKind};
[INFO] [stdout]     |                                                     ^^^^^^^^^^^^
[INFO] [stdout]     |                                                     |
[INFO] [stdout]     |                                                     no `JsFileSource` in the root
[INFO] [stdout]     |                                                     help: a similar name exists in the module: `JsModuleSource`
[INFO] [stdout] 
[INFO] [stdout] 
[INFO] [stdout] error[E0432]: unresolved import `rome_js_syntax::JsFileSource`
[INFO] [stdout]   --> src/semantic_model/is_constant.rs:15:26
[INFO] [stdout]    |
[INFO] [stdout] 15 |     use rome_js_syntax::{JsFileSource, JsIdentifierBinding, JsVariableDeclarator};
[INFO] [stdout]    |                          ^^^^^^^^^^^^
[INFO] [stdout]    |                          |
[INFO] [stdout]    |                          no `JsFileSource` in the root
[INFO] [stdout]    |                          help: a similar name exists in the module: `JsModuleSource`
[INFO] [stdout] 
[INFO] [stdout] 
[INFO] [stdout] error[E0432]: unresolved import `rome_js_syntax::JsFileSource`
[INFO] [stdout]  --> src/semantic_model/tests.rs:8:9
[INFO] [stdout]   |
[INFO] [stdout] 8 |         JsFileSource, JsIdentifierAssignment, JsIdentifierBinding, JsReferenceIdentifier,
[INFO] [stdout]   |         ^^^^^^^^^^^^
[INFO] [stdout]   |         |
[INFO] [stdout]   |         no `JsFileSource` in the root
[INFO] [stdout]   |         help: a similar name exists in the module: `JsModuleSource`
[INFO] [stdout] 
[INFO] [stdout] 
[INFO] [stdout] error[E0432]: unresolved import `rome_js_syntax::JsFileSource`
[INFO] [stdout]  --> src/tests/assertions.rs:7:33
[INFO] [stdout]   |
[INFO] [stdout] 7 | use rome_js_syntax::{AnyJsRoot, JsFileSource, JsSyntaxToken, TextRange, TextSize, WalkEvent};
[INFO] [stdout]   |                                 ^^^^^^^^^^^^
[INFO] [stdout]   |                                 |
[INFO] [stdout]   |                                 no `JsFileSource` in the root
[INFO] [stdout]   |                                 help: a similar name exists in the module: `JsModuleSource`
[INFO] [stdout] 
[INFO] [stdout] 
[INFO] [stdout] warning: unused import: `builder::*`
[INFO] [stdout]   --> src/semantic_model.rs:32:9
[INFO] [stdout]    |
[INFO] [stdout] 32 | pub use builder::*;
[INFO] [stdout]    |         ^^^^^^^^^^
[INFO] [stdout]    |
[INFO] [stdout]    = note: `#[warn(unused_imports)]` on by default
[INFO] [stdout] 
[INFO] [stdout] 
[INFO] [stdout] error[E0433]: failed to resolve: use of undeclared crate or module `rome_js_parser`
[INFO] [stdout]    --> src/semantic_model/closure.rs:366:17
[INFO] [stdout]     |
[INFO] [stdout] 366 |         let r = rome_js_parser::parse(code, JsFileSource::tsx());
[INFO] [stdout]     |                 ^^^^^^^^^^^^^^ use of undeclared crate or module `rome_js_parser`
[INFO] [stdout] 
[INFO] [stdout] 
[INFO] [stdout] error[E0433]: failed to resolve: use of undeclared crate or module `rome_js_parser`
[INFO] [stdout]    --> src/semantic_model/closure.rs:408:17
[INFO] [stdout]     |
[INFO] [stdout] 408 |         let r = rome_js_parser::parse(code, JsFileSource::tsx());
[INFO] [stdout]     |                 ^^^^^^^^^^^^^^ use of undeclared crate or module `rome_js_parser`
[INFO] [stdout] 
[INFO] [stdout] 
[INFO] [stdout] error[E0433]: failed to resolve: use of undeclared crate or module `rome_js_parser`
[INFO] [stdout]   --> src/semantic_model/is_constant.rs:22:17
[INFO] [stdout]    |
[INFO] [stdout] 22 |         let r = rome_js_parser::parse(code, JsFileSource::js_module());
[INFO] [stdout]    |                 ^^^^^^^^^^^^^^ use of undeclared crate or module `rome_js_parser`
[INFO] [stdout] 
[INFO] [stdout] 
[INFO] [stdout] error[E0433]: failed to resolve: use of undeclared crate or module `rome_js_parser`
[INFO] [stdout]   --> src/semantic_model/tests.rs:15:17
[INFO] [stdout]    |
[INFO] [stdout] 15 |         let r = rome_js_parser::parse(
[INFO] [stdout]    |                 ^^^^^^^^^^^^^^ use of undeclared crate or module `rome_js_parser`
[INFO] [stdout] 
[INFO] [stdout] 
[INFO] [stdout] error[E0433]: failed to resolve: use of undeclared crate or module `rome_js_parser`
[INFO] [stdout]    --> src/semantic_model/tests.rs:118:17
[INFO] [stdout]     |
[INFO] [stdout] 118 |         let r = rome_js_parser::parse("function f() {} function g() {}", JsFileSource::js_module());
[INFO] [stdout]     |                 ^^^^^^^^^^^^^^ use of undeclared crate or module `rome_js_parser`
[INFO] [stdout] 
[INFO] [stdout] 
[INFO] [stdout] error[E0433]: failed to resolve: use of undeclared crate or module `rome_js_parser`
[INFO] [stdout]    --> src/semantic_model/tests.rs:156:17
[INFO] [stdout]     |
[INFO] [stdout] 156 |         let r = rome_js_parser::parse(code, JsFileSource::tsx());
[INFO] [stdout]     |                 ^^^^^^^^^^^^^^ use of undeclared crate or module `rome_js_parser`
[INFO] [stdout] 
[INFO] [stdout] 
[INFO] [stdout] error[E0433]: failed to resolve: use of undeclared crate or module `rome_js_parser`
[INFO] [stdout]    --> src/semantic_model/tests.rs:289:17
[INFO] [stdout]     |
[INFO] [stdout] 289 |         let r = rome_js_parser::parse("console.log()", JsFileSource::js_module());
[INFO] [stdout]     |                 ^^^^^^^^^^^^^^ use of undeclared crate or module `rome_js_parser`
[INFO] [stdout] 
[INFO] [stdout] 
[INFO] [stdout] error[E0433]: failed to resolve: use of undeclared crate or module `rome_js_parser`
[INFO] [stdout]    --> src/tests/assertions.rs:107:13
[INFO] [stdout]     |
[INFO] [stdout] 107 |     let r = rome_js_parser::parse(code, JsFileSource::tsx());
[INFO] [stdout]     |             ^^^^^^^^^^^^^^ use of undeclared crate or module `rome_js_parser`
[INFO] [stdout] 
[INFO] [stdout] 
[INFO] [stdout] warning: unused import: `SyntaxNodeCast`
[INFO] [stdout]   --> src/semantic_model/tests.rs:11:31
[INFO] [stdout]    |
[INFO] [stdout] 11 |     use rome_rowan::{AstNode, SyntaxNodeCast};
[INFO] [stdout]    |                               ^^^^^^^^^^^^^^
[INFO] [stdout] 
[INFO] [stdout] 
[INFO] [stdout] warning: unused import: `SemanticScopeExtensions`
[INFO] [stdout]  --> src/semantic_model/tests.rs:5:9
[INFO] [stdout]   |
[INFO] [stdout] 5 |         SemanticScopeExtensions,
[INFO] [stdout]   |         ^^^^^^^^^^^^^^^^^^^^^^^
[INFO] [stdout] 
[INFO] [stdout] 
[INFO] [stdout] warning: unused import: `rome_rowan::SyntaxNodeCast`
[INFO] [stdout]    --> src/semantic_model/closure.rs:363:9
[INFO] [stdout]     |
[INFO] [stdout] 363 |     use rome_rowan::SyntaxNodeCast;
[INFO] [stdout]     |         ^^^^^^^^^^^^^^^^^^^^^^^^^^
[INFO] [stdout] 
[INFO] [stdout] 
[INFO] [stdout] warning: unused import: `rome_rowan::AstNode`
[INFO] [stdout]   --> src/semantic_model/is_constant.rs:20:13
[INFO] [stdout]    |
[INFO] [stdout] 20 |         use rome_rowan::AstNode;
[INFO] [stdout]    |             ^^^^^^^^^^^^^^^^^^^
[INFO] [stdout] 
[INFO] [stdout] 
[INFO] [stdout] warning: unused import: `rome_rowan::SyntaxNodeCast`
[INFO] [stdout]   --> src/semantic_model/is_constant.rs:21:13
[INFO] [stdout]    |
[INFO] [stdout] 21 |         use rome_rowan::SyntaxNodeCast;
[INFO] [stdout]    |             ^^^^^^^^^^^^^^^^^^^^^^^^^^
[INFO] [stdout] 
[INFO] [stdout] 
[INFO] [stdout] warning: unused import: `BindingExtensions`
[INFO] [stdout]  --> src/semantic_model/tests.rs:4:25
[INFO] [stdout]   |
[INFO] [stdout] 4 |         semantic_model, BindingExtensions, CanBeImportedExported, SemanticModelOptions,
[INFO] [stdout]   |                         ^^^^^^^^^^^^^^^^^
[INFO] [stdout] 
[INFO] [stdout] 
[INFO] [stdout] error: aborting due to 12 previous errors; 7 warnings emitted
[INFO] [stdout] 
[INFO] [stdout] 
[INFO] [stdout] Some errors have detailed explanations: E0432, E0433.
[INFO] [stdout] 
[INFO] [stdout] For more information about an error, try `rustc --explain E0432`.
[INFO] [stdout] 
[INFO] [stderr] error: could not compile `rome_js_semantic` (lib test) due to 13 previous errors; 7 warnings emitted
[INFO] running `Command { std: "docker" "inspect" "8be239633b4423204f36444ca097c307bfc1b14f6d85bc97a6ed33fd24f33075", kill_on_drop: false }`
[INFO] running `Command { std: "docker" "rm" "-f" "8be239633b4423204f36444ca097c307bfc1b14f6d85bc97a6ed33fd24f33075", kill_on_drop: false }`
[INFO] [stdout] 8be239633b4423204f36444ca097c307bfc1b14f6d85bc97a6ed33fd24f33075
