[INFO] fetching crate rome_js_parser 0.0.2...
[INFO] testing rome_js_parser-0.0.2 against 1.75.0 for beta-1.76-1
[INFO] extracting crate rome_js_parser 0.0.2 into /workspace/builds/worker-3-tc1/source
[INFO] validating manifest of crates.io crate rome_js_parser 0.0.2 on toolchain 1.75.0
[INFO] running `Command { std: CARGO_HOME="/workspace/cargo-home" RUSTUP_HOME="/workspace/rustup-home" "/workspace/cargo-home/bin/cargo" "+1.75.0" "metadata" "--manifest-path" "Cargo.toml" "--no-deps", kill_on_drop: false }`
[INFO] started tweaking crates.io crate rome_js_parser 0.0.2
[INFO] finished tweaking crates.io crate rome_js_parser 0.0.2
[INFO] tweaked toml for crates.io crate rome_js_parser 0.0.2 written to /workspace/builds/worker-3-tc1/source/Cargo.toml
[INFO] running `Command { std: CARGO_HOME="/workspace/cargo-home" RUSTUP_HOME="/workspace/rustup-home" "/workspace/cargo-home/bin/cargo" "+1.75.0" "generate-lockfile" "--manifest-path" "Cargo.toml", kill_on_drop: false }`
[INFO] [stderr]     Updating crates.io index
[INFO] running `Command { std: CARGO_HOME="/workspace/cargo-home" RUSTUP_HOME="/workspace/rustup-home" "/workspace/cargo-home/bin/cargo" "+1.75.0" "fetch" "--manifest-path" "Cargo.toml", kill_on_drop: false }`
[INFO] [stderr]  Downloading crates ...
[INFO] [stderr]   Downloaded rome_text_edit v0.0.1
[INFO] [stderr]   Downloaded rome_diagnostics v0.0.1
[INFO] [stderr]   Downloaded rome_diagnostics_categories v0.0.1
[INFO] [stderr]   Downloaded rome_text_size v0.0.1
[INFO] [stderr]   Downloaded rome_console v0.0.1
[INFO] [stderr]   Downloaded rome_js_factory v0.0.2
[INFO] [stderr]   Downloaded rome_js_syntax v0.0.2
[INFO] [stderr]   Downloaded rome_diagnostics_macros v0.0.1
[INFO] [stderr]   Downloaded rome_markup v0.0.1
[INFO] [stderr]   Downloaded rome_rowan v0.0.1
[INFO] [stderr]   Downloaded rome_js_unicode_table v0.0.1
[INFO] [stderr]   Downloaded rome_parser v0.0.1
[INFO] running `Command { std: "docker" "create" "-v" "/var/lib/crater-agent-workspace/builds/worker-3-tc1/target:/opt/rustwide/target:rw,Z" "-v" "/var/lib/crater-agent-workspace/builds/worker-3-tc1/source:/opt/rustwide/workdir:ro,Z" "-v" "/var/lib/crater-agent-workspace/cargo-home:/opt/rustwide/cargo-home:ro,Z" "-v" "/var/lib/crater-agent-workspace/rustup-home:/opt/rustwide/rustup-home:ro,Z" "-e" "SOURCE_DIR=/opt/rustwide/workdir" "-e" "CARGO_TARGET_DIR=/opt/rustwide/target" "-e" "CARGO_HOME=/opt/rustwide/cargo-home" "-e" "RUSTUP_HOME=/opt/rustwide/rustup-home" "-w" "/opt/rustwide/workdir" "-m" "1610612736" "--user" "0:0" "--network" "none" "ghcr.io/rust-lang/crates-build-env/linux@sha256:2788e3201cd34a07e3172128adcd8b3090168a8e3bcc40d7c032b9dda1df7d1c" "/opt/rustwide/cargo-home/bin/cargo" "+1.75.0" "metadata" "--no-deps" "--format-version=1", kill_on_drop: false }`
[INFO] [stdout] a118d00b479430c9b1168ae00dd6b6b20f441bd5eef774586f9390f567faa095
[INFO] running `Command { std: "docker" "start" "-a" "a118d00b479430c9b1168ae00dd6b6b20f441bd5eef774586f9390f567faa095", kill_on_drop: false }`
[INFO] running `Command { std: "docker" "inspect" "a118d00b479430c9b1168ae00dd6b6b20f441bd5eef774586f9390f567faa095", kill_on_drop: false }`
[INFO] running `Command { std: "docker" "rm" "-f" "a118d00b479430c9b1168ae00dd6b6b20f441bd5eef774586f9390f567faa095", kill_on_drop: false }`
[INFO] [stdout] a118d00b479430c9b1168ae00dd6b6b20f441bd5eef774586f9390f567faa095
[INFO] running `Command { std: "docker" "create" "-v" "/var/lib/crater-agent-workspace/builds/worker-3-tc1/target:/opt/rustwide/target:rw,Z" "-v" "/var/lib/crater-agent-workspace/builds/worker-3-tc1/source:/opt/rustwide/workdir:ro,Z" "-v" "/var/lib/crater-agent-workspace/cargo-home:/opt/rustwide/cargo-home:ro,Z" "-v" "/var/lib/crater-agent-workspace/rustup-home:/opt/rustwide/rustup-home:ro,Z" "-e" "SOURCE_DIR=/opt/rustwide/workdir" "-e" "CARGO_TARGET_DIR=/opt/rustwide/target" "-e" "CARGO_INCREMENTAL=0" "-e" "RUST_BACKTRACE=full" "-e" "RUSTFLAGS=--cap-lints=warn" "-e" "RUSTDOCFLAGS=--cap-lints=warn" "-e" "CARGO_HOME=/opt/rustwide/cargo-home" "-e" "RUSTUP_HOME=/opt/rustwide/rustup-home" "-w" "/opt/rustwide/workdir" "-m" "1610612736" "--user" "0:0" "--network" "none" "ghcr.io/rust-lang/crates-build-env/linux@sha256:2788e3201cd34a07e3172128adcd8b3090168a8e3bcc40d7c032b9dda1df7d1c" "/opt/rustwide/cargo-home/bin/cargo" "+1.75.0" "build" "--frozen" "--message-format=json", kill_on_drop: false }`
[INFO] [stdout] 628920db066fb1cb54cbd1869b866ce8f6a018ceee838c7f4a20a3614630080e
[INFO] running `Command { std: "docker" "start" "-a" "628920db066fb1cb54cbd1869b866ce8f6a018ceee838c7f4a20a3614630080e", kill_on_drop: false }`
[INFO] [stderr]    Compiling version_check v0.9.4
[INFO] [stderr]    Compiling serde v1.0.194
[INFO] [stderr]    Compiling libc v0.2.151
[INFO] [stderr]    Compiling syn v1.0.109
[INFO] [stderr]    Compiling memchr v2.7.1
[INFO] [stderr]    Compiling regex-automata v0.1.10
[INFO] [stderr]    Compiling once_cell v1.19.0
[INFO] [stderr]    Compiling schemars v0.8.16
[INFO] [stderr]    Compiling memoffset v0.8.0
[INFO] [stderr]    Compiling hashbrown v0.12.3
[INFO] [stderr]    Compiling dyn-clone v1.0.16
[INFO] [stderr]    Compiling gimli v0.28.1
[INFO] [stderr]    Compiling pin-project-lite v0.2.13
[INFO] [stderr]    Compiling rome_diagnostics_categories v0.0.1
[INFO] [stderr]    Compiling countme v3.0.1
[INFO] [stderr]    Compiling serde_derive v1.0.194
[INFO] [stderr]    Compiling rustc-hash v1.1.0
[INFO] [stderr]    Compiling termcolor v1.4.0
[INFO] [stderr]    Compiling tracing-core v0.1.32
[INFO] [stderr]    Compiling unicode-width v0.1.11
[INFO] [stderr]    Compiling pico-args v0.5.0
[INFO] [stderr]    Compiling indexmap v1.9.3
[INFO] [stderr]    Compiling drop_bomb v0.1.5
[INFO] [stderr]    Compiling rome_js_unicode_table v0.0.1
[INFO] [stderr]    Compiling smallvec v1.11.2
[INFO] [stderr]    Compiling proc-macro-error-attr v1.0.4
[INFO] [stderr]    Compiling proc-macro-error v1.0.4
[INFO] [stderr]    Compiling tracing v0.1.40
[INFO] [stderr]    Compiling bstr v0.2.17
[INFO] [stderr]    Compiling object v0.32.2
[INFO] [stderr]    Compiling similar v2.4.0
[INFO] [stderr]    Compiling cc v1.0.83
[INFO] [stderr]    Compiling atty v0.2.14
[INFO] [stderr]    Compiling rome_markup v0.0.1
[INFO] [stderr]    Compiling backtrace v0.3.69
[INFO] [stderr]    Compiling serde_derive_internals v0.26.0
[INFO] [stderr]    Compiling addr2line v0.21.0
[INFO] [stderr]    Compiling rome_diagnostics_macros v0.0.1
[INFO] [stderr]    Compiling schemars_derive v0.8.16
[INFO] [stderr]    Compiling rome_text_size v0.0.1
[INFO] [stderr]    Compiling serde_json v1.0.111
[INFO] [stderr]    Compiling rome_text_edit v0.0.1
[INFO] [stderr]    Compiling rome_rowan v0.0.1
[INFO] [stderr]    Compiling rome_console v0.0.1
[INFO] [stderr]    Compiling rome_diagnostics v0.0.1
[INFO] [stderr]    Compiling rome_js_syntax v0.0.2
[INFO] [stderr]    Compiling rome_parser v0.0.1
[INFO] [stderr]    Compiling rome_js_factory v0.0.2
[INFO] [stderr]    Compiling rome_js_parser v0.0.2 (/opt/rustwide/workdir)
[INFO] [stderr]     Finished dev [unoptimized + debuginfo] target(s) in 11.84s
[INFO] running `Command { std: "docker" "inspect" "628920db066fb1cb54cbd1869b866ce8f6a018ceee838c7f4a20a3614630080e", kill_on_drop: false }`
[INFO] running `Command { std: "docker" "rm" "-f" "628920db066fb1cb54cbd1869b866ce8f6a018ceee838c7f4a20a3614630080e", kill_on_drop: false }`
[INFO] [stdout] 628920db066fb1cb54cbd1869b866ce8f6a018ceee838c7f4a20a3614630080e
[INFO] running `Command { std: "docker" "create" "-v" "/var/lib/crater-agent-workspace/builds/worker-3-tc1/target:/opt/rustwide/target:rw,Z" "-v" "/var/lib/crater-agent-workspace/builds/worker-3-tc1/source:/opt/rustwide/workdir:ro,Z" "-v" "/var/lib/crater-agent-workspace/cargo-home:/opt/rustwide/cargo-home:ro,Z" "-v" "/var/lib/crater-agent-workspace/rustup-home:/opt/rustwide/rustup-home:ro,Z" "-e" "SOURCE_DIR=/opt/rustwide/workdir" "-e" "CARGO_TARGET_DIR=/opt/rustwide/target" "-e" "CARGO_INCREMENTAL=0" "-e" "RUST_BACKTRACE=full" "-e" "RUSTFLAGS=--cap-lints=warn" "-e" "RUSTDOCFLAGS=--cap-lints=warn" "-e" "CARGO_HOME=/opt/rustwide/cargo-home" "-e" "RUSTUP_HOME=/opt/rustwide/rustup-home" "-w" "/opt/rustwide/workdir" "-m" "1610612736" "--user" "0:0" "--network" "none" "ghcr.io/rust-lang/crates-build-env/linux@sha256:2788e3201cd34a07e3172128adcd8b3090168a8e3bcc40d7c032b9dda1df7d1c" "/opt/rustwide/cargo-home/bin/cargo" "+1.75.0" "test" "--frozen" "--no-run" "--message-format=json", kill_on_drop: false }`
[INFO] [stdout] 0edcb711f3952440ab54f2b343152d2e8e5bda82f5f21c21e203116845d8f968
[INFO] running `Command { std: "docker" "start" "-a" "0edcb711f3952440ab54f2b343152d2e8e5bda82f5f21c21e203116845d8f968", kill_on_drop: false }`
[INFO] [stderr]    Compiling memchr v2.7.1
[INFO] [stderr]    Compiling syn v1.0.109
[INFO] [stderr]    Compiling regex-syntax v0.8.2
[INFO] [stderr]    Compiling getrandom v0.2.11
[INFO] [stderr]    Compiling dissimilar v1.0.7
[INFO] [stderr]    Compiling rand_core v0.6.4
[INFO] [stderr]    Compiling expect-test v1.4.1
[INFO] [stderr]    Compiling rand v0.8.5
[INFO] [stderr]    Compiling bstr v0.2.17
[INFO] [stderr]    Compiling object v0.32.2
[INFO] [stderr]    Compiling aho-corasick v1.1.2
[INFO] [stderr]    Compiling similar v2.4.0
[INFO] [stderr]    Compiling rome_text_edit v0.0.1
[INFO] [stderr]    Compiling rome_rowan v0.0.1
[INFO] [stderr]    Compiling regex-automata v0.4.3
[INFO] [stderr]    Compiling serde_derive_internals v0.26.0
[INFO] [stderr]    Compiling backtrace v0.3.69
[INFO] [stderr]    Compiling regex v1.10.2
[INFO] [stderr]    Compiling env_logger v0.8.4
[INFO] [stderr]    Compiling schemars_derive v0.8.16
[INFO] [stderr]    Compiling rome_diagnostics_macros v0.0.1
[INFO] [stderr]    Compiling quickcheck_macros v1.0.0
[INFO] [stderr]    Compiling quickcheck v1.0.3
[INFO] [stderr]    Compiling schemars v0.8.16
[INFO] [stderr]    Compiling rome_console v0.0.1
[INFO] [stderr]    Compiling rome_diagnostics v0.0.1
[INFO] [stderr]    Compiling rome_js_syntax v0.0.2
[INFO] [stderr]    Compiling rome_parser v0.0.1
[INFO] [stderr]    Compiling rome_js_factory v0.0.2
[INFO] [stderr]    Compiling rome_js_parser v0.0.2 (/opt/rustwide/workdir)
[INFO] [stdout] error[E0433]: failed to resolve: use of undeclared crate or module `tests_macros`
[INFO] [stdout]    --> src/tests.rs:146:9
[INFO] [stdout]     |
[INFO] [stdout] 146 |         tests_macros::gen_tests! {"test_data/inline/ok/**/*.{js,ts,jsx,tsx}", crate::tests::run_and_expect_no_errors, ""}
[INFO] [stdout]     |         ^^^^^^^^^^^^ use of undeclared crate or module `tests_macros`
[INFO] [stdout] 
[INFO] [stdout] 
[INFO] [stdout] error[E0433]: failed to resolve: use of undeclared crate or module `tests_macros`
[INFO] [stdout]    --> src/tests.rs:149:9
[INFO] [stdout]     |
[INFO] [stdout] 149 |         tests_macros::gen_tests! {"test_data/inline/err/**/*.{js,ts,jsx,tsx}", crate::tests::run_and_expect_errors, ""}
[INFO] [stdout]     |         ^^^^^^^^^^^^ use of undeclared crate or module `tests_macros`
[INFO] [stdout] 
[INFO] [stdout] 
[INFO] [stdout] error: aborting due to 2 previous errors
[INFO] [stdout] 
[INFO] [stdout] 
[INFO] [stdout] For more information about this error, try `rustc --explain E0433`.
[INFO] [stdout] 
[INFO] [stderr] error: could not compile `rome_js_parser` (lib test) due to 3 previous errors
[INFO] running `Command { std: "docker" "inspect" "0edcb711f3952440ab54f2b343152d2e8e5bda82f5f21c21e203116845d8f968", kill_on_drop: false }`
[INFO] running `Command { std: "docker" "rm" "-f" "0edcb711f3952440ab54f2b343152d2e8e5bda82f5f21c21e203116845d8f968", kill_on_drop: false }`
[INFO] [stdout] 0edcb711f3952440ab54f2b343152d2e8e5bda82f5f21c21e203116845d8f968
[INFO] testing rome_js_parser-0.0.2 against beta-2023-12-22 for beta-1.76-1
[INFO] extracting crate rome_js_parser 0.0.2 into /workspace/builds/worker-3-tc2/source
[INFO] validating manifest of crates.io crate rome_js_parser 0.0.2 on toolchain beta-2023-12-22
[INFO] running `Command { std: CARGO_HOME="/workspace/cargo-home" RUSTUP_HOME="/workspace/rustup-home" "/workspace/cargo-home/bin/cargo" "+beta-2023-12-22" "metadata" "--manifest-path" "Cargo.toml" "--no-deps", kill_on_drop: false }`
[INFO] started tweaking crates.io crate rome_js_parser 0.0.2
[INFO] finished tweaking crates.io crate rome_js_parser 0.0.2
[INFO] tweaked toml for crates.io crate rome_js_parser 0.0.2 written to /workspace/builds/worker-3-tc2/source/Cargo.toml
[INFO] running `Command { std: CARGO_HOME="/workspace/cargo-home" RUSTUP_HOME="/workspace/rustup-home" "/workspace/cargo-home/bin/cargo" "+beta-2023-12-22" "generate-lockfile" "--manifest-path" "Cargo.toml", kill_on_drop: false }`
[INFO] [stderr]     Updating crates.io index
[INFO] running `Command { std: CARGO_HOME="/workspace/cargo-home" RUSTUP_HOME="/workspace/rustup-home" "/workspace/cargo-home/bin/cargo" "+beta-2023-12-22" "fetch" "--manifest-path" "Cargo.toml", kill_on_drop: false }`
[INFO] running `Command { std: "docker" "create" "-v" "/var/lib/crater-agent-workspace/builds/worker-3-tc2/target:/opt/rustwide/target:rw,Z" "-v" "/var/lib/crater-agent-workspace/builds/worker-3-tc2/source:/opt/rustwide/workdir:ro,Z" "-v" "/var/lib/crater-agent-workspace/cargo-home:/opt/rustwide/cargo-home:ro,Z" "-v" "/var/lib/crater-agent-workspace/rustup-home:/opt/rustwide/rustup-home:ro,Z" "-e" "SOURCE_DIR=/opt/rustwide/workdir" "-e" "CARGO_TARGET_DIR=/opt/rustwide/target" "-e" "CARGO_HOME=/opt/rustwide/cargo-home" "-e" "RUSTUP_HOME=/opt/rustwide/rustup-home" "-w" "/opt/rustwide/workdir" "-m" "1610612736" "--user" "0:0" "--network" "none" "ghcr.io/rust-lang/crates-build-env/linux@sha256:2788e3201cd34a07e3172128adcd8b3090168a8e3bcc40d7c032b9dda1df7d1c" "/opt/rustwide/cargo-home/bin/cargo" "+beta-2023-12-22" "metadata" "--no-deps" "--format-version=1", kill_on_drop: false }`
[INFO] [stdout] f61f4d777377a81a5586e8de4448b60357c6f727c8ebce0d9d81ad560fc6787a
[INFO] running `Command { std: "docker" "start" "-a" "f61f4d777377a81a5586e8de4448b60357c6f727c8ebce0d9d81ad560fc6787a", kill_on_drop: false }`
[INFO] running `Command { std: "docker" "inspect" "f61f4d777377a81a5586e8de4448b60357c6f727c8ebce0d9d81ad560fc6787a", kill_on_drop: false }`
[INFO] running `Command { std: "docker" "rm" "-f" "f61f4d777377a81a5586e8de4448b60357c6f727c8ebce0d9d81ad560fc6787a", kill_on_drop: false }`
[INFO] [stdout] f61f4d777377a81a5586e8de4448b60357c6f727c8ebce0d9d81ad560fc6787a
[INFO] running `Command { std: "docker" "create" "-v" "/var/lib/crater-agent-workspace/builds/worker-3-tc2/target:/opt/rustwide/target:rw,Z" "-v" "/var/lib/crater-agent-workspace/builds/worker-3-tc2/source:/opt/rustwide/workdir:ro,Z" "-v" "/var/lib/crater-agent-workspace/cargo-home:/opt/rustwide/cargo-home:ro,Z" "-v" "/var/lib/crater-agent-workspace/rustup-home:/opt/rustwide/rustup-home:ro,Z" "-e" "SOURCE_DIR=/opt/rustwide/workdir" "-e" "CARGO_TARGET_DIR=/opt/rustwide/target" "-e" "CARGO_INCREMENTAL=0" "-e" "RUST_BACKTRACE=full" "-e" "RUSTFLAGS=--cap-lints=warn" "-e" "RUSTDOCFLAGS=--cap-lints=warn" "-e" "CARGO_HOME=/opt/rustwide/cargo-home" "-e" "RUSTUP_HOME=/opt/rustwide/rustup-home" "-w" "/opt/rustwide/workdir" "-m" "1610612736" "--user" "0:0" "--network" "none" "ghcr.io/rust-lang/crates-build-env/linux@sha256:2788e3201cd34a07e3172128adcd8b3090168a8e3bcc40d7c032b9dda1df7d1c" "/opt/rustwide/cargo-home/bin/cargo" "+beta-2023-12-22" "build" "--frozen" "--message-format=json", kill_on_drop: false }`
[INFO] [stdout] 39e25670885846a6fa26f3b64b7882f3f989326457f4c39d851ae62bdf30f6bd
[INFO] running `Command { std: "docker" "start" "-a" "39e25670885846a6fa26f3b64b7882f3f989326457f4c39d851ae62bdf30f6bd", kill_on_drop: false }`
[INFO] [stderr]    Compiling version_check v0.9.4
[INFO] [stderr]    Compiling serde v1.0.194
[INFO] [stderr]    Compiling libc v0.2.151
[INFO] [stderr]    Compiling syn v1.0.109
[INFO] [stderr]    Compiling memchr v2.7.1
[INFO] [stderr]    Compiling regex-automata v0.1.10
[INFO] [stderr]    Compiling schemars v0.8.16
[INFO] [stderr]    Compiling once_cell v1.19.0
[INFO] [stderr]    Compiling memoffset v0.8.0
[INFO] [stderr]    Compiling hashbrown v0.12.3
[INFO] [stderr]    Compiling pin-project-lite v0.2.13
[INFO] [stderr]    Compiling gimli v0.28.1
[INFO] [stderr]    Compiling dyn-clone v1.0.16
[INFO] [stderr]    Compiling rustc-hash v1.1.0
[INFO] [stderr]    Compiling rome_diagnostics_categories v0.0.1
[INFO] [stderr]    Compiling serde_derive v1.0.194
[INFO] [stderr]    Compiling countme v3.0.1
[INFO] [stderr]    Compiling termcolor v1.4.0
[INFO] [stderr]    Compiling unicode-width v0.1.11
[INFO] [stderr]    Compiling tracing-core v0.1.32
[INFO] [stderr]    Compiling pico-args v0.5.0
[INFO] [stderr]    Compiling indexmap v1.9.3
[INFO] [stderr]    Compiling drop_bomb v0.1.5
[INFO] [stderr]    Compiling rome_js_unicode_table v0.0.1
[INFO] [stderr]    Compiling smallvec v1.11.2
[INFO] [stderr]    Compiling proc-macro-error-attr v1.0.4
[INFO] [stderr]    Compiling proc-macro-error v1.0.4
[INFO] [stderr]    Compiling bstr v0.2.17
[INFO] [stderr]    Compiling object v0.32.2
[INFO] [stderr]    Compiling tracing v0.1.40
[INFO] [stderr]    Compiling similar v2.4.0
[INFO] [stderr]    Compiling cc v1.0.83
[INFO] [stderr]    Compiling atty v0.2.14
[INFO] [stderr]    Compiling rome_markup v0.0.1
[INFO] [stderr]    Compiling backtrace v0.3.69
[INFO] [stderr]    Compiling serde_derive_internals v0.26.0
[INFO] [stderr]    Compiling addr2line v0.21.0
[INFO] [stderr]    Compiling rome_diagnostics_macros v0.0.1
[INFO] [stderr]    Compiling schemars_derive v0.8.16
[INFO] [stderr]    Compiling rome_text_size v0.0.1
[INFO] [stderr]    Compiling serde_json v1.0.111
[INFO] [stderr]    Compiling rome_text_edit v0.0.1
[INFO] [stderr]    Compiling rome_rowan v0.0.1
[INFO] [stderr]    Compiling rome_console v0.0.1
[INFO] [stderr]    Compiling rome_diagnostics v0.0.1
[INFO] [stderr]    Compiling rome_js_syntax v0.0.2
[INFO] [stderr]    Compiling rome_parser v0.0.1
[INFO] [stderr]    Compiling rome_js_factory v0.0.2
[INFO] [stderr]    Compiling rome_js_parser v0.0.2 (/opt/rustwide/workdir)
[INFO] [stderr]     Finished dev [unoptimized + debuginfo] target(s) in 11.41s
[INFO] running `Command { std: "docker" "inspect" "39e25670885846a6fa26f3b64b7882f3f989326457f4c39d851ae62bdf30f6bd", kill_on_drop: false }`
[INFO] running `Command { std: "docker" "rm" "-f" "39e25670885846a6fa26f3b64b7882f3f989326457f4c39d851ae62bdf30f6bd", kill_on_drop: false }`
[INFO] [stdout] 39e25670885846a6fa26f3b64b7882f3f989326457f4c39d851ae62bdf30f6bd
[INFO] running `Command { std: "docker" "create" "-v" "/var/lib/crater-agent-workspace/builds/worker-3-tc2/target:/opt/rustwide/target:rw,Z" "-v" "/var/lib/crater-agent-workspace/builds/worker-3-tc2/source:/opt/rustwide/workdir:ro,Z" "-v" "/var/lib/crater-agent-workspace/cargo-home:/opt/rustwide/cargo-home:ro,Z" "-v" "/var/lib/crater-agent-workspace/rustup-home:/opt/rustwide/rustup-home:ro,Z" "-e" "SOURCE_DIR=/opt/rustwide/workdir" "-e" "CARGO_TARGET_DIR=/opt/rustwide/target" "-e" "CARGO_INCREMENTAL=0" "-e" "RUST_BACKTRACE=full" "-e" "RUSTFLAGS=--cap-lints=warn" "-e" "RUSTDOCFLAGS=--cap-lints=warn" "-e" "CARGO_HOME=/opt/rustwide/cargo-home" "-e" "RUSTUP_HOME=/opt/rustwide/rustup-home" "-w" "/opt/rustwide/workdir" "-m" "1610612736" "--user" "0:0" "--network" "none" "ghcr.io/rust-lang/crates-build-env/linux@sha256:2788e3201cd34a07e3172128adcd8b3090168a8e3bcc40d7c032b9dda1df7d1c" "/opt/rustwide/cargo-home/bin/cargo" "+beta-2023-12-22" "test" "--frozen" "--no-run" "--message-format=json", kill_on_drop: false }`
[INFO] [stdout] 8fe1ebb8a3815c7a40212152551876f7f84bf41229cf7827655ec30a7d2ea637
[INFO] running `Command { std: "docker" "start" "-a" "8fe1ebb8a3815c7a40212152551876f7f84bf41229cf7827655ec30a7d2ea637", kill_on_drop: false }`
[INFO] [stderr]    Compiling memchr v2.7.1
[INFO] [stderr]    Compiling syn v1.0.109
[INFO] [stderr]    Compiling regex-syntax v0.8.2
[INFO] [stderr]    Compiling getrandom v0.2.11
[INFO] [stderr]    Compiling dissimilar v1.0.7
[INFO] [stderr]    Compiling rand_core v0.6.4
[INFO] [stderr]    Compiling expect-test v1.4.1
[INFO] [stderr]    Compiling rand v0.8.5
[INFO] [stderr]    Compiling bstr v0.2.17
[INFO] [stderr]    Compiling object v0.32.2
[INFO] [stderr]    Compiling aho-corasick v1.1.2
[INFO] [stderr]    Compiling similar v2.4.0
[INFO] [stderr]    Compiling rome_text_edit v0.0.1
[INFO] [stderr]    Compiling rome_rowan v0.0.1
[INFO] [stderr]    Compiling regex-automata v0.4.3
[INFO] [stderr]    Compiling serde_derive_internals v0.26.0
[INFO] [stderr]    Compiling regex v1.10.2
[INFO] [stderr]    Compiling backtrace v0.3.69
[INFO] [stderr]    Compiling env_logger v0.8.4
[INFO] [stderr]    Compiling quickcheck v1.0.3
[INFO] [stderr]    Compiling schemars_derive v0.8.16
[INFO] [stderr]    Compiling rome_diagnostics_macros v0.0.1
[INFO] [stderr]    Compiling quickcheck_macros v1.0.0
[INFO] [stderr]    Compiling schemars v0.8.16
[INFO] [stderr]    Compiling rome_console v0.0.1
[INFO] [stderr]    Compiling rome_diagnostics v0.0.1
[INFO] [stderr]    Compiling rome_js_syntax v0.0.2
[INFO] [stderr]    Compiling rome_parser v0.0.1
[INFO] [stderr]    Compiling rome_js_factory v0.0.2
[INFO] [stderr]    Compiling rome_js_parser v0.0.2 (/opt/rustwide/workdir)
[INFO] [stdout] error[E0433]: failed to resolve: use of undeclared crate or module `tests_macros`
[INFO] [stdout]    --> src/tests.rs:146:9
[INFO] [stdout]     |
[INFO] [stdout] 146 |         tests_macros::gen_tests! {"test_data/inline/ok/**/*.{js,ts,jsx,tsx}", crate::tests::run_and_expect_no_errors, ""}
[INFO] [stdout]     |         ^^^^^^^^^^^^ use of undeclared crate or module `tests_macros`
[INFO] [stdout] 
[INFO] [stdout] 
[INFO] [stdout] error[E0433]: failed to resolve: use of undeclared crate or module `tests_macros`
[INFO] [stdout]    --> src/tests.rs:149:9
[INFO] [stdout]     |
[INFO] [stdout] 149 |         tests_macros::gen_tests! {"test_data/inline/err/**/*.{js,ts,jsx,tsx}", crate::tests::run_and_expect_errors, ""}
[INFO] [stdout]     |         ^^^^^^^^^^^^ use of undeclared crate or module `tests_macros`
[INFO] [stdout] 
[INFO] [stdout] 
[INFO] [stdout] error: aborting due to 2 previous errors
[INFO] [stdout] 
[INFO] [stdout] 
[INFO] [stdout] For more information about this error, try `rustc --explain E0433`.
[INFO] [stdout] 
[INFO] [stderr] error: could not compile `rome_js_parser` (lib test) due to 3 previous errors
[INFO] running `Command { std: "docker" "inspect" "8fe1ebb8a3815c7a40212152551876f7f84bf41229cf7827655ec30a7d2ea637", kill_on_drop: false }`
[INFO] running `Command { std: "docker" "rm" "-f" "8fe1ebb8a3815c7a40212152551876f7f84bf41229cf7827655ec30a7d2ea637", kill_on_drop: false }`
[INFO] [stdout] 8fe1ebb8a3815c7a40212152551876f7f84bf41229cf7827655ec30a7d2ea637
