[INFO] fetching crate rome_js_formatter 0.0.2...
[INFO] testing rome_js_formatter-0.0.2 against 1.75.0 for beta-1.76-1
[INFO] extracting crate rome_js_formatter 0.0.2 into /workspace/builds/worker-6-tc1/source
[INFO] validating manifest of crates.io crate rome_js_formatter 0.0.2 on toolchain 1.75.0
[INFO] running `Command { std: CARGO_HOME="/workspace/cargo-home" RUSTUP_HOME="/workspace/rustup-home" "/workspace/cargo-home/bin/cargo" "+1.75.0" "metadata" "--manifest-path" "Cargo.toml" "--no-deps", kill_on_drop: false }`
[INFO] started tweaking crates.io crate rome_js_formatter 0.0.2
[INFO] finished tweaking crates.io crate rome_js_formatter 0.0.2
[INFO] tweaked toml for crates.io crate rome_js_formatter 0.0.2 written to /workspace/builds/worker-6-tc1/source/Cargo.toml
[INFO] running `Command { std: CARGO_HOME="/workspace/cargo-home" RUSTUP_HOME="/workspace/rustup-home" "/workspace/cargo-home/bin/cargo" "+1.75.0" "generate-lockfile" "--manifest-path" "Cargo.toml", kill_on_drop: false }`
[INFO] [stderr]     Updating crates.io index
[INFO] running `Command { std: CARGO_HOME="/workspace/cargo-home" RUSTUP_HOME="/workspace/rustup-home" "/workspace/cargo-home/bin/cargo" "+1.75.0" "fetch" "--manifest-path" "Cargo.toml", kill_on_drop: false }`
[INFO] [stderr]  Downloading crates ...
[INFO] [stderr]   Downloaded rome_js_factory v0.0.1
[INFO] [stderr]   Downloaded rome_rowan v0.0.1
[INFO] [stderr]   Downloaded iai v0.1.1
[INFO] [stderr]   Downloaded rome_text_edit v0.0.1
[INFO] [stderr]   Downloaded rome_text_size v0.0.1
[INFO] [stderr]   Downloaded rome_formatter v0.0.1
[INFO] [stderr]   Downloaded rome_console v0.0.1
[INFO] [stderr]   Downloaded rome_diagnostics v0.0.1
[INFO] [stderr]   Downloaded rome_markup v0.0.1
[INFO] [stderr]   Downloaded rome_diagnostics_categories v0.0.1
[INFO] [stderr]   Downloaded rome_diagnostics_macros v0.0.1
[INFO] [stderr]   Downloaded rome_js_syntax v0.0.1
[INFO] running `Command { std: "docker" "create" "-v" "/var/lib/crater-agent-workspace/builds/worker-6-tc1/target:/opt/rustwide/target:rw,Z" "-v" "/var/lib/crater-agent-workspace/builds/worker-6-tc1/source:/opt/rustwide/workdir:ro,Z" "-v" "/var/lib/crater-agent-workspace/cargo-home:/opt/rustwide/cargo-home:ro,Z" "-v" "/var/lib/crater-agent-workspace/rustup-home:/opt/rustwide/rustup-home:ro,Z" "-e" "SOURCE_DIR=/opt/rustwide/workdir" "-e" "CARGO_TARGET_DIR=/opt/rustwide/target" "-e" "CARGO_HOME=/opt/rustwide/cargo-home" "-e" "RUSTUP_HOME=/opt/rustwide/rustup-home" "-w" "/opt/rustwide/workdir" "-m" "1610612736" "--user" "0:0" "--network" "none" "ghcr.io/rust-lang/crates-build-env/linux@sha256:2788e3201cd34a07e3172128adcd8b3090168a8e3bcc40d7c032b9dda1df7d1c" "/opt/rustwide/cargo-home/bin/cargo" "+1.75.0" "metadata" "--no-deps" "--format-version=1", kill_on_drop: false }`
[INFO] [stdout] e16acb683a3239ea58e4ed632e2415aac46cd610ba8e14609b1e98db18d3c133
[INFO] running `Command { std: "docker" "start" "-a" "e16acb683a3239ea58e4ed632e2415aac46cd610ba8e14609b1e98db18d3c133", kill_on_drop: false }`
[INFO] running `Command { std: "docker" "inspect" "e16acb683a3239ea58e4ed632e2415aac46cd610ba8e14609b1e98db18d3c133", kill_on_drop: false }`
[INFO] running `Command { std: "docker" "rm" "-f" "e16acb683a3239ea58e4ed632e2415aac46cd610ba8e14609b1e98db18d3c133", kill_on_drop: false }`
[INFO] [stdout] e16acb683a3239ea58e4ed632e2415aac46cd610ba8e14609b1e98db18d3c133
[INFO] running `Command { std: "docker" "create" "-v" "/var/lib/crater-agent-workspace/builds/worker-6-tc1/target:/opt/rustwide/target:rw,Z" "-v" "/var/lib/crater-agent-workspace/builds/worker-6-tc1/source:/opt/rustwide/workdir:ro,Z" "-v" "/var/lib/crater-agent-workspace/cargo-home:/opt/rustwide/cargo-home:ro,Z" "-v" "/var/lib/crater-agent-workspace/rustup-home:/opt/rustwide/rustup-home:ro,Z" "-e" "SOURCE_DIR=/opt/rustwide/workdir" "-e" "CARGO_TARGET_DIR=/opt/rustwide/target" "-e" "CARGO_INCREMENTAL=0" "-e" "RUST_BACKTRACE=full" "-e" "RUSTFLAGS=--cap-lints=warn" "-e" "RUSTDOCFLAGS=--cap-lints=warn" "-e" "CARGO_HOME=/opt/rustwide/cargo-home" "-e" "RUSTUP_HOME=/opt/rustwide/rustup-home" "-w" "/opt/rustwide/workdir" "-m" "1610612736" "--user" "0:0" "--network" "none" "ghcr.io/rust-lang/crates-build-env/linux@sha256:2788e3201cd34a07e3172128adcd8b3090168a8e3bcc40d7c032b9dda1df7d1c" "/opt/rustwide/cargo-home/bin/cargo" "+1.75.0" "build" "--frozen" "--message-format=json", kill_on_drop: false }`
[INFO] [stdout] f696e6d2e37716363905f8633b048d2aae910cb68051383ed14ee2007167c4c5
[INFO] running `Command { std: "docker" "start" "-a" "f696e6d2e37716363905f8633b048d2aae910cb68051383ed14ee2007167c4c5", kill_on_drop: false }`
[INFO] [stderr]    Compiling serde v1.0.194
[INFO] [stderr]    Compiling syn v1.0.109
[INFO] [stderr]    Compiling regex-automata v0.1.10
[INFO] [stderr]    Compiling schemars v0.8.16
[INFO] [stderr]    Compiling unicode-segmentation v1.10.1
[INFO] [stderr]    Compiling libc v0.2.151
[INFO] [stderr]    Compiling proc-macro-error v1.0.4
[INFO] [stderr]    Compiling memoffset v0.8.0
[INFO] [stderr]    Compiling hashbrown v0.12.3
[INFO] [stderr]    Compiling tracing v0.1.40
[INFO] [stderr]    Compiling proc-macro-error-attr v1.0.4
[INFO] [stderr]    Compiling rome_diagnostics_categories v0.0.1
[INFO] [stderr]    Compiling countme v3.0.1
[INFO] [stderr]    Compiling pico-args v0.5.0
[INFO] [stderr]    Compiling indexmap v1.9.3
[INFO] [stderr]    Compiling bstr v0.2.17
[INFO] [stderr]    Compiling similar v2.4.0
[INFO] [stderr]    Compiling rome_markup v0.0.1
[INFO] [stderr]    Compiling cc v1.0.83
[INFO] [stderr]    Compiling atty v0.2.14
[INFO] [stderr]    Compiling backtrace v0.3.69
[INFO] [stderr]    Compiling serde_derive_internals v0.26.0
[INFO] [stderr]    Compiling rome_diagnostics_macros v0.0.1
[INFO] [stderr]    Compiling schemars_derive v0.8.16
[INFO] [stderr]    Compiling rome_text_size v0.0.1
[INFO] [stderr]    Compiling serde_json v1.0.111
[INFO] [stderr]    Compiling rome_text_edit v0.0.1
[INFO] [stderr]    Compiling rome_rowan v0.0.1
[INFO] [stderr]    Compiling rome_console v0.0.1
[INFO] [stderr]    Compiling rome_diagnostics v0.0.1
[INFO] [stderr]    Compiling rome_js_syntax v0.0.1
[INFO] [stderr]    Compiling rome_formatter v0.0.1
[INFO] [stderr]    Compiling rome_js_factory v0.0.1
[INFO] [stderr]    Compiling rome_js_formatter v0.0.2 (/opt/rustwide/workdir)
[INFO] [stderr]     Finished dev [unoptimized + debuginfo] target(s) in 19.72s
[INFO] running `Command { std: "docker" "inspect" "f696e6d2e37716363905f8633b048d2aae910cb68051383ed14ee2007167c4c5", kill_on_drop: false }`
[INFO] running `Command { std: "docker" "rm" "-f" "f696e6d2e37716363905f8633b048d2aae910cb68051383ed14ee2007167c4c5", kill_on_drop: false }`
[INFO] [stdout] f696e6d2e37716363905f8633b048d2aae910cb68051383ed14ee2007167c4c5
[INFO] running `Command { std: "docker" "create" "-v" "/var/lib/crater-agent-workspace/builds/worker-6-tc1/target:/opt/rustwide/target:rw,Z" "-v" "/var/lib/crater-agent-workspace/builds/worker-6-tc1/source:/opt/rustwide/workdir:ro,Z" "-v" "/var/lib/crater-agent-workspace/cargo-home:/opt/rustwide/cargo-home:ro,Z" "-v" "/var/lib/crater-agent-workspace/rustup-home:/opt/rustwide/rustup-home:ro,Z" "-e" "SOURCE_DIR=/opt/rustwide/workdir" "-e" "CARGO_TARGET_DIR=/opt/rustwide/target" "-e" "CARGO_INCREMENTAL=0" "-e" "RUST_BACKTRACE=full" "-e" "RUSTFLAGS=--cap-lints=warn" "-e" "RUSTDOCFLAGS=--cap-lints=warn" "-e" "CARGO_HOME=/opt/rustwide/cargo-home" "-e" "RUSTUP_HOME=/opt/rustwide/rustup-home" "-w" "/opt/rustwide/workdir" "-m" "1610612736" "--user" "0:0" "--network" "none" "ghcr.io/rust-lang/crates-build-env/linux@sha256:2788e3201cd34a07e3172128adcd8b3090168a8e3bcc40d7c032b9dda1df7d1c" "/opt/rustwide/cargo-home/bin/cargo" "+1.75.0" "test" "--frozen" "--no-run" "--message-format=json", kill_on_drop: false }`
[INFO] [stdout] 3290da04da63de7e3ea9231b8c3d328ed04775668067a3b506614e47915a9a0b
[INFO] running `Command { std: "docker" "start" "-a" "3290da04da63de7e3ea9231b8c3d328ed04775668067a3b506614e47915a9a0b", kill_on_drop: false }`
[INFO] [stderr]    Compiling bstr v0.2.17
[INFO] [stderr]    Compiling hashbrown v0.14.3
[INFO] [stderr]    Compiling serde_derive_internals v0.26.0
[INFO] [stderr]    Compiling backtrace v0.3.69
[INFO] [stderr]    Compiling object v0.32.2
[INFO] [stderr]    Compiling regex-syntax v0.8.2
[INFO] [stderr]    Compiling rome_diagnostics_macros v0.0.1
[INFO] [stderr]    Compiling getrandom v0.2.11
[INFO] [stderr]    Compiling quickcheck_macros v1.0.0
[INFO] [stderr]    Compiling iai v0.1.1
[INFO] [stderr]    Compiling rand_core v0.6.4
[INFO] [stderr]    Compiling rand v0.8.5
[INFO] [stderr]    Compiling similar v2.4.0
[INFO] [stderr]    Compiling dashmap v5.5.3
[INFO] [stderr]    Compiling schemars_derive v0.8.16
[INFO] [stderr]    Compiling rome_text_edit v0.0.1
[INFO] [stderr]    Compiling countme v3.0.1
[INFO] [stderr]    Compiling rome_rowan v0.0.1
[INFO] [stderr]    Compiling regex-automata v0.4.3
[INFO] [stderr]    Compiling schemars v0.8.16
[INFO] [stderr]    Compiling rome_console v0.0.1
[INFO] [stderr]    Compiling regex v1.10.2
[INFO] [stderr]    Compiling globset v0.4.14
[INFO] [stderr]    Compiling rome_diagnostics v0.0.1
[INFO] [stderr]    Compiling env_logger v0.8.4
[INFO] [stderr]    Compiling insta v1.34.0
[INFO] [stderr]    Compiling quickcheck v1.0.3
[INFO] [stderr]    Compiling rome_js_syntax v0.0.1
[INFO] [stderr]    Compiling rome_formatter v0.0.1
[INFO] [stderr]    Compiling rome_js_factory v0.0.1
[INFO] [stderr]    Compiling rome_js_formatter v0.0.2 (/opt/rustwide/workdir)
[INFO] [stdout] error[E0432]: unresolved import `rome_js_parser`
[INFO] [stdout]    --> src/utils/binary_like_expression.rs:899:9
[INFO] [stdout]     |
[INFO] [stdout] 899 |     use rome_js_parser::parse_module;
[INFO] [stdout]     |         ^^^^^^^^^^^^^^ use of undeclared crate or module `rome_js_parser`
[INFO] [stdout] 
[INFO] [stdout] 
[INFO] [stdout] error[E0432]: unresolved import `rome_js_parser`
[INFO] [stdout]    --> src/utils/jsx.rs:567:9
[INFO] [stdout]     |
[INFO] [stdout] 567 |     use rome_js_parser::parse;
[INFO] [stdout]     |         ^^^^^^^^^^^^^^ use of undeclared crate or module `rome_js_parser`
[INFO] [stdout] 
[INFO] [stdout] 
[INFO] [stdout] error[E0432]: unresolved import `rome_js_parser`
[INFO] [stdout]    --> src/utils/test_call.rs:432:9
[INFO] [stdout]     |
[INFO] [stdout] 432 |     use rome_js_parser::parse;
[INFO] [stdout]     |         ^^^^^^^^^^^^^^ use of undeclared crate or module `rome_js_parser`
[INFO] [stdout] 
[INFO] [stdout] 
[INFO] [stdout] error[E0432]: unresolved import `rome_js_parser`
[INFO] [stdout]    --> src/syntax_rewriter.rs:447:9
[INFO] [stdout]     |
[INFO] [stdout] 447 |     use rome_js_parser::{parse, parse_module};
[INFO] [stdout]     |         ^^^^^^^^^^^^^^ use of undeclared crate or module `rome_js_parser`
[INFO] [stdout] 
[INFO] [stdout] 
[INFO] [stdout] error[E0432]: unresolved import `rome_js_parser`
[INFO] [stdout]    --> src/lib.rs:547:9
[INFO] [stdout]     |
[INFO] [stdout] 547 |     use rome_js_parser::{parse, parse_script};
[INFO] [stdout]     |         ^^^^^^^^^^^^^^ use of undeclared crate or module `rome_js_parser`
[INFO] [stdout] 
[INFO] [stdout] 
[INFO] [stdout] error[E0433]: failed to resolve: use of undeclared crate or module `rome_js_parser`
[INFO] [stdout]     --> src/parentheses.rs:1053:21
[INFO] [stdout]      |
[INFO] [stdout] 1053 |         let parse = rome_js_parser::parse(input, source_type);
[INFO] [stdout]      |                     ^^^^^^^^^^^^^^ use of undeclared crate or module `rome_js_parser`
[INFO] [stdout] 
[INFO] [stdout] 
[INFO] [stdout] error[E0433]: failed to resolve: use of undeclared crate or module `rome_js_parser`
[INFO] [stdout]     --> src/parentheses.rs:1094:21
[INFO] [stdout]      |
[INFO] [stdout] 1094 |         let parse = rome_js_parser::parse(input, source_type);
[INFO] [stdout]      |                     ^^^^^^^^^^^^^^ use of undeclared crate or module `rome_js_parser`
[INFO] [stdout] 
[INFO] [stdout] 
[INFO] [stdout] warning: unused import: `rome_rowan::AstNodeList`
[INFO] [stdout]    --> src/utils/test_call.rs:434:9
[INFO] [stdout]     |
[INFO] [stdout] 434 |     use rome_rowan::AstNodeList;
[INFO] [stdout]     |         ^^^^^^^^^^^^^^^^^^^^^^^
[INFO] [stdout]     |
[INFO] [stdout]     = note: `#[warn(unused_imports)]` on by default
[INFO] [stdout] 
[INFO] [stdout] 
[INFO] [stdout] error: aborting due to 7 previous errors; 1 warning emitted
[INFO] [stdout] 
[INFO] [stdout] 
[INFO] [stdout] Some errors have detailed explanations: E0432, E0433.
[INFO] [stdout] 
[INFO] [stdout] For more information about an error, try `rustc --explain E0432`.
[INFO] [stdout] 
[INFO] [stderr] error: could not compile `rome_js_formatter` (lib test) due to 8 previous errors; 1 warning emitted
[INFO] [stderr] warning: build failed, waiting for other jobs to finish...
[INFO] running `Command { std: "docker" "inspect" "3290da04da63de7e3ea9231b8c3d328ed04775668067a3b506614e47915a9a0b", kill_on_drop: false }`
[INFO] running `Command { std: "docker" "rm" "-f" "3290da04da63de7e3ea9231b8c3d328ed04775668067a3b506614e47915a9a0b", kill_on_drop: false }`
[INFO] [stdout] 3290da04da63de7e3ea9231b8c3d328ed04775668067a3b506614e47915a9a0b
