[INFO] fetching crate rome_formatter 0.0.1...
[INFO] testing rome_formatter-0.0.1 against 1.75.0 for beta-1.76-1
[INFO] extracting crate rome_formatter 0.0.1 into /workspace/builds/worker-7-tc1/source
[INFO] validating manifest of crates.io crate rome_formatter 0.0.1 on toolchain 1.75.0
[INFO] running `Command { std: CARGO_HOME="/workspace/cargo-home" RUSTUP_HOME="/workspace/rustup-home" "/workspace/cargo-home/bin/cargo" "+1.75.0" "metadata" "--manifest-path" "Cargo.toml" "--no-deps", kill_on_drop: false }`
[INFO] started tweaking crates.io crate rome_formatter 0.0.1
[INFO] finished tweaking crates.io crate rome_formatter 0.0.1
[INFO] tweaked toml for crates.io crate rome_formatter 0.0.1 written to /workspace/builds/worker-7-tc1/source/Cargo.toml
[INFO] running `Command { std: CARGO_HOME="/workspace/cargo-home" RUSTUP_HOME="/workspace/rustup-home" "/workspace/cargo-home/bin/cargo" "+1.75.0" "generate-lockfile" "--manifest-path" "Cargo.toml", kill_on_drop: false }`
[INFO] [stderr]     Updating crates.io index
[INFO] running `Command { std: CARGO_HOME="/workspace/cargo-home" RUSTUP_HOME="/workspace/rustup-home" "/workspace/cargo-home/bin/cargo" "+1.75.0" "fetch" "--manifest-path" "Cargo.toml", kill_on_drop: false }`
[INFO] [stderr]  Downloading crates ...
[INFO] [stderr]   Downloaded rome_text_edit v0.0.1
[INFO] [stderr]   Downloaded rome_markup v0.0.1
[INFO] [stderr]   Downloaded rome_diagnostics_macros v0.0.1
[INFO] [stderr]   Downloaded rome_diagnostics_categories v0.0.1
[INFO] [stderr]   Downloaded rome_console v0.0.1
[INFO] [stderr]   Downloaded rome_text_size v0.0.1
[INFO] [stderr]   Downloaded rome_rowan v0.0.1
[INFO] [stderr]   Downloaded rome_diagnostics v0.0.1
[INFO] running `Command { std: "docker" "create" "-v" "/var/lib/crater-agent-workspace/builds/worker-7-tc1/target:/opt/rustwide/target:rw,Z" "-v" "/var/lib/crater-agent-workspace/builds/worker-7-tc1/source:/opt/rustwide/workdir:ro,Z" "-v" "/var/lib/crater-agent-workspace/cargo-home:/opt/rustwide/cargo-home:ro,Z" "-v" "/var/lib/crater-agent-workspace/rustup-home:/opt/rustwide/rustup-home:ro,Z" "-e" "SOURCE_DIR=/opt/rustwide/workdir" "-e" "CARGO_TARGET_DIR=/opt/rustwide/target" "-e" "CARGO_HOME=/opt/rustwide/cargo-home" "-e" "RUSTUP_HOME=/opt/rustwide/rustup-home" "-w" "/opt/rustwide/workdir" "-m" "1610612736" "--user" "0:0" "--network" "none" "ghcr.io/rust-lang/crates-build-env/linux@sha256:2788e3201cd34a07e3172128adcd8b3090168a8e3bcc40d7c032b9dda1df7d1c" "/opt/rustwide/cargo-home/bin/cargo" "+1.75.0" "metadata" "--no-deps" "--format-version=1", kill_on_drop: false }`
[INFO] [stdout] 1dc5f5c897ec6e62854106f88cc24ecc8704f03ab565f7ed5866843d13cd63f9
[INFO] running `Command { std: "docker" "start" "-a" "1dc5f5c897ec6e62854106f88cc24ecc8704f03ab565f7ed5866843d13cd63f9", kill_on_drop: false }`
[INFO] running `Command { std: "docker" "inspect" "1dc5f5c897ec6e62854106f88cc24ecc8704f03ab565f7ed5866843d13cd63f9", kill_on_drop: false }`
[INFO] running `Command { std: "docker" "rm" "-f" "1dc5f5c897ec6e62854106f88cc24ecc8704f03ab565f7ed5866843d13cd63f9", kill_on_drop: false }`
[INFO] [stdout] 1dc5f5c897ec6e62854106f88cc24ecc8704f03ab565f7ed5866843d13cd63f9
[INFO] running `Command { std: "docker" "create" "-v" "/var/lib/crater-agent-workspace/builds/worker-7-tc1/target:/opt/rustwide/target:rw,Z" "-v" "/var/lib/crater-agent-workspace/builds/worker-7-tc1/source:/opt/rustwide/workdir:ro,Z" "-v" "/var/lib/crater-agent-workspace/cargo-home:/opt/rustwide/cargo-home:ro,Z" "-v" "/var/lib/crater-agent-workspace/rustup-home:/opt/rustwide/rustup-home:ro,Z" "-e" "SOURCE_DIR=/opt/rustwide/workdir" "-e" "CARGO_TARGET_DIR=/opt/rustwide/target" "-e" "CARGO_INCREMENTAL=0" "-e" "RUST_BACKTRACE=full" "-e" "RUSTFLAGS=--cap-lints=warn" "-e" "RUSTDOCFLAGS=--cap-lints=warn" "-e" "CARGO_HOME=/opt/rustwide/cargo-home" "-e" "RUSTUP_HOME=/opt/rustwide/rustup-home" "-w" "/opt/rustwide/workdir" "-m" "1610612736" "--user" "0:0" "--network" "none" "ghcr.io/rust-lang/crates-build-env/linux@sha256:2788e3201cd34a07e3172128adcd8b3090168a8e3bcc40d7c032b9dda1df7d1c" "/opt/rustwide/cargo-home/bin/cargo" "+1.75.0" "build" "--frozen" "--message-format=json", kill_on_drop: false }`
[INFO] [stdout] 56c3bd5cc02d91070a4859efe18fad21abca52ea8309a529e48f2285aba59a71
[INFO] running `Command { std: "docker" "start" "-a" "56c3bd5cc02d91070a4859efe18fad21abca52ea8309a529e48f2285aba59a71", kill_on_drop: false }`
[INFO] [stderr]    Compiling proc-macro2 v1.0.75
[INFO] [stderr]    Compiling unicode-ident v1.0.12
[INFO] [stderr]    Compiling version_check v0.9.4
[INFO] [stderr]    Compiling serde v1.0.194
[INFO] [stderr]    Compiling libc v0.2.151
[INFO] [stderr]    Compiling autocfg v1.1.0
[INFO] [stderr]    Compiling syn v1.0.109
[INFO] [stderr]    Compiling memchr v2.7.1
[INFO] [stderr]    Compiling serde_json v1.0.111
[INFO] [stderr]    Compiling regex-automata v0.1.10
[INFO] [stderr]    Compiling lazy_static v1.4.0
[INFO] [stderr]    Compiling once_cell v1.19.0
[INFO] [stderr]    Compiling schemars v0.8.16
[INFO] [stderr]    Compiling itoa v1.0.10
[INFO] [stderr]    Compiling unicode-segmentation v1.10.1
[INFO] [stderr]    Compiling ryu v1.0.16
[INFO] [stderr]    Compiling pin-project-lite v0.2.13
[INFO] [stderr]    Compiling hashbrown v0.12.3
[INFO] [stderr]    Compiling adler v1.0.2
[INFO] [stderr]    Compiling tracing-core v0.1.32
[INFO] [stderr]    Compiling gimli v0.28.1
[INFO] [stderr]    Compiling dyn-clone v1.0.16
[INFO] [stderr]    Compiling miniz_oxide v0.7.1
[INFO] [stderr]    Compiling unicode-width v0.1.11
[INFO] [stderr]    Compiling termcolor v1.4.0
[INFO] [stderr]    Compiling rustc-demangle v0.1.23
[INFO] [stderr]    Compiling countme v3.0.1
[INFO] [stderr]    Compiling rustc-hash v1.1.0
[INFO] [stderr]    Compiling pico-args v0.5.0
[INFO] [stderr]    Compiling bitflags v1.3.2
[INFO] [stderr]    Compiling proc-macro-error-attr v1.0.4
[INFO] [stderr]    Compiling proc-macro-error v1.0.4
[INFO] [stderr]    Compiling bstr v0.2.17
[INFO] [stderr]    Compiling object v0.32.2
[INFO] [stderr]    Compiling memoffset v0.8.0
[INFO] [stderr]    Compiling indexmap v1.9.3
[INFO] [stderr]    Compiling drop_bomb v0.1.5
[INFO] [stderr]    Compiling tracing v0.1.40
[INFO] [stderr]    Compiling quote v1.0.35
[INFO] [stderr]    Compiling similar v2.4.0
[INFO] [stderr]    Compiling syn v2.0.48
[INFO] [stderr]    Compiling cc v1.0.83
[INFO] [stderr]    Compiling atty v0.2.14
[INFO] [stderr]    Compiling rome_diagnostics_categories v0.0.1
[INFO] [stderr]    Compiling rome_markup v0.0.1
[INFO] [stderr]    Compiling addr2line v0.21.0
[INFO] [stderr]    Compiling backtrace v0.3.69
[INFO] [stderr]    Compiling serde_derive_internals v0.26.0
[INFO] [stderr]    Compiling serde_derive v1.0.194
[INFO] [stderr]    Compiling rome_diagnostics_macros v0.0.1
[INFO] [stderr]    Compiling schemars_derive v0.8.16
[INFO] [stderr]    Compiling rome_text_size v0.0.1
[INFO] [stderr]    Compiling rome_text_edit v0.0.1
[INFO] [stderr]    Compiling rome_rowan v0.0.1
[INFO] [stderr]    Compiling rome_console v0.0.1
[INFO] [stderr]    Compiling rome_diagnostics v0.0.1
[INFO] [stderr]    Compiling rome_formatter v0.0.1 (/opt/rustwide/workdir)
[INFO] [stdout] warning: ambiguous glob re-exports
[INFO] [stdout]  --> src/prelude.rs:1:9
[INFO] [stdout]   |
[INFO] [stdout] 1 | pub use crate::builders::*;
[INFO] [stdout]   |         ^^^^^^^^^^^^^^^^^^ the name `BestFitting` in the type namespace is first re-exported here
[INFO] [stdout] 2 | pub use crate::format_element::*;
[INFO] [stdout]   |         ------------------------ but the name `BestFitting` in the type namespace is also re-exported here
[INFO] [stdout]   |
[INFO] [stdout]   = note: `#[warn(ambiguous_glob_reexports)]` on by default
[INFO] [stdout] 
[INFO] [stdout] 
[INFO] [stdout] warning: 1 warning emitted
[INFO] [stdout] 
[INFO] [stdout] 
[INFO] [stderr]     Finished dev [unoptimized + debuginfo] target(s) in 12.52s
[INFO] running `Command { std: "docker" "inspect" "56c3bd5cc02d91070a4859efe18fad21abca52ea8309a529e48f2285aba59a71", kill_on_drop: false }`
[INFO] running `Command { std: "docker" "rm" "-f" "56c3bd5cc02d91070a4859efe18fad21abca52ea8309a529e48f2285aba59a71", kill_on_drop: false }`
[INFO] [stdout] 56c3bd5cc02d91070a4859efe18fad21abca52ea8309a529e48f2285aba59a71
[INFO] running `Command { std: "docker" "create" "-v" "/var/lib/crater-agent-workspace/builds/worker-7-tc1/target:/opt/rustwide/target:rw,Z" "-v" "/var/lib/crater-agent-workspace/builds/worker-7-tc1/source:/opt/rustwide/workdir:ro,Z" "-v" "/var/lib/crater-agent-workspace/cargo-home:/opt/rustwide/cargo-home:ro,Z" "-v" "/var/lib/crater-agent-workspace/rustup-home:/opt/rustwide/rustup-home:ro,Z" "-e" "SOURCE_DIR=/opt/rustwide/workdir" "-e" "CARGO_TARGET_DIR=/opt/rustwide/target" "-e" "CARGO_INCREMENTAL=0" "-e" "RUST_BACKTRACE=full" "-e" "RUSTFLAGS=--cap-lints=warn" "-e" "RUSTDOCFLAGS=--cap-lints=warn" "-e" "CARGO_HOME=/opt/rustwide/cargo-home" "-e" "RUSTUP_HOME=/opt/rustwide/rustup-home" "-w" "/opt/rustwide/workdir" "-m" "1610612736" "--user" "0:0" "--network" "none" "ghcr.io/rust-lang/crates-build-env/linux@sha256:2788e3201cd34a07e3172128adcd8b3090168a8e3bcc40d7c032b9dda1df7d1c" "/opt/rustwide/cargo-home/bin/cargo" "+1.75.0" "test" "--frozen" "--no-run" "--message-format=json", kill_on_drop: false }`
[INFO] [stdout] a74f269473a5c105f40284b41b177d6e8cb9cb622ff30b45dc58e46f035f5827
[INFO] running `Command { std: "docker" "start" "-a" "a74f269473a5c105f40284b41b177d6e8cb9cb622ff30b45dc58e46f035f5827", kill_on_drop: false }`
[INFO] [stderr]    Compiling libc v0.2.151
[INFO] [stderr]    Compiling similar v2.4.0
[INFO] [stderr]    Compiling linked-hash-map v0.5.6
[INFO] [stderr]    Compiling yaml-rust v0.4.5
[INFO] [stderr]    Compiling rome_text_edit v0.0.1
[INFO] [stderr]    Compiling cc v1.0.83
[INFO] [stderr]    Compiling rome_rowan v0.0.1
[INFO] [stderr]    Compiling atty v0.2.14
[INFO] [stderr]    Compiling console v0.15.7
[INFO] [stderr]    Compiling rome_console v0.0.1
[INFO] [stderr]    Compiling insta v1.34.0
[INFO] [stderr]    Compiling backtrace v0.3.69
[INFO] [stderr]    Compiling rome_diagnostics v0.0.1
[INFO] [stderr]    Compiling rome_formatter v0.0.1 (/opt/rustwide/workdir)
[INFO] [stdout] warning: ambiguous glob re-exports
[INFO] [stdout]  --> src/prelude.rs:1:9
[INFO] [stdout]   |
[INFO] [stdout] 1 | pub use crate::builders::*;
[INFO] [stdout]   |         ^^^^^^^^^^^^^^^^^^ the name `BestFitting` in the type namespace is first re-exported here
[INFO] [stdout] 2 | pub use crate::format_element::*;
[INFO] [stdout]   |         ------------------------ but the name `BestFitting` in the type namespace is also re-exported here
[INFO] [stdout]   |
[INFO] [stdout]   = note: `#[warn(ambiguous_glob_reexports)]` on by default
[INFO] [stdout] 
[INFO] [stdout] 
[INFO] [stdout] error[E0432]: unresolved import `rome_js_parser`
[INFO] [stdout]    --> src/comments/builder.rs:642:9
[INFO] [stdout]     |
[INFO] [stdout] 642 |     use rome_js_parser::parse_module;
[INFO] [stdout]     |         ^^^^^^^^^^^^^^ use of undeclared crate or module `rome_js_parser`
[INFO] [stdout] 
[INFO] [stdout] 
[INFO] [stdout] error[E0432]: unresolved import `rome_js_syntax`
[INFO] [stdout]    --> src/comments/builder.rs:643:9
[INFO] [stdout]     |
[INFO] [stdout] 643 |     use rome_js_syntax::{
[INFO] [stdout]     |         ^^^^^^^^^^^^^^ use of undeclared crate or module `rome_js_syntax`
[INFO] [stdout] 
[INFO] [stdout] 
[INFO] [stdout] error[E0432]: unresolved import `rome_js_syntax`
[INFO] [stdout]    --> src/diagnostics.rs:252:9
[INFO] [stdout]     |
[INFO] [stdout] 252 |     use rome_js_syntax::TextRange;
[INFO] [stdout]     |         ^^^^^^^^^^^^^^ use of undeclared crate or module `rome_js_syntax`
[INFO] [stdout] 
[INFO] [stdout] 
[INFO] [stdout] warning: ambiguous glob re-exports
[INFO] [stdout]  --> src/prelude.rs:1:9
[INFO] [stdout]   |
[INFO] [stdout] 1 | pub use crate::builders::*;
[INFO] [stdout]   |         ^^^^^^^^^^^^^^^^^^ the name `BestFitting` in the type namespace is first re-exported here
[INFO] [stdout] 2 | pub use crate::format_element::*;
[INFO] [stdout]   |         ------------------------ but the name `BestFitting` in the type namespace is also re-exported here
[INFO] [stdout]   |
[INFO] [stdout]   = note: `#[warn(ambiguous_glob_reexports)]` on by default
[INFO] [stdout] 
[INFO] [stdout] 
[INFO] [stdout] error: aborting due to 3 previous errors; 1 warning emitted
[INFO] [stdout] 
[INFO] [stdout] 
[INFO] [stdout] For more information about this error, try `rustc --explain E0432`.
[INFO] [stdout] 
[INFO] [stderr] error: could not compile `rome_formatter` (lib test) due to 4 previous errors; 1 warning emitted
[INFO] [stderr] warning: build failed, waiting for other jobs to finish...
[INFO] [stdout] warning: 1 warning emitted
[INFO] [stdout] 
[INFO] [stdout] 
[INFO] running `Command { std: "docker" "inspect" "a74f269473a5c105f40284b41b177d6e8cb9cb622ff30b45dc58e46f035f5827", kill_on_drop: false }`
[INFO] running `Command { std: "docker" "rm" "-f" "a74f269473a5c105f40284b41b177d6e8cb9cb622ff30b45dc58e46f035f5827", kill_on_drop: false }`
[INFO] [stdout] a74f269473a5c105f40284b41b177d6e8cb9cb622ff30b45dc58e46f035f5827
