[INFO] fetching crate rocket-sessions 0.0.1...
[INFO] testing rocket-sessions-0.0.1 against 1.75.0 for beta-1.76-1
[INFO] extracting crate rocket-sessions 0.0.1 into /workspace/builds/worker-5-tc1/source
[INFO] validating manifest of crates.io crate rocket-sessions 0.0.1 on toolchain 1.75.0
[INFO] running `Command { std: CARGO_HOME="/workspace/cargo-home" RUSTUP_HOME="/workspace/rustup-home" "/workspace/cargo-home/bin/cargo" "+1.75.0" "metadata" "--manifest-path" "Cargo.toml" "--no-deps", kill_on_drop: false }`
[INFO] started tweaking crates.io crate rocket-sessions 0.0.1
[INFO] finished tweaking crates.io crate rocket-sessions 0.0.1
[INFO] tweaked toml for crates.io crate rocket-sessions 0.0.1 written to /workspace/builds/worker-5-tc1/source/Cargo.toml
[INFO] running `Command { std: CARGO_HOME="/workspace/cargo-home" RUSTUP_HOME="/workspace/rustup-home" "/workspace/cargo-home/bin/cargo" "+1.75.0" "generate-lockfile" "--manifest-path" "Cargo.toml", kill_on_drop: false }`
[INFO] [stderr]     Updating crates.io index
[INFO] running `Command { std: CARGO_HOME="/workspace/cargo-home" RUSTUP_HOME="/workspace/rustup-home" "/workspace/cargo-home/bin/cargo" "+1.75.0" "fetch" "--manifest-path" "Cargo.toml", kill_on_drop: false }`
[INFO] [stderr]  Downloading crates ...
[INFO] [stderr]   Downloaded parking_lot v0.4.8
[INFO] [stderr]   Downloaded chashmap v2.2.2
[INFO] [stderr]   Downloaded redis v0.21.7
[INFO] running `Command { std: "docker" "create" "-v" "/var/lib/crater-agent-workspace/builds/worker-5-tc1/target:/opt/rustwide/target:rw,Z" "-v" "/var/lib/crater-agent-workspace/builds/worker-5-tc1/source:/opt/rustwide/workdir:ro,Z" "-v" "/var/lib/crater-agent-workspace/cargo-home:/opt/rustwide/cargo-home:ro,Z" "-v" "/var/lib/crater-agent-workspace/rustup-home:/opt/rustwide/rustup-home:ro,Z" "-e" "SOURCE_DIR=/opt/rustwide/workdir" "-e" "CARGO_TARGET_DIR=/opt/rustwide/target" "-e" "CARGO_HOME=/opt/rustwide/cargo-home" "-e" "RUSTUP_HOME=/opt/rustwide/rustup-home" "-w" "/opt/rustwide/workdir" "-m" "1610612736" "--user" "0:0" "--network" "none" "ghcr.io/rust-lang/crates-build-env/linux@sha256:2788e3201cd34a07e3172128adcd8b3090168a8e3bcc40d7c032b9dda1df7d1c" "/opt/rustwide/cargo-home/bin/cargo" "+1.75.0" "metadata" "--no-deps" "--format-version=1", kill_on_drop: false }`
[INFO] [stdout] 57256b48e3e7738e6e0b6cfb7e1e522b4c38be470d3bd1bfdea0a25afe0da7de
[INFO] running `Command { std: "docker" "start" "-a" "57256b48e3e7738e6e0b6cfb7e1e522b4c38be470d3bd1bfdea0a25afe0da7de", kill_on_drop: false }`
[INFO] running `Command { std: "docker" "inspect" "57256b48e3e7738e6e0b6cfb7e1e522b4c38be470d3bd1bfdea0a25afe0da7de", kill_on_drop: false }`
[INFO] running `Command { std: "docker" "rm" "-f" "57256b48e3e7738e6e0b6cfb7e1e522b4c38be470d3bd1bfdea0a25afe0da7de", kill_on_drop: false }`
[INFO] [stdout] 57256b48e3e7738e6e0b6cfb7e1e522b4c38be470d3bd1bfdea0a25afe0da7de
[INFO] running `Command { std: "docker" "create" "-v" "/var/lib/crater-agent-workspace/builds/worker-5-tc1/target:/opt/rustwide/target:rw,Z" "-v" "/var/lib/crater-agent-workspace/builds/worker-5-tc1/source:/opt/rustwide/workdir:ro,Z" "-v" "/var/lib/crater-agent-workspace/cargo-home:/opt/rustwide/cargo-home:ro,Z" "-v" "/var/lib/crater-agent-workspace/rustup-home:/opt/rustwide/rustup-home:ro,Z" "-e" "SOURCE_DIR=/opt/rustwide/workdir" "-e" "CARGO_TARGET_DIR=/opt/rustwide/target" "-e" "CARGO_INCREMENTAL=0" "-e" "RUST_BACKTRACE=full" "-e" "RUSTFLAGS=--cap-lints=warn" "-e" "RUSTDOCFLAGS=--cap-lints=warn" "-e" "CARGO_HOME=/opt/rustwide/cargo-home" "-e" "RUSTUP_HOME=/opt/rustwide/rustup-home" "-w" "/opt/rustwide/workdir" "-m" "1610612736" "--user" "0:0" "--network" "none" "ghcr.io/rust-lang/crates-build-env/linux@sha256:2788e3201cd34a07e3172128adcd8b3090168a8e3bcc40d7c032b9dda1df7d1c" "/opt/rustwide/cargo-home/bin/cargo" "+1.75.0" "build" "--frozen" "--message-format=json", kill_on_drop: false }`
[INFO] [stdout] a0f06a142bb3d056d73e2e62ed49dbf1ced8a6e7e2ad98ae1b962d4c3b2718cb
[INFO] running `Command { std: "docker" "start" "-a" "a0f06a142bb3d056d73e2e62ed49dbf1ced8a6e7e2ad98ae1b962d4c3b2718cb", kill_on_drop: false }`
[INFO] [stderr]    Compiling async-trait v0.1.77
[INFO] [stderr]    Compiling syn v2.0.48
[INFO] [stderr]    Compiling rocket-sessions v0.0.1 (/opt/rustwide/workdir)
[INFO] [stderr]     Finished dev [unoptimized + debuginfo] target(s) in 4.57s
[INFO] running `Command { std: "docker" "inspect" "a0f06a142bb3d056d73e2e62ed49dbf1ced8a6e7e2ad98ae1b962d4c3b2718cb", kill_on_drop: false }`
[INFO] running `Command { std: "docker" "rm" "-f" "a0f06a142bb3d056d73e2e62ed49dbf1ced8a6e7e2ad98ae1b962d4c3b2718cb", kill_on_drop: false }`
[INFO] [stdout] a0f06a142bb3d056d73e2e62ed49dbf1ced8a6e7e2ad98ae1b962d4c3b2718cb
[INFO] running `Command { std: "docker" "create" "-v" "/var/lib/crater-agent-workspace/builds/worker-5-tc1/target:/opt/rustwide/target:rw,Z" "-v" "/var/lib/crater-agent-workspace/builds/worker-5-tc1/source:/opt/rustwide/workdir:ro,Z" "-v" "/var/lib/crater-agent-workspace/cargo-home:/opt/rustwide/cargo-home:ro,Z" "-v" "/var/lib/crater-agent-workspace/rustup-home:/opt/rustwide/rustup-home:ro,Z" "-e" "SOURCE_DIR=/opt/rustwide/workdir" "-e" "CARGO_TARGET_DIR=/opt/rustwide/target" "-e" "CARGO_INCREMENTAL=0" "-e" "RUST_BACKTRACE=full" "-e" "RUSTFLAGS=--cap-lints=warn" "-e" "RUSTDOCFLAGS=--cap-lints=warn" "-e" "CARGO_HOME=/opt/rustwide/cargo-home" "-e" "RUSTUP_HOME=/opt/rustwide/rustup-home" "-w" "/opt/rustwide/workdir" "-m" "1610612736" "--user" "0:0" "--network" "none" "ghcr.io/rust-lang/crates-build-env/linux@sha256:2788e3201cd34a07e3172128adcd8b3090168a8e3bcc40d7c032b9dda1df7d1c" "/opt/rustwide/cargo-home/bin/cargo" "+1.75.0" "test" "--frozen" "--no-run" "--message-format=json", kill_on_drop: false }`
[INFO] [stdout] 1f954a3a2bf11323127928f027ef1f16806272e00a3db48235d7f0f218e3d47b
[INFO] running `Command { std: "docker" "start" "-a" "1f954a3a2bf11323127928f027ef1f16806272e00a3db48235d7f0f218e3d47b", kill_on_drop: false }`
[INFO] [stderr]    Compiling memchr v2.7.1
[INFO] [stderr]    Compiling regex-syntax v0.8.2
[INFO] [stderr]    Compiling ppv-lite86 v0.2.17
[INFO] [stderr]    Compiling log v0.4.20
[INFO] [stderr]    Compiling termcolor v1.4.0
[INFO] [stderr]    Compiling humantime v2.1.0
[INFO] [stderr]    Compiling getrandom v0.2.11
[INFO] [stderr]    Compiling tokio-macros v2.2.0
[INFO] [stderr]    Compiling rand_core v0.6.4
[INFO] [stderr]    Compiling atty v0.2.14
[INFO] [stderr]    Compiling rand_chacha v0.3.1
[INFO] [stderr]    Compiling aho-corasick v1.1.2
[INFO] [stderr]    Compiling rand v0.8.5
[INFO] [stderr]    Compiling tokio v1.35.1
[INFO] [stderr]    Compiling regex-automata v0.4.3
[INFO] [stderr]    Compiling regex v1.10.2
[INFO] [stderr]    Compiling env_logger v0.9.3
[INFO] [stderr]    Compiling rocket-sessions v0.0.1 (/opt/rustwide/workdir)
[INFO] [stdout] error[E0432]: unresolved import `rocket_sessions::in_memory`
[INFO] [stdout]  --> tests/redis.rs:4:23
[INFO] [stdout]   |
[INFO] [stdout] 4 | use rocket_sessions::{in_memory::InMemory, SessionManager};
[INFO] [stdout]   |                       ^^^^^^^^^ could not find `in_memory` in `rocket_sessions`
[INFO] [stdout] 
[INFO] [stdout] 
[INFO] [stdout] error[E0432]: unresolved import `redis`
[INFO] [stdout]  --> tests/redis.rs:3:5
[INFO] [stdout]   |
[INFO] [stdout] 3 | use redis::Client;
[INFO] [stdout]   |     ^^^^^ use of undeclared crate or module `redis`
[INFO] [stdout] 
[INFO] [stdout] 
[INFO] [stdout] error[E0282]: type annotations needed
[INFO] [stdout]   --> tests/redis.rs:69:5
[INFO] [stdout]    |
[INFO] [stdout] 69 |     tokio::join!(set_and_get(client.clone()), expiration(client));
[INFO] [stdout]    |     ^^^^^^^^^^^^^^^^^^^^^^^^^^^^^^^^^^^^^^^^^^^^^^^^^^^^^^^^^^^^^ cannot infer type
[INFO] [stdout]    |
[INFO] [stdout]    = note: this error originates in the macro `$crate::join` which comes from the expansion of the macro `tokio::join` (in Nightly builds, run with -Z macro-backtrace for more info)
[INFO] [stdout] 
[INFO] [stdout] 
[INFO] [stdout] error[E0599]: no method named `poll` found for struct `Pin<_>` in the current scope
[INFO] [stdout]   --> tests/redis.rs:69:5
[INFO] [stdout]    |
[INFO] [stdout] 69 |     tokio::join!(set_and_get(client.clone()), expiration(client));
[INFO] [stdout]    |     ^^^^^^^^^^^^^^^^^^^^^^^^^^^^^^^^^^^^^^^^^^^^^^^^^^^^^^^^^^^^^ method not found in `Pin<_>`
[INFO] [stdout]    |
[INFO] [stdout] note: method is available for `Pin<&mut _>`
[INFO] [stdout]   --> /rustc/82e1608dfa6e0b5569232559e3d385fea5a93112/library/core/src/future/future.rs:105:5
[INFO] [stdout] note: method is available for `Pin<&_>`
[INFO] [stdout]   --> /rustc/82e1608dfa6e0b5569232559e3d385fea5a93112/library/core/src/future/future.rs:105:5
[INFO] [stdout]    = note: this error originates in the macro `$crate::join` which comes from the expansion of the macro `tokio::join` (in Nightly builds, run with -Z macro-backtrace for more info)
[INFO] [stdout] 
[INFO] [stdout] 
[INFO] [stdout] error[E0282]: type annotations needed
[INFO] [stdout]   --> tests/redis.rs:69:5
[INFO] [stdout]    |
[INFO] [stdout] 69 |     tokio::join!(set_and_get(client.clone()), expiration(client));
[INFO] [stdout]    |     ^^^^^^^^^^^^^^^^^^^^^^^^^^^^^^^^^^^^^^^^^^^^^^^^^^^^^^^^^^^^^ cannot infer type
[INFO] [stdout]    |
[INFO] [stdout]    = note: this error originates in the macro `$crate::join` which comes from the expansion of the macro `tokio::join` (in Nightly builds, run with -Z macro-backtrace for more info)
[INFO] [stdout] 
[INFO] [stdout] 
[INFO] [stdout] error[E0599]: no method named `take_output` found for struct `Pin<_>` in the current scope
[INFO] [stdout]   --> tests/redis.rs:69:5
[INFO] [stdout]    |
[INFO] [stdout] 69 |     tokio::join!(set_and_get(client.clone()), expiration(client));
[INFO] [stdout]    |     ^^^^^^^^^^^^^^^^^^^^^^^^^^^^^^^^^^^^^^^^^^^^^^^^^^^^^^^^^^^^^ method not found in `Pin<_>`
[INFO] [stdout]    |
[INFO] [stdout]    = note: this error originates in the macro `$crate::join` which comes from the expansion of the macro `tokio::join` (in Nightly builds, run with -Z macro-backtrace for more info)
[INFO] [stdout] 
[INFO] [stdout] 
[INFO] [stdout] error[E0282]: type annotations needed
[INFO] [stdout]   --> tests/redis.rs:76:5
[INFO] [stdout]    |
[INFO] [stdout] 76 |     tokio::join!(set_and_get(in_mem.clone()), expiration(in_mem));
[INFO] [stdout]    |     ^^^^^^^^^^^^^^^^^^^^^^^^^^^^^^^^^^^^^^^^^^^^^^^^^^^^^^^^^^^^^ cannot infer type
[INFO] [stdout]    |
[INFO] [stdout]    = note: this error originates in the macro `$crate::join` which comes from the expansion of the macro `tokio::join` (in Nightly builds, run with -Z macro-backtrace for more info)
[INFO] [stdout] 
[INFO] [stdout] 
[INFO] [stdout] error[E0599]: no method named `poll` found for struct `Pin<_>` in the current scope
[INFO] [stdout]   --> tests/redis.rs:76:5
[INFO] [stdout]    |
[INFO] [stdout] 76 |     tokio::join!(set_and_get(in_mem.clone()), expiration(in_mem));
[INFO] [stdout]    |     ^^^^^^^^^^^^^^^^^^^^^^^^^^^^^^^^^^^^^^^^^^^^^^^^^^^^^^^^^^^^^ method not found in `Pin<_>`
[INFO] [stdout]    |
[INFO] [stdout] note: method is available for `Pin<&mut _>`
[INFO] [stdout]   --> /rustc/82e1608dfa6e0b5569232559e3d385fea5a93112/library/core/src/future/future.rs:105:5
[INFO] [stdout] note: method is available for `Pin<&_>`
[INFO] [stdout]   --> /rustc/82e1608dfa6e0b5569232559e3d385fea5a93112/library/core/src/future/future.rs:105:5
[INFO] [stdout]    = note: this error originates in the macro `$crate::join` which comes from the expansion of the macro `tokio::join` (in Nightly builds, run with -Z macro-backtrace for more info)
[INFO] [stdout] 
[INFO] [stdout] 
[INFO] [stdout] error[E0282]: type annotations needed
[INFO] [stdout]   --> tests/redis.rs:76:5
[INFO] [stdout]    |
[INFO] [stdout] 76 |     tokio::join!(set_and_get(in_mem.clone()), expiration(in_mem));
[INFO] [stdout]    |     ^^^^^^^^^^^^^^^^^^^^^^^^^^^^^^^^^^^^^^^^^^^^^^^^^^^^^^^^^^^^^ cannot infer type
[INFO] [stdout]    |
[INFO] [stdout]    = note: this error originates in the macro `$crate::join` which comes from the expansion of the macro `tokio::join` (in Nightly builds, run with -Z macro-backtrace for more info)
[INFO] [stdout] 
[INFO] [stdout] 
[INFO] [stdout] error[E0599]: no method named `take_output` found for struct `Pin<_>` in the current scope
[INFO] [stdout]   --> tests/redis.rs:76:5
[INFO] [stdout]    |
[INFO] [stdout] 76 |     tokio::join!(set_and_get(in_mem.clone()), expiration(in_mem));
[INFO] [stdout]    |     ^^^^^^^^^^^^^^^^^^^^^^^^^^^^^^^^^^^^^^^^^^^^^^^^^^^^^^^^^^^^^ method not found in `Pin<_>`
[INFO] [stdout]    |
[INFO] [stdout]    = note: this error originates in the macro `$crate::join` which comes from the expansion of the macro `tokio::join` (in Nightly builds, run with -Z macro-backtrace for more info)
[INFO] [stdout] 
[INFO] [stdout] 
[INFO] [stdout] error: aborting due to 10 previous errors
[INFO] [stdout] 
[INFO] [stdout] 
[INFO] [stdout] Some errors have detailed explanations: E0282, E0432, E0599.
[INFO] [stdout] 
[INFO] [stdout] For more information about an error, try `rustc --explain E0282`.
[INFO] [stdout] 
[INFO] [stderr] error: could not compile `rocket-sessions` (test "redis") due to 11 previous errors
[INFO] running `Command { std: "docker" "inspect" "1f954a3a2bf11323127928f027ef1f16806272e00a3db48235d7f0f218e3d47b", kill_on_drop: false }`
[INFO] running `Command { std: "docker" "rm" "-f" "1f954a3a2bf11323127928f027ef1f16806272e00a3db48235d7f0f218e3d47b", kill_on_drop: false }`
[INFO] [stdout] 1f954a3a2bf11323127928f027ef1f16806272e00a3db48235d7f0f218e3d47b
[INFO] testing rocket-sessions-0.0.1 against beta-2023-12-22 for beta-1.76-1
[INFO] extracting crate rocket-sessions 0.0.1 into /workspace/builds/worker-5-tc2/source
[INFO] validating manifest of crates.io crate rocket-sessions 0.0.1 on toolchain beta-2023-12-22
[INFO] running `Command { std: CARGO_HOME="/workspace/cargo-home" RUSTUP_HOME="/workspace/rustup-home" "/workspace/cargo-home/bin/cargo" "+beta-2023-12-22" "metadata" "--manifest-path" "Cargo.toml" "--no-deps", kill_on_drop: false }`
[INFO] started tweaking crates.io crate rocket-sessions 0.0.1
[INFO] finished tweaking crates.io crate rocket-sessions 0.0.1
[INFO] tweaked toml for crates.io crate rocket-sessions 0.0.1 written to /workspace/builds/worker-5-tc2/source/Cargo.toml
[INFO] running `Command { std: CARGO_HOME="/workspace/cargo-home" RUSTUP_HOME="/workspace/rustup-home" "/workspace/cargo-home/bin/cargo" "+beta-2023-12-22" "generate-lockfile" "--manifest-path" "Cargo.toml", kill_on_drop: false }`
[INFO] [stderr]     Updating crates.io index
[INFO] running `Command { std: CARGO_HOME="/workspace/cargo-home" RUSTUP_HOME="/workspace/rustup-home" "/workspace/cargo-home/bin/cargo" "+beta-2023-12-22" "fetch" "--manifest-path" "Cargo.toml", kill_on_drop: false }`
[INFO] running `Command { std: "docker" "create" "-v" "/var/lib/crater-agent-workspace/builds/worker-5-tc2/target:/opt/rustwide/target:rw,Z" "-v" "/var/lib/crater-agent-workspace/builds/worker-5-tc2/source:/opt/rustwide/workdir:ro,Z" "-v" "/var/lib/crater-agent-workspace/cargo-home:/opt/rustwide/cargo-home:ro,Z" "-v" "/var/lib/crater-agent-workspace/rustup-home:/opt/rustwide/rustup-home:ro,Z" "-e" "SOURCE_DIR=/opt/rustwide/workdir" "-e" "CARGO_TARGET_DIR=/opt/rustwide/target" "-e" "CARGO_HOME=/opt/rustwide/cargo-home" "-e" "RUSTUP_HOME=/opt/rustwide/rustup-home" "-w" "/opt/rustwide/workdir" "-m" "1610612736" "--user" "0:0" "--network" "none" "ghcr.io/rust-lang/crates-build-env/linux@sha256:2788e3201cd34a07e3172128adcd8b3090168a8e3bcc40d7c032b9dda1df7d1c" "/opt/rustwide/cargo-home/bin/cargo" "+beta-2023-12-22" "metadata" "--no-deps" "--format-version=1", kill_on_drop: false }`
[INFO] [stdout] 68af6765dbe7d3c3015bf42929cc4ec1e9dabf5543113cc16a2d7c776a2f4742
[INFO] running `Command { std: "docker" "start" "-a" "68af6765dbe7d3c3015bf42929cc4ec1e9dabf5543113cc16a2d7c776a2f4742", kill_on_drop: false }`
[INFO] running `Command { std: "docker" "inspect" "68af6765dbe7d3c3015bf42929cc4ec1e9dabf5543113cc16a2d7c776a2f4742", kill_on_drop: false }`
[INFO] running `Command { std: "docker" "rm" "-f" "68af6765dbe7d3c3015bf42929cc4ec1e9dabf5543113cc16a2d7c776a2f4742", kill_on_drop: false }`
[INFO] [stdout] 68af6765dbe7d3c3015bf42929cc4ec1e9dabf5543113cc16a2d7c776a2f4742
[INFO] running `Command { std: "docker" "create" "-v" "/var/lib/crater-agent-workspace/builds/worker-5-tc2/target:/opt/rustwide/target:rw,Z" "-v" "/var/lib/crater-agent-workspace/builds/worker-5-tc2/source:/opt/rustwide/workdir:ro,Z" "-v" "/var/lib/crater-agent-workspace/cargo-home:/opt/rustwide/cargo-home:ro,Z" "-v" "/var/lib/crater-agent-workspace/rustup-home:/opt/rustwide/rustup-home:ro,Z" "-e" "SOURCE_DIR=/opt/rustwide/workdir" "-e" "CARGO_TARGET_DIR=/opt/rustwide/target" "-e" "CARGO_INCREMENTAL=0" "-e" "RUST_BACKTRACE=full" "-e" "RUSTFLAGS=--cap-lints=warn" "-e" "RUSTDOCFLAGS=--cap-lints=warn" "-e" "CARGO_HOME=/opt/rustwide/cargo-home" "-e" "RUSTUP_HOME=/opt/rustwide/rustup-home" "-w" "/opt/rustwide/workdir" "-m" "1610612736" "--user" "0:0" "--network" "none" "ghcr.io/rust-lang/crates-build-env/linux@sha256:2788e3201cd34a07e3172128adcd8b3090168a8e3bcc40d7c032b9dda1df7d1c" "/opt/rustwide/cargo-home/bin/cargo" "+beta-2023-12-22" "build" "--frozen" "--message-format=json", kill_on_drop: false }`
[INFO] [stdout] f686f69e4aa0239daf9a9ae6f4756455314c5dc4d48ea78d2e68452baab048d2
[INFO] running `Command { std: "docker" "start" "-a" "f686f69e4aa0239daf9a9ae6f4756455314c5dc4d48ea78d2e68452baab048d2", kill_on_drop: false }`
[INFO] [stderr]    Compiling async-trait v0.1.77
[INFO] [stderr]    Compiling syn v2.0.48
[INFO] [stderr]    Compiling rocket-sessions v0.0.1 (/opt/rustwide/workdir)
[INFO] [stderr]     Finished dev [unoptimized + debuginfo] target(s) in 3.36s
[INFO] running `Command { std: "docker" "inspect" "f686f69e4aa0239daf9a9ae6f4756455314c5dc4d48ea78d2e68452baab048d2", kill_on_drop: false }`
[INFO] running `Command { std: "docker" "rm" "-f" "f686f69e4aa0239daf9a9ae6f4756455314c5dc4d48ea78d2e68452baab048d2", kill_on_drop: false }`
[INFO] [stdout] f686f69e4aa0239daf9a9ae6f4756455314c5dc4d48ea78d2e68452baab048d2
[INFO] running `Command { std: "docker" "create" "-v" "/var/lib/crater-agent-workspace/builds/worker-5-tc2/target:/opt/rustwide/target:rw,Z" "-v" "/var/lib/crater-agent-workspace/builds/worker-5-tc2/source:/opt/rustwide/workdir:ro,Z" "-v" "/var/lib/crater-agent-workspace/cargo-home:/opt/rustwide/cargo-home:ro,Z" "-v" "/var/lib/crater-agent-workspace/rustup-home:/opt/rustwide/rustup-home:ro,Z" "-e" "SOURCE_DIR=/opt/rustwide/workdir" "-e" "CARGO_TARGET_DIR=/opt/rustwide/target" "-e" "CARGO_INCREMENTAL=0" "-e" "RUST_BACKTRACE=full" "-e" "RUSTFLAGS=--cap-lints=warn" "-e" "RUSTDOCFLAGS=--cap-lints=warn" "-e" "CARGO_HOME=/opt/rustwide/cargo-home" "-e" "RUSTUP_HOME=/opt/rustwide/rustup-home" "-w" "/opt/rustwide/workdir" "-m" "1610612736" "--user" "0:0" "--network" "none" "ghcr.io/rust-lang/crates-build-env/linux@sha256:2788e3201cd34a07e3172128adcd8b3090168a8e3bcc40d7c032b9dda1df7d1c" "/opt/rustwide/cargo-home/bin/cargo" "+beta-2023-12-22" "test" "--frozen" "--no-run" "--message-format=json", kill_on_drop: false }`
[INFO] [stdout] 464aa3976c96b3369595f1ef4c4c21fd22593ba5c3625eefb1dc5e94e3219d28
[INFO] running `Command { std: "docker" "start" "-a" "464aa3976c96b3369595f1ef4c4c21fd22593ba5c3625eefb1dc5e94e3219d28", kill_on_drop: false }`
[INFO] [stderr]    Compiling memchr v2.7.1
[INFO] [stderr]    Compiling regex-syntax v0.8.2
[INFO] [stderr]    Compiling ppv-lite86 v0.2.17
[INFO] [stderr]    Compiling humantime v2.1.0
[INFO] [stderr]    Compiling getrandom v0.2.11
[INFO] [stderr]    Compiling atty v0.2.14
[INFO] [stderr]    Compiling termcolor v1.4.0
[INFO] [stderr]    Compiling tokio-macros v2.2.0
[INFO] [stderr]    Compiling log v0.4.20
[INFO] [stderr]    Compiling rand_core v0.6.4
[INFO] [stderr]    Compiling rand_chacha v0.3.1
[INFO] [stderr]    Compiling aho-corasick v1.1.2
[INFO] [stderr]    Compiling rand v0.8.5
[INFO] [stderr]    Compiling tokio v1.35.1
[INFO] [stderr]    Compiling regex-automata v0.4.3
[INFO] [stderr]    Compiling regex v1.10.2
[INFO] [stderr]    Compiling env_logger v0.9.3
[INFO] [stderr]    Compiling rocket-sessions v0.0.1 (/opt/rustwide/workdir)
[INFO] [stdout] error[E0432]: unresolved import `rocket_sessions::in_memory`
[INFO] [stdout]  --> tests/redis.rs:4:23
[INFO] [stdout]   |
[INFO] [stdout] 4 | use rocket_sessions::{in_memory::InMemory, SessionManager};
[INFO] [stdout]   |                       ^^^^^^^^^ could not find `in_memory` in `rocket_sessions`
[INFO] [stdout] 
[INFO] [stdout] 
[INFO] [stdout] error[E0432]: unresolved import `redis`
[INFO] [stdout]  --> tests/redis.rs:3:5
[INFO] [stdout]   |
[INFO] [stdout] 3 | use redis::Client;
[INFO] [stdout]   |     ^^^^^ function `redis` is not a crate or module
[INFO] [stdout] 
[INFO] [stdout] 
[INFO] [stdout] error[E0282]: type annotations needed
[INFO] [stdout]   --> tests/redis.rs:69:5
[INFO] [stdout]    |
[INFO] [stdout] 69 |     tokio::join!(set_and_get(client.clone()), expiration(client));
[INFO] [stdout]    |     ^^^^^^^^^^^^^^^^^^^^^^^^^^^^^^^^^^^^^^^^^^^^^^^^^^^^^^^^^^^^^ cannot infer type
[INFO] [stdout]    |
[INFO] [stdout]    = note: this error originates in the macro `$crate::join` which comes from the expansion of the macro `tokio::join` (in Nightly builds, run with -Z macro-backtrace for more info)
[INFO] [stdout] 
[INFO] [stdout] 
[INFO] [stdout] error[E0599]: no method named `poll` found for struct `Pin<_>` in the current scope
[INFO] [stdout]   --> tests/redis.rs:69:5
[INFO] [stdout]    |
[INFO] [stdout] 69 |     tokio::join!(set_and_get(client.clone()), expiration(client));
[INFO] [stdout]    |     ^^^^^^^^^^^^^^^^^^^^^^^^^^^^^^^^^^^^^^^^^^^^^^^^^^^^^^^^^^^^^ method not found in `Pin<_>`
[INFO] [stdout]    |
[INFO] [stdout] note: method is available for `Pin<&mut _>`
[INFO] [stdout]   --> /rustc/0e09125c6c3c2fd70d7de961bcf0e51575235fad/library/core/src/future/future.rs:104:5
[INFO] [stdout] note: method is available for `Pin<&_>`
[INFO] [stdout]   --> /rustc/0e09125c6c3c2fd70d7de961bcf0e51575235fad/library/core/src/future/future.rs:104:5
[INFO] [stdout]    = note: this error originates in the macro `$crate::join` which comes from the expansion of the macro `tokio::join` (in Nightly builds, run with -Z macro-backtrace for more info)
[INFO] [stdout] 
[INFO] [stdout] 
[INFO] [stdout] error[E0282]: type annotations needed
[INFO] [stdout]   --> tests/redis.rs:69:5
[INFO] [stdout]    |
[INFO] [stdout] 69 |     tokio::join!(set_and_get(client.clone()), expiration(client));
[INFO] [stdout]    |     ^^^^^^^^^^^^^^^^^^^^^^^^^^^^^^^^^^^^^^^^^^^^^^^^^^^^^^^^^^^^^ cannot infer type
[INFO] [stdout]    |
[INFO] [stdout]    = note: this error originates in the macro `$crate::join` which comes from the expansion of the macro `tokio::join` (in Nightly builds, run with -Z macro-backtrace for more info)
[INFO] [stdout] 
[INFO] [stdout] 
[INFO] [stdout] error[E0599]: no method named `take_output` found for struct `Pin<_>` in the current scope
[INFO] [stdout]   --> tests/redis.rs:69:5
[INFO] [stdout]    |
[INFO] [stdout] 69 |     tokio::join!(set_and_get(client.clone()), expiration(client));
[INFO] [stdout]    |     ^^^^^^^^^^^^^^^^^^^^^^^^^^^^^^^^^^^^^^^^^^^^^^^^^^^^^^^^^^^^^ method not found in `Pin<_>`
[INFO] [stdout]    |
[INFO] [stdout]    = note: this error originates in the macro `$crate::join` which comes from the expansion of the macro `tokio::join` (in Nightly builds, run with -Z macro-backtrace for more info)
[INFO] [stdout] 
[INFO] [stdout] 
[INFO] [stdout] error[E0282]: type annotations needed
[INFO] [stdout]   --> tests/redis.rs:76:5
[INFO] [stdout]    |
[INFO] [stdout] 76 |     tokio::join!(set_and_get(in_mem.clone()), expiration(in_mem));
[INFO] [stdout]    |     ^^^^^^^^^^^^^^^^^^^^^^^^^^^^^^^^^^^^^^^^^^^^^^^^^^^^^^^^^^^^^ cannot infer type
[INFO] [stdout]    |
[INFO] [stdout]    = note: this error originates in the macro `$crate::join` which comes from the expansion of the macro `tokio::join` (in Nightly builds, run with -Z macro-backtrace for more info)
[INFO] [stdout] 
[INFO] [stdout] 
[INFO] [stdout] error[E0599]: no method named `poll` found for struct `Pin<_>` in the current scope
[INFO] [stdout]   --> tests/redis.rs:76:5
[INFO] [stdout]    |
[INFO] [stdout] 76 |     tokio::join!(set_and_get(in_mem.clone()), expiration(in_mem));
[INFO] [stdout]    |     ^^^^^^^^^^^^^^^^^^^^^^^^^^^^^^^^^^^^^^^^^^^^^^^^^^^^^^^^^^^^^ method not found in `Pin<_>`
[INFO] [stdout]    |
[INFO] [stdout] note: method is available for `Pin<&mut _>`
[INFO] [stdout]   --> /rustc/0e09125c6c3c2fd70d7de961bcf0e51575235fad/library/core/src/future/future.rs:104:5
[INFO] [stdout] note: method is available for `Pin<&_>`
[INFO] [stdout]   --> /rustc/0e09125c6c3c2fd70d7de961bcf0e51575235fad/library/core/src/future/future.rs:104:5
[INFO] [stdout]    = note: this error originates in the macro `$crate::join` which comes from the expansion of the macro `tokio::join` (in Nightly builds, run with -Z macro-backtrace for more info)
[INFO] [stdout] 
[INFO] [stdout] 
[INFO] [stdout] error[E0282]: type annotations needed
[INFO] [stdout]   --> tests/redis.rs:76:5
[INFO] [stdout]    |
[INFO] [stdout] 76 |     tokio::join!(set_and_get(in_mem.clone()), expiration(in_mem));
[INFO] [stdout]    |     ^^^^^^^^^^^^^^^^^^^^^^^^^^^^^^^^^^^^^^^^^^^^^^^^^^^^^^^^^^^^^ cannot infer type
[INFO] [stdout]    |
[INFO] [stdout]    = note: this error originates in the macro `$crate::join` which comes from the expansion of the macro `tokio::join` (in Nightly builds, run with -Z macro-backtrace for more info)
[INFO] [stdout] 
[INFO] [stdout] 
[INFO] [stdout] error[E0599]: no method named `take_output` found for struct `Pin<_>` in the current scope
[INFO] [stdout]   --> tests/redis.rs:76:5
[INFO] [stdout]    |
[INFO] [stdout] 76 |     tokio::join!(set_and_get(in_mem.clone()), expiration(in_mem));
[INFO] [stdout]    |     ^^^^^^^^^^^^^^^^^^^^^^^^^^^^^^^^^^^^^^^^^^^^^^^^^^^^^^^^^^^^^ method not found in `Pin<_>`
[INFO] [stdout]    |
[INFO] [stdout]    = note: this error originates in the macro `$crate::join` which comes from the expansion of the macro `tokio::join` (in Nightly builds, run with -Z macro-backtrace for more info)
[INFO] [stdout] 
[INFO] [stdout] 
[INFO] [stdout] error: aborting due to 10 previous errors
[INFO] [stdout] 
[INFO] [stdout] 
[INFO] [stdout] Some errors have detailed explanations: E0282, E0432, E0599.
[INFO] [stdout] 
[INFO] [stdout] For more information about an error, try `rustc --explain E0282`.
[INFO] [stdout] 
[INFO] [stderr] error: could not compile `rocket-sessions` (test "redis") due to 11 previous errors
[INFO] [stderr] warning: build failed, waiting for other jobs to finish...
[INFO] running `Command { std: "docker" "inspect" "464aa3976c96b3369595f1ef4c4c21fd22593ba5c3625eefb1dc5e94e3219d28", kill_on_drop: false }`
[INFO] running `Command { std: "docker" "rm" "-f" "464aa3976c96b3369595f1ef4c4c21fd22593ba5c3625eefb1dc5e94e3219d28", kill_on_drop: false }`
[INFO] [stdout] 464aa3976c96b3369595f1ef4c4c21fd22593ba5c3625eefb1dc5e94e3219d28
