[INFO] fetching crate rocket-sass-fairing 0.1.1...
[INFO] testing rocket-sass-fairing-0.1.1 against 1.75.0 for beta-1.76-1
[INFO] extracting crate rocket-sass-fairing 0.1.1 into /workspace/builds/worker-5-tc1/source
[INFO] validating manifest of crates.io crate rocket-sass-fairing 0.1.1 on toolchain 1.75.0
[INFO] running `Command { std: CARGO_HOME="/workspace/cargo-home" RUSTUP_HOME="/workspace/rustup-home" "/workspace/cargo-home/bin/cargo" "+1.75.0" "metadata" "--manifest-path" "Cargo.toml" "--no-deps", kill_on_drop: false }`
[INFO] started tweaking crates.io crate rocket-sass-fairing 0.1.1
[INFO] finished tweaking crates.io crate rocket-sass-fairing 0.1.1
[INFO] tweaked toml for crates.io crate rocket-sass-fairing 0.1.1 written to /workspace/builds/worker-5-tc1/source/Cargo.toml
[INFO] running `Command { std: CARGO_HOME="/workspace/cargo-home" RUSTUP_HOME="/workspace/rustup-home" "/workspace/cargo-home/bin/cargo" "+1.75.0" "generate-lockfile" "--manifest-path" "Cargo.toml", kill_on_drop: false }`
[INFO] [stderr]     Updating crates.io index
[INFO] running `Command { std: CARGO_HOME="/workspace/cargo-home" RUSTUP_HOME="/workspace/rustup-home" "/workspace/cargo-home/bin/cargo" "+1.75.0" "fetch" "--manifest-path" "Cargo.toml", kill_on_drop: false }`
[INFO] [stderr]  Downloading crates ...
[INFO] [stderr]   Downloaded codemap v0.1.3
[INFO] [stderr]   Downloaded lasso v0.5.1
[INFO] [stderr]   Downloaded normpath v0.3.2
[INFO] [stderr]   Downloaded grass v0.10.8
[INFO] running `Command { std: "docker" "create" "-v" "/var/lib/crater-agent-workspace/builds/worker-5-tc1/target:/opt/rustwide/target:rw,Z" "-v" "/var/lib/crater-agent-workspace/builds/worker-5-tc1/source:/opt/rustwide/workdir:ro,Z" "-v" "/var/lib/crater-agent-workspace/cargo-home:/opt/rustwide/cargo-home:ro,Z" "-v" "/var/lib/crater-agent-workspace/rustup-home:/opt/rustwide/rustup-home:ro,Z" "-e" "SOURCE_DIR=/opt/rustwide/workdir" "-e" "CARGO_TARGET_DIR=/opt/rustwide/target" "-e" "CARGO_HOME=/opt/rustwide/cargo-home" "-e" "RUSTUP_HOME=/opt/rustwide/rustup-home" "-w" "/opt/rustwide/workdir" "-m" "1610612736" "--user" "0:0" "--network" "none" "ghcr.io/rust-lang/crates-build-env/linux@sha256:2788e3201cd34a07e3172128adcd8b3090168a8e3bcc40d7c032b9dda1df7d1c" "/opt/rustwide/cargo-home/bin/cargo" "+1.75.0" "metadata" "--no-deps" "--format-version=1", kill_on_drop: false }`
[INFO] [stdout] 7d05c6925184f246dca4b893b67b97f349682bb2087de686469d369a8663eb53
[INFO] running `Command { std: "docker" "start" "-a" "7d05c6925184f246dca4b893b67b97f349682bb2087de686469d369a8663eb53", kill_on_drop: false }`
[INFO] running `Command { std: "docker" "inspect" "7d05c6925184f246dca4b893b67b97f349682bb2087de686469d369a8663eb53", kill_on_drop: false }`
[INFO] running `Command { std: "docker" "rm" "-f" "7d05c6925184f246dca4b893b67b97f349682bb2087de686469d369a8663eb53", kill_on_drop: false }`
[INFO] [stdout] 7d05c6925184f246dca4b893b67b97f349682bb2087de686469d369a8663eb53
[INFO] running `Command { std: "docker" "create" "-v" "/var/lib/crater-agent-workspace/builds/worker-5-tc1/target:/opt/rustwide/target:rw,Z" "-v" "/var/lib/crater-agent-workspace/builds/worker-5-tc1/source:/opt/rustwide/workdir:ro,Z" "-v" "/var/lib/crater-agent-workspace/cargo-home:/opt/rustwide/cargo-home:ro,Z" "-v" "/var/lib/crater-agent-workspace/rustup-home:/opt/rustwide/rustup-home:ro,Z" "-e" "SOURCE_DIR=/opt/rustwide/workdir" "-e" "CARGO_TARGET_DIR=/opt/rustwide/target" "-e" "CARGO_INCREMENTAL=0" "-e" "RUST_BACKTRACE=full" "-e" "RUSTFLAGS=--cap-lints=warn" "-e" "RUSTDOCFLAGS=--cap-lints=warn" "-e" "CARGO_HOME=/opt/rustwide/cargo-home" "-e" "RUSTUP_HOME=/opt/rustwide/rustup-home" "-w" "/opt/rustwide/workdir" "-m" "1610612736" "--user" "0:0" "--network" "none" "ghcr.io/rust-lang/crates-build-env/linux@sha256:2788e3201cd34a07e3172128adcd8b3090168a8e3bcc40d7c032b9dda1df7d1c" "/opt/rustwide/cargo-home/bin/cargo" "+1.75.0" "build" "--frozen" "--message-format=json", kill_on_drop: false }`
[INFO] [stdout] 431eb215ca339b50de88aaa5e8952b1e5c74194e355239432e273e8f42692300
[INFO] running `Command { std: "docker" "start" "-a" "431eb215ca339b50de88aaa5e8952b1e5c74194e355239432e273e8f42692300", kill_on_drop: false }`
[INFO] [stderr]    Compiling libc v0.2.151
[INFO] [stderr]    Compiling serde v1.0.194
[INFO] [stderr]    Compiling rustix v0.38.28
[INFO] [stderr]    Compiling futures-core v0.3.30
[INFO] [stderr]    Compiling futures-sink v0.3.30
[INFO] [stderr]    Compiling proc-macro2-diagnostics v0.10.1
[INFO] [stderr]    Compiling slab v0.4.9
[INFO] [stderr]    Compiling equivalent v1.0.1
[INFO] [stderr]    Compiling hashbrown v0.14.3
[INFO] [stderr]    Compiling tracing-core v0.1.32
[INFO] [stderr]    Compiling futures-task v0.3.30
[INFO] [stderr]    Compiling futures-io v0.3.30
[INFO] [stderr]    Compiling http v0.2.11
[INFO] [stderr]    Compiling num-traits v0.2.17
[INFO] [stderr]    Compiling tokio-macros v2.2.0
[INFO] [stderr]    Compiling uncased v0.9.9
[INFO] [stderr]    Compiling time-macros v0.2.16
[INFO] [stderr]    Compiling cookie v0.18.0
[INFO] [stderr]    Compiling futures-channel v0.3.30
[INFO] [stderr]    Compiling ahash v0.7.7
[INFO] [stderr]    Compiling num-integer v0.1.45
[INFO] [stderr]    Compiling inlinable_string v0.1.15
[INFO] [stderr]    Compiling syn v1.0.109
[INFO] [stderr]    Compiling smallvec v1.11.2
[INFO] [stderr]    Compiling ref-cast v1.0.22
[INFO] [stderr]    Compiling tracing v0.1.40
[INFO] [stderr]    Compiling proc-macro-hack v0.5.20+deprecated
[INFO] [stderr]    Compiling futures-util v0.3.30
[INFO] [stderr]    Compiling siphasher v0.3.11
[INFO] [stderr]    Compiling try-lock v0.2.5
[INFO] [stderr]    Compiling want v0.3.1
[INFO] [stderr]    Compiling ref-cast-impl v1.0.22
[INFO] [stderr]    Compiling num-bigint v0.4.4
[INFO] [stderr]    Compiling phf_shared v0.9.0
[INFO] [stderr]    Compiling winnow v0.5.32
[INFO] [stderr]    Compiling httpdate v1.0.3
[INFO] [stderr]    Compiling stable-pattern v0.1.0
[INFO] [stderr]    Compiling http-body v0.4.6
[INFO] [stderr]    Compiling multer v2.1.0
[INFO] [stderr]    Compiling indexmap v1.9.3
[INFO] [stderr]    Compiling figment v0.10.13
[INFO] [stderr]    Compiling num-rational v0.4.1
[INFO] [stderr]    Compiling state v0.6.0
[INFO] [stderr]    Compiling async-trait v0.1.77
[INFO] [stderr]    Compiling async-stream-impl v0.3.5
[INFO] [stderr]    Compiling encoding_rs v0.8.33
[INFO] [stderr]    Compiling rocket v0.5.0
[INFO] [stderr]    Compiling unicode-xid v0.2.4
[INFO] [stderr]    Compiling fastrand v2.0.1
[INFO] [stderr]    Compiling codemap v0.1.3
[INFO] [stderr]    Compiling atomic v0.5.3
[INFO] [stderr]    Compiling binascii v0.1.4
[INFO] [stderr]    Compiling beef v0.5.2
[INFO] [stderr]    Compiling normpath v0.3.2
[INFO] [stderr]    Compiling getrandom v0.2.11
[INFO] [stderr]    Compiling mio v0.8.10
[INFO] [stderr]    Compiling socket2 v0.5.5
[INFO] [stderr]    Compiling num_cpus v1.16.0
[INFO] [stderr]    Compiling signal-hook-registry v1.4.1
[INFO] [stderr]    Compiling rand_core v0.6.4
[INFO] [stderr]    Compiling time v0.3.31
[INFO] [stderr]    Compiling rand_chacha v0.3.1
[INFO] [stderr]    Compiling tokio v1.35.1
[INFO] [stderr]    Compiling hashbrown v0.11.2
[INFO] [stderr]    Compiling is-terminal v0.4.10
[INFO] [stderr]    Compiling yansi v1.0.0-rc.1
[INFO] [stderr]    Compiling rand v0.8.5
[INFO] [stderr]    Compiling parking_lot_core v0.9.9
[INFO] [stderr]    Compiling tempfile v3.9.0
[INFO] [stderr]    Compiling async-stream v0.3.5
[INFO] [stderr]    Compiling lasso v0.5.1
[INFO] [stderr]    Compiling parking_lot v0.12.1
[INFO] [stderr]    Compiling devise_core v0.4.1
[INFO] [stderr]    Compiling pear_codegen v0.2.8
[INFO] [stderr]    Compiling phf_generator v0.9.1
[INFO] [stderr]    Compiling indexmap v2.1.0
[INFO] [stderr]    Compiling toml_datetime v0.6.5
[INFO] [stderr]    Compiling serde_spanned v0.6.5
[INFO] [stderr]    Compiling ubyte v0.10.4
[INFO] [stderr]    Compiling futures v0.3.30
[INFO] [stderr]    Compiling devise_codegen v0.4.1
[INFO] [stderr]    Compiling phf_macros v0.9.0
[INFO] [stderr]    Compiling toml_edit v0.21.0
[INFO] [stderr]    Compiling pear v0.2.8
[INFO] [stderr]    Compiling devise v0.4.1
[INFO] [stderr]    Compiling phf v0.9.0
[INFO] [stderr]    Compiling grass v0.10.8
[INFO] [stderr]    Compiling toml v0.8.8
[INFO] [stderr]    Compiling tokio-util v0.7.10
[INFO] [stderr]    Compiling tokio-stream v0.1.14
[INFO] [stderr]    Compiling h2 v0.3.22
[INFO] [stderr]    Compiling hyper v0.14.28
[INFO] [stderr]    Compiling rocket_http v0.5.0
[INFO] [stderr]    Compiling rocket_codegen v0.5.0
[INFO] [stderr]    Compiling rocket-sass-fairing v0.1.1 (/opt/rustwide/workdir)
[INFO] [stdout] warning: trait objects without an explicit `dyn` are deprecated
[INFO] [stdout]    --> src/lib.rs:117:24
[INFO] [stdout]     |
[INFO] [stdout] 117 |         info!("{}{}:", Paint::emoji("📐 "), Paint::magenta("Assets"));
[INFO] [stdout]     |                        ^^^^^
[INFO] [stdout]     |
[INFO] [stdout]     = warning: this is accepted in the current edition (Rust 2018) but is a hard error in Rust 2021!
[INFO] [stdout]     = note: for more information, see <https://doc.rust-lang.org/nightly/edition-guide/rust-2021/warnings-promoted-to-error.html>
[INFO] [stdout]     = note: `#[warn(bare_trait_objects)]` on by default
[INFO] [stdout] help: use `dyn`
[INFO] [stdout]     |
[INFO] [stdout] 117 |         info!("{}{}:", <dyn Paint>::emoji("📐 "), Paint::magenta("Assets"));
[INFO] [stdout]     |                        ++++      +
[INFO] [stdout] 
[INFO] [stdout] 
[INFO] [stdout] error[E0599]: no function or associated item named `emoji` found for trait object `dyn Paint` in the current scope
[INFO] [stdout]    --> src/lib.rs:117:31
[INFO] [stdout]     |
[INFO] [stdout] 117 |         info!("{}{}:", Paint::emoji("📐 "), Paint::magenta("Assets"));
[INFO] [stdout]     |                               ^^^^^ function or associated item not found in `dyn Paint`
[INFO] [stdout] 
[INFO] [stdout] 
[INFO] [stdout] error[E0308]: mismatched types
[INFO] [stdout]    --> src/lib.rs:118:47
[INFO] [stdout]     |
[INFO] [stdout] 118 |         info_!("sheet path: {}", Paint::white(Source::from(&*state.path)));
[INFO] [stdout]     |                                  ------------ ^^^^^^^^^^^^^^^^^^^^^^^^^^ expected `&_`, found `Source`
[INFO] [stdout]     |                                  |
[INFO] [stdout]     |                                  arguments to this function are incorrect
[INFO] [stdout]     |
[INFO] [stdout]     = note: expected reference `&_`
[INFO] [stdout]                     found enum `rocket::figment::Source`
[INFO] [stdout] note: method defined here
[INFO] [stdout]    --> /opt/rustwide/cargo-home/registry/src/index.crates.io-6f17d22bba15001f/yansi-1.0.0-rc.1/src/paint.rs:82:5
[INFO] [stdout]     |
[INFO] [stdout] 82  |     properties!(signature(&Self) -> Painted<&Self>);
[INFO] [stdout]     |     ^^^^^^^^^^^^^^^^^^^^^^^^^^^^^^^^^^^^^^^^^^^^^^^
[INFO] [stdout]     = note: this error originates in the macro `fg` which comes from the expansion of the macro `properties` (in Nightly builds, run with -Z macro-backtrace for more info)
[INFO] [stdout] help: consider borrowing here
[INFO] [stdout]     |
[INFO] [stdout] 118 |         info_!("sheet path: {}", Paint::white(&Source::from(&*state.path)));
[INFO] [stdout]     |                                               +
[INFO] [stdout] 
[INFO] [stdout] 
[INFO] [stdout] error[E0308]: mismatched types
[INFO] [stdout]    --> src/lib.rs:119:50
[INFO] [stdout]     |
[INFO] [stdout] 119 |         info_!("cache max age: {}", Paint::white(state.cache_max_age));
[INFO] [stdout]     |                                     ------------ ^^^^^^^^^^^^^^^^^^^ expected `&_`, found `i32`
[INFO] [stdout]     |                                     |
[INFO] [stdout]     |                                     arguments to this function are incorrect
[INFO] [stdout]     |
[INFO] [stdout]     = note: expected reference `&_`
[INFO] [stdout]                     found type `i32`
[INFO] [stdout] note: method defined here
[INFO] [stdout]    --> /opt/rustwide/cargo-home/registry/src/index.crates.io-6f17d22bba15001f/yansi-1.0.0-rc.1/src/paint.rs:82:5
[INFO] [stdout]     |
[INFO] [stdout] 82  |     properties!(signature(&Self) -> Painted<&Self>);
[INFO] [stdout]     |     ^^^^^^^^^^^^^^^^^^^^^^^^^^^^^^^^^^^^^^^^^^^^^^^
[INFO] [stdout]     = note: this error originates in the macro `fg` which comes from the expansion of the macro `properties` (in Nightly builds, run with -Z macro-backtrace for more info)
[INFO] [stdout] help: consider borrowing here
[INFO] [stdout]     |
[INFO] [stdout] 119 |         info_!("cache max age: {}", Paint::white(&state.cache_max_age));
[INFO] [stdout]     |                                                  +
[INFO] [stdout] 
[INFO] [stdout] 
[INFO] [stdout] error[E0308]: mismatched types
[INFO] [stdout]    --> src/lib.rs:127:54
[INFO] [stdout]     |
[INFO] [stdout] 127 |         req.rocket().state::<SassSheet>().or_forward(())
[INFO] [stdout]     |                                           ---------- ^^ expected `Status`, found `()`
[INFO] [stdout]     |                                           |
[INFO] [stdout]     |                                           arguments to this method are incorrect
[INFO] [stdout]     |
[INFO] [stdout] note: method defined here
[INFO] [stdout]    --> /opt/rustwide/cargo-home/registry/src/index.crates.io-6f17d22bba15001f/rocket-0.5.0/src/outcome.rs:782:8
[INFO] [stdout]     |
[INFO] [stdout] 782 |     fn or_forward(self, forward: Self::Forward) -> Outcome;
[INFO] [stdout]     |        ^^^^^^^^^^
[INFO] [stdout] 
[INFO] [stdout] 
[INFO] [stdout] warning: unused import: `log::PaintExt`
[INFO] [stdout]    --> src/lib.rs:111:39
[INFO] [stdout]     |
[INFO] [stdout] 111 |         use rocket::{figment::Source, log::PaintExt, yansi::Paint};
[INFO] [stdout]     |                                       ^^^^^^^^^^^^^
[INFO] [stdout]     |
[INFO] [stdout]     = note: `#[warn(unused_imports)]` on by default
[INFO] [stdout] 
[INFO] [stdout] 
[INFO] [stdout] error: aborting due to 4 previous errors; 2 warnings emitted
[INFO] [stdout] 
[INFO] [stdout] 
[INFO] [stdout] Some errors have detailed explanations: E0308, E0599.
[INFO] [stdout] 
[INFO] [stdout] For more information about an error, try `rustc --explain E0308`.
[INFO] [stdout] 
[INFO] [stderr] error: could not compile `rocket-sass-fairing` (lib) due to 5 previous errors; 2 warnings emitted
[INFO] [stderr] warning: build failed, waiting for other jobs to finish...
[INFO] running `Command { std: "docker" "inspect" "431eb215ca339b50de88aaa5e8952b1e5c74194e355239432e273e8f42692300", kill_on_drop: false }`
[INFO] running `Command { std: "docker" "rm" "-f" "431eb215ca339b50de88aaa5e8952b1e5c74194e355239432e273e8f42692300", kill_on_drop: false }`
[INFO] [stdout] 431eb215ca339b50de88aaa5e8952b1e5c74194e355239432e273e8f42692300
