[INFO] fetching crate rocket-enumform 0.5.0-rc.1...
[INFO] testing rocket-enumform-0.5.0-rc.1 against 1.75.0 for beta-1.76-1
[INFO] extracting crate rocket-enumform 0.5.0-rc.1 into /workspace/builds/worker-1-tc1/source
[INFO] validating manifest of crates.io crate rocket-enumform 0.5.0-rc.1 on toolchain 1.75.0
[INFO] running `Command { std: CARGO_HOME="/workspace/cargo-home" RUSTUP_HOME="/workspace/rustup-home" "/workspace/cargo-home/bin/cargo" "+1.75.0" "metadata" "--manifest-path" "Cargo.toml" "--no-deps", kill_on_drop: false }`
[INFO] started tweaking crates.io crate rocket-enumform 0.5.0-rc.1
[INFO] finished tweaking crates.io crate rocket-enumform 0.5.0-rc.1
[INFO] tweaked toml for crates.io crate rocket-enumform 0.5.0-rc.1 written to /workspace/builds/worker-1-tc1/source/Cargo.toml
[INFO] running `Command { std: CARGO_HOME="/workspace/cargo-home" RUSTUP_HOME="/workspace/rustup-home" "/workspace/cargo-home/bin/cargo" "+1.75.0" "generate-lockfile" "--manifest-path" "Cargo.toml", kill_on_drop: false }`
[INFO] [stderr]     Updating crates.io index
[INFO] running `Command { std: CARGO_HOME="/workspace/cargo-home" RUSTUP_HOME="/workspace/rustup-home" "/workspace/cargo-home/bin/cargo" "+1.75.0" "fetch" "--manifest-path" "Cargo.toml", kill_on_drop: false }`
[INFO] running `Command { std: "docker" "create" "-v" "/var/lib/crater-agent-workspace/builds/worker-1-tc1/target:/opt/rustwide/target:rw,Z" "-v" "/var/lib/crater-agent-workspace/builds/worker-1-tc1/source:/opt/rustwide/workdir:ro,Z" "-v" "/var/lib/crater-agent-workspace/cargo-home:/opt/rustwide/cargo-home:ro,Z" "-v" "/var/lib/crater-agent-workspace/rustup-home:/opt/rustwide/rustup-home:ro,Z" "-e" "SOURCE_DIR=/opt/rustwide/workdir" "-e" "CARGO_TARGET_DIR=/opt/rustwide/target" "-e" "CARGO_HOME=/opt/rustwide/cargo-home" "-e" "RUSTUP_HOME=/opt/rustwide/rustup-home" "-w" "/opt/rustwide/workdir" "-m" "1610612736" "--user" "0:0" "--network" "none" "ghcr.io/rust-lang/crates-build-env/linux@sha256:2788e3201cd34a07e3172128adcd8b3090168a8e3bcc40d7c032b9dda1df7d1c" "/opt/rustwide/cargo-home/bin/cargo" "+1.75.0" "metadata" "--no-deps" "--format-version=1", kill_on_drop: false }`
[INFO] [stdout] 0908b8c9cae19a672b9c9a5bbca22aec6b08a6b231d3d6da6a792e94fb7786e4
[INFO] running `Command { std: "docker" "start" "-a" "0908b8c9cae19a672b9c9a5bbca22aec6b08a6b231d3d6da6a792e94fb7786e4", kill_on_drop: false }`
[INFO] running `Command { std: "docker" "inspect" "0908b8c9cae19a672b9c9a5bbca22aec6b08a6b231d3d6da6a792e94fb7786e4", kill_on_drop: false }`
[INFO] running `Command { std: "docker" "rm" "-f" "0908b8c9cae19a672b9c9a5bbca22aec6b08a6b231d3d6da6a792e94fb7786e4", kill_on_drop: false }`
[INFO] [stdout] 0908b8c9cae19a672b9c9a5bbca22aec6b08a6b231d3d6da6a792e94fb7786e4
[INFO] running `Command { std: "docker" "create" "-v" "/var/lib/crater-agent-workspace/builds/worker-1-tc1/target:/opt/rustwide/target:rw,Z" "-v" "/var/lib/crater-agent-workspace/builds/worker-1-tc1/source:/opt/rustwide/workdir:ro,Z" "-v" "/var/lib/crater-agent-workspace/cargo-home:/opt/rustwide/cargo-home:ro,Z" "-v" "/var/lib/crater-agent-workspace/rustup-home:/opt/rustwide/rustup-home:ro,Z" "-e" "SOURCE_DIR=/opt/rustwide/workdir" "-e" "CARGO_TARGET_DIR=/opt/rustwide/target" "-e" "CARGO_INCREMENTAL=0" "-e" "RUST_BACKTRACE=full" "-e" "RUSTFLAGS=--cap-lints=warn" "-e" "RUSTDOCFLAGS=--cap-lints=warn" "-e" "CARGO_HOME=/opt/rustwide/cargo-home" "-e" "RUSTUP_HOME=/opt/rustwide/rustup-home" "-w" "/opt/rustwide/workdir" "-m" "1610612736" "--user" "0:0" "--network" "none" "ghcr.io/rust-lang/crates-build-env/linux@sha256:2788e3201cd34a07e3172128adcd8b3090168a8e3bcc40d7c032b9dda1df7d1c" "/opt/rustwide/cargo-home/bin/cargo" "+1.75.0" "build" "--frozen" "--message-format=json", kill_on_drop: false }`
[INFO] [stdout] 10c8b4d8f4d71423cf10ef542f76d1120a24f8cb4fcffd78d6770b3fe17589cd
[INFO] running `Command { std: "docker" "start" "-a" "10c8b4d8f4d71423cf10ef542f76d1120a24f8cb4fcffd78d6770b3fe17589cd", kill_on_drop: false }`
[INFO] [stderr]    Compiling libc v0.2.151
[INFO] [stderr]    Compiling serde v1.0.194
[INFO] [stderr]    Compiling rustix v0.38.28
[INFO] [stderr]    Compiling proc-macro2-diagnostics v0.10.1
[INFO] [stderr]    Compiling tracing-core v0.1.32
[INFO] [stderr]    Compiling uncased v0.9.9
[INFO] [stderr]    Compiling time-core v0.1.2
[INFO] [stderr]    Compiling percent-encoding v2.3.1
[INFO] [stderr]    Compiling powerfmt v0.2.0
[INFO] [stderr]    Compiling cookie v0.18.0
[INFO] [stderr]    Compiling ref-cast v1.0.22
[INFO] [stderr]    Compiling syn v2.0.48
[INFO] [stderr]    Compiling inlinable_string v0.1.15
[INFO] [stderr]    Compiling futures-util v0.3.30
[INFO] [stderr]    Compiling lock_api v0.4.11
[INFO] [stderr]    Compiling parking_lot_core v0.9.9
[INFO] [stderr]    Compiling time-macros v0.2.16
[INFO] [stderr]    Compiling deranged v0.3.11
[INFO] [stderr]    Compiling winnow v0.5.32
[INFO] [stderr]    Compiling stable-pattern v0.1.0
[INFO] [stderr]    Compiling figment v0.10.13
[INFO] [stderr]    Compiling multer v2.1.0
[INFO] [stderr]    Compiling state v0.6.0
[INFO] [stderr]    Compiling scopeguard v1.2.0
[INFO] [stderr]    Compiling either v1.9.0
[INFO] [stderr]    Compiling encoding_rs v0.8.33
[INFO] [stderr]    Compiling rocket v0.5.0
[INFO] [stderr]    Compiling glob v0.3.1
[INFO] [stderr]    Compiling spin v0.9.8
[INFO] [stderr]    Compiling unicode-xid v0.2.4
[INFO] [stderr]    Compiling form_urlencoded v1.2.1
[INFO] [stderr]    Compiling binascii v0.1.4
[INFO] [stderr]    Compiling atomic v0.5.3
[INFO] [stderr]    Compiling time v0.3.31
[INFO] [stderr]    Compiling socket2 v0.5.5
[INFO] [stderr]    Compiling num_cpus v1.16.0
[INFO] [stderr]    Compiling signal-hook-registry v1.4.1
[INFO] [stderr]    Compiling mio v0.8.10
[INFO] [stderr]    Compiling getrandom v0.2.11
[INFO] [stderr]    Compiling rand_core v0.6.4
[INFO] [stderr]    Compiling rand_chacha v0.3.1
[INFO] [stderr]    Compiling parking_lot v0.12.1
[INFO] [stderr]    Compiling rand v0.8.5
[INFO] [stderr]    Compiling is-terminal v0.4.10
[INFO] [stderr]    Compiling tempfile v3.9.0
[INFO] [stderr]    Compiling yansi v1.0.0-rc.1
[INFO] [stderr]    Compiling futures v0.3.30
[INFO] [stderr]    Compiling devise_core v0.4.1
[INFO] [stderr]    Compiling serde_derive v1.0.194
[INFO] [stderr]    Compiling tokio-macros v2.2.0
[INFO] [stderr]    Compiling tracing-attributes v0.1.27
[INFO] [stderr]    Compiling pear_codegen v0.2.8
[INFO] [stderr]    Compiling ref-cast-impl v1.0.22
[INFO] [stderr]    Compiling async-stream-impl v0.3.5
[INFO] [stderr]    Compiling async-trait v0.1.77
[INFO] [stderr]    Compiling devise_codegen v0.4.1
[INFO] [stderr]    Compiling async-stream v0.3.5
[INFO] [stderr]    Compiling tokio v1.35.1
[INFO] [stderr]    Compiling devise v0.4.1
[INFO] [stderr]    Compiling pear v0.2.8
[INFO] [stderr]    Compiling tracing v0.1.40
[INFO] [stderr]    Compiling tokio-util v0.7.10
[INFO] [stderr]    Compiling tokio-stream v0.1.14
[INFO] [stderr]    Compiling indexmap v2.1.0
[INFO] [stderr]    Compiling toml_datetime v0.6.5
[INFO] [stderr]    Compiling serde_spanned v0.6.5
[INFO] [stderr]    Compiling ubyte v0.10.4
[INFO] [stderr]    Compiling serde_urlencoded v0.7.1
[INFO] [stderr]    Compiling h2 v0.3.22
[INFO] [stderr]    Compiling toml_edit v0.21.0
[INFO] [stderr]    Compiling toml v0.8.8
[INFO] [stderr]    Compiling hyper v0.14.28
[INFO] [stderr]    Compiling rocket_http v0.5.0
[INFO] [stderr]    Compiling rocket_codegen v0.5.0
[INFO] [stderr]    Compiling rocket-enumform v0.5.0-rc.1 (/opt/rustwide/workdir)
[INFO] [stdout] error[E0425]: cannot find function, tuple struct or tuple variant `Custom` in module `content`
[INFO] [stdout]    --> src/lib.rs:210:18
[INFO] [stdout]     |
[INFO] [stdout] 210 |         content::Custom(ContentType::Form, string).respond_to(req)
[INFO] [stdout]     |                  ^^^^^^ not found in `content`
[INFO] [stdout]     |
[INFO] [stdout] help: consider importing one of these items
[INFO] [stdout]     |
[INFO] [stdout] 52  + use crate::form::ErrorKind::Custom;
[INFO] [stdout]     |
[INFO] [stdout] 52  + use crate::response::status::Custom;
[INFO] [stdout]     |
[INFO] [stdout] 52  + use rocket::form::prelude::ErrorKind::Custom;
[INFO] [stdout]     |
[INFO] [stdout] 52  + use rocket::response::status::Custom;
[INFO] [stdout]     |
[INFO] [stdout]       and 1 other candidate
[INFO] [stdout] help: if you import `Custom`, refer to it directly
[INFO] [stdout]     |
[INFO] [stdout] 210 -         content::Custom(ContentType::Form, string).respond_to(req)
[INFO] [stdout] 210 +         Custom(ContentType::Form, string).respond_to(req)
[INFO] [stdout]     |
[INFO] [stdout] 
[INFO] [stdout] 
[INFO] [stdout] error[E0599]: no variant or associated item named `Failure` found for enum `Outcome` in the current scope
[INFO] [stdout]    --> src/lib.rs:189:26
[INFO] [stdout]     |
[INFO] [stdout] 189 |                 Outcome::Failure((Status::PayloadTooLarge, Error::Io(e)))
[INFO] [stdout]     |                          ^^^^^^^ variant or associated item not found in `Outcome<_, (Status, _), (Data<'_>, Status)>`
[INFO] [stdout] 
[INFO] [stdout] 
[INFO] [stdout] error[E0599]: no variant or associated item named `Failure` found for enum `Outcome` in the current scope
[INFO] [stdout]    --> src/lib.rs:193:26
[INFO] [stdout]     |
[INFO] [stdout] 193 |                 Outcome::Failure((Status::UnprocessableEntity, Error::Parse(s, e)))
[INFO] [stdout]     |                          ^^^^^^^ variant or associated item not found in `Outcome<_, (Status, _), (Data<'_>, Status)>`
[INFO] [stdout] 
[INFO] [stdout] 
[INFO] [stdout] error[E0599]: no variant or associated item named `Failure` found for enum `Outcome` in the current scope
[INFO] [stdout]    --> src/lib.rs:195:32
[INFO] [stdout]     |
[INFO] [stdout] 195 |             Err(e) => Outcome::Failure((Status::BadRequest, e)),
[INFO] [stdout]     |                                ^^^^^^^ variant or associated item not found in `Outcome<_, (Status, _), (Data<'_>, Status)>`
[INFO] [stdout] 
[INFO] [stdout] 
[INFO] [stdout] error: aborting due to 4 previous errors
[INFO] [stdout] 
[INFO] [stdout] 
[INFO] [stdout] Some errors have detailed explanations: E0425, E0599.
[INFO] [stdout] 
[INFO] [stdout] For more information about an error, try `rustc --explain E0425`.
[INFO] [stdout] 
[INFO] [stderr] error: could not compile `rocket-enumform` (lib) due to 5 previous errors
[INFO] [stderr] warning: build failed, waiting for other jobs to finish...
[INFO] running `Command { std: "docker" "inspect" "10c8b4d8f4d71423cf10ef542f76d1120a24f8cb4fcffd78d6770b3fe17589cd", kill_on_drop: false }`
[INFO] running `Command { std: "docker" "rm" "-f" "10c8b4d8f4d71423cf10ef542f76d1120a24f8cb4fcffd78d6770b3fe17589cd", kill_on_drop: false }`
[INFO] [stdout] 10c8b4d8f4d71423cf10ef542f76d1120a24f8cb4fcffd78d6770b3fe17589cd
