[INFO] fetching crate rlua-searcher 0.1.0...
[INFO] testing rlua-searcher-0.1.0 against 1.75.0 for beta-1.76-1
[INFO] extracting crate rlua-searcher 0.1.0 into /workspace/builds/worker-2-tc1/source
[INFO] validating manifest of crates.io crate rlua-searcher 0.1.0 on toolchain 1.75.0
[INFO] running `Command { std: CARGO_HOME="/workspace/cargo-home" RUSTUP_HOME="/workspace/rustup-home" "/workspace/cargo-home/bin/cargo" "+1.75.0" "metadata" "--manifest-path" "Cargo.toml" "--no-deps", kill_on_drop: false }`
[INFO] started tweaking crates.io crate rlua-searcher 0.1.0
[INFO] finished tweaking crates.io crate rlua-searcher 0.1.0
[INFO] tweaked toml for crates.io crate rlua-searcher 0.1.0 written to /workspace/builds/worker-2-tc1/source/Cargo.toml
[INFO] running `Command { std: CARGO_HOME="/workspace/cargo-home" RUSTUP_HOME="/workspace/rustup-home" "/workspace/cargo-home/bin/cargo" "+1.75.0" "generate-lockfile" "--manifest-path" "Cargo.toml", kill_on_drop: false }`
[INFO] [stderr]     Updating crates.io index
[INFO] running `Command { std: CARGO_HOME="/workspace/cargo-home" RUSTUP_HOME="/workspace/rustup-home" "/workspace/cargo-home/bin/cargo" "+1.75.0" "fetch" "--manifest-path" "Cargo.toml", kill_on_drop: false }`
[INFO] [stderr]  Downloading crates ...
[INFO] [stderr]   Downloaded rlua-lua54-sys v0.1.6
[INFO] [stderr]   Downloaded rlua v0.19.7
[INFO] running `Command { std: "docker" "create" "-v" "/var/lib/crater-agent-workspace/builds/worker-2-tc1/target:/opt/rustwide/target:rw,Z" "-v" "/var/lib/crater-agent-workspace/builds/worker-2-tc1/source:/opt/rustwide/workdir:ro,Z" "-v" "/var/lib/crater-agent-workspace/cargo-home:/opt/rustwide/cargo-home:ro,Z" "-v" "/var/lib/crater-agent-workspace/rustup-home:/opt/rustwide/rustup-home:ro,Z" "-e" "SOURCE_DIR=/opt/rustwide/workdir" "-e" "CARGO_TARGET_DIR=/opt/rustwide/target" "-e" "CARGO_HOME=/opt/rustwide/cargo-home" "-e" "RUSTUP_HOME=/opt/rustwide/rustup-home" "-w" "/opt/rustwide/workdir" "-m" "1610612736" "--user" "0:0" "--network" "none" "ghcr.io/rust-lang/crates-build-env/linux@sha256:2788e3201cd34a07e3172128adcd8b3090168a8e3bcc40d7c032b9dda1df7d1c" "/opt/rustwide/cargo-home/bin/cargo" "+1.75.0" "metadata" "--no-deps" "--format-version=1", kill_on_drop: false }`
[INFO] [stdout] fb53a929fb7b312b7724d15d81f51373eea9d0b19fb58dc7d04023ccb2cd4aad
[INFO] running `Command { std: "docker" "start" "-a" "fb53a929fb7b312b7724d15d81f51373eea9d0b19fb58dc7d04023ccb2cd4aad", kill_on_drop: false }`
[INFO] running `Command { std: "docker" "inspect" "fb53a929fb7b312b7724d15d81f51373eea9d0b19fb58dc7d04023ccb2cd4aad", kill_on_drop: false }`
[INFO] running `Command { std: "docker" "rm" "-f" "fb53a929fb7b312b7724d15d81f51373eea9d0b19fb58dc7d04023ccb2cd4aad", kill_on_drop: false }`
[INFO] [stdout] fb53a929fb7b312b7724d15d81f51373eea9d0b19fb58dc7d04023ccb2cd4aad
[INFO] running `Command { std: "docker" "create" "-v" "/var/lib/crater-agent-workspace/builds/worker-2-tc1/target:/opt/rustwide/target:rw,Z" "-v" "/var/lib/crater-agent-workspace/builds/worker-2-tc1/source:/opt/rustwide/workdir:ro,Z" "-v" "/var/lib/crater-agent-workspace/cargo-home:/opt/rustwide/cargo-home:ro,Z" "-v" "/var/lib/crater-agent-workspace/rustup-home:/opt/rustwide/rustup-home:ro,Z" "-e" "SOURCE_DIR=/opt/rustwide/workdir" "-e" "CARGO_TARGET_DIR=/opt/rustwide/target" "-e" "CARGO_INCREMENTAL=0" "-e" "RUST_BACKTRACE=full" "-e" "RUSTFLAGS=--cap-lints=warn" "-e" "RUSTDOCFLAGS=--cap-lints=warn" "-e" "CARGO_HOME=/opt/rustwide/cargo-home" "-e" "RUSTUP_HOME=/opt/rustwide/rustup-home" "-w" "/opt/rustwide/workdir" "-m" "1610612736" "--user" "0:0" "--network" "none" "ghcr.io/rust-lang/crates-build-env/linux@sha256:2788e3201cd34a07e3172128adcd8b3090168a8e3bcc40d7c032b9dda1df7d1c" "/opt/rustwide/cargo-home/bin/cargo" "+1.75.0" "build" "--frozen" "--message-format=json", kill_on_drop: false }`
[INFO] [stdout] 7d82fc8ab8781cd465483a920ad3fc1007dc85e51a0a8b2d6088d5d81f0feceb
[INFO] running `Command { std: "docker" "start" "-a" "7d82fc8ab8781cd465483a920ad3fc1007dc85e51a0a8b2d6088d5d81f0feceb", kill_on_drop: false }`
[INFO] [stderr]    Compiling libc v0.2.151
[INFO] [stderr]    Compiling memchr v2.7.1
[INFO] [stderr]    Compiling rlua v0.19.7
[INFO] [stderr]    Compiling num-traits v0.2.17
[INFO] [stderr]    Compiling bstr v0.2.17
[INFO] [stderr]    Compiling cc v1.0.83
[INFO] [stderr]    Compiling rlua-lua54-sys v0.1.6
[INFO] [stderr]    Compiling rlua-searcher v0.1.0 (/opt/rustwide/workdir)
[INFO] [stderr]     Finished dev [unoptimized + debuginfo] target(s) in 4.35s
[INFO] running `Command { std: "docker" "inspect" "7d82fc8ab8781cd465483a920ad3fc1007dc85e51a0a8b2d6088d5d81f0feceb", kill_on_drop: false }`
[INFO] running `Command { std: "docker" "rm" "-f" "7d82fc8ab8781cd465483a920ad3fc1007dc85e51a0a8b2d6088d5d81f0feceb", kill_on_drop: false }`
[INFO] [stdout] 7d82fc8ab8781cd465483a920ad3fc1007dc85e51a0a8b2d6088d5d81f0feceb
[INFO] running `Command { std: "docker" "create" "-v" "/var/lib/crater-agent-workspace/builds/worker-2-tc1/target:/opt/rustwide/target:rw,Z" "-v" "/var/lib/crater-agent-workspace/builds/worker-2-tc1/source:/opt/rustwide/workdir:ro,Z" "-v" "/var/lib/crater-agent-workspace/cargo-home:/opt/rustwide/cargo-home:ro,Z" "-v" "/var/lib/crater-agent-workspace/rustup-home:/opt/rustwide/rustup-home:ro,Z" "-e" "SOURCE_DIR=/opt/rustwide/workdir" "-e" "CARGO_TARGET_DIR=/opt/rustwide/target" "-e" "CARGO_INCREMENTAL=0" "-e" "RUST_BACKTRACE=full" "-e" "RUSTFLAGS=--cap-lints=warn" "-e" "RUSTDOCFLAGS=--cap-lints=warn" "-e" "CARGO_HOME=/opt/rustwide/cargo-home" "-e" "RUSTUP_HOME=/opt/rustwide/rustup-home" "-w" "/opt/rustwide/workdir" "-m" "1610612736" "--user" "0:0" "--network" "none" "ghcr.io/rust-lang/crates-build-env/linux@sha256:2788e3201cd34a07e3172128adcd8b3090168a8e3bcc40d7c032b9dda1df7d1c" "/opt/rustwide/cargo-home/bin/cargo" "+1.75.0" "test" "--frozen" "--no-run" "--message-format=json", kill_on_drop: false }`
[INFO] [stdout] 239712f4eda5f381e4426dcf59faabb141d8430b1784685ade20549cfe5de02a
[INFO] running `Command { std: "docker" "start" "-a" "239712f4eda5f381e4426dcf59faabb141d8430b1784685ade20549cfe5de02a", kill_on_drop: false }`
[INFO] [stderr]    Compiling rlua-searcher v0.1.0 (/opt/rustwide/workdir)
[INFO] [stdout] error[E0412]: cannot find type `CatMap` in this scope
[INFO] [stdout]    --> tests/tests.rs:342:18
[INFO] [stdout]     |
[INFO] [stdout] 342 |     let mut map: CatMap<Cow<'static, str>> = CatMap::new();
[INFO] [stdout]     |                  ^^^^^^ not found in this scope
[INFO] [stdout] 
[INFO] [stdout] 
[INFO] [stdout] error[E0433]: failed to resolve: use of undeclared type `CatMap`
[INFO] [stdout]    --> tests/tests.rs:342:46
[INFO] [stdout]     |
[INFO] [stdout] 342 |     let mut map: CatMap<Cow<'static, str>> = CatMap::new();
[INFO] [stdout]     |                                              ^^^^^^ use of undeclared type `CatMap`
[INFO] [stdout] 
[INFO] [stdout] 
[INFO] [stdout] error: aborting due to 2 previous errors
[INFO] [stdout] 
[INFO] [stdout] 
[INFO] [stdout] Some errors have detailed explanations: E0412, E0433.
[INFO] [stdout] 
[INFO] [stdout] For more information about an error, try `rustc --explain E0412`.
[INFO] [stdout] 
[INFO] [stderr] error: could not compile `rlua-searcher` (test "tests") due to 3 previous errors
[INFO] [stderr] warning: build failed, waiting for other jobs to finish...
[INFO] running `Command { std: "docker" "inspect" "239712f4eda5f381e4426dcf59faabb141d8430b1784685ade20549cfe5de02a", kill_on_drop: false }`
[INFO] running `Command { std: "docker" "rm" "-f" "239712f4eda5f381e4426dcf59faabb141d8430b1784685ade20549cfe5de02a", kill_on_drop: false }`
[INFO] [stdout] 239712f4eda5f381e4426dcf59faabb141d8430b1784685ade20549cfe5de02a
[INFO] testing rlua-searcher-0.1.0 against beta-2023-12-22 for beta-1.76-1
[INFO] extracting crate rlua-searcher 0.1.0 into /workspace/builds/worker-2-tc2/source
[INFO] validating manifest of crates.io crate rlua-searcher 0.1.0 on toolchain beta-2023-12-22
[INFO] running `Command { std: CARGO_HOME="/workspace/cargo-home" RUSTUP_HOME="/workspace/rustup-home" "/workspace/cargo-home/bin/cargo" "+beta-2023-12-22" "metadata" "--manifest-path" "Cargo.toml" "--no-deps", kill_on_drop: false }`
[INFO] started tweaking crates.io crate rlua-searcher 0.1.0
[INFO] finished tweaking crates.io crate rlua-searcher 0.1.0
[INFO] tweaked toml for crates.io crate rlua-searcher 0.1.0 written to /workspace/builds/worker-2-tc2/source/Cargo.toml
[INFO] running `Command { std: CARGO_HOME="/workspace/cargo-home" RUSTUP_HOME="/workspace/rustup-home" "/workspace/cargo-home/bin/cargo" "+beta-2023-12-22" "generate-lockfile" "--manifest-path" "Cargo.toml", kill_on_drop: false }`
[INFO] [stderr]     Updating crates.io index
[INFO] running `Command { std: CARGO_HOME="/workspace/cargo-home" RUSTUP_HOME="/workspace/rustup-home" "/workspace/cargo-home/bin/cargo" "+beta-2023-12-22" "fetch" "--manifest-path" "Cargo.toml", kill_on_drop: false }`
[INFO] running `Command { std: "docker" "create" "-v" "/var/lib/crater-agent-workspace/builds/worker-2-tc2/target:/opt/rustwide/target:rw,Z" "-v" "/var/lib/crater-agent-workspace/builds/worker-2-tc2/source:/opt/rustwide/workdir:ro,Z" "-v" "/var/lib/crater-agent-workspace/cargo-home:/opt/rustwide/cargo-home:ro,Z" "-v" "/var/lib/crater-agent-workspace/rustup-home:/opt/rustwide/rustup-home:ro,Z" "-e" "SOURCE_DIR=/opt/rustwide/workdir" "-e" "CARGO_TARGET_DIR=/opt/rustwide/target" "-e" "CARGO_HOME=/opt/rustwide/cargo-home" "-e" "RUSTUP_HOME=/opt/rustwide/rustup-home" "-w" "/opt/rustwide/workdir" "-m" "1610612736" "--user" "0:0" "--network" "none" "ghcr.io/rust-lang/crates-build-env/linux@sha256:2788e3201cd34a07e3172128adcd8b3090168a8e3bcc40d7c032b9dda1df7d1c" "/opt/rustwide/cargo-home/bin/cargo" "+beta-2023-12-22" "metadata" "--no-deps" "--format-version=1", kill_on_drop: false }`
[INFO] [stdout] e8602ea321b658c764b25448b7438e469e2229bd547ea776a744c0ab2235514b
[INFO] running `Command { std: "docker" "start" "-a" "e8602ea321b658c764b25448b7438e469e2229bd547ea776a744c0ab2235514b", kill_on_drop: false }`
[INFO] running `Command { std: "docker" "inspect" "e8602ea321b658c764b25448b7438e469e2229bd547ea776a744c0ab2235514b", kill_on_drop: false }`
[INFO] running `Command { std: "docker" "rm" "-f" "e8602ea321b658c764b25448b7438e469e2229bd547ea776a744c0ab2235514b", kill_on_drop: false }`
[INFO] [stdout] e8602ea321b658c764b25448b7438e469e2229bd547ea776a744c0ab2235514b
[INFO] running `Command { std: "docker" "create" "-v" "/var/lib/crater-agent-workspace/builds/worker-2-tc2/target:/opt/rustwide/target:rw,Z" "-v" "/var/lib/crater-agent-workspace/builds/worker-2-tc2/source:/opt/rustwide/workdir:ro,Z" "-v" "/var/lib/crater-agent-workspace/cargo-home:/opt/rustwide/cargo-home:ro,Z" "-v" "/var/lib/crater-agent-workspace/rustup-home:/opt/rustwide/rustup-home:ro,Z" "-e" "SOURCE_DIR=/opt/rustwide/workdir" "-e" "CARGO_TARGET_DIR=/opt/rustwide/target" "-e" "CARGO_INCREMENTAL=0" "-e" "RUST_BACKTRACE=full" "-e" "RUSTFLAGS=--cap-lints=warn" "-e" "RUSTDOCFLAGS=--cap-lints=warn" "-e" "CARGO_HOME=/opt/rustwide/cargo-home" "-e" "RUSTUP_HOME=/opt/rustwide/rustup-home" "-w" "/opt/rustwide/workdir" "-m" "1610612736" "--user" "0:0" "--network" "none" "ghcr.io/rust-lang/crates-build-env/linux@sha256:2788e3201cd34a07e3172128adcd8b3090168a8e3bcc40d7c032b9dda1df7d1c" "/opt/rustwide/cargo-home/bin/cargo" "+beta-2023-12-22" "build" "--frozen" "--message-format=json", kill_on_drop: false }`
[INFO] [stdout] 983af7d4f14ccfe8a8da9bd9b8a81d4eec115362162f2f095639f9f8bf080294
[INFO] running `Command { std: "docker" "start" "-a" "983af7d4f14ccfe8a8da9bd9b8a81d4eec115362162f2f095639f9f8bf080294", kill_on_drop: false }`
[INFO] [stderr]    Compiling libc v0.2.151
[INFO] [stderr]    Compiling rlua v0.19.7
[INFO] [stderr]    Compiling memchr v2.7.1
[INFO] [stderr]    Compiling num-traits v0.2.17
[INFO] [stderr]    Compiling bstr v0.2.17
[INFO] [stderr]    Compiling cc v1.0.83
[INFO] [stderr]    Compiling rlua-lua54-sys v0.1.6
[INFO] [stderr]    Compiling rlua-searcher v0.1.0 (/opt/rustwide/workdir)
[INFO] [stderr]     Finished dev [unoptimized + debuginfo] target(s) in 4.91s
[INFO] running `Command { std: "docker" "inspect" "983af7d4f14ccfe8a8da9bd9b8a81d4eec115362162f2f095639f9f8bf080294", kill_on_drop: false }`
[INFO] running `Command { std: "docker" "rm" "-f" "983af7d4f14ccfe8a8da9bd9b8a81d4eec115362162f2f095639f9f8bf080294", kill_on_drop: false }`
[INFO] [stdout] 983af7d4f14ccfe8a8da9bd9b8a81d4eec115362162f2f095639f9f8bf080294
[INFO] running `Command { std: "docker" "create" "-v" "/var/lib/crater-agent-workspace/builds/worker-2-tc2/target:/opt/rustwide/target:rw,Z" "-v" "/var/lib/crater-agent-workspace/builds/worker-2-tc2/source:/opt/rustwide/workdir:ro,Z" "-v" "/var/lib/crater-agent-workspace/cargo-home:/opt/rustwide/cargo-home:ro,Z" "-v" "/var/lib/crater-agent-workspace/rustup-home:/opt/rustwide/rustup-home:ro,Z" "-e" "SOURCE_DIR=/opt/rustwide/workdir" "-e" "CARGO_TARGET_DIR=/opt/rustwide/target" "-e" "CARGO_INCREMENTAL=0" "-e" "RUST_BACKTRACE=full" "-e" "RUSTFLAGS=--cap-lints=warn" "-e" "RUSTDOCFLAGS=--cap-lints=warn" "-e" "CARGO_HOME=/opt/rustwide/cargo-home" "-e" "RUSTUP_HOME=/opt/rustwide/rustup-home" "-w" "/opt/rustwide/workdir" "-m" "1610612736" "--user" "0:0" "--network" "none" "ghcr.io/rust-lang/crates-build-env/linux@sha256:2788e3201cd34a07e3172128adcd8b3090168a8e3bcc40d7c032b9dda1df7d1c" "/opt/rustwide/cargo-home/bin/cargo" "+beta-2023-12-22" "test" "--frozen" "--no-run" "--message-format=json", kill_on_drop: false }`
[INFO] [stdout] 8e4d432e48626e1bf6a4ac1009f725633610446e07621dc74aff5d3d894380cf
[INFO] running `Command { std: "docker" "start" "-a" "8e4d432e48626e1bf6a4ac1009f725633610446e07621dc74aff5d3d894380cf", kill_on_drop: false }`
[INFO] [stderr]    Compiling rlua-searcher v0.1.0 (/opt/rustwide/workdir)
[INFO] [stdout] error[E0412]: cannot find type `CatMap` in this scope
[INFO] [stdout]    --> tests/tests.rs:342:18
[INFO] [stdout]     |
[INFO] [stdout] 342 |     let mut map: CatMap<Cow<'static, str>> = CatMap::new();
[INFO] [stdout]     |                  ^^^^^^ not found in this scope
[INFO] [stdout] 
[INFO] [stdout] 
[INFO] [stdout] error[E0433]: failed to resolve: use of undeclared type `CatMap`
[INFO] [stdout]    --> tests/tests.rs:342:46
[INFO] [stdout]     |
[INFO] [stdout] 342 |     let mut map: CatMap<Cow<'static, str>> = CatMap::new();
[INFO] [stdout]     |                                              ^^^^^^ use of undeclared type `CatMap`
[INFO] [stdout] 
[INFO] [stdout] 
[INFO] [stdout] error: aborting due to 2 previous errors
[INFO] [stdout] 
[INFO] [stdout] 
[INFO] [stdout] Some errors have detailed explanations: E0412, E0433.
[INFO] [stdout] 
[INFO] [stdout] For more information about an error, try `rustc --explain E0412`.
[INFO] [stdout] 
[INFO] [stderr] error: could not compile `rlua-searcher` (test "tests") due to 3 previous errors
[INFO] [stderr] warning: build failed, waiting for other jobs to finish...
[INFO] running `Command { std: "docker" "inspect" "8e4d432e48626e1bf6a4ac1009f725633610446e07621dc74aff5d3d894380cf", kill_on_drop: false }`
[INFO] running `Command { std: "docker" "rm" "-f" "8e4d432e48626e1bf6a4ac1009f725633610446e07621dc74aff5d3d894380cf", kill_on_drop: false }`
[INFO] [stdout] 8e4d432e48626e1bf6a4ac1009f725633610446e07621dc74aff5d3d894380cf
