[INFO] fetching crate risc0-zkvm-serde 0.10.0...
[INFO] testing risc0-zkvm-serde-0.10.0 against 1.75.0 for beta-1.76-1
[INFO] extracting crate risc0-zkvm-serde 0.10.0 into /workspace/builds/worker-4-tc1/source
[INFO] validating manifest of crates.io crate risc0-zkvm-serde 0.10.0 on toolchain 1.75.0
[INFO] running `Command { std: CARGO_HOME="/workspace/cargo-home" RUSTUP_HOME="/workspace/rustup-home" "/workspace/cargo-home/bin/cargo" "+1.75.0" "metadata" "--manifest-path" "Cargo.toml" "--no-deps", kill_on_drop: false }`
[INFO] started tweaking crates.io crate risc0-zkvm-serde 0.10.0
[INFO] finished tweaking crates.io crate risc0-zkvm-serde 0.10.0
[INFO] tweaked toml for crates.io crate risc0-zkvm-serde 0.10.0 written to /workspace/builds/worker-4-tc1/source/Cargo.toml
[INFO] running `Command { std: CARGO_HOME="/workspace/cargo-home" RUSTUP_HOME="/workspace/rustup-home" "/workspace/cargo-home/bin/cargo" "+1.75.0" "generate-lockfile" "--manifest-path" "Cargo.toml", kill_on_drop: false }`
[INFO] [stderr]     Updating crates.io index
[INFO] running `Command { std: CARGO_HOME="/workspace/cargo-home" RUSTUP_HOME="/workspace/rustup-home" "/workspace/cargo-home/bin/cargo" "+1.75.0" "fetch" "--manifest-path" "Cargo.toml", kill_on_drop: false }`
[INFO] running `Command { std: "docker" "create" "-v" "/var/lib/crater-agent-workspace/builds/worker-4-tc1/target:/opt/rustwide/target:rw,Z" "-v" "/var/lib/crater-agent-workspace/builds/worker-4-tc1/source:/opt/rustwide/workdir:ro,Z" "-v" "/var/lib/crater-agent-workspace/cargo-home:/opt/rustwide/cargo-home:ro,Z" "-v" "/var/lib/crater-agent-workspace/rustup-home:/opt/rustwide/rustup-home:ro,Z" "-e" "SOURCE_DIR=/opt/rustwide/workdir" "-e" "CARGO_TARGET_DIR=/opt/rustwide/target" "-e" "CARGO_HOME=/opt/rustwide/cargo-home" "-e" "RUSTUP_HOME=/opt/rustwide/rustup-home" "-w" "/opt/rustwide/workdir" "-m" "1610612736" "--user" "0:0" "--network" "none" "ghcr.io/rust-lang/crates-build-env/linux@sha256:2788e3201cd34a07e3172128adcd8b3090168a8e3bcc40d7c032b9dda1df7d1c" "/opt/rustwide/cargo-home/bin/cargo" "+1.75.0" "metadata" "--no-deps" "--format-version=1", kill_on_drop: false }`
[INFO] [stdout] c2a84361c40925b301a11d80b916e0855dc7e6a3751f52bd7f474b179ac66fe1
[INFO] running `Command { std: "docker" "start" "-a" "c2a84361c40925b301a11d80b916e0855dc7e6a3751f52bd7f474b179ac66fe1", kill_on_drop: false }`
[INFO] running `Command { std: "docker" "inspect" "c2a84361c40925b301a11d80b916e0855dc7e6a3751f52bd7f474b179ac66fe1", kill_on_drop: false }`
[INFO] running `Command { std: "docker" "rm" "-f" "c2a84361c40925b301a11d80b916e0855dc7e6a3751f52bd7f474b179ac66fe1", kill_on_drop: false }`
[INFO] [stdout] c2a84361c40925b301a11d80b916e0855dc7e6a3751f52bd7f474b179ac66fe1
[INFO] running `Command { std: "docker" "create" "-v" "/var/lib/crater-agent-workspace/builds/worker-4-tc1/target:/opt/rustwide/target:rw,Z" "-v" "/var/lib/crater-agent-workspace/builds/worker-4-tc1/source:/opt/rustwide/workdir:ro,Z" "-v" "/var/lib/crater-agent-workspace/cargo-home:/opt/rustwide/cargo-home:ro,Z" "-v" "/var/lib/crater-agent-workspace/rustup-home:/opt/rustwide/rustup-home:ro,Z" "-e" "SOURCE_DIR=/opt/rustwide/workdir" "-e" "CARGO_TARGET_DIR=/opt/rustwide/target" "-e" "CARGO_INCREMENTAL=0" "-e" "RUST_BACKTRACE=full" "-e" "RUSTFLAGS=--cap-lints=warn" "-e" "RUSTDOCFLAGS=--cap-lints=warn" "-e" "CARGO_HOME=/opt/rustwide/cargo-home" "-e" "RUSTUP_HOME=/opt/rustwide/rustup-home" "-w" "/opt/rustwide/workdir" "-m" "1610612736" "--user" "0:0" "--network" "none" "ghcr.io/rust-lang/crates-build-env/linux@sha256:2788e3201cd34a07e3172128adcd8b3090168a8e3bcc40d7c032b9dda1df7d1c" "/opt/rustwide/cargo-home/bin/cargo" "+1.75.0" "build" "--frozen" "--message-format=json", kill_on_drop: false }`
[INFO] [stdout] 9b5b4ea90d7a8240fe6174729073d0e82e8177d7d63954226214233967e1f29f
[INFO] running `Command { std: "docker" "start" "-a" "9b5b4ea90d7a8240fe6174729073d0e82e8177d7d63954226214233967e1f29f", kill_on_drop: false }`
[INFO] [stderr]    Compiling serde v1.0.194
[INFO] [stderr]    Compiling bytemuck v1.14.0
[INFO] [stderr]    Compiling risc0-zkvm-serde v0.10.0 (/opt/rustwide/workdir)
[INFO] [stderr]     Finished dev [unoptimized + debuginfo] target(s) in 2.31s
[INFO] running `Command { std: "docker" "inspect" "9b5b4ea90d7a8240fe6174729073d0e82e8177d7d63954226214233967e1f29f", kill_on_drop: false }`
[INFO] running `Command { std: "docker" "rm" "-f" "9b5b4ea90d7a8240fe6174729073d0e82e8177d7d63954226214233967e1f29f", kill_on_drop: false }`
[INFO] [stdout] 9b5b4ea90d7a8240fe6174729073d0e82e8177d7d63954226214233967e1f29f
[INFO] running `Command { std: "docker" "create" "-v" "/var/lib/crater-agent-workspace/builds/worker-4-tc1/target:/opt/rustwide/target:rw,Z" "-v" "/var/lib/crater-agent-workspace/builds/worker-4-tc1/source:/opt/rustwide/workdir:ro,Z" "-v" "/var/lib/crater-agent-workspace/cargo-home:/opt/rustwide/cargo-home:ro,Z" "-v" "/var/lib/crater-agent-workspace/rustup-home:/opt/rustwide/rustup-home:ro,Z" "-e" "SOURCE_DIR=/opt/rustwide/workdir" "-e" "CARGO_TARGET_DIR=/opt/rustwide/target" "-e" "CARGO_INCREMENTAL=0" "-e" "RUST_BACKTRACE=full" "-e" "RUSTFLAGS=--cap-lints=warn" "-e" "RUSTDOCFLAGS=--cap-lints=warn" "-e" "CARGO_HOME=/opt/rustwide/cargo-home" "-e" "RUSTUP_HOME=/opt/rustwide/rustup-home" "-w" "/opt/rustwide/workdir" "-m" "1610612736" "--user" "0:0" "--network" "none" "ghcr.io/rust-lang/crates-build-env/linux@sha256:2788e3201cd34a07e3172128adcd8b3090168a8e3bcc40d7c032b9dda1df7d1c" "/opt/rustwide/cargo-home/bin/cargo" "+1.75.0" "test" "--frozen" "--no-run" "--message-format=json", kill_on_drop: false }`
[INFO] [stdout] 51e974846d015587fdb31f3e12dc403c51d4c3fded486642dc2a36db3389de7b
[INFO] running `Command { std: "docker" "start" "-a" "51e974846d015587fdb31f3e12dc403c51d4c3fded486642dc2a36db3389de7b", kill_on_drop: false }`
[INFO] [stderr]    Compiling risc0-zkvm-serde v0.10.0 (/opt/rustwide/workdir)
[INFO] [stdout] error: cannot find derive macro `Deserialize` in this scope
[INFO] [stdout]    --> src/deserializer.rs:442:18
[INFO] [stdout]     |
[INFO] [stdout] 442 |         #[derive(Deserialize, PartialEq, Debug)]
[INFO] [stdout]     |                  ^^^^^^^^^^^
[INFO] [stdout]     |
[INFO] [stdout] note: `Deserialize` is imported here, but it is only a trait, without a derive macro
[INFO] [stdout]    --> src/deserializer.rs:440:13
[INFO] [stdout]     |
[INFO] [stdout] 440 |         use serde::Deserialize;
[INFO] [stdout]     |             ^^^^^^^^^^^^^^^^^^
[INFO] [stdout] 
[INFO] [stdout] 
[INFO] [stdout] error: cannot find derive macro `Deserialize` in this scope
[INFO] [stdout]    --> src/deserializer.rs:486:18
[INFO] [stdout]     |
[INFO] [stdout] 486 |         #[derive(Deserialize, PartialEq, Debug)]
[INFO] [stdout]     |                  ^^^^^^^^^^^
[INFO] [stdout]     |
[INFO] [stdout] note: `Deserialize` is imported here, but it is only a trait, without a derive macro
[INFO] [stdout]    --> src/deserializer.rs:484:13
[INFO] [stdout]     |
[INFO] [stdout] 484 |         use serde::Deserialize;
[INFO] [stdout]     |             ^^^^^^^^^^^^^^^^^^
[INFO] [stdout] 
[INFO] [stdout] 
[INFO] [stdout] error: cannot find derive macro `Serialize` in this scope
[INFO] [stdout]    --> src/serializer.rs:505:18
[INFO] [stdout]     |
[INFO] [stdout] 505 |         #[derive(Serialize, PartialEq, Debug)]
[INFO] [stdout]     |                  ^^^^^^^^^
[INFO] [stdout]     |
[INFO] [stdout] note: `Serialize` is imported here, but it is only a trait, without a derive macro
[INFO] [stdout]    --> src/serializer.rs:501:9
[INFO] [stdout]     |
[INFO] [stdout] 501 |     use serde::Serialize;
[INFO] [stdout]     |         ^^^^^^^^^^^^^^^^
[INFO] [stdout] 
[INFO] [stdout] 
[INFO] [stdout] error: cannot find derive macro `Serialize` in this scope
[INFO] [stdout]    --> src/serializer.rs:549:18
[INFO] [stdout]     |
[INFO] [stdout] 549 |         #[derive(Serialize, PartialEq, Debug)]
[INFO] [stdout]     |                  ^^^^^^^^^
[INFO] [stdout]     |
[INFO] [stdout] note: `Serialize` is imported here, but it is only a trait, without a derive macro
[INFO] [stdout]    --> src/serializer.rs:501:9
[INFO] [stdout]     |
[INFO] [stdout] 501 |     use serde::Serialize;
[INFO] [stdout]     |         ^^^^^^^^^^^^^^^^
[INFO] [stdout] 
[INFO] [stdout] 
[INFO] [stdout] error[E0277]: the trait bound `deserializer::test::test_struct::Test: Deserialize<'_>` is not satisfied
[INFO] [stdout]    --> src/deserializer.rs:479:30
[INFO] [stdout]     |
[INFO] [stdout] 479 |         assert_eq!(expected, from_slice(&words).unwrap());
[INFO] [stdout]     |                              ^^^^^^^^^^ the trait `Deserialize<'_>` is not implemented for `deserializer::test::test_struct::Test`
[INFO] [stdout]     |
[INFO] [stdout]     = help: the following other types implement trait `Deserialize<'de>`:
[INFO] [stdout]               bool
[INFO] [stdout]               char
[INFO] [stdout]               isize
[INFO] [stdout]               i8
[INFO] [stdout]               i16
[INFO] [stdout]               i32
[INFO] [stdout]               i64
[INFO] [stdout]               i128
[INFO] [stdout]             and 86 others
[INFO] [stdout] note: required by a bound in `deserializer::from_slice`
[INFO] [stdout]    --> src/deserializer.rs:22:26
[INFO] [stdout]     |
[INFO] [stdout] 22  | pub fn from_slice<'a, T: Deserialize<'a>>(slice: &'a [u32]) -> Result<T> {
[INFO] [stdout]     |                          ^^^^^^^^^^^^^^^ required by this bound in `from_slice`
[INFO] [stdout] 
[INFO] [stdout] 
[INFO] [stdout] error[E0277]: the trait bound `deserializer::test::test_str::Test: Deserialize<'_>` is not satisfied
[INFO] [stdout]    --> src/deserializer.rs:497:30
[INFO] [stdout]     |
[INFO] [stdout] 497 |         assert_eq!(expected, from_slice(&words).unwrap());
[INFO] [stdout]     |                              ^^^^^^^^^^ the trait `Deserialize<'_>` is not implemented for `deserializer::test::test_str::Test`
[INFO] [stdout]     |
[INFO] [stdout]     = help: the following other types implement trait `Deserialize<'de>`:
[INFO] [stdout]               bool
[INFO] [stdout]               char
[INFO] [stdout]               isize
[INFO] [stdout]               i8
[INFO] [stdout]               i16
[INFO] [stdout]               i32
[INFO] [stdout]               i64
[INFO] [stdout]               i128
[INFO] [stdout]             and 86 others
[INFO] [stdout] note: required by a bound in `deserializer::from_slice`
[INFO] [stdout]    --> src/deserializer.rs:22:26
[INFO] [stdout]     |
[INFO] [stdout] 22  | pub fn from_slice<'a, T: Deserialize<'a>>(slice: &'a [u32]) -> Result<T> {
[INFO] [stdout]     |                          ^^^^^^^^^^^^^^^ required by this bound in `from_slice`
[INFO] [stdout] 
[INFO] [stdout] 
[INFO] [stdout] error[E0277]: the trait bound `Vec<u64>: Serialize` is not satisfied
[INFO] [stdout]   --> src/round_trip.rs:8:34
[INFO] [stdout]    |
[INFO] [stdout] 8  |         let data = crate::to_vec(&input).unwrap();
[INFO] [stdout]    |                    ------------- ^^^^^^ the trait `Serialize` is not implemented for `Vec<u64>`
[INFO] [stdout]    |                    |
[INFO] [stdout]    |                    required by a bound introduced by this call
[INFO] [stdout]    |
[INFO] [stdout]    = help: the following other types implement trait `Serialize`:
[INFO] [stdout]              bool
[INFO] [stdout]              char
[INFO] [stdout]              isize
[INFO] [stdout]              i8
[INFO] [stdout]              i16
[INFO] [stdout]              i32
[INFO] [stdout]              i64
[INFO] [stdout]              i128
[INFO] [stdout]            and 90 others
[INFO] [stdout] note: required by a bound in `to_vec`
[INFO] [stdout]   --> src/serializer.rs:37:8
[INFO] [stdout]    |
[INFO] [stdout] 35 | pub fn to_vec<'a, T>(value: &'a T) -> Result<alloc::vec::Vec<u32>>
[INFO] [stdout]    |        ------ required by a bound in this function
[INFO] [stdout] 36 | where
[INFO] [stdout] 37 |     T: Serialize + ?Sized,
[INFO] [stdout]    |        ^^^^^^^^^ required by this bound in `to_vec`
[INFO] [stdout] 
[INFO] [stdout] 
[INFO] [stdout] error[E0277]: the trait bound `Vec<u64>: Deserialize<'_>` is not satisfied
[INFO] [stdout]   --> src/round_trip.rs:9:32
[INFO] [stdout]    |
[INFO] [stdout] 9  |         let output: Vec<u64> = crate::from_slice(data.as_slice()).unwrap();
[INFO] [stdout]    |                                ^^^^^^^^^^^^^^^^^ the trait `Deserialize<'_>` is not implemented for `Vec<u64>`
[INFO] [stdout]    |
[INFO] [stdout]    = help: the following other types implement trait `Deserialize<'de>`:
[INFO] [stdout]              bool
[INFO] [stdout]              char
[INFO] [stdout]              isize
[INFO] [stdout]              i8
[INFO] [stdout]              i16
[INFO] [stdout]              i32
[INFO] [stdout]              i64
[INFO] [stdout]              i128
[INFO] [stdout]            and 86 others
[INFO] [stdout] note: required by a bound in `deserializer::from_slice`
[INFO] [stdout]   --> src/deserializer.rs:22:26
[INFO] [stdout]    |
[INFO] [stdout] 22 | pub fn from_slice<'a, T: Deserialize<'a>>(slice: &'a [u32]) -> Result<T> {
[INFO] [stdout]    |                          ^^^^^^^^^^^^^^^ required by this bound in `from_slice`
[INFO] [stdout] 
[INFO] [stdout] 
[INFO] [stdout] error[E0277]: the trait bound `HashMap<&str, u32>: Serialize` is not satisfied
[INFO] [stdout]   --> src/round_trip.rs:16:34
[INFO] [stdout]    |
[INFO] [stdout] 16 |         let data = crate::to_vec(&input).unwrap();
[INFO] [stdout]    |                    ------------- ^^^^^^ the trait `Serialize` is not implemented for `HashMap<&str, u32>`
[INFO] [stdout]    |                    |
[INFO] [stdout]    |                    required by a bound introduced by this call
[INFO] [stdout]    |
[INFO] [stdout]    = help: the following other types implement trait `Serialize`:
[INFO] [stdout]              bool
[INFO] [stdout]              char
[INFO] [stdout]              isize
[INFO] [stdout]              i8
[INFO] [stdout]              i16
[INFO] [stdout]              i32
[INFO] [stdout]              i64
[INFO] [stdout]              i128
[INFO] [stdout]            and 90 others
[INFO] [stdout] note: required by a bound in `to_vec`
[INFO] [stdout]   --> src/serializer.rs:37:8
[INFO] [stdout]    |
[INFO] [stdout] 35 | pub fn to_vec<'a, T>(value: &'a T) -> Result<alloc::vec::Vec<u32>>
[INFO] [stdout]    |        ------ required by a bound in this function
[INFO] [stdout] 36 | where
[INFO] [stdout] 37 |     T: Serialize + ?Sized,
[INFO] [stdout]    |        ^^^^^^^^^ required by this bound in `to_vec`
[INFO] [stdout] 
[INFO] [stdout] 
[INFO] [stdout] error[E0277]: the trait bound `HashMap<&str, u32>: Deserialize<'_>` is not satisfied
[INFO] [stdout]   --> src/round_trip.rs:17:42
[INFO] [stdout]    |
[INFO] [stdout] 17 |         let output: HashMap<&str, u32> = crate::from_slice(data.as_slice()).unwrap();
[INFO] [stdout]    |                                          ^^^^^^^^^^^^^^^^^ the trait `Deserialize<'_>` is not implemented for `HashMap<&str, u32>`
[INFO] [stdout]    |
[INFO] [stdout]    = help: the following other types implement trait `Deserialize<'de>`:
[INFO] [stdout]              bool
[INFO] [stdout]              char
[INFO] [stdout]              isize
[INFO] [stdout]              i8
[INFO] [stdout]              i16
[INFO] [stdout]              i32
[INFO] [stdout]              i64
[INFO] [stdout]              i128
[INFO] [stdout]            and 86 others
[INFO] [stdout] note: required by a bound in `deserializer::from_slice`
[INFO] [stdout]   --> src/deserializer.rs:22:26
[INFO] [stdout]    |
[INFO] [stdout] 22 | pub fn from_slice<'a, T: Deserialize<'a>>(slice: &'a [u32]) -> Result<T> {
[INFO] [stdout]    |                          ^^^^^^^^^^^^^^^ required by this bound in `from_slice`
[INFO] [stdout] 
[INFO] [stdout] 
[INFO] [stdout] error[E0277]: the trait bound `serializer::test::test_struct::Test: Serialize` is not satisfied
[INFO] [stdout]    --> src/serializer.rs:544:39
[INFO] [stdout]     |
[INFO] [stdout] 544 |         assert_eq!(expected, to_slice(&input, buf).unwrap());
[INFO] [stdout]     |                              -------- ^^^^^^ the trait `Serialize` is not implemented for `serializer::test::test_struct::Test`
[INFO] [stdout]     |                              |
[INFO] [stdout]     |                              required by a bound introduced by this call
[INFO] [stdout]     |
[INFO] [stdout]     = help: the following other types implement trait `Serialize`:
[INFO] [stdout]               bool
[INFO] [stdout]               char
[INFO] [stdout]               isize
[INFO] [stdout]               i8
[INFO] [stdout]               i16
[INFO] [stdout]               i32
[INFO] [stdout]               i64
[INFO] [stdout]               i128
[INFO] [stdout]             and 90 others
[INFO] [stdout] note: required by a bound in `serializer::to_slice`
[INFO] [stdout]    --> src/serializer.rs:28:8
[INFO] [stdout]     |
[INFO] [stdout] 26  | pub fn to_slice<'a, 'b, T>(value: &'b T, buf: &'a mut [u32]) -> Result<&'a [u32]>
[INFO] [stdout]     |        -------- required by a bound in this function
[INFO] [stdout] 27  | where
[INFO] [stdout] 28  |     T: Serialize + ?Sized,
[INFO] [stdout]     |        ^^^^^^^^^ required by this bound in `to_slice`
[INFO] [stdout] 
[INFO] [stdout] 
[INFO] [stdout] error[E0277]: the trait bound `serializer::test::test_str::Test: Serialize` is not satisfied
[INFO] [stdout]    --> src/serializer.rs:561:39
[INFO] [stdout]     |
[INFO] [stdout] 561 |         assert_eq!(expected, to_slice(&input, buf).unwrap());
[INFO] [stdout]     |                              -------- ^^^^^^ the trait `Serialize` is not implemented for `serializer::test::test_str::Test`
[INFO] [stdout]     |                              |
[INFO] [stdout]     |                              required by a bound introduced by this call
[INFO] [stdout]     |
[INFO] [stdout]     = help: the following other types implement trait `Serialize`:
[INFO] [stdout]               bool
[INFO] [stdout]               char
[INFO] [stdout]               isize
[INFO] [stdout]               i8
[INFO] [stdout]               i16
[INFO] [stdout]               i32
[INFO] [stdout]               i64
[INFO] [stdout]               i128
[INFO] [stdout]             and 90 others
[INFO] [stdout] note: required by a bound in `serializer::to_slice`
[INFO] [stdout]    --> src/serializer.rs:28:8
[INFO] [stdout]     |
[INFO] [stdout] 26  | pub fn to_slice<'a, 'b, T>(value: &'b T, buf: &'a mut [u32]) -> Result<&'a [u32]>
[INFO] [stdout]     |        -------- required by a bound in this function
[INFO] [stdout] 27  | where
[INFO] [stdout] 28  |     T: Serialize + ?Sized,
[INFO] [stdout]     |        ^^^^^^^^^ required by this bound in `to_slice`
[INFO] [stdout] 
[INFO] [stdout] 
[INFO] [stdout] error: aborting due to 12 previous errors
[INFO] [stdout] 
[INFO] [stdout] 
[INFO] [stdout] For more information about this error, try `rustc --explain E0277`.
[INFO] [stdout] 
[INFO] [stderr] error: could not compile `risc0-zkvm-serde` (lib test) due to 13 previous errors
[INFO] running `Command { std: "docker" "inspect" "51e974846d015587fdb31f3e12dc403c51d4c3fded486642dc2a36db3389de7b", kill_on_drop: false }`
[INFO] running `Command { std: "docker" "rm" "-f" "51e974846d015587fdb31f3e12dc403c51d4c3fded486642dc2a36db3389de7b", kill_on_drop: false }`
[INFO] [stdout] 51e974846d015587fdb31f3e12dc403c51d4c3fded486642dc2a36db3389de7b
[INFO] testing risc0-zkvm-serde-0.10.0 against beta-2023-12-22 for beta-1.76-1
[INFO] extracting crate risc0-zkvm-serde 0.10.0 into /workspace/builds/worker-4-tc2/source
[INFO] validating manifest of crates.io crate risc0-zkvm-serde 0.10.0 on toolchain beta-2023-12-22
[INFO] running `Command { std: CARGO_HOME="/workspace/cargo-home" RUSTUP_HOME="/workspace/rustup-home" "/workspace/cargo-home/bin/cargo" "+beta-2023-12-22" "metadata" "--manifest-path" "Cargo.toml" "--no-deps", kill_on_drop: false }`
[INFO] started tweaking crates.io crate risc0-zkvm-serde 0.10.0
[INFO] finished tweaking crates.io crate risc0-zkvm-serde 0.10.0
[INFO] tweaked toml for crates.io crate risc0-zkvm-serde 0.10.0 written to /workspace/builds/worker-4-tc2/source/Cargo.toml
[INFO] running `Command { std: CARGO_HOME="/workspace/cargo-home" RUSTUP_HOME="/workspace/rustup-home" "/workspace/cargo-home/bin/cargo" "+beta-2023-12-22" "generate-lockfile" "--manifest-path" "Cargo.toml", kill_on_drop: false }`
[INFO] [stderr]     Updating crates.io index
[INFO] running `Command { std: CARGO_HOME="/workspace/cargo-home" RUSTUP_HOME="/workspace/rustup-home" "/workspace/cargo-home/bin/cargo" "+beta-2023-12-22" "fetch" "--manifest-path" "Cargo.toml", kill_on_drop: false }`
[INFO] running `Command { std: "docker" "create" "-v" "/var/lib/crater-agent-workspace/builds/worker-4-tc2/target:/opt/rustwide/target:rw,Z" "-v" "/var/lib/crater-agent-workspace/builds/worker-4-tc2/source:/opt/rustwide/workdir:ro,Z" "-v" "/var/lib/crater-agent-workspace/cargo-home:/opt/rustwide/cargo-home:ro,Z" "-v" "/var/lib/crater-agent-workspace/rustup-home:/opt/rustwide/rustup-home:ro,Z" "-e" "SOURCE_DIR=/opt/rustwide/workdir" "-e" "CARGO_TARGET_DIR=/opt/rustwide/target" "-e" "CARGO_HOME=/opt/rustwide/cargo-home" "-e" "RUSTUP_HOME=/opt/rustwide/rustup-home" "-w" "/opt/rustwide/workdir" "-m" "1610612736" "--user" "0:0" "--network" "none" "ghcr.io/rust-lang/crates-build-env/linux@sha256:2788e3201cd34a07e3172128adcd8b3090168a8e3bcc40d7c032b9dda1df7d1c" "/opt/rustwide/cargo-home/bin/cargo" "+beta-2023-12-22" "metadata" "--no-deps" "--format-version=1", kill_on_drop: false }`
[INFO] [stdout] 30cb2341375bfd2d7dcf295eeb727ed5603a31180bf6bd5e528abec2e4225601
[INFO] running `Command { std: "docker" "start" "-a" "30cb2341375bfd2d7dcf295eeb727ed5603a31180bf6bd5e528abec2e4225601", kill_on_drop: false }`
[INFO] running `Command { std: "docker" "inspect" "30cb2341375bfd2d7dcf295eeb727ed5603a31180bf6bd5e528abec2e4225601", kill_on_drop: false }`
[INFO] running `Command { std: "docker" "rm" "-f" "30cb2341375bfd2d7dcf295eeb727ed5603a31180bf6bd5e528abec2e4225601", kill_on_drop: false }`
[INFO] [stdout] 30cb2341375bfd2d7dcf295eeb727ed5603a31180bf6bd5e528abec2e4225601
[INFO] running `Command { std: "docker" "create" "-v" "/var/lib/crater-agent-workspace/builds/worker-4-tc2/target:/opt/rustwide/target:rw,Z" "-v" "/var/lib/crater-agent-workspace/builds/worker-4-tc2/source:/opt/rustwide/workdir:ro,Z" "-v" "/var/lib/crater-agent-workspace/cargo-home:/opt/rustwide/cargo-home:ro,Z" "-v" "/var/lib/crater-agent-workspace/rustup-home:/opt/rustwide/rustup-home:ro,Z" "-e" "SOURCE_DIR=/opt/rustwide/workdir" "-e" "CARGO_TARGET_DIR=/opt/rustwide/target" "-e" "CARGO_INCREMENTAL=0" "-e" "RUST_BACKTRACE=full" "-e" "RUSTFLAGS=--cap-lints=warn" "-e" "RUSTDOCFLAGS=--cap-lints=warn" "-e" "CARGO_HOME=/opt/rustwide/cargo-home" "-e" "RUSTUP_HOME=/opt/rustwide/rustup-home" "-w" "/opt/rustwide/workdir" "-m" "1610612736" "--user" "0:0" "--network" "none" "ghcr.io/rust-lang/crates-build-env/linux@sha256:2788e3201cd34a07e3172128adcd8b3090168a8e3bcc40d7c032b9dda1df7d1c" "/opt/rustwide/cargo-home/bin/cargo" "+beta-2023-12-22" "build" "--frozen" "--message-format=json", kill_on_drop: false }`
[INFO] [stdout] e1de6bf2aad043499b18aba87ee1c072f193f68bb15527386a819e2fc1e54d02
[INFO] running `Command { std: "docker" "start" "-a" "e1de6bf2aad043499b18aba87ee1c072f193f68bb15527386a819e2fc1e54d02", kill_on_drop: false }`
[INFO] [stderr]    Compiling serde v1.0.194
[INFO] [stderr]    Compiling bytemuck v1.14.0
[INFO] [stderr]    Compiling risc0-zkvm-serde v0.10.0 (/opt/rustwide/workdir)
[INFO] [stderr]     Finished dev [unoptimized + debuginfo] target(s) in 2.56s
[INFO] running `Command { std: "docker" "inspect" "e1de6bf2aad043499b18aba87ee1c072f193f68bb15527386a819e2fc1e54d02", kill_on_drop: false }`
[INFO] running `Command { std: "docker" "rm" "-f" "e1de6bf2aad043499b18aba87ee1c072f193f68bb15527386a819e2fc1e54d02", kill_on_drop: false }`
[INFO] [stdout] e1de6bf2aad043499b18aba87ee1c072f193f68bb15527386a819e2fc1e54d02
[INFO] running `Command { std: "docker" "create" "-v" "/var/lib/crater-agent-workspace/builds/worker-4-tc2/target:/opt/rustwide/target:rw,Z" "-v" "/var/lib/crater-agent-workspace/builds/worker-4-tc2/source:/opt/rustwide/workdir:ro,Z" "-v" "/var/lib/crater-agent-workspace/cargo-home:/opt/rustwide/cargo-home:ro,Z" "-v" "/var/lib/crater-agent-workspace/rustup-home:/opt/rustwide/rustup-home:ro,Z" "-e" "SOURCE_DIR=/opt/rustwide/workdir" "-e" "CARGO_TARGET_DIR=/opt/rustwide/target" "-e" "CARGO_INCREMENTAL=0" "-e" "RUST_BACKTRACE=full" "-e" "RUSTFLAGS=--cap-lints=warn" "-e" "RUSTDOCFLAGS=--cap-lints=warn" "-e" "CARGO_HOME=/opt/rustwide/cargo-home" "-e" "RUSTUP_HOME=/opt/rustwide/rustup-home" "-w" "/opt/rustwide/workdir" "-m" "1610612736" "--user" "0:0" "--network" "none" "ghcr.io/rust-lang/crates-build-env/linux@sha256:2788e3201cd34a07e3172128adcd8b3090168a8e3bcc40d7c032b9dda1df7d1c" "/opt/rustwide/cargo-home/bin/cargo" "+beta-2023-12-22" "test" "--frozen" "--no-run" "--message-format=json", kill_on_drop: false }`
[INFO] [stdout] 1f85c27f0d84ab4183429dc7c642a13a92a3ab8b32e577ea6583920561d450f5
[INFO] running `Command { std: "docker" "start" "-a" "1f85c27f0d84ab4183429dc7c642a13a92a3ab8b32e577ea6583920561d450f5", kill_on_drop: false }`
[INFO] [stderr]    Compiling risc0-zkvm-serde v0.10.0 (/opt/rustwide/workdir)
[INFO] [stdout] error: cannot find derive macro `Deserialize` in this scope
[INFO] [stdout]    --> src/deserializer.rs:442:18
[INFO] [stdout]     |
[INFO] [stdout] 442 |         #[derive(Deserialize, PartialEq, Debug)]
[INFO] [stdout]     |                  ^^^^^^^^^^^
[INFO] [stdout]     |
[INFO] [stdout] note: `Deserialize` is imported here, but it is only a trait, without a derive macro
[INFO] [stdout]    --> src/deserializer.rs:440:13
[INFO] [stdout]     |
[INFO] [stdout] 440 |         use serde::Deserialize;
[INFO] [stdout]     |             ^^^^^^^^^^^^^^^^^^
[INFO] [stdout] 
[INFO] [stdout] 
[INFO] [stdout] error: cannot find derive macro `Deserialize` in this scope
[INFO] [stdout]    --> src/deserializer.rs:486:18
[INFO] [stdout]     |
[INFO] [stdout] 486 |         #[derive(Deserialize, PartialEq, Debug)]
[INFO] [stdout]     |                  ^^^^^^^^^^^
[INFO] [stdout]     |
[INFO] [stdout] note: `Deserialize` is imported here, but it is only a trait, without a derive macro
[INFO] [stdout]    --> src/deserializer.rs:484:13
[INFO] [stdout]     |
[INFO] [stdout] 484 |         use serde::Deserialize;
[INFO] [stdout]     |             ^^^^^^^^^^^^^^^^^^
[INFO] [stdout] 
[INFO] [stdout] 
[INFO] [stdout] error: cannot find derive macro `Serialize` in this scope
[INFO] [stdout]    --> src/serializer.rs:505:18
[INFO] [stdout]     |
[INFO] [stdout] 505 |         #[derive(Serialize, PartialEq, Debug)]
[INFO] [stdout]     |                  ^^^^^^^^^
[INFO] [stdout]     |
[INFO] [stdout] note: `Serialize` is imported here, but it is only a trait, without a derive macro
[INFO] [stdout]    --> src/serializer.rs:501:9
[INFO] [stdout]     |
[INFO] [stdout] 501 |     use serde::Serialize;
[INFO] [stdout]     |         ^^^^^^^^^^^^^^^^
[INFO] [stdout] 
[INFO] [stdout] 
[INFO] [stdout] error: cannot find derive macro `Serialize` in this scope
[INFO] [stdout]    --> src/serializer.rs:549:18
[INFO] [stdout]     |
[INFO] [stdout] 549 |         #[derive(Serialize, PartialEq, Debug)]
[INFO] [stdout]     |                  ^^^^^^^^^
[INFO] [stdout]     |
[INFO] [stdout] note: `Serialize` is imported here, but it is only a trait, without a derive macro
[INFO] [stdout]    --> src/serializer.rs:501:9
[INFO] [stdout]     |
[INFO] [stdout] 501 |     use serde::Serialize;
[INFO] [stdout]     |         ^^^^^^^^^^^^^^^^
[INFO] [stdout] 
[INFO] [stdout] 
[INFO] [stdout] error[E0277]: the trait bound `deserializer::test::test_struct::Test: Deserialize<'_>` is not satisfied
[INFO] [stdout]    --> src/deserializer.rs:479:30
[INFO] [stdout]     |
[INFO] [stdout] 479 |         assert_eq!(expected, from_slice(&words).unwrap());
[INFO] [stdout]     |                              ^^^^^^^^^^ the trait `Deserialize<'_>` is not implemented for `deserializer::test::test_struct::Test`
[INFO] [stdout]     |
[INFO] [stdout]     = help: the following other types implement trait `Deserialize<'de>`:
[INFO] [stdout]               bool
[INFO] [stdout]               char
[INFO] [stdout]               isize
[INFO] [stdout]               i8
[INFO] [stdout]               i16
[INFO] [stdout]               i32
[INFO] [stdout]               i64
[INFO] [stdout]               i128
[INFO] [stdout]             and 86 others
[INFO] [stdout] note: required by a bound in `deserializer::from_slice`
[INFO] [stdout]    --> src/deserializer.rs:22:26
[INFO] [stdout]     |
[INFO] [stdout] 22  | pub fn from_slice<'a, T: Deserialize<'a>>(slice: &'a [u32]) -> Result<T> {
[INFO] [stdout]     |                          ^^^^^^^^^^^^^^^ required by this bound in `from_slice`
[INFO] [stdout] 
[INFO] [stdout] 
[INFO] [stdout] error[E0277]: the trait bound `deserializer::test::test_str::Test: Deserialize<'_>` is not satisfied
[INFO] [stdout]    --> src/deserializer.rs:497:30
[INFO] [stdout]     |
[INFO] [stdout] 497 |         assert_eq!(expected, from_slice(&words).unwrap());
[INFO] [stdout]     |                              ^^^^^^^^^^ the trait `Deserialize<'_>` is not implemented for `deserializer::test::test_str::Test`
[INFO] [stdout]     |
[INFO] [stdout]     = help: the following other types implement trait `Deserialize<'de>`:
[INFO] [stdout]               bool
[INFO] [stdout]               char
[INFO] [stdout]               isize
[INFO] [stdout]               i8
[INFO] [stdout]               i16
[INFO] [stdout]               i32
[INFO] [stdout]               i64
[INFO] [stdout]               i128
[INFO] [stdout]             and 86 others
[INFO] [stdout] note: required by a bound in `deserializer::from_slice`
[INFO] [stdout]    --> src/deserializer.rs:22:26
[INFO] [stdout]     |
[INFO] [stdout] 22  | pub fn from_slice<'a, T: Deserialize<'a>>(slice: &'a [u32]) -> Result<T> {
[INFO] [stdout]     |                          ^^^^^^^^^^^^^^^ required by this bound in `from_slice`
[INFO] [stdout] 
[INFO] [stdout] 
[INFO] [stdout] error[E0277]: the trait bound `Vec<u64>: Serialize` is not satisfied
[INFO] [stdout]   --> src/round_trip.rs:8:34
[INFO] [stdout]    |
[INFO] [stdout] 8  |         let data = crate::to_vec(&input).unwrap();
[INFO] [stdout]    |                    ------------- ^^^^^^ the trait `Serialize` is not implemented for `Vec<u64>`
[INFO] [stdout]    |                    |
[INFO] [stdout]    |                    required by a bound introduced by this call
[INFO] [stdout]    |
[INFO] [stdout]    = help: the following other types implement trait `Serialize`:
[INFO] [stdout]              bool
[INFO] [stdout]              char
[INFO] [stdout]              isize
[INFO] [stdout]              i8
[INFO] [stdout]              i16
[INFO] [stdout]              i32
[INFO] [stdout]              i64
[INFO] [stdout]              i128
[INFO] [stdout]            and 90 others
[INFO] [stdout] note: required by a bound in `to_vec`
[INFO] [stdout]   --> src/serializer.rs:37:8
[INFO] [stdout]    |
[INFO] [stdout] 35 | pub fn to_vec<'a, T>(value: &'a T) -> Result<alloc::vec::Vec<u32>>
[INFO] [stdout]    |        ------ required by a bound in this function
[INFO] [stdout] 36 | where
[INFO] [stdout] 37 |     T: Serialize + ?Sized,
[INFO] [stdout]    |        ^^^^^^^^^ required by this bound in `to_vec`
[INFO] [stdout] 
[INFO] [stdout] 
[INFO] [stdout] error[E0277]: the trait bound `Vec<u64>: Deserialize<'_>` is not satisfied
[INFO] [stdout]   --> src/round_trip.rs:9:32
[INFO] [stdout]    |
[INFO] [stdout] 9  |         let output: Vec<u64> = crate::from_slice(data.as_slice()).unwrap();
[INFO] [stdout]    |                                ^^^^^^^^^^^^^^^^^ the trait `Deserialize<'_>` is not implemented for `Vec<u64>`
[INFO] [stdout]    |
[INFO] [stdout]    = help: the following other types implement trait `Deserialize<'de>`:
[INFO] [stdout]              bool
[INFO] [stdout]              char
[INFO] [stdout]              isize
[INFO] [stdout]              i8
[INFO] [stdout]              i16
[INFO] [stdout]              i32
[INFO] [stdout]              i64
[INFO] [stdout]              i128
[INFO] [stdout]            and 86 others
[INFO] [stdout] note: required by a bound in `deserializer::from_slice`
[INFO] [stdout]   --> src/deserializer.rs:22:26
[INFO] [stdout]    |
[INFO] [stdout] 22 | pub fn from_slice<'a, T: Deserialize<'a>>(slice: &'a [u32]) -> Result<T> {
[INFO] [stdout]    |                          ^^^^^^^^^^^^^^^ required by this bound in `from_slice`
[INFO] [stdout] 
[INFO] [stdout] 
[INFO] [stdout] error[E0277]: the trait bound `HashMap<&str, u32>: Serialize` is not satisfied
[INFO] [stdout]   --> src/round_trip.rs:16:34
[INFO] [stdout]    |
[INFO] [stdout] 16 |         let data = crate::to_vec(&input).unwrap();
[INFO] [stdout]    |                    ------------- ^^^^^^ the trait `Serialize` is not implemented for `HashMap<&str, u32>`
[INFO] [stdout]    |                    |
[INFO] [stdout]    |                    required by a bound introduced by this call
[INFO] [stdout]    |
[INFO] [stdout]    = help: the following other types implement trait `Serialize`:
[INFO] [stdout]              bool
[INFO] [stdout]              char
[INFO] [stdout]              isize
[INFO] [stdout]              i8
[INFO] [stdout]              i16
[INFO] [stdout]              i32
[INFO] [stdout]              i64
[INFO] [stdout]              i128
[INFO] [stdout]            and 90 others
[INFO] [stdout] note: required by a bound in `to_vec`
[INFO] [stdout]   --> src/serializer.rs:37:8
[INFO] [stdout]    |
[INFO] [stdout] 35 | pub fn to_vec<'a, T>(value: &'a T) -> Result<alloc::vec::Vec<u32>>
[INFO] [stdout]    |        ------ required by a bound in this function
[INFO] [stdout] 36 | where
[INFO] [stdout] 37 |     T: Serialize + ?Sized,
[INFO] [stdout]    |        ^^^^^^^^^ required by this bound in `to_vec`
[INFO] [stdout] 
[INFO] [stdout] 
[INFO] [stdout] error[E0277]: the trait bound `HashMap<&str, u32>: Deserialize<'_>` is not satisfied
[INFO] [stdout]   --> src/round_trip.rs:17:42
[INFO] [stdout]    |
[INFO] [stdout] 17 |         let output: HashMap<&str, u32> = crate::from_slice(data.as_slice()).unwrap();
[INFO] [stdout]    |                                          ^^^^^^^^^^^^^^^^^ the trait `Deserialize<'_>` is not implemented for `HashMap<&str, u32>`
[INFO] [stdout]    |
[INFO] [stdout]    = help: the following other types implement trait `Deserialize<'de>`:
[INFO] [stdout]              bool
[INFO] [stdout]              char
[INFO] [stdout]              isize
[INFO] [stdout]              i8
[INFO] [stdout]              i16
[INFO] [stdout]              i32
[INFO] [stdout]              i64
[INFO] [stdout]              i128
[INFO] [stdout]            and 86 others
[INFO] [stdout] note: required by a bound in `deserializer::from_slice`
[INFO] [stdout]   --> src/deserializer.rs:22:26
[INFO] [stdout]    |
[INFO] [stdout] 22 | pub fn from_slice<'a, T: Deserialize<'a>>(slice: &'a [u32]) -> Result<T> {
[INFO] [stdout]    |                          ^^^^^^^^^^^^^^^ required by this bound in `from_slice`
[INFO] [stdout] 
[INFO] [stdout] 
[INFO] [stdout] error[E0277]: the trait bound `serializer::test::test_struct::Test: Serialize` is not satisfied
[INFO] [stdout]    --> src/serializer.rs:544:39
[INFO] [stdout]     |
[INFO] [stdout] 544 |         assert_eq!(expected, to_slice(&input, buf).unwrap());
[INFO] [stdout]     |                              -------- ^^^^^^ the trait `Serialize` is not implemented for `serializer::test::test_struct::Test`
[INFO] [stdout]     |                              |
[INFO] [stdout]     |                              required by a bound introduced by this call
[INFO] [stdout]     |
[INFO] [stdout]     = help: the following other types implement trait `Serialize`:
[INFO] [stdout]               bool
[INFO] [stdout]               char
[INFO] [stdout]               isize
[INFO] [stdout]               i8
[INFO] [stdout]               i16
[INFO] [stdout]               i32
[INFO] [stdout]               i64
[INFO] [stdout]               i128
[INFO] [stdout]             and 90 others
[INFO] [stdout] note: required by a bound in `serializer::to_slice`
[INFO] [stdout]    --> src/serializer.rs:28:8
[INFO] [stdout]     |
[INFO] [stdout] 26  | pub fn to_slice<'a, 'b, T>(value: &'b T, buf: &'a mut [u32]) -> Result<&'a [u32]>
[INFO] [stdout]     |        -------- required by a bound in this function
[INFO] [stdout] 27  | where
[INFO] [stdout] 28  |     T: Serialize + ?Sized,
[INFO] [stdout]     |        ^^^^^^^^^ required by this bound in `to_slice`
[INFO] [stdout] 
[INFO] [stdout] 
[INFO] [stdout] error[E0277]: the trait bound `serializer::test::test_str::Test: Serialize` is not satisfied
[INFO] [stdout]    --> src/serializer.rs:561:39
[INFO] [stdout]     |
[INFO] [stdout] 561 |         assert_eq!(expected, to_slice(&input, buf).unwrap());
[INFO] [stdout]     |                              -------- ^^^^^^ the trait `Serialize` is not implemented for `serializer::test::test_str::Test`
[INFO] [stdout]     |                              |
[INFO] [stdout]     |                              required by a bound introduced by this call
[INFO] [stdout]     |
[INFO] [stdout]     = help: the following other types implement trait `Serialize`:
[INFO] [stdout]               bool
[INFO] [stdout]               char
[INFO] [stdout]               isize
[INFO] [stdout]               i8
[INFO] [stdout]               i16
[INFO] [stdout]               i32
[INFO] [stdout]               i64
[INFO] [stdout]               i128
[INFO] [stdout]             and 90 others
[INFO] [stdout] note: required by a bound in `serializer::to_slice`
[INFO] [stdout]    --> src/serializer.rs:28:8
[INFO] [stdout]     |
[INFO] [stdout] 26  | pub fn to_slice<'a, 'b, T>(value: &'b T, buf: &'a mut [u32]) -> Result<&'a [u32]>
[INFO] [stdout]     |        -------- required by a bound in this function
[INFO] [stdout] 27  | where
[INFO] [stdout] 28  |     T: Serialize + ?Sized,
[INFO] [stdout]     |        ^^^^^^^^^ required by this bound in `to_slice`
[INFO] [stdout] 
[INFO] [stdout] 
[INFO] [stdout] error: aborting due to 12 previous errors
[INFO] [stdout] 
[INFO] [stdout] 
[INFO] [stdout] For more information about this error, try `rustc --explain E0277`.
[INFO] [stdout] 
[INFO] [stderr] error: could not compile `risc0-zkvm-serde` (lib test) due to 13 previous errors
[INFO] running `Command { std: "docker" "inspect" "1f85c27f0d84ab4183429dc7c642a13a92a3ab8b32e577ea6583920561d450f5", kill_on_drop: false }`
[INFO] running `Command { std: "docker" "rm" "-f" "1f85c27f0d84ab4183429dc7c642a13a92a3ab8b32e577ea6583920561d450f5", kill_on_drop: false }`
[INFO] [stdout] 1f85c27f0d84ab4183429dc7c642a13a92a3ab8b32e577ea6583920561d450f5
