[INFO] fetching crate riker-dispatcher 0.2.4...
[INFO] testing riker-dispatcher-0.2.4 against 1.75.0 for beta-1.76-1
[INFO] extracting crate riker-dispatcher 0.2.4 into /workspace/builds/worker-6-tc1/source
[INFO] validating manifest of crates.io crate riker-dispatcher 0.2.4 on toolchain 1.75.0
[INFO] running `Command { std: CARGO_HOME="/workspace/cargo-home" RUSTUP_HOME="/workspace/rustup-home" "/workspace/cargo-home/bin/cargo" "+1.75.0" "metadata" "--manifest-path" "Cargo.toml" "--no-deps", kill_on_drop: false }`
[INFO] started tweaking crates.io crate riker-dispatcher 0.2.4
[INFO] finished tweaking crates.io crate riker-dispatcher 0.2.4
[INFO] tweaked toml for crates.io crate riker-dispatcher 0.2.4 written to /workspace/builds/worker-6-tc1/source/Cargo.toml
[INFO] running `Command { std: CARGO_HOME="/workspace/cargo-home" RUSTUP_HOME="/workspace/rustup-home" "/workspace/cargo-home/bin/cargo" "+1.75.0" "generate-lockfile" "--manifest-path" "Cargo.toml", kill_on_drop: false }`
[INFO] [stderr]     Updating crates.io index
[INFO] running `Command { std: CARGO_HOME="/workspace/cargo-home" RUSTUP_HOME="/workspace/rustup-home" "/workspace/cargo-home/bin/cargo" "+1.75.0" "fetch" "--manifest-path" "Cargo.toml", kill_on_drop: false }`
[INFO] [stderr]  Downloading crates ...
[INFO] [stderr]   Downloaded config v0.9.3
[INFO] [stderr]   Downloaded riker v0.2.4
[INFO] running `Command { std: "docker" "create" "-v" "/var/lib/crater-agent-workspace/builds/worker-6-tc1/target:/opt/rustwide/target:rw,Z" "-v" "/var/lib/crater-agent-workspace/builds/worker-6-tc1/source:/opt/rustwide/workdir:ro,Z" "-v" "/var/lib/crater-agent-workspace/cargo-home:/opt/rustwide/cargo-home:ro,Z" "-v" "/var/lib/crater-agent-workspace/rustup-home:/opt/rustwide/rustup-home:ro,Z" "-e" "SOURCE_DIR=/opt/rustwide/workdir" "-e" "CARGO_TARGET_DIR=/opt/rustwide/target" "-e" "CARGO_HOME=/opt/rustwide/cargo-home" "-e" "RUSTUP_HOME=/opt/rustwide/rustup-home" "-w" "/opt/rustwide/workdir" "-m" "1610612736" "--user" "0:0" "--network" "none" "ghcr.io/rust-lang/crates-build-env/linux@sha256:2788e3201cd34a07e3172128adcd8b3090168a8e3bcc40d7c032b9dda1df7d1c" "/opt/rustwide/cargo-home/bin/cargo" "+1.75.0" "metadata" "--no-deps" "--format-version=1", kill_on_drop: false }`
[INFO] [stdout] 4af34fad531f1a208511ff382d2ab2d697a0758b9c216eb1212cb26f40e57384
[INFO] running `Command { std: "docker" "start" "-a" "4af34fad531f1a208511ff382d2ab2d697a0758b9c216eb1212cb26f40e57384", kill_on_drop: false }`
[INFO] running `Command { std: "docker" "inspect" "4af34fad531f1a208511ff382d2ab2d697a0758b9c216eb1212cb26f40e57384", kill_on_drop: false }`
[INFO] running `Command { std: "docker" "rm" "-f" "4af34fad531f1a208511ff382d2ab2d697a0758b9c216eb1212cb26f40e57384", kill_on_drop: false }`
[INFO] [stdout] 4af34fad531f1a208511ff382d2ab2d697a0758b9c216eb1212cb26f40e57384
[INFO] running `Command { std: "docker" "create" "-v" "/var/lib/crater-agent-workspace/builds/worker-6-tc1/target:/opt/rustwide/target:rw,Z" "-v" "/var/lib/crater-agent-workspace/builds/worker-6-tc1/source:/opt/rustwide/workdir:ro,Z" "-v" "/var/lib/crater-agent-workspace/cargo-home:/opt/rustwide/cargo-home:ro,Z" "-v" "/var/lib/crater-agent-workspace/rustup-home:/opt/rustwide/rustup-home:ro,Z" "-e" "SOURCE_DIR=/opt/rustwide/workdir" "-e" "CARGO_TARGET_DIR=/opt/rustwide/target" "-e" "CARGO_INCREMENTAL=0" "-e" "RUST_BACKTRACE=full" "-e" "RUSTFLAGS=--cap-lints=warn" "-e" "RUSTDOCFLAGS=--cap-lints=warn" "-e" "CARGO_HOME=/opt/rustwide/cargo-home" "-e" "RUSTUP_HOME=/opt/rustwide/rustup-home" "-w" "/opt/rustwide/workdir" "-m" "1610612736" "--user" "0:0" "--network" "none" "ghcr.io/rust-lang/crates-build-env/linux@sha256:2788e3201cd34a07e3172128adcd8b3090168a8e3bcc40d7c032b9dda1df7d1c" "/opt/rustwide/cargo-home/bin/cargo" "+1.75.0" "build" "--frozen" "--message-format=json", kill_on_drop: false }`
[INFO] [stdout] 22cbff2bda7eb9bcf0b9d2d76aa399489cc7e72e9e3b3e406080592985b197d8
[INFO] running `Command { std: "docker" "start" "-a" "22cbff2bda7eb9bcf0b9d2d76aa399489cc7e72e9e3b3e406080592985b197d8", kill_on_drop: false }`
[INFO] [stderr]    Compiling memchr v2.7.1
[INFO] [stderr]    Compiling num-traits v0.2.17
[INFO] [stderr]    Compiling serde v1.0.194
[INFO] [stderr]    Compiling futures-core-preview v0.3.0-alpha.19
[INFO] [stderr]    Compiling futures-sink-preview v0.3.0-alpha.19
[INFO] [stderr]    Compiling serde v0.8.23
[INFO] [stderr]    Compiling nom v4.2.3
[INFO] [stderr]    Compiling futures-io-preview v0.3.0-alpha.19
[INFO] [stderr]    Compiling lazy_static v0.2.11
[INFO] [stderr]    Compiling futures-channel-preview v0.3.0-alpha.19
[INFO] [stderr]    Compiling linked-hash-map v0.5.6
[INFO] [stderr]    Compiling ucd-util v0.1.10
[INFO] [stderr]    Compiling regex v0.2.11
[INFO] [stderr]    Compiling yaml-rust v0.4.5
[INFO] [stderr]    Compiling regex-syntax v0.5.6
[INFO] [stderr]    Compiling thread_local v0.3.6
[INFO] [stderr]    Compiling rand v0.4.6
[INFO] [stderr]    Compiling aho-corasick v1.1.2
[INFO] [stderr]    Compiling futures-util-preview v0.3.0-alpha.19
[INFO] [stderr]    Compiling num-traits v0.1.43
[INFO] [stderr]    Compiling aho-corasick v0.6.10
[INFO] [stderr]    Compiling iovec v0.1.4
[INFO] [stderr]    Compiling serde_test v0.8.23
[INFO] [stderr]    Compiling byteorder v1.5.0
[INFO] [stderr]    Compiling regex-automata v0.4.3
[INFO] [stderr]    Compiling rust-ini v0.13.0
[INFO] [stderr]    Compiling linked-hash-map v0.3.0
[INFO] [stderr]    Compiling utf8-ranges v1.0.5
[INFO] [stderr]    Compiling bytes v0.4.12
[INFO] [stderr]    Compiling chrono v0.4.31
[INFO] [stderr]    Compiling futures-executor-preview v0.3.0-alpha.19
[INFO] [stderr]    Compiling uuid v0.6.5
[INFO] [stderr]    Compiling toml v0.4.10
[INFO] [stderr]    Compiling serde_json v1.0.111
[INFO] [stderr]    Compiling futures-preview v0.3.0-alpha.19
[INFO] [stderr]    Compiling log v0.4.20
[INFO] [stderr]    Compiling regex v1.10.2
[INFO] [stderr]    Compiling serde-hjson v0.8.2
[INFO] [stderr]    Compiling config v0.9.3
[INFO] [stderr]    Compiling riker v0.2.4
[INFO] [stdout] error[E0557]: feature has been removed
[INFO] [stdout]  --> /opt/rustwide/cargo-home/registry/src/index.crates.io-6f17d22bba15001f/riker-0.2.4/src/lib.rs:4:9
[INFO] [stdout]   |
[INFO] [stdout] 4 |         await_macro,
[INFO] [stdout]   |         ^^^^^^^^^^^ feature has been removed
[INFO] [stdout]   |
[INFO] [stdout]   = note: subsumed by `.await` syntax
[INFO] [stdout] 
[INFO] [stdout] 
[INFO] [stdout] error: incorrect use of `await`
[INFO] [stdout]    --> /opt/rustwide/cargo-home/registry/src/index.crates.io-6f17d22bba15001f/riker-0.2.4/src/kernel/kernel.rs:257:29
[INFO] [stdout]     |
[INFO] [stdout] 257 |                     let _ = await!(AssertUnwindSafe(f).catch_unwind());
[INFO] [stdout]     |                             ^^^^^^^^^^^^^^^^^^^^^^^^^^^^^^^^^^^^^^^^^^ help: `await` is a postfix operation: `AssertUnwindSafe(f).catch_unwind().await`
[INFO] [stdout] 
[INFO] [stdout] 
[INFO] [stdout] error[E0554]: `#![feature]` may not be used on the stable release channel
[INFO] [stdout]  --> /opt/rustwide/cargo-home/registry/src/index.crates.io-6f17d22bba15001f/riker-0.2.4/src/lib.rs:2:1
[INFO] [stdout]   |
[INFO] [stdout] 2 | / #![feature(
[INFO] [stdout] 3 | |         async_await,
[INFO] [stdout] 4 | |         await_macro,
[INFO] [stdout] 5 | |         futures_api,
[INFO] [stdout] 6 | |         arbitrary_self_types
[INFO] [stdout] 7 | | )]
[INFO] [stdout]   | |__^
[INFO] [stdout]   |
[INFO] [stdout]   = help: the feature `async_await` has been stable since `1.39.0` and no longer requires an attribute to enable
[INFO] [stdout] 
[INFO] [stdout] 
[INFO] [stdout] error[E0554]: `#![feature]` may not be used on the stable release channel
[INFO] [stdout]  --> /opt/rustwide/cargo-home/registry/src/index.crates.io-6f17d22bba15001f/riker-0.2.4/src/lib.rs:5:9
[INFO] [stdout]   |
[INFO] [stdout] 5 |         futures_api,
[INFO] [stdout]   |         ^^^^^^^^^^^
[INFO] [stdout] 
[INFO] [stdout] 
[INFO] [stdout] error: aborting due to 4 previous errors
[INFO] [stdout] 
[INFO] [stdout] 
[INFO] [stdout] Some errors have detailed explanations: E0554, E0557.
[INFO] [stdout] 
[INFO] [stdout] For more information about an error, try `rustc --explain E0554`.
[INFO] [stdout] 
[INFO] [stderr] error: could not compile `riker` (lib) due to 5 previous errors
[INFO] [stderr] warning: build failed, waiting for other jobs to finish...
[INFO] running `Command { std: "docker" "inspect" "22cbff2bda7eb9bcf0b9d2d76aa399489cc7e72e9e3b3e406080592985b197d8", kill_on_drop: false }`
[INFO] running `Command { std: "docker" "rm" "-f" "22cbff2bda7eb9bcf0b9d2d76aa399489cc7e72e9e3b3e406080592985b197d8", kill_on_drop: false }`
[INFO] [stdout] 22cbff2bda7eb9bcf0b9d2d76aa399489cc7e72e9e3b3e406080592985b197d8
