[INFO] fetching crate riimote 0.1.0...
[INFO] testing riimote-0.1.0 against 1.75.0 for beta-1.76-1
[INFO] extracting crate riimote 0.1.0 into /workspace/builds/worker-3-tc1/source
[INFO] validating manifest of crates.io crate riimote 0.1.0 on toolchain 1.75.0
[INFO] running `Command { std: CARGO_HOME="/workspace/cargo-home" RUSTUP_HOME="/workspace/rustup-home" "/workspace/cargo-home/bin/cargo" "+1.75.0" "metadata" "--manifest-path" "Cargo.toml" "--no-deps", kill_on_drop: false }`
[INFO] started tweaking crates.io crate riimote 0.1.0
[INFO] finished tweaking crates.io crate riimote 0.1.0
[INFO] tweaked toml for crates.io crate riimote 0.1.0 written to /workspace/builds/worker-3-tc1/source/Cargo.toml
[INFO] crate crates.io crate riimote 0.1.0 already has a lockfile, it will not be regenerated
[INFO] running `Command { std: CARGO_HOME="/workspace/cargo-home" RUSTUP_HOME="/workspace/rustup-home" "/workspace/cargo-home/bin/cargo" "+1.75.0" "fetch" "--manifest-path" "Cargo.toml", kill_on_drop: false }`
[INFO] [stderr]  Downloading crates ...
[INFO] [stderr]   Downloaded tracing-attributes v0.1.12
[INFO] [stderr]   Downloaded async-trait v0.1.42
[INFO] [stderr]   Downloaded dbus v0.9.1
[INFO] [stderr]   Downloaded hidapi v1.2.5
[INFO] [stderr]   Downloaded dbus-tokio v0.7.3
[INFO] [stderr]   Downloaded serde_json v1.0.62
[INFO] [stderr]   Downloaded anyhow v1.0.38
[INFO] [stderr]   Downloaded bluez-async v0.2.1
[INFO] running `Command { std: "docker" "create" "-v" "/var/lib/crater-agent-workspace/builds/worker-3-tc1/target:/opt/rustwide/target:rw,Z" "-v" "/var/lib/crater-agent-workspace/builds/worker-3-tc1/source:/opt/rustwide/workdir:ro,Z" "-v" "/var/lib/crater-agent-workspace/cargo-home:/opt/rustwide/cargo-home:ro,Z" "-v" "/var/lib/crater-agent-workspace/rustup-home:/opt/rustwide/rustup-home:ro,Z" "-e" "SOURCE_DIR=/opt/rustwide/workdir" "-e" "CARGO_TARGET_DIR=/opt/rustwide/target" "-e" "CARGO_HOME=/opt/rustwide/cargo-home" "-e" "RUSTUP_HOME=/opt/rustwide/rustup-home" "-w" "/opt/rustwide/workdir" "-m" "1610612736" "--user" "0:0" "--network" "none" "ghcr.io/rust-lang/crates-build-env/linux@sha256:2788e3201cd34a07e3172128adcd8b3090168a8e3bcc40d7c032b9dda1df7d1c" "/opt/rustwide/cargo-home/bin/cargo" "+1.75.0" "metadata" "--no-deps" "--format-version=1", kill_on_drop: false }`
[INFO] [stdout] 8a8674e4656a191489caf7c154053ea88f209939e2c322268533260f1322c009
[INFO] running `Command { std: "docker" "start" "-a" "8a8674e4656a191489caf7c154053ea88f209939e2c322268533260f1322c009", kill_on_drop: false }`
[INFO] running `Command { std: "docker" "inspect" "8a8674e4656a191489caf7c154053ea88f209939e2c322268533260f1322c009", kill_on_drop: false }`
[INFO] running `Command { std: "docker" "rm" "-f" "8a8674e4656a191489caf7c154053ea88f209939e2c322268533260f1322c009", kill_on_drop: false }`
[INFO] [stdout] 8a8674e4656a191489caf7c154053ea88f209939e2c322268533260f1322c009
[INFO] running `Command { std: "docker" "create" "-v" "/var/lib/crater-agent-workspace/builds/worker-3-tc1/target:/opt/rustwide/target:rw,Z" "-v" "/var/lib/crater-agent-workspace/builds/worker-3-tc1/source:/opt/rustwide/workdir:ro,Z" "-v" "/var/lib/crater-agent-workspace/cargo-home:/opt/rustwide/cargo-home:ro,Z" "-v" "/var/lib/crater-agent-workspace/rustup-home:/opt/rustwide/rustup-home:ro,Z" "-e" "SOURCE_DIR=/opt/rustwide/workdir" "-e" "CARGO_TARGET_DIR=/opt/rustwide/target" "-e" "CARGO_INCREMENTAL=0" "-e" "RUST_BACKTRACE=full" "-e" "RUSTFLAGS=--cap-lints=warn" "-e" "RUSTDOCFLAGS=--cap-lints=warn" "-e" "CARGO_HOME=/opt/rustwide/cargo-home" "-e" "RUSTUP_HOME=/opt/rustwide/rustup-home" "-w" "/opt/rustwide/workdir" "-m" "1610612736" "--user" "0:0" "--network" "none" "ghcr.io/rust-lang/crates-build-env/linux@sha256:2788e3201cd34a07e3172128adcd8b3090168a8e3bcc40d7c032b9dda1df7d1c" "/opt/rustwide/cargo-home/bin/cargo" "+1.75.0" "build" "--frozen" "--message-format=json", kill_on_drop: false }`
[INFO] [stdout] 86134b5ff41d035c31ccf1dffd281f80f5903233fd84b5feb94c209ff7457a71
[INFO] running `Command { std: "docker" "start" "-a" "86134b5ff41d035c31ccf1dffd281f80f5903233fd84b5feb94c209ff7457a71", kill_on_drop: false }`
[INFO] [stderr]    Compiling proc-macro2 v1.0.24
[INFO] [stderr]    Compiling unicode-xid v0.2.1
[INFO] [stderr]    Compiling syn v1.0.60
[INFO] [stderr]    Compiling libc v0.2.86
[INFO] [stderr]    Compiling pkg-config v0.3.19
[INFO] [stderr]    Compiling memchr v2.3.4
[INFO] [stderr]    Compiling proc-macro-hack v0.5.19
[INFO] [stderr]    Compiling once_cell v1.5.2
[INFO] [stderr]    Compiling pin-project-lite v0.2.4
[INFO] [stderr]    Compiling proc-macro-nested v0.1.7
[INFO] [stderr]    Compiling futures-sink v0.3.12
[INFO] [stderr]    Compiling futures-core v0.3.12
[INFO] [stderr]    Compiling futures-channel v0.3.12
[INFO] [stderr]    Compiling futures-task v0.3.12
[INFO] [stderr]    Compiling slab v0.4.2
[INFO] [stderr]    Compiling futures-io v0.3.12
[INFO] [stderr]    Compiling libdbus-sys v0.2.1
[INFO] [stderr]    Compiling quote v1.0.9
[INFO] [stderr]    Compiling instant v0.1.9
[INFO] [stderr]    Compiling autocfg v1.0.1
[INFO] [stderr]    Compiling smallvec v1.6.1
[INFO] [stderr]    Compiling lock_api v0.4.2
[INFO] [stderr]    Compiling serde v1.0.123
[INFO] [stderr]    Compiling parking_lot_core v0.8.3
[INFO] [stderr]    Compiling mio v0.7.7
[INFO] [stderr]    Compiling signal-hook-registry v1.3.0
[INFO] [stderr]    Compiling num_cpus v1.13.0
[INFO] [stderr]    Compiling tokio v1.2.0
[INFO] [stderr]    Compiling parking_lot v0.11.1
[INFO] [stderr]    Compiling cc v1.0.66
[INFO] [stderr]    Compiling bytes v1.0.1
[INFO] [stderr]    Compiling serde_derive v1.0.123
[INFO] [stderr]    Compiling either v1.6.1
[INFO] [stderr]    Compiling xml-rs v0.8.3
[INFO] [stderr]    Compiling itertools v0.10.0
[INFO] [stderr]    Compiling tracing-core v0.1.17
[INFO] [stderr]    Compiling hidapi v1.2.5
[INFO] [stderr]    Compiling futures-macro v0.3.12
[INFO] [stderr]    Compiling tokio-macros v1.1.0
[INFO] [stderr]    Compiling thiserror-impl v1.0.23
[INFO] [stderr]    Compiling tracing-attributes v0.1.12
[INFO] [stderr]    Compiling async-trait v0.1.42
[INFO] [stderr]    Compiling futures-util v0.3.12
[INFO] [stderr]    Compiling tracing v0.1.23
[INFO] [stderr]    Compiling thiserror v1.0.23
[INFO] [stderr]    Compiling serde-xml-rs v0.4.1
[INFO] [stderr]    Compiling dbus v0.9.1
[INFO] [stderr]    Compiling futures-executor v0.3.12
[INFO] [stderr]    Compiling futures v0.3.12
[INFO] [stderr]    Compiling bluez-generated v0.2.1
[INFO] [stderr]    Compiling dbus-tokio v0.7.3
[INFO] [stderr]    Compiling bluez-async v0.2.1
[INFO] [stderr]    Compiling riimote v0.1.0 (/opt/rustwide/workdir)
[INFO] [stderr]     Finished dev [unoptimized + debuginfo] target(s) in 27.07s
[INFO] running `Command { std: "docker" "inspect" "86134b5ff41d035c31ccf1dffd281f80f5903233fd84b5feb94c209ff7457a71", kill_on_drop: false }`
[INFO] running `Command { std: "docker" "rm" "-f" "86134b5ff41d035c31ccf1dffd281f80f5903233fd84b5feb94c209ff7457a71", kill_on_drop: false }`
[INFO] [stdout] 86134b5ff41d035c31ccf1dffd281f80f5903233fd84b5feb94c209ff7457a71
[INFO] running `Command { std: "docker" "create" "-v" "/var/lib/crater-agent-workspace/builds/worker-3-tc1/target:/opt/rustwide/target:rw,Z" "-v" "/var/lib/crater-agent-workspace/builds/worker-3-tc1/source:/opt/rustwide/workdir:ro,Z" "-v" "/var/lib/crater-agent-workspace/cargo-home:/opt/rustwide/cargo-home:ro,Z" "-v" "/var/lib/crater-agent-workspace/rustup-home:/opt/rustwide/rustup-home:ro,Z" "-e" "SOURCE_DIR=/opt/rustwide/workdir" "-e" "CARGO_TARGET_DIR=/opt/rustwide/target" "-e" "CARGO_INCREMENTAL=0" "-e" "RUST_BACKTRACE=full" "-e" "RUSTFLAGS=--cap-lints=warn" "-e" "RUSTDOCFLAGS=--cap-lints=warn" "-e" "CARGO_HOME=/opt/rustwide/cargo-home" "-e" "RUSTUP_HOME=/opt/rustwide/rustup-home" "-w" "/opt/rustwide/workdir" "-m" "1610612736" "--user" "0:0" "--network" "none" "ghcr.io/rust-lang/crates-build-env/linux@sha256:2788e3201cd34a07e3172128adcd8b3090168a8e3bcc40d7c032b9dda1df7d1c" "/opt/rustwide/cargo-home/bin/cargo" "+1.75.0" "test" "--frozen" "--no-run" "--message-format=json", kill_on_drop: false }`
[INFO] [stdout] cc02d53d9725c6902377d93641b92f5ad42de590198b72e7777497b08366f8b6
[INFO] running `Command { std: "docker" "start" "-a" "cc02d53d9725c6902377d93641b92f5ad42de590198b72e7777497b08366f8b6", kill_on_drop: false }`
[INFO] [stderr]    Compiling num-traits v0.2.14
[INFO] [stderr]    Compiling getrandom v0.2.2
[INFO] [stderr]    Compiling num-integer v0.1.44
[INFO] [stderr]    Compiling regex-syntax v0.6.22
[INFO] [stderr]    Compiling ryu v1.0.5
[INFO] [stderr]    Compiling serde_json v1.0.62
[INFO] [stderr]    Compiling byteorder v1.4.2
[INFO] [stderr]    Compiling time v0.1.44
[INFO] [stderr]    Compiling anyhow v1.0.38
[INFO] [stderr]    Compiling itoa v0.4.7
[INFO] [stderr]    Compiling tracing-serde v0.1.2
[INFO] [stderr]    Compiling rand_core v0.6.2
[INFO] [stderr]    Compiling tracing-log v0.1.1
[INFO] [stderr]    Compiling sharded-slab v0.1.1
[INFO] [stderr]    Compiling thread_local v1.1.3
[INFO] [stderr]    Compiling rand_chacha v0.3.0
[INFO] [stderr]    Compiling ansi_term v0.12.1
[INFO] [stderr]    Compiling rand v0.8.3
[INFO] [stderr]    Compiling chrono v0.4.19
[INFO] [stderr]    Compiling regex-automata v0.1.9
[INFO] [stderr]    Compiling regex v1.4.3
[INFO] [stderr]    Compiling matchers v0.0.1
[INFO] [stderr]    Compiling tracing-subscriber v0.2.15
[INFO] [stderr]    Compiling riimote v0.1.0 (/opt/rustwide/workdir)
[INFO] [stdout] error: couldn't read examples/media/dice.pcm: No such file or directory (os error 2)
[INFO] [stdout]   --> examples/dice.rs:15:29
[INFO] [stdout]    |
[INFO] [stdout] 15 | const DICE: &'static [u8] = include_bytes!("media/dice.pcm");
[INFO] [stdout]    |                             ^^^^^^^^^^^^^^^^^^^^^^^^^^^^^^^^
[INFO] [stdout]    |
[INFO] [stdout]    = note: this error originates in the macro `include_bytes` (in Nightly builds, run with -Z macro-backtrace for more info)
[INFO] [stdout] 
[INFO] [stdout] 
[INFO] [stdout] error: couldn't read examples/media/double.pcm: No such file or directory (os error 2)
[INFO] [stdout]   --> examples/dice.rs:16:31
[INFO] [stdout]    |
[INFO] [stdout] 16 | const DOUBLE: &'static [u8] = include_bytes!("media/double.pcm");
[INFO] [stdout]    |                               ^^^^^^^^^^^^^^^^^^^^^^^^^^^^^^^^^^
[INFO] [stdout]    |
[INFO] [stdout]    = note: this error originates in the macro `include_bytes` (in Nightly builds, run with -Z macro-backtrace for more info)
[INFO] [stdout] 
[INFO] [stdout] 
[INFO] [stdout] error: couldn't read examples/media/2.pcm: No such file or directory (os error 2)
[INFO] [stdout]   --> examples/dice.rs:18:5
[INFO] [stdout]    |
[INFO] [stdout] 18 |     include_bytes!("media/2.pcm"),
[INFO] [stdout]    |     ^^^^^^^^^^^^^^^^^^^^^^^^^^^^^
[INFO] [stdout]    |
[INFO] [stdout]    = note: this error originates in the macro `include_bytes` (in Nightly builds, run with -Z macro-backtrace for more info)
[INFO] [stdout] 
[INFO] [stdout] 
[INFO] [stdout] error: couldn't read examples/media/3.pcm: No such file or directory (os error 2)
[INFO] [stdout]   --> examples/dice.rs:19:5
[INFO] [stdout]    |
[INFO] [stdout] 19 |     include_bytes!("media/3.pcm"),
[INFO] [stdout]    |     ^^^^^^^^^^^^^^^^^^^^^^^^^^^^^
[INFO] [stdout]    |
[INFO] [stdout]    = note: this error originates in the macro `include_bytes` (in Nightly builds, run with -Z macro-backtrace for more info)
[INFO] [stdout] 
[INFO] [stdout] 
[INFO] [stdout] error: couldn't read examples/media/4.pcm: No such file or directory (os error 2)
[INFO] [stdout]   --> examples/dice.rs:20:5
[INFO] [stdout]    |
[INFO] [stdout] 20 |     include_bytes!("media/4.pcm"),
[INFO] [stdout]    |     ^^^^^^^^^^^^^^^^^^^^^^^^^^^^^
[INFO] [stdout]    |
[INFO] [stdout]    = note: this error originates in the macro `include_bytes` (in Nightly builds, run with -Z macro-backtrace for more info)
[INFO] [stdout] 
[INFO] [stdout] 
[INFO] [stdout] error: couldn't read examples/media/5.pcm: No such file or directory (os error 2)
[INFO] [stdout]   --> examples/dice.rs:21:5
[INFO] [stdout]    |
[INFO] [stdout] 21 |     include_bytes!("media/5.pcm"),
[INFO] [stdout]    |     ^^^^^^^^^^^^^^^^^^^^^^^^^^^^^
[INFO] [stdout]    |
[INFO] [stdout]    = note: this error originates in the macro `include_bytes` (in Nightly builds, run with -Z macro-backtrace for more info)
[INFO] [stdout] 
[INFO] [stdout] 
[INFO] [stdout] error: couldn't read examples/media/6.pcm: No such file or directory (os error 2)
[INFO] [stdout]   --> examples/dice.rs:22:5
[INFO] [stdout]    |
[INFO] [stdout] 22 |     include_bytes!("media/6.pcm"),
[INFO] [stdout]    |     ^^^^^^^^^^^^^^^^^^^^^^^^^^^^^
[INFO] [stdout]    |
[INFO] [stdout]    = note: this error originates in the macro `include_bytes` (in Nightly builds, run with -Z macro-backtrace for more info)
[INFO] [stdout] 
[INFO] [stdout] 
[INFO] [stdout] error: couldn't read examples/media/7.pcm: No such file or directory (os error 2)
[INFO] [stdout]   --> examples/dice.rs:23:5
[INFO] [stdout]    |
[INFO] [stdout] 23 |     include_bytes!("media/7.pcm"),
[INFO] [stdout]    |     ^^^^^^^^^^^^^^^^^^^^^^^^^^^^^
[INFO] [stdout]    |
[INFO] [stdout]    = note: this error originates in the macro `include_bytes` (in Nightly builds, run with -Z macro-backtrace for more info)
[INFO] [stdout] 
[INFO] [stdout] 
[INFO] [stdout] error: couldn't read examples/media/8.pcm: No such file or directory (os error 2)
[INFO] [stdout]   --> examples/dice.rs:24:5
[INFO] [stdout]    |
[INFO] [stdout] 24 |     include_bytes!("media/8.pcm"),
[INFO] [stdout]    |     ^^^^^^^^^^^^^^^^^^^^^^^^^^^^^
[INFO] [stdout]    |
[INFO] [stdout]    = note: this error originates in the macro `include_bytes` (in Nightly builds, run with -Z macro-backtrace for more info)
[INFO] [stdout] 
[INFO] [stdout] 
[INFO] [stdout] error: couldn't read examples/media/9.pcm: No such file or directory (os error 2)
[INFO] [stdout]   --> examples/dice.rs:25:5
[INFO] [stdout]    |
[INFO] [stdout] 25 |     include_bytes!("media/9.pcm"),
[INFO] [stdout]    |     ^^^^^^^^^^^^^^^^^^^^^^^^^^^^^
[INFO] [stdout]    |
[INFO] [stdout]    = note: this error originates in the macro `include_bytes` (in Nightly builds, run with -Z macro-backtrace for more info)
[INFO] [stdout] 
[INFO] [stdout] 
[INFO] [stdout] error: couldn't read examples/media/10.pcm: No such file or directory (os error 2)
[INFO] [stdout]   --> examples/dice.rs:26:5
[INFO] [stdout]    |
[INFO] [stdout] 26 |     include_bytes!("media/10.pcm"),
[INFO] [stdout]    |     ^^^^^^^^^^^^^^^^^^^^^^^^^^^^^^
[INFO] [stdout]    |
[INFO] [stdout]    = note: this error originates in the macro `include_bytes` (in Nightly builds, run with -Z macro-backtrace for more info)
[INFO] [stdout] 
[INFO] [stdout] 
[INFO] [stdout] error: couldn't read examples/media/11.pcm: No such file or directory (os error 2)
[INFO] [stdout]   --> examples/dice.rs:27:5
[INFO] [stdout]    |
[INFO] [stdout] 27 |     include_bytes!("media/11.pcm"),
[INFO] [stdout]    |     ^^^^^^^^^^^^^^^^^^^^^^^^^^^^^^
[INFO] [stdout]    |
[INFO] [stdout]    = note: this error originates in the macro `include_bytes` (in Nightly builds, run with -Z macro-backtrace for more info)
[INFO] [stdout] 
[INFO] [stdout] 
[INFO] [stdout] error: couldn't read examples/media/12.pcm: No such file or directory (os error 2)
[INFO] [stdout]   --> examples/dice.rs:28:5
[INFO] [stdout]    |
[INFO] [stdout] 28 |     include_bytes!("media/12.pcm"),
[INFO] [stdout]    |     ^^^^^^^^^^^^^^^^^^^^^^^^^^^^^^
[INFO] [stdout]    |
[INFO] [stdout]    = note: this error originates in the macro `include_bytes` (in Nightly builds, run with -Z macro-backtrace for more info)
[INFO] [stdout] 
[INFO] [stdout] 
[INFO] [stdout] error[E0432]: unresolved import `rii`
[INFO] [stdout]   --> examples/dice.rs:10:5
[INFO] [stdout]    |
[INFO] [stdout] 10 | use rii::*;
[INFO] [stdout]    |     ^^^ use of undeclared crate or module `rii`
[INFO] [stdout] 
[INFO] [stdout] 
[INFO] [stdout] error[E0433]: failed to resolve: use of undeclared type `Report`
[INFO] [stdout]   --> examples/dice.rs:12:30
[INFO] [stdout]    |
[INFO] [stdout] 12 | const DATA_REPORT_TYPE: u8 = Report::CoreButtonsAccelerometer as u8;
[INFO] [stdout]    |                              ^^^^^^ use of undeclared type `Report`
[INFO] [stdout]    |
[INFO] [stdout] help: consider importing one of these items
[INFO] [stdout]    |
[INFO] [stdout] 1  + use riimote::Report;
[INFO] [stdout]    |
[INFO] [stdout] 1  + use std::error::Report;
[INFO] [stdout]    |
[INFO] [stdout] 
[INFO] [stdout] 
[INFO] [stdout] error[E0412]: cannot find type `Wiimote` in this scope
[INFO] [stdout]   --> examples/dice.rs:31:28
[INFO] [stdout]    |
[INFO] [stdout] 31 | fn update_volume(wiimote: &Wiimote, volume: u8) -> anyhow::Result<()> {
[INFO] [stdout]    |                            ^^^^^^^ not found in this scope
[INFO] [stdout]    |
[INFO] [stdout] help: consider importing this struct
[INFO] [stdout]    |
[INFO] [stdout] 1  + use riimote::Wiimote;
[INFO] [stdout]    |
[INFO] [stdout] 
[INFO] [stdout] 
[INFO] [stdout] error[E0433]: failed to resolve: use of undeclared type `Report`
[INFO] [stdout]   --> examples/dice.rs:32:25
[INFO] [stdout]    |
[INFO] [stdout] 32 |     wiimote.write(&mut [Report::PlayerLeds as u8, 1 << (3 + volume)])?;
[INFO] [stdout]    |                         ^^^^^^ use of undeclared type `Report`
[INFO] [stdout]    |
[INFO] [stdout] help: consider importing one of these items
[INFO] [stdout]    |
[INFO] [stdout] 1  + use riimote::Report;
[INFO] [stdout]    |
[INFO] [stdout] 1  + use std::error::Report;
[INFO] [stdout]    |
[INFO] [stdout] 
[INFO] [stdout] 
[INFO] [stdout] error[E0412]: cannot find type `Wiimote` in this scope
[INFO] [stdout]   --> examples/dice.rs:37:28
[INFO] [stdout]    |
[INFO] [stdout] 37 | fn wiimote_setup(wiimote: &Wiimote) -> anyhow::Result<()> {
[INFO] [stdout]    |                            ^^^^^^^ not found in this scope
[INFO] [stdout]    |
[INFO] [stdout] help: consider importing this struct
[INFO] [stdout]    |
[INFO] [stdout] 1  + use riimote::Wiimote;
[INFO] [stdout]    |
[INFO] [stdout] 
[INFO] [stdout] 
[INFO] [stdout] error[E0433]: failed to resolve: use of undeclared type `Report`
[INFO] [stdout]   --> examples/dice.rs:38:25
[INFO] [stdout]    |
[INFO] [stdout] 38 |     wiimote.write(&mut [Report::DataReportingMode as u8, 0x00, DATA_REPORT_TYPE])?;
[INFO] [stdout]    |                         ^^^^^^ use of undeclared type `Report`
[INFO] [stdout]    |
[INFO] [stdout] help: consider importing one of these items
[INFO] [stdout]    |
[INFO] [stdout] 1  + use riimote::Report;
[INFO] [stdout]    |
[INFO] [stdout] 1  + use std::error::Report;
[INFO] [stdout]    |
[INFO] [stdout] 
[INFO] [stdout] 
[INFO] [stdout] error[E0433]: failed to resolve: use of undeclared type `Wiimote`
[INFO] [stdout]   --> examples/dice.rs:46:23
[INFO] [stdout]    |
[INFO] [stdout] 46 |     let mut wiimote = Wiimote::new(hid.open(0x057E, 0x0306)?);
[INFO] [stdout]    |                       ^^^^^^^ use of undeclared type `Wiimote`
[INFO] [stdout]    |
[INFO] [stdout] help: consider importing this struct
[INFO] [stdout]    |
[INFO] [stdout] 1  + use riimote::Wiimote;
[INFO] [stdout]    |
[INFO] [stdout] 
[INFO] [stdout] 
[INFO] [stdout] error[E0433]: failed to resolve: use of undeclared type `ButtonFlags`
[INFO] [stdout]   --> examples/dice.rs:50:23
[INFO] [stdout]    |
[INFO] [stdout] 50 |     let mut buttons = ButtonFlags::empty();
[INFO] [stdout]    |                       ^^^^^^^^^^^ use of undeclared type `ButtonFlags`
[INFO] [stdout]    |
[INFO] [stdout] help: consider importing this struct
[INFO] [stdout]    |
[INFO] [stdout] 1  + use riimote::ButtonFlags;
[INFO] [stdout]    |
[INFO] [stdout] 
[INFO] [stdout] 
[INFO] [stdout] error[E0433]: failed to resolve: use of undeclared type `ButtonFlags`
[INFO] [stdout]   --> examples/dice.rs:59:35
[INFO] [stdout]    |
[INFO] [stdout] 59 |                 let new_buttons = ButtonFlags::from_bytes(&input[1..3])?;
[INFO] [stdout]    |                                   ^^^^^^^^^^^ use of undeclared type `ButtonFlags`
[INFO] [stdout]    |
[INFO] [stdout] help: consider importing this struct
[INFO] [stdout]    |
[INFO] [stdout] 1  + use riimote::ButtonFlags;
[INFO] [stdout]    |
[INFO] [stdout] 
[INFO] [stdout] 
[INFO] [stdout] error[E0433]: failed to resolve: use of undeclared type `ButtonFlags`
[INFO] [stdout]   --> examples/dice.rs:64:42
[INFO] [stdout]    |
[INFO] [stdout] 64 |                 if just_pressed.contains(ButtonFlags::MINUS) {
[INFO] [stdout]    |                                          ^^^^^^^^^^^ use of undeclared type `ButtonFlags`
[INFO] [stdout]    |
[INFO] [stdout] help: consider importing this struct
[INFO] [stdout]    |
[INFO] [stdout] 1  + use riimote::ButtonFlags;
[INFO] [stdout]    |
[INFO] [stdout] 
[INFO] [stdout] 
[INFO] [stdout] error[E0433]: failed to resolve: use of undeclared type `ButtonFlags`
[INFO] [stdout]   --> examples/dice.rs:68:42
[INFO] [stdout]    |
[INFO] [stdout] 68 |                 if just_pressed.contains(ButtonFlags::PLUS) {
[INFO] [stdout]    |                                          ^^^^^^^^^^^ use of undeclared type `ButtonFlags`
[INFO] [stdout]    |
[INFO] [stdout] help: consider importing this struct
[INFO] [stdout]    |
[INFO] [stdout] 1  + use riimote::ButtonFlags;
[INFO] [stdout]    |
[INFO] [stdout] 
[INFO] [stdout] 
[INFO] [stdout] error[E0433]: failed to resolve: use of undeclared type `ButtonFlags`
[INFO] [stdout]   --> examples/dice.rs:73:41
[INFO] [stdout]    |
[INFO] [stdout] 73 |                 if new_buttons.contains(ButtonFlags::A) {
[INFO] [stdout]    |                                         ^^^^^^^^^^^ use of undeclared type `ButtonFlags`
[INFO] [stdout]    |
[INFO] [stdout] help: consider importing this struct
[INFO] [stdout]    |
[INFO] [stdout] 1  + use riimote::ButtonFlags;
[INFO] [stdout]    |
[INFO] [stdout] 
[INFO] [stdout] 
[INFO] [stdout] error[E0433]: failed to resolve: use of undeclared type `Report`
[INFO] [stdout]   --> examples/dice.rs:79:45
[INFO] [stdout]    |
[INFO] [stdout] 79 |                         wiimote.write(&mut [Report::PlayerLeds as u8, (total + 2) << 4])?;
[INFO] [stdout]    |                                             ^^^^^^ use of undeclared type `Report`
[INFO] [stdout]    |
[INFO] [stdout] help: consider importing one of these items
[INFO] [stdout]    |
[INFO] [stdout] 1  + use riimote::Report;
[INFO] [stdout]    |
[INFO] [stdout] 1  + use std::error::Report;
[INFO] [stdout]    |
[INFO] [stdout] 
[INFO] [stdout] 
[INFO] [stdout] error[E0433]: failed to resolve: use of undeclared type `Report`
[INFO] [stdout]   --> examples/dice.rs:85:49
[INFO] [stdout]    |
[INFO] [stdout] 85 | ...                   wiimote.write(&mut [Report::Rumble as u8, 0])?;
[INFO] [stdout]    |                                           ^^^^^^ use of undeclared type `Report`
[INFO] [stdout]    |
[INFO] [stdout] help: consider importing one of these items
[INFO] [stdout]    |
[INFO] [stdout] 1  + use riimote::Report;
[INFO] [stdout]    |
[INFO] [stdout] 1  + use std::error::Report;
[INFO] [stdout]    |
[INFO] [stdout] 
[INFO] [stdout] 
[INFO] [stdout] error[E0433]: failed to resolve: use of undeclared type `WiimoteSearch`
[INFO] [stdout]    --> examples/dice.rs:110:26
[INFO] [stdout]     |
[INFO] [stdout] 110 |     let wiimote_search = WiimoteSearch::new().await?;
[INFO] [stdout]     |                          ^^^^^^^^^^^^^ use of undeclared type `WiimoteSearch`
[INFO] [stdout]     |
[INFO] [stdout] help: consider importing this struct
[INFO] [stdout]     |
[INFO] [stdout] 1   + use riimote::WiimoteSearch;
[INFO] [stdout]     |
[INFO] [stdout] 
[INFO] [stdout] 
[INFO] [stdout] error: aborting due to 28 previous errors
[INFO] [stdout] 
[INFO] [stdout] 
[INFO] [stdout] Some errors have detailed explanations: E0412, E0432, E0433.
[INFO] [stdout] 
[INFO] [stdout] For more information about an error, try `rustc --explain E0412`.
[INFO] [stdout] 
[INFO] [stderr] error: could not compile `riimote` (example "dice") due to 29 previous errors
[INFO] [stderr] warning: build failed, waiting for other jobs to finish...
[INFO] running `Command { std: "docker" "inspect" "cc02d53d9725c6902377d93641b92f5ad42de590198b72e7777497b08366f8b6", kill_on_drop: false }`
[INFO] running `Command { std: "docker" "rm" "-f" "cc02d53d9725c6902377d93641b92f5ad42de590198b72e7777497b08366f8b6", kill_on_drop: false }`
[INFO] [stdout] cc02d53d9725c6902377d93641b92f5ad42de590198b72e7777497b08366f8b6
[INFO] testing riimote-0.1.0 against beta-2023-12-22 for beta-1.76-1
[INFO] extracting crate riimote 0.1.0 into /workspace/builds/worker-3-tc2/source
[INFO] validating manifest of crates.io crate riimote 0.1.0 on toolchain beta-2023-12-22
[INFO] running `Command { std: CARGO_HOME="/workspace/cargo-home" RUSTUP_HOME="/workspace/rustup-home" "/workspace/cargo-home/bin/cargo" "+beta-2023-12-22" "metadata" "--manifest-path" "Cargo.toml" "--no-deps", kill_on_drop: false }`
[INFO] started tweaking crates.io crate riimote 0.1.0
[INFO] finished tweaking crates.io crate riimote 0.1.0
[INFO] tweaked toml for crates.io crate riimote 0.1.0 written to /workspace/builds/worker-3-tc2/source/Cargo.toml
[INFO] crate crates.io crate riimote 0.1.0 already has a lockfile, it will not be regenerated
[INFO] running `Command { std: CARGO_HOME="/workspace/cargo-home" RUSTUP_HOME="/workspace/rustup-home" "/workspace/cargo-home/bin/cargo" "+beta-2023-12-22" "fetch" "--manifest-path" "Cargo.toml", kill_on_drop: false }`
[INFO] running `Command { std: "docker" "create" "-v" "/var/lib/crater-agent-workspace/builds/worker-3-tc2/target:/opt/rustwide/target:rw,Z" "-v" "/var/lib/crater-agent-workspace/builds/worker-3-tc2/source:/opt/rustwide/workdir:ro,Z" "-v" "/var/lib/crater-agent-workspace/cargo-home:/opt/rustwide/cargo-home:ro,Z" "-v" "/var/lib/crater-agent-workspace/rustup-home:/opt/rustwide/rustup-home:ro,Z" "-e" "SOURCE_DIR=/opt/rustwide/workdir" "-e" "CARGO_TARGET_DIR=/opt/rustwide/target" "-e" "CARGO_HOME=/opt/rustwide/cargo-home" "-e" "RUSTUP_HOME=/opt/rustwide/rustup-home" "-w" "/opt/rustwide/workdir" "-m" "1610612736" "--user" "0:0" "--network" "none" "ghcr.io/rust-lang/crates-build-env/linux@sha256:2788e3201cd34a07e3172128adcd8b3090168a8e3bcc40d7c032b9dda1df7d1c" "/opt/rustwide/cargo-home/bin/cargo" "+beta-2023-12-22" "metadata" "--no-deps" "--format-version=1", kill_on_drop: false }`
[INFO] [stdout] ee293ef0f164a234a70d1eccd05ac604722866fb2a61ce11d1b1241b0f9d8082
[INFO] running `Command { std: "docker" "start" "-a" "ee293ef0f164a234a70d1eccd05ac604722866fb2a61ce11d1b1241b0f9d8082", kill_on_drop: false }`
[INFO] running `Command { std: "docker" "inspect" "ee293ef0f164a234a70d1eccd05ac604722866fb2a61ce11d1b1241b0f9d8082", kill_on_drop: false }`
[INFO] running `Command { std: "docker" "rm" "-f" "ee293ef0f164a234a70d1eccd05ac604722866fb2a61ce11d1b1241b0f9d8082", kill_on_drop: false }`
[INFO] [stdout] ee293ef0f164a234a70d1eccd05ac604722866fb2a61ce11d1b1241b0f9d8082
[INFO] running `Command { std: "docker" "create" "-v" "/var/lib/crater-agent-workspace/builds/worker-3-tc2/target:/opt/rustwide/target:rw,Z" "-v" "/var/lib/crater-agent-workspace/builds/worker-3-tc2/source:/opt/rustwide/workdir:ro,Z" "-v" "/var/lib/crater-agent-workspace/cargo-home:/opt/rustwide/cargo-home:ro,Z" "-v" "/var/lib/crater-agent-workspace/rustup-home:/opt/rustwide/rustup-home:ro,Z" "-e" "SOURCE_DIR=/opt/rustwide/workdir" "-e" "CARGO_TARGET_DIR=/opt/rustwide/target" "-e" "CARGO_INCREMENTAL=0" "-e" "RUST_BACKTRACE=full" "-e" "RUSTFLAGS=--cap-lints=warn" "-e" "RUSTDOCFLAGS=--cap-lints=warn" "-e" "CARGO_HOME=/opt/rustwide/cargo-home" "-e" "RUSTUP_HOME=/opt/rustwide/rustup-home" "-w" "/opt/rustwide/workdir" "-m" "1610612736" "--user" "0:0" "--network" "none" "ghcr.io/rust-lang/crates-build-env/linux@sha256:2788e3201cd34a07e3172128adcd8b3090168a8e3bcc40d7c032b9dda1df7d1c" "/opt/rustwide/cargo-home/bin/cargo" "+beta-2023-12-22" "build" "--frozen" "--message-format=json", kill_on_drop: false }`
[INFO] [stdout] d55edae96fd070df261f3b022cca59cc30c5474cce09e4278c1958a8f7bb5fa2
[INFO] running `Command { std: "docker" "start" "-a" "d55edae96fd070df261f3b022cca59cc30c5474cce09e4278c1958a8f7bb5fa2", kill_on_drop: false }`
[INFO] [stderr]    Compiling proc-macro2 v1.0.24
[INFO] [stderr]    Compiling unicode-xid v0.2.1
[INFO] [stderr]    Compiling syn v1.0.60
[INFO] [stderr]    Compiling libc v0.2.86
[INFO] [stderr]    Compiling memchr v2.3.4
[INFO] [stderr]    Compiling pkg-config v0.3.19
[INFO] [stderr]    Compiling proc-macro-hack v0.5.19
[INFO] [stderr]    Compiling once_cell v1.5.2
[INFO] [stderr]    Compiling proc-macro-nested v0.1.7
[INFO] [stderr]    Compiling pin-project-lite v0.2.4
[INFO] [stderr]    Compiling futures-sink v0.3.12
[INFO] [stderr]    Compiling futures-core v0.3.12
[INFO] [stderr]    Compiling futures-channel v0.3.12
[INFO] [stderr]    Compiling futures-task v0.3.12
[INFO] [stderr]    Compiling futures-io v0.3.12
[INFO] [stderr]    Compiling slab v0.4.2
[INFO] [stderr]    Compiling libdbus-sys v0.2.1
[INFO] [stderr]    Compiling instant v0.1.9
[INFO] [stderr]    Compiling smallvec v1.6.1
[INFO] [stderr]    Compiling autocfg v1.0.1
[INFO] [stderr]    Compiling lock_api v0.4.2
[INFO] [stderr]    Compiling serde v1.0.123
[INFO] [stderr]    Compiling serde_derive v1.0.123
[INFO] [stderr]    Compiling parking_lot_core v0.8.3
[INFO] [stderr]    Compiling signal-hook-registry v1.3.0
[INFO] [stderr]    Compiling num_cpus v1.13.0
[INFO] [stderr]    Compiling quote v1.0.9
[INFO] [stderr]    Compiling tokio v1.2.0
[INFO] [stderr]    Compiling parking_lot v0.11.1
[INFO] [stderr]    Compiling mio v0.7.7
[INFO] [stderr]    Compiling bytes v1.0.1
[INFO] [stderr]    Compiling cc v1.0.66
[INFO] [stderr]    Compiling either v1.6.1
[INFO] [stderr]    Compiling xml-rs v0.8.3
[INFO] [stderr]    Compiling itertools v0.10.0
[INFO] [stderr]    Compiling tracing-core v0.1.17
[INFO] [stderr]    Compiling hidapi v1.2.5
[INFO] [stderr]    Compiling futures-macro v0.3.12
[INFO] [stderr]    Compiling thiserror-impl v1.0.23
[INFO] [stderr]    Compiling tokio-macros v1.1.0
[INFO] [stderr]    Compiling tracing-attributes v0.1.12
[INFO] [stderr]    Compiling async-trait v0.1.42
[INFO] [stderr]    Compiling thiserror v1.0.23
[INFO] [stderr]    Compiling serde-xml-rs v0.4.1
[INFO] [stderr]    Compiling futures-util v0.3.12
[INFO] [stderr]    Compiling tracing v0.1.23
[INFO] [stderr]    Compiling dbus v0.9.1
[INFO] [stderr]    Compiling futures-executor v0.3.12
[INFO] [stderr]    Compiling futures v0.3.12
[INFO] [stderr]    Compiling bluez-generated v0.2.1
[INFO] [stderr]    Compiling dbus-tokio v0.7.3
[INFO] [stderr]    Compiling bluez-async v0.2.1
[INFO] [stderr]    Compiling riimote v0.1.0 (/opt/rustwide/workdir)
[INFO] [stderr]     Finished dev [unoptimized + debuginfo] target(s) in 23.12s
[INFO] running `Command { std: "docker" "inspect" "d55edae96fd070df261f3b022cca59cc30c5474cce09e4278c1958a8f7bb5fa2", kill_on_drop: false }`
[INFO] running `Command { std: "docker" "rm" "-f" "d55edae96fd070df261f3b022cca59cc30c5474cce09e4278c1958a8f7bb5fa2", kill_on_drop: false }`
[INFO] [stdout] d55edae96fd070df261f3b022cca59cc30c5474cce09e4278c1958a8f7bb5fa2
[INFO] running `Command { std: "docker" "create" "-v" "/var/lib/crater-agent-workspace/builds/worker-3-tc2/target:/opt/rustwide/target:rw,Z" "-v" "/var/lib/crater-agent-workspace/builds/worker-3-tc2/source:/opt/rustwide/workdir:ro,Z" "-v" "/var/lib/crater-agent-workspace/cargo-home:/opt/rustwide/cargo-home:ro,Z" "-v" "/var/lib/crater-agent-workspace/rustup-home:/opt/rustwide/rustup-home:ro,Z" "-e" "SOURCE_DIR=/opt/rustwide/workdir" "-e" "CARGO_TARGET_DIR=/opt/rustwide/target" "-e" "CARGO_INCREMENTAL=0" "-e" "RUST_BACKTRACE=full" "-e" "RUSTFLAGS=--cap-lints=warn" "-e" "RUSTDOCFLAGS=--cap-lints=warn" "-e" "CARGO_HOME=/opt/rustwide/cargo-home" "-e" "RUSTUP_HOME=/opt/rustwide/rustup-home" "-w" "/opt/rustwide/workdir" "-m" "1610612736" "--user" "0:0" "--network" "none" "ghcr.io/rust-lang/crates-build-env/linux@sha256:2788e3201cd34a07e3172128adcd8b3090168a8e3bcc40d7c032b9dda1df7d1c" "/opt/rustwide/cargo-home/bin/cargo" "+beta-2023-12-22" "test" "--frozen" "--no-run" "--message-format=json", kill_on_drop: false }`
[INFO] [stdout] a7d60813c949f8c5126952eaf08ca78cb006a4b108b4df1e25c4f8113d65365d
[INFO] running `Command { std: "docker" "start" "-a" "a7d60813c949f8c5126952eaf08ca78cb006a4b108b4df1e25c4f8113d65365d", kill_on_drop: false }`
[INFO] [stderr]    Compiling num-traits v0.2.14
[INFO] [stderr]    Compiling getrandom v0.2.2
[INFO] [stderr]    Compiling num-integer v0.1.44
[INFO] [stderr]    Compiling regex-syntax v0.6.22
[INFO] [stderr]    Compiling ryu v1.0.5
[INFO] [stderr]    Compiling byteorder v1.4.2
[INFO] [stderr]    Compiling serde_json v1.0.62
[INFO] [stderr]    Compiling time v0.1.44
[INFO] [stderr]    Compiling anyhow v1.0.38
[INFO] [stderr]    Compiling itoa v0.4.7
[INFO] [stderr]    Compiling tracing-serde v0.1.2
[INFO] [stderr]    Compiling rand_core v0.6.2
[INFO] [stderr]    Compiling tracing-log v0.1.1
[INFO] [stderr]    Compiling sharded-slab v0.1.1
[INFO] [stderr]    Compiling rand_chacha v0.3.0
[INFO] [stderr]    Compiling thread_local v1.1.3
[INFO] [stderr]    Compiling ansi_term v0.12.1
[INFO] [stderr]    Compiling rand v0.8.3
[INFO] [stderr]    Compiling chrono v0.4.19
[INFO] [stderr]    Compiling regex-automata v0.1.9
[INFO] [stderr]    Compiling regex v1.4.3
[INFO] [stderr]    Compiling matchers v0.0.1
[INFO] [stderr]    Compiling tracing-subscriber v0.2.15
[INFO] [stderr]    Compiling riimote v0.1.0 (/opt/rustwide/workdir)
[INFO] [stdout] error: couldn't read examples/media/dice.pcm: No such file or directory (os error 2)
[INFO] [stdout]   --> examples/dice.rs:15:29
[INFO] [stdout]    |
[INFO] [stdout] 15 | const DICE: &'static [u8] = include_bytes!("media/dice.pcm");
[INFO] [stdout]    |                             ^^^^^^^^^^^^^^^^^^^^^^^^^^^^^^^^
[INFO] [stdout]    |
[INFO] [stdout]    = note: this error originates in the macro `include_bytes` (in Nightly builds, run with -Z macro-backtrace for more info)
[INFO] [stdout] 
[INFO] [stdout] 
[INFO] [stdout] error: couldn't read examples/media/double.pcm: No such file or directory (os error 2)
[INFO] [stdout]   --> examples/dice.rs:16:31
[INFO] [stdout]    |
[INFO] [stdout] 16 | const DOUBLE: &'static [u8] = include_bytes!("media/double.pcm");
[INFO] [stdout]    |                               ^^^^^^^^^^^^^^^^^^^^^^^^^^^^^^^^^^
[INFO] [stdout]    |
[INFO] [stdout]    = note: this error originates in the macro `include_bytes` (in Nightly builds, run with -Z macro-backtrace for more info)
[INFO] [stdout] 
[INFO] [stdout] 
[INFO] [stdout] error: couldn't read examples/media/2.pcm: No such file or directory (os error 2)
[INFO] [stdout]   --> examples/dice.rs:18:5
[INFO] [stdout]    |
[INFO] [stdout] 18 |     include_bytes!("media/2.pcm"),
[INFO] [stdout]    |     ^^^^^^^^^^^^^^^^^^^^^^^^^^^^^
[INFO] [stdout]    |
[INFO] [stdout]    = note: this error originates in the macro `include_bytes` (in Nightly builds, run with -Z macro-backtrace for more info)
[INFO] [stdout] 
[INFO] [stdout] 
[INFO] [stdout] error: couldn't read examples/media/3.pcm: No such file or directory (os error 2)
[INFO] [stdout]   --> examples/dice.rs:19:5
[INFO] [stdout]    |
[INFO] [stdout] 19 |     include_bytes!("media/3.pcm"),
[INFO] [stdout]    |     ^^^^^^^^^^^^^^^^^^^^^^^^^^^^^
[INFO] [stdout]    |
[INFO] [stdout]    = note: this error originates in the macro `include_bytes` (in Nightly builds, run with -Z macro-backtrace for more info)
[INFO] [stdout] 
[INFO] [stdout] 
[INFO] [stdout] error: couldn't read examples/media/4.pcm: No such file or directory (os error 2)
[INFO] [stdout]   --> examples/dice.rs:20:5
[INFO] [stdout]    |
[INFO] [stdout] 20 |     include_bytes!("media/4.pcm"),
[INFO] [stdout]    |     ^^^^^^^^^^^^^^^^^^^^^^^^^^^^^
[INFO] [stdout]    |
[INFO] [stdout]    = note: this error originates in the macro `include_bytes` (in Nightly builds, run with -Z macro-backtrace for more info)
[INFO] [stdout] 
[INFO] [stdout] 
[INFO] [stdout] error: couldn't read examples/media/5.pcm: No such file or directory (os error 2)
[INFO] [stdout]   --> examples/dice.rs:21:5
[INFO] [stdout]    |
[INFO] [stdout] 21 |     include_bytes!("media/5.pcm"),
[INFO] [stdout]    |     ^^^^^^^^^^^^^^^^^^^^^^^^^^^^^
[INFO] [stdout]    |
[INFO] [stdout]    = note: this error originates in the macro `include_bytes` (in Nightly builds, run with -Z macro-backtrace for more info)
[INFO] [stdout] 
[INFO] [stdout] 
[INFO] [stdout] error: couldn't read examples/media/6.pcm: No such file or directory (os error 2)
[INFO] [stdout]   --> examples/dice.rs:22:5
[INFO] [stdout]    |
[INFO] [stdout] 22 |     include_bytes!("media/6.pcm"),
[INFO] [stdout]    |     ^^^^^^^^^^^^^^^^^^^^^^^^^^^^^
[INFO] [stdout]    |
[INFO] [stdout]    = note: this error originates in the macro `include_bytes` (in Nightly builds, run with -Z macro-backtrace for more info)
[INFO] [stdout] 
[INFO] [stdout] 
[INFO] [stdout] error: couldn't read examples/media/7.pcm: No such file or directory (os error 2)
[INFO] [stdout]   --> examples/dice.rs:23:5
[INFO] [stdout]    |
[INFO] [stdout] 23 |     include_bytes!("media/7.pcm"),
[INFO] [stdout]    |     ^^^^^^^^^^^^^^^^^^^^^^^^^^^^^
[INFO] [stdout]    |
[INFO] [stdout]    = note: this error originates in the macro `include_bytes` (in Nightly builds, run with -Z macro-backtrace for more info)
[INFO] [stdout] 
[INFO] [stdout] 
[INFO] [stdout] error: couldn't read examples/media/8.pcm: No such file or directory (os error 2)
[INFO] [stdout]   --> examples/dice.rs:24:5
[INFO] [stdout]    |
[INFO] [stdout] 24 |     include_bytes!("media/8.pcm"),
[INFO] [stdout]    |     ^^^^^^^^^^^^^^^^^^^^^^^^^^^^^
[INFO] [stdout]    |
[INFO] [stdout]    = note: this error originates in the macro `include_bytes` (in Nightly builds, run with -Z macro-backtrace for more info)
[INFO] [stdout] 
[INFO] [stdout] 
[INFO] [stdout] error: couldn't read examples/media/9.pcm: No such file or directory (os error 2)
[INFO] [stdout]   --> examples/dice.rs:25:5
[INFO] [stdout]    |
[INFO] [stdout] 25 |     include_bytes!("media/9.pcm"),
[INFO] [stdout]    |     ^^^^^^^^^^^^^^^^^^^^^^^^^^^^^
[INFO] [stdout]    |
[INFO] [stdout]    = note: this error originates in the macro `include_bytes` (in Nightly builds, run with -Z macro-backtrace for more info)
[INFO] [stdout] 
[INFO] [stdout] 
[INFO] [stdout] error: couldn't read examples/media/10.pcm: No such file or directory (os error 2)
[INFO] [stdout]   --> examples/dice.rs:26:5
[INFO] [stdout]    |
[INFO] [stdout] 26 |     include_bytes!("media/10.pcm"),
[INFO] [stdout]    |     ^^^^^^^^^^^^^^^^^^^^^^^^^^^^^^
[INFO] [stdout]    |
[INFO] [stdout]    = note: this error originates in the macro `include_bytes` (in Nightly builds, run with -Z macro-backtrace for more info)
[INFO] [stdout] 
[INFO] [stdout] 
[INFO] [stdout] error: couldn't read examples/media/11.pcm: No such file or directory (os error 2)
[INFO] [stdout]   --> examples/dice.rs:27:5
[INFO] [stdout]    |
[INFO] [stdout] 27 |     include_bytes!("media/11.pcm"),
[INFO] [stdout]    |     ^^^^^^^^^^^^^^^^^^^^^^^^^^^^^^
[INFO] [stdout]    |
[INFO] [stdout]    = note: this error originates in the macro `include_bytes` (in Nightly builds, run with -Z macro-backtrace for more info)
[INFO] [stdout] 
[INFO] [stdout] 
[INFO] [stdout] error: couldn't read examples/media/12.pcm: No such file or directory (os error 2)
[INFO] [stdout]   --> examples/dice.rs:28:5
[INFO] [stdout]    |
[INFO] [stdout] 28 |     include_bytes!("media/12.pcm"),
[INFO] [stdout]    |     ^^^^^^^^^^^^^^^^^^^^^^^^^^^^^^
[INFO] [stdout]    |
[INFO] [stdout]    = note: this error originates in the macro `include_bytes` (in Nightly builds, run with -Z macro-backtrace for more info)
[INFO] [stdout] 
[INFO] [stdout] 
[INFO] [stdout] error[E0432]: unresolved import `rii`
[INFO] [stdout]   --> examples/dice.rs:10:5
[INFO] [stdout]    |
[INFO] [stdout] 10 | use rii::*;
[INFO] [stdout]    |     ^^^ use of undeclared crate or module `rii`
[INFO] [stdout] 
[INFO] [stdout] 
[INFO] [stdout] error[E0433]: failed to resolve: use of undeclared type `Report`
[INFO] [stdout]   --> examples/dice.rs:12:30
[INFO] [stdout]    |
[INFO] [stdout] 12 | const DATA_REPORT_TYPE: u8 = Report::CoreButtonsAccelerometer as u8;
[INFO] [stdout]    |                              ^^^^^^ use of undeclared type `Report`
[INFO] [stdout]    |
[INFO] [stdout] help: consider importing one of these items
[INFO] [stdout]    |
[INFO] [stdout] 1  + use riimote::Report;
[INFO] [stdout]    |
[INFO] [stdout] 1  + use std::error::Report;
[INFO] [stdout]    |
[INFO] [stdout] 
[INFO] [stdout] 
[INFO] [stdout] error[E0412]: cannot find type `Wiimote` in this scope
[INFO] [stdout]   --> examples/dice.rs:31:28
[INFO] [stdout]    |
[INFO] [stdout] 31 | fn update_volume(wiimote: &Wiimote, volume: u8) -> anyhow::Result<()> {
[INFO] [stdout]    |                            ^^^^^^^ not found in this scope
[INFO] [stdout]    |
[INFO] [stdout] help: consider importing this struct
[INFO] [stdout]    |
[INFO] [stdout] 1  + use riimote::Wiimote;
[INFO] [stdout]    |
[INFO] [stdout] 
[INFO] [stdout] 
[INFO] [stdout] error[E0433]: failed to resolve: use of undeclared type `Report`
[INFO] [stdout]   --> examples/dice.rs:32:25
[INFO] [stdout]    |
[INFO] [stdout] 32 |     wiimote.write(&mut [Report::PlayerLeds as u8, 1 << (3 + volume)])?;
[INFO] [stdout]    |                         ^^^^^^ use of undeclared type `Report`
[INFO] [stdout]    |
[INFO] [stdout] help: consider importing one of these items
[INFO] [stdout]    |
[INFO] [stdout] 1  + use riimote::Report;
[INFO] [stdout]    |
[INFO] [stdout] 1  + use std::error::Report;
[INFO] [stdout]    |
[INFO] [stdout] 
[INFO] [stdout] 
[INFO] [stdout] error[E0412]: cannot find type `Wiimote` in this scope
[INFO] [stdout]   --> examples/dice.rs:37:28
[INFO] [stdout]    |
[INFO] [stdout] 37 | fn wiimote_setup(wiimote: &Wiimote) -> anyhow::Result<()> {
[INFO] [stdout]    |                            ^^^^^^^ not found in this scope
[INFO] [stdout]    |
[INFO] [stdout] help: consider importing this struct
[INFO] [stdout]    |
[INFO] [stdout] 1  + use riimote::Wiimote;
[INFO] [stdout]    |
[INFO] [stdout] 
[INFO] [stdout] 
[INFO] [stdout] error[E0433]: failed to resolve: use of undeclared type `Report`
[INFO] [stdout]   --> examples/dice.rs:38:25
[INFO] [stdout]    |
[INFO] [stdout] 38 |     wiimote.write(&mut [Report::DataReportingMode as u8, 0x00, DATA_REPORT_TYPE])?;
[INFO] [stdout]    |                         ^^^^^^ use of undeclared type `Report`
[INFO] [stdout]    |
[INFO] [stdout] help: consider importing one of these items
[INFO] [stdout]    |
[INFO] [stdout] 1  + use riimote::Report;
[INFO] [stdout]    |
[INFO] [stdout] 1  + use std::error::Report;
[INFO] [stdout]    |
[INFO] [stdout] 
[INFO] [stdout] 
[INFO] [stdout] error[E0433]: failed to resolve: use of undeclared type `Wiimote`
[INFO] [stdout]   --> examples/dice.rs:46:23
[INFO] [stdout]    |
[INFO] [stdout] 46 |     let mut wiimote = Wiimote::new(hid.open(0x057E, 0x0306)?);
[INFO] [stdout]    |                       ^^^^^^^ use of undeclared type `Wiimote`
[INFO] [stdout]    |
[INFO] [stdout] help: consider importing this struct
[INFO] [stdout]    |
[INFO] [stdout] 1  + use riimote::Wiimote;
[INFO] [stdout]    |
[INFO] [stdout] 
[INFO] [stdout] 
[INFO] [stdout] error[E0433]: failed to resolve: use of undeclared type `ButtonFlags`
[INFO] [stdout]   --> examples/dice.rs:50:23
[INFO] [stdout]    |
[INFO] [stdout] 50 |     let mut buttons = ButtonFlags::empty();
[INFO] [stdout]    |                       ^^^^^^^^^^^ use of undeclared type `ButtonFlags`
[INFO] [stdout]    |
[INFO] [stdout] help: consider importing this struct
[INFO] [stdout]    |
[INFO] [stdout] 1  + use riimote::ButtonFlags;
[INFO] [stdout]    |
[INFO] [stdout] 
[INFO] [stdout] 
[INFO] [stdout] error[E0433]: failed to resolve: use of undeclared type `ButtonFlags`
[INFO] [stdout]   --> examples/dice.rs:59:35
[INFO] [stdout]    |
[INFO] [stdout] 59 |                 let new_buttons = ButtonFlags::from_bytes(&input[1..3])?;
[INFO] [stdout]    |                                   ^^^^^^^^^^^ use of undeclared type `ButtonFlags`
[INFO] [stdout]    |
[INFO] [stdout] help: consider importing this struct
[INFO] [stdout]    |
[INFO] [stdout] 1  + use riimote::ButtonFlags;
[INFO] [stdout]    |
[INFO] [stdout] 
[INFO] [stdout] 
[INFO] [stdout] error[E0433]: failed to resolve: use of undeclared type `ButtonFlags`
[INFO] [stdout]   --> examples/dice.rs:64:42
[INFO] [stdout]    |
[INFO] [stdout] 64 |                 if just_pressed.contains(ButtonFlags::MINUS) {
[INFO] [stdout]    |                                          ^^^^^^^^^^^ use of undeclared type `ButtonFlags`
[INFO] [stdout]    |
[INFO] [stdout] help: consider importing this struct
[INFO] [stdout]    |
[INFO] [stdout] 1  + use riimote::ButtonFlags;
[INFO] [stdout]    |
[INFO] [stdout] 
[INFO] [stdout] 
[INFO] [stdout] error[E0433]: failed to resolve: use of undeclared type `ButtonFlags`
[INFO] [stdout]   --> examples/dice.rs:68:42
[INFO] [stdout]    |
[INFO] [stdout] 68 |                 if just_pressed.contains(ButtonFlags::PLUS) {
[INFO] [stdout]    |                                          ^^^^^^^^^^^ use of undeclared type `ButtonFlags`
[INFO] [stdout]    |
[INFO] [stdout] help: consider importing this struct
[INFO] [stdout]    |
[INFO] [stdout] 1  + use riimote::ButtonFlags;
[INFO] [stdout]    |
[INFO] [stdout] 
[INFO] [stdout] 
[INFO] [stdout] error[E0433]: failed to resolve: use of undeclared type `ButtonFlags`
[INFO] [stdout]   --> examples/dice.rs:73:41
[INFO] [stdout]    |
[INFO] [stdout] 73 |                 if new_buttons.contains(ButtonFlags::A) {
[INFO] [stdout]    |                                         ^^^^^^^^^^^ use of undeclared type `ButtonFlags`
[INFO] [stdout]    |
[INFO] [stdout] help: consider importing this struct
[INFO] [stdout]    |
[INFO] [stdout] 1  + use riimote::ButtonFlags;
[INFO] [stdout]    |
[INFO] [stdout] 
[INFO] [stdout] 
[INFO] [stdout] error[E0433]: failed to resolve: use of undeclared type `Report`
[INFO] [stdout]   --> examples/dice.rs:79:45
[INFO] [stdout]    |
[INFO] [stdout] 79 |                         wiimote.write(&mut [Report::PlayerLeds as u8, (total + 2) << 4])?;
[INFO] [stdout]    |                                             ^^^^^^ use of undeclared type `Report`
[INFO] [stdout]    |
[INFO] [stdout] help: consider importing one of these items
[INFO] [stdout]    |
[INFO] [stdout] 1  + use riimote::Report;
[INFO] [stdout]    |
[INFO] [stdout] 1  + use std::error::Report;
[INFO] [stdout]    |
[INFO] [stdout] 
[INFO] [stdout] 
[INFO] [stdout] error[E0433]: failed to resolve: use of undeclared type `Report`
[INFO] [stdout]   --> examples/dice.rs:85:49
[INFO] [stdout]    |
[INFO] [stdout] 85 | ...                   wiimote.write(&mut [Report::Rumble as u8, 0])?;
[INFO] [stdout]    |                                           ^^^^^^ use of undeclared type `Report`
[INFO] [stdout]    |
[INFO] [stdout] help: consider importing one of these items
[INFO] [stdout]    |
[INFO] [stdout] 1  + use riimote::Report;
[INFO] [stdout]    |
[INFO] [stdout] 1  + use std::error::Report;
[INFO] [stdout]    |
[INFO] [stdout] 
[INFO] [stdout] 
[INFO] [stdout] error[E0433]: failed to resolve: use of undeclared type `WiimoteSearch`
[INFO] [stdout]    --> examples/dice.rs:110:26
[INFO] [stdout]     |
[INFO] [stdout] 110 |     let wiimote_search = WiimoteSearch::new().await?;
[INFO] [stdout]     |                          ^^^^^^^^^^^^^ use of undeclared type `WiimoteSearch`
[INFO] [stdout]     |
[INFO] [stdout] help: consider importing this struct
[INFO] [stdout]     |
[INFO] [stdout] 1   + use riimote::WiimoteSearch;
[INFO] [stdout]     |
[INFO] [stdout] 
[INFO] [stdout] 
[INFO] [stdout] error: aborting due to 28 previous errors
[INFO] [stdout] 
[INFO] [stdout] 
[INFO] [stdout] Some errors have detailed explanations: E0412, E0432, E0433.
[INFO] [stdout] 
[INFO] [stdout] For more information about an error, try `rustc --explain E0412`.
[INFO] [stdout] 
[INFO] [stderr] error: could not compile `riimote` (example "dice") due to 29 previous errors
[INFO] [stderr] warning: build failed, waiting for other jobs to finish...
[INFO] running `Command { std: "docker" "inspect" "a7d60813c949f8c5126952eaf08ca78cb006a4b108b4df1e25c4f8113d65365d", kill_on_drop: false }`
[INFO] running `Command { std: "docker" "rm" "-f" "a7d60813c949f8c5126952eaf08ca78cb006a4b108b4df1e25c4f8113d65365d", kill_on_drop: false }`
[INFO] [stdout] a7d60813c949f8c5126952eaf08ca78cb006a4b108b4df1e25c4f8113d65365d
