[INFO] fetching crate ribir_material 0.0.1-alpha.5...
[INFO] testing ribir_material-0.0.1-alpha.5 against 1.75.0 for beta-1.76-1
[INFO] extracting crate ribir_material 0.0.1-alpha.5 into /workspace/builds/worker-4-tc1/source
[INFO] validating manifest of crates.io crate ribir_material 0.0.1-alpha.5 on toolchain 1.75.0
[INFO] running `Command { std: CARGO_HOME="/workspace/cargo-home" RUSTUP_HOME="/workspace/rustup-home" "/workspace/cargo-home/bin/cargo" "+1.75.0" "metadata" "--manifest-path" "Cargo.toml" "--no-deps", kill_on_drop: false }`
[INFO] started tweaking crates.io crate ribir_material 0.0.1-alpha.5
[INFO] finished tweaking crates.io crate ribir_material 0.0.1-alpha.5
[INFO] tweaked toml for crates.io crate ribir_material 0.0.1-alpha.5 written to /workspace/builds/worker-4-tc1/source/Cargo.toml
[INFO] running `Command { std: CARGO_HOME="/workspace/cargo-home" RUSTUP_HOME="/workspace/rustup-home" "/workspace/cargo-home/bin/cargo" "+1.75.0" "generate-lockfile" "--manifest-path" "Cargo.toml", kill_on_drop: false }`
[INFO] [stderr]     Updating crates.io index
[INFO] running `Command { std: CARGO_HOME="/workspace/cargo-home" RUSTUP_HOME="/workspace/rustup-home" "/workspace/cargo-home/bin/cargo" "+1.75.0" "fetch" "--manifest-path" "Cargo.toml", kill_on_drop: false }`
[INFO] [stderr]  Downloading crates ...
[INFO] [stderr]   Downloaded rosvgtree v0.3.0
[INFO] [stderr]   Downloaded tiny-skia-path v0.11.3
[INFO] [stderr]   Downloaded material-color-utilities-rs v0.2.1
[INFO] [stderr]   Downloaded ribir_builtin v0.0.1-alpha.5
[INFO] [stderr]   Downloaded unicode-general-category v0.6.0
[INFO] [stderr]   Downloaded ribir_geom v0.0.1-alpha.5
[INFO] [stderr]   Downloaded ribir_painter v0.0.1-alpha.5
[INFO] [stderr]   Downloaded usvg-tree v0.33.0
[INFO] [stderr]   Downloaded lyon_geom v1.0.5
[INFO] [stderr]   Downloaded svgtypes v0.11.0
[INFO] [stderr]   Downloaded usvg v0.33.0
[INFO] [stderr]   Downloaded usvg-parser v0.33.0
[INFO] [stderr]   Downloaded ribir_core v0.0.1-alpha.5
[INFO] [stderr]   Downloaded ribir_macros v0.0.1-alpha.5
[INFO] [stderr]   Downloaded ribir_widgets v0.0.1-alpha.5
[INFO] [stderr]   Downloaded rustybuzz v0.7.0
[INFO] [stderr]   Downloaded arboard v3.3.0
[INFO] [stderr]   Downloaded fontdb v0.14.1
[INFO] [stderr]   Downloaded indextree v4.6.0
[INFO] [stderr]   Downloaded ribir_algo v0.0.1-alpha.5
[INFO] [stderr]   Downloaded ribir_text v0.0.1-alpha.5
[INFO] [stderr]   Downloaded rxrust v1.0.0-beta.7
[INFO] running `Command { std: "docker" "create" "-v" "/var/lib/crater-agent-workspace/builds/worker-4-tc1/target:/opt/rustwide/target:rw,Z" "-v" "/var/lib/crater-agent-workspace/builds/worker-4-tc1/source:/opt/rustwide/workdir:ro,Z" "-v" "/var/lib/crater-agent-workspace/cargo-home:/opt/rustwide/cargo-home:ro,Z" "-v" "/var/lib/crater-agent-workspace/rustup-home:/opt/rustwide/rustup-home:ro,Z" "-e" "SOURCE_DIR=/opt/rustwide/workdir" "-e" "CARGO_TARGET_DIR=/opt/rustwide/target" "-e" "CARGO_HOME=/opt/rustwide/cargo-home" "-e" "RUSTUP_HOME=/opt/rustwide/rustup-home" "-w" "/opt/rustwide/workdir" "-m" "1610612736" "--user" "0:0" "--network" "none" "ghcr.io/rust-lang/crates-build-env/linux@sha256:2788e3201cd34a07e3172128adcd8b3090168a8e3bcc40d7c032b9dda1df7d1c" "/opt/rustwide/cargo-home/bin/cargo" "+1.75.0" "metadata" "--no-deps" "--format-version=1", kill_on_drop: false }`
[INFO] [stdout] e7d8cf95edfbb7a13a94dad373e83f22c98e2317760bee37ebb8d17764a5d945
[INFO] running `Command { std: "docker" "start" "-a" "e7d8cf95edfbb7a13a94dad373e83f22c98e2317760bee37ebb8d17764a5d945", kill_on_drop: false }`
[INFO] running `Command { std: "docker" "inspect" "e7d8cf95edfbb7a13a94dad373e83f22c98e2317760bee37ebb8d17764a5d945", kill_on_drop: false }`
[INFO] running `Command { std: "docker" "rm" "-f" "e7d8cf95edfbb7a13a94dad373e83f22c98e2317760bee37ebb8d17764a5d945", kill_on_drop: false }`
[INFO] [stdout] e7d8cf95edfbb7a13a94dad373e83f22c98e2317760bee37ebb8d17764a5d945
[INFO] running `Command { std: "docker" "create" "-v" "/var/lib/crater-agent-workspace/builds/worker-4-tc1/target:/opt/rustwide/target:rw,Z" "-v" "/var/lib/crater-agent-workspace/builds/worker-4-tc1/source:/opt/rustwide/workdir:ro,Z" "-v" "/var/lib/crater-agent-workspace/cargo-home:/opt/rustwide/cargo-home:ro,Z" "-v" "/var/lib/crater-agent-workspace/rustup-home:/opt/rustwide/rustup-home:ro,Z" "-e" "SOURCE_DIR=/opt/rustwide/workdir" "-e" "CARGO_TARGET_DIR=/opt/rustwide/target" "-e" "CARGO_INCREMENTAL=0" "-e" "RUST_BACKTRACE=full" "-e" "RUSTFLAGS=--cap-lints=warn" "-e" "RUSTDOCFLAGS=--cap-lints=warn" "-e" "CARGO_HOME=/opt/rustwide/cargo-home" "-e" "RUSTUP_HOME=/opt/rustwide/rustup-home" "-w" "/opt/rustwide/workdir" "-m" "1610612736" "--user" "0:0" "--network" "none" "ghcr.io/rust-lang/crates-build-env/linux@sha256:2788e3201cd34a07e3172128adcd8b3090168a8e3bcc40d7c032b9dda1df7d1c" "/opt/rustwide/cargo-home/bin/cargo" "+1.75.0" "build" "--frozen" "--message-format=json", kill_on_drop: false }`
[INFO] [stdout] 0879802d49b316465e77e2f6168d7dfb5086a5b63c79b3cd7534f8980bc5e8fd
[INFO] running `Command { std: "docker" "start" "-a" "0879802d49b316465e77e2f6168d7dfb5086a5b63c79b3cd7534f8980bc5e8fd", kill_on_drop: false }`
[INFO] [stderr]    Compiling libc v0.2.151
[INFO] [stderr]    Compiling libm v0.2.8
[INFO] [stderr]    Compiling num-integer v0.1.45
[INFO] [stderr]    Compiling num-traits v0.2.17
[INFO] [stderr]    Compiling serde v1.0.194
[INFO] [stderr]    Compiling arrayvec v0.7.4
[INFO] [stderr]    Compiling smallvec v1.11.2
[INFO] [stderr]    Compiling num-bigint v0.4.4
[INFO] [stderr]    Compiling pkg-config v0.3.28
[INFO] [stderr]    Compiling num-rational v0.4.1
[INFO] [stderr]    Compiling xml-rs v0.8.19
[INFO] [stderr]    Compiling float-cmp v0.9.0
[INFO] [stderr]    Compiling ahash v0.8.7
[INFO] [stderr]    Compiling serde_derive v1.0.194
[INFO] [stderr]    Compiling strict-num v0.1.1
[INFO] [stderr]    Compiling kurbo v0.9.5
[INFO] [stderr]    Compiling memoffset v0.6.5
[INFO] [stderr]    Compiling num-iter v0.1.43
[INFO] [stderr]    Compiling siphasher v0.3.11
[INFO] [stderr]    Compiling zerocopy v0.7.32
[INFO] [stderr]    Compiling xmlparser v0.13.6
[INFO] [stderr]    Compiling simd-adler32 v0.3.7
[INFO] [stderr]    Compiling simplecss v0.2.1
[INFO] [stderr]    Compiling rctree v0.5.0
[INFO] [stderr]    Compiling libloading v0.8.1
[INFO] [stderr]    Compiling miniz_oxide v0.7.1
[INFO] [stderr]    Compiling wayland-scanner v0.29.5
[INFO] [stderr]    Compiling wayland-sys v0.29.5
[INFO] [stderr]    Compiling imagesize v0.12.0
[INFO] [stderr]    Compiling roxmltree v0.18.1
[INFO] [stderr]    Compiling syn v1.0.109
[INFO] [stderr]    Compiling data-url v0.2.0
[INFO] [stderr]    Compiling svgtypes v0.11.0
[INFO] [stderr]    Compiling dlib v0.5.2
[INFO] [stderr]    Compiling getrandom v0.2.11
[INFO] [stderr]    Compiling slotmap v1.0.7
[INFO] [stderr]    Compiling arrayref v0.3.7
[INFO] [stderr]    Compiling crossbeam-utils v0.8.18
[INFO] [stderr]    Compiling slab v0.4.9
[INFO] [stderr]    Compiling flate2 v1.0.28
[INFO] [stderr]    Compiling rosvgtree v0.3.0
[INFO] [stderr]    Compiling usvg-tree v0.33.0
[INFO] [stderr]    Compiling memoffset v0.7.1
[INFO] [stderr]    Compiling base64 v0.21.5
[INFO] [stderr]    Compiling xmlwriter v0.1.0
[INFO] [stderr]    Compiling bytemuck v1.14.0
[INFO] [stderr]    Compiling nix v0.24.3
[INFO] [stderr]    Compiling pico-args v0.5.0
[INFO] [stderr]    Compiling rand_core v0.6.4
[INFO] [stderr]    Compiling fdeflate v0.3.3
[INFO] [stderr]    Compiling wayland-client v0.29.5
[INFO] [stderr]    Compiling thiserror-impl v1.0.56
[INFO] [stderr]    Compiling downcast-rs v1.2.0
[INFO] [stderr]    Compiling scoped-tls v1.0.1
[INFO] [stderr]    Compiling futures-core v0.3.30
[INFO] [stderr]    Compiling once_cell v1.19.0
[INFO] [stderr]    Compiling futures-sink v0.3.30
[INFO] [stderr]    Compiling rand_chacha v0.3.1
[INFO] [stderr]    Compiling crossbeam-epoch v0.9.17
[INFO] [stderr]    Compiling png v0.17.10
[INFO] [stderr]    Compiling futures-channel v0.3.30
[INFO] [stderr]    Compiling wayland-protocols v0.29.5
[INFO] [stderr]    Compiling num-complex v0.4.4
[INFO] [stderr]    Compiling aho-corasick v1.1.2
[INFO] [stderr]    Compiling futures-macro v0.3.30
[INFO] [stderr]    Compiling lock_api v0.4.11
[INFO] [stderr]    Compiling wayland-commons v0.29.5
[INFO] [stderr]    Compiling unicode-general-category v0.6.0
[INFO] [stderr]    Compiling bitflags v2.4.1
[INFO] [stderr]    Compiling futures-io v0.3.30
[INFO] [stderr]    Compiling rayon-core v1.12.0
[INFO] [stderr]    Compiling parking_lot_core v0.9.9
[INFO] [stderr]    Compiling pin-project-lite v0.2.13
[INFO] [stderr]    Compiling percent-encoding v2.3.1
[INFO] [stderr]    Compiling futures-task v0.3.30
[INFO] [stderr]    Compiling regex-syntax v0.8.2
[INFO] [stderr]    Compiling thiserror v1.0.56
[INFO] [stderr]    Compiling color_quant v1.1.0
[INFO] [stderr]    Compiling num v0.4.1
[INFO] [stderr]    Compiling usvg-parser v0.33.0
[INFO] [stderr]    Compiling rand v0.8.5
[INFO] [stderr]    Compiling image v0.24.7
[INFO] [stderr]    Compiling nix v0.26.4
[INFO] [stderr]    Compiling crossbeam-deque v0.8.4
[INFO] [stderr]    Compiling futures-util v0.3.30
[INFO] [stderr]    Compiling num_cpus v1.16.0
[INFO] [stderr]    Compiling nix v0.25.1
[INFO] [stderr]    Compiling cc v1.0.83
[INFO] [stderr]    Compiling x11-dl v2.21.0
[INFO] [stderr]    Compiling smithay-client-toolkit v0.16.1
[INFO] [stderr]    Compiling x11rb v0.12.0
[INFO] [stderr]    Compiling cfg_aliases v0.1.1
[INFO] [stderr]    Compiling xcursor v0.3.5
[INFO] [stderr]    Compiling winit v0.28.7
[INFO] [stderr]    Compiling x11rb-protocol v0.12.0
[INFO] [stderr]    Compiling wayland-cursor v0.29.5
[INFO] [stderr]    Compiling regex-automata v0.4.3
[INFO] [stderr]    Compiling blake3 v1.5.0
[INFO] [stderr]    Compiling calloop v0.10.6
[INFO] [stderr]    Compiling tiny-skia-path v0.11.3
[INFO] [stderr]    Compiling usvg v0.33.0
[INFO] [stderr]    Compiling material-color-utilities-rs v0.2.1
[INFO] [stderr]    Compiling memmap2 v0.6.2
[INFO] [stderr]    Compiling memmap2 v0.5.10
[INFO] [stderr]    Compiling gethostname v0.3.0
[INFO] [stderr]    Compiling unicode-normalization v0.1.22
[INFO] [stderr]    Compiling unicode-bidi-mirroring v0.1.0
[INFO] [stderr]    Compiling futures-executor v0.3.30
[INFO] [stderr]    Compiling ttf-parser v0.18.1
[INFO] [stderr]    Compiling ttf-parser v0.19.2
[INFO] [stderr]    Compiling unicode-ccc v0.1.2
[INFO] [stderr]    Compiling either v1.9.0
[INFO] [stderr]    Compiling unicode-script v0.5.5
[INFO] [stderr]    Compiling convert_case v0.4.0
[INFO] [stderr]    Compiling rayon v1.8.0
[INFO] [stderr]    Compiling futures v0.3.30
[INFO] [stderr]    Compiling parking_lot v0.12.1
[INFO] [stderr]    Compiling ribir_builtin v0.0.1-alpha.5
[INFO] [stderr]    Compiling euclid v0.22.9
[INFO] [stderr]    Compiling serde_json v1.0.111
[INFO] [stderr]    Compiling ribir_algo v0.0.1-alpha.5
[INFO] [stderr]    Compiling idna v0.5.0
[INFO] [stderr]    Compiling derive_more v0.99.17
[INFO] [stderr]    Compiling form_urlencoded v1.2.1
[INFO] [stderr]    Compiling mio v0.8.10
[INFO] [stderr]    Compiling ribir_macros v0.0.1-alpha.5
[INFO] [stderr]    Compiling regex v1.10.2
[INFO] [stderr]    Compiling lyon_geom v1.0.5
[INFO] [stderr]    Compiling ribir_geom v0.0.1-alpha.5
[INFO] [stderr]    Compiling ordered-float v3.9.2
[INFO] [stderr]    Compiling instant v0.1.12
[INFO] [stderr]    Compiling raw-window-handle v0.5.2
[INFO] [stderr]    Compiling Inflector v0.11.4
[INFO] [stderr]    Compiling unicode-segmentation v1.10.1
[INFO] [stderr]    Compiling constant_time_eq v0.3.0
[INFO] [stderr]    Compiling url v2.5.0
[INFO] [stderr]    Compiling rxrust v1.0.0-beta.7
[INFO] [stderr]    Compiling indextree v4.6.0
[INFO] [stderr]    Compiling lyon_path v1.0.4
[INFO] [stderr]    Compiling home v0.5.9
[INFO] [stderr]    Compiling webbrowser v0.8.12
[INFO] [stderr]    Compiling rustybuzz v0.7.0
[INFO] [stderr]    Compiling fontdb v0.14.1
[INFO] [stderr]    Compiling lyon_algorithms v1.0.4
[INFO] [stderr]    Compiling ribir_painter v0.0.1-alpha.5
[INFO] [stdout] error[E0554]: `#![feature]` may not be used on the stable release channel
[INFO] [stdout]  --> /opt/rustwide/cargo-home/registry/src/index.crates.io-6f17d22bba15001f/ribir_painter-0.0.1-alpha.5/src/lib.rs:1:1
[INFO] [stdout]   |
[INFO] [stdout] 1 | #![feature(const_fn_floating_point_arithmetic, test)]
[INFO] [stdout]   | ^^^^^^^^^^^^^^^^^^^^^^^^^^^^^^^^^^^^^^^^^^^^^^^^^^^^^
[INFO] [stdout] 
[INFO] [stdout] 
[INFO] [stdout] error[E0554]: `#![feature]` may not be used on the stable release channel
[INFO] [stdout]  --> /opt/rustwide/cargo-home/registry/src/index.crates.io-6f17d22bba15001f/ribir_painter-0.0.1-alpha.5/src/lib.rs:1:1
[INFO] [stdout]   |
[INFO] [stdout] 1 | #![feature(const_fn_floating_point_arithmetic, test)]
[INFO] [stdout]   | ^^^^^^^^^^^^^^^^^^^^^^^^^^^^^^^^^^^^^^^^^^^^^^^^^^^^^
[INFO] [stdout] 
[INFO] [stdout] 
[INFO] [stdout] error[E0554]: `#![feature]` may not be used on the stable release channel
[INFO] [stdout]  --> /opt/rustwide/cargo-home/registry/src/index.crates.io-6f17d22bba15001f/ribir_painter-0.0.1-alpha.5/src/lib.rs:1:48
[INFO] [stdout]   |
[INFO] [stdout] 1 | #![feature(const_fn_floating_point_arithmetic, test)]
[INFO] [stdout]   |                                                ^^^^
[INFO] [stdout] 
[INFO] [stdout] 
[INFO] [stdout] error[E0554]: `#![feature]` may not be used on the stable release channel
[INFO] [stdout]  --> /opt/rustwide/cargo-home/registry/src/index.crates.io-6f17d22bba15001f/ribir_painter-0.0.1-alpha.5/src/lib.rs:1:48
[INFO] [stdout]   |
[INFO] [stdout] 1 | #![feature(const_fn_floating_point_arithmetic, test)]
[INFO] [stdout]   |                                                ^^^^
[INFO] [stdout] 
[INFO] [stdout] 
[INFO] [stdout] error: aborting due to 2 previous errors
[INFO] [stdout] 
[INFO] [stdout] 
[INFO] [stdout] For more information about this error, try `rustc --explain E0554`.
[INFO] [stdout] 
[INFO] [stderr] error: could not compile `ribir_painter` (lib) due to 3 previous errors
[INFO] [stderr] warning: build failed, waiting for other jobs to finish...
[INFO] [stdout] error: aborting due to 2 previous errors
[INFO] [stdout] 
[INFO] [stdout] 
[INFO] [stdout] For more information about this error, try `rustc --explain E0554`.
[INFO] [stdout] 
[INFO] [stderr] error: could not compile `ribir_painter` (lib) due to 3 previous errors
[INFO] running `Command { std: "docker" "inspect" "0879802d49b316465e77e2f6168d7dfb5086a5b63c79b3cd7534f8980bc5e8fd", kill_on_drop: false }`
[INFO] running `Command { std: "docker" "rm" "-f" "0879802d49b316465e77e2f6168d7dfb5086a5b63c79b3cd7534f8980bc5e8fd", kill_on_drop: false }`
[INFO] [stdout] 0879802d49b316465e77e2f6168d7dfb5086a5b63c79b3cd7534f8980bc5e8fd
[INFO] testing ribir_material-0.0.1-alpha.5 against beta-2023-12-22 for beta-1.76-1
[INFO] extracting crate ribir_material 0.0.1-alpha.5 into /workspace/builds/worker-4-tc2/source
[INFO] validating manifest of crates.io crate ribir_material 0.0.1-alpha.5 on toolchain beta-2023-12-22
[INFO] running `Command { std: CARGO_HOME="/workspace/cargo-home" RUSTUP_HOME="/workspace/rustup-home" "/workspace/cargo-home/bin/cargo" "+beta-2023-12-22" "metadata" "--manifest-path" "Cargo.toml" "--no-deps", kill_on_drop: false }`
[INFO] started tweaking crates.io crate ribir_material 0.0.1-alpha.5
[INFO] finished tweaking crates.io crate ribir_material 0.0.1-alpha.5
[INFO] tweaked toml for crates.io crate ribir_material 0.0.1-alpha.5 written to /workspace/builds/worker-4-tc2/source/Cargo.toml
[INFO] running `Command { std: CARGO_HOME="/workspace/cargo-home" RUSTUP_HOME="/workspace/rustup-home" "/workspace/cargo-home/bin/cargo" "+beta-2023-12-22" "generate-lockfile" "--manifest-path" "Cargo.toml", kill_on_drop: false }`
[INFO] [stderr]     Updating crates.io index
[INFO] running `Command { std: CARGO_HOME="/workspace/cargo-home" RUSTUP_HOME="/workspace/rustup-home" "/workspace/cargo-home/bin/cargo" "+beta-2023-12-22" "fetch" "--manifest-path" "Cargo.toml", kill_on_drop: false }`
[INFO] running `Command { std: "docker" "create" "-v" "/var/lib/crater-agent-workspace/builds/worker-4-tc2/target:/opt/rustwide/target:rw,Z" "-v" "/var/lib/crater-agent-workspace/builds/worker-4-tc2/source:/opt/rustwide/workdir:ro,Z" "-v" "/var/lib/crater-agent-workspace/cargo-home:/opt/rustwide/cargo-home:ro,Z" "-v" "/var/lib/crater-agent-workspace/rustup-home:/opt/rustwide/rustup-home:ro,Z" "-e" "SOURCE_DIR=/opt/rustwide/workdir" "-e" "CARGO_TARGET_DIR=/opt/rustwide/target" "-e" "CARGO_HOME=/opt/rustwide/cargo-home" "-e" "RUSTUP_HOME=/opt/rustwide/rustup-home" "-w" "/opt/rustwide/workdir" "-m" "1610612736" "--user" "0:0" "--network" "none" "ghcr.io/rust-lang/crates-build-env/linux@sha256:2788e3201cd34a07e3172128adcd8b3090168a8e3bcc40d7c032b9dda1df7d1c" "/opt/rustwide/cargo-home/bin/cargo" "+beta-2023-12-22" "metadata" "--no-deps" "--format-version=1", kill_on_drop: false }`
[INFO] [stdout] 74f8dc01bd2d3cb67e63fb0aa045495c5914472832212d7f2ead958890eeb127
[INFO] running `Command { std: "docker" "start" "-a" "74f8dc01bd2d3cb67e63fb0aa045495c5914472832212d7f2ead958890eeb127", kill_on_drop: false }`
[INFO] running `Command { std: "docker" "inspect" "74f8dc01bd2d3cb67e63fb0aa045495c5914472832212d7f2ead958890eeb127", kill_on_drop: false }`
[INFO] running `Command { std: "docker" "rm" "-f" "74f8dc01bd2d3cb67e63fb0aa045495c5914472832212d7f2ead958890eeb127", kill_on_drop: false }`
[INFO] [stdout] 74f8dc01bd2d3cb67e63fb0aa045495c5914472832212d7f2ead958890eeb127
[INFO] running `Command { std: "docker" "create" "-v" "/var/lib/crater-agent-workspace/builds/worker-4-tc2/target:/opt/rustwide/target:rw,Z" "-v" "/var/lib/crater-agent-workspace/builds/worker-4-tc2/source:/opt/rustwide/workdir:ro,Z" "-v" "/var/lib/crater-agent-workspace/cargo-home:/opt/rustwide/cargo-home:ro,Z" "-v" "/var/lib/crater-agent-workspace/rustup-home:/opt/rustwide/rustup-home:ro,Z" "-e" "SOURCE_DIR=/opt/rustwide/workdir" "-e" "CARGO_TARGET_DIR=/opt/rustwide/target" "-e" "CARGO_INCREMENTAL=0" "-e" "RUST_BACKTRACE=full" "-e" "RUSTFLAGS=--cap-lints=warn" "-e" "RUSTDOCFLAGS=--cap-lints=warn" "-e" "CARGO_HOME=/opt/rustwide/cargo-home" "-e" "RUSTUP_HOME=/opt/rustwide/rustup-home" "-w" "/opt/rustwide/workdir" "-m" "1610612736" "--user" "0:0" "--network" "none" "ghcr.io/rust-lang/crates-build-env/linux@sha256:2788e3201cd34a07e3172128adcd8b3090168a8e3bcc40d7c032b9dda1df7d1c" "/opt/rustwide/cargo-home/bin/cargo" "+beta-2023-12-22" "build" "--frozen" "--message-format=json", kill_on_drop: false }`
[INFO] [stdout] 26bcc64121f40644a84fb29a0933cdefea46a0726fcf4f08de8705ddd06b7a45
[INFO] running `Command { std: "docker" "start" "-a" "26bcc64121f40644a84fb29a0933cdefea46a0726fcf4f08de8705ddd06b7a45", kill_on_drop: false }`
[INFO] [stderr]    Compiling libc v0.2.151
[INFO] [stderr]    Compiling libm v0.2.8
[INFO] [stderr]    Compiling num-integer v0.1.45
[INFO] [stderr]    Compiling num-traits v0.2.17
[INFO] [stderr]    Compiling serde v1.0.194
[INFO] [stderr]    Compiling arrayvec v0.7.4
[INFO] [stderr]    Compiling smallvec v1.11.2
[INFO] [stderr]    Compiling num-bigint v0.4.4
[INFO] [stderr]    Compiling pkg-config v0.3.28
[INFO] [stderr]    Compiling num-rational v0.4.1
[INFO] [stderr]    Compiling float-cmp v0.9.0
[INFO] [stderr]    Compiling xml-rs v0.8.19
[INFO] [stderr]    Compiling ahash v0.8.7
[INFO] [stderr]    Compiling serde_derive v1.0.194
[INFO] [stderr]    Compiling strict-num v0.1.1
[INFO] [stderr]    Compiling kurbo v0.9.5
[INFO] [stderr]    Compiling memoffset v0.6.5
[INFO] [stderr]    Compiling num-iter v0.1.43
[INFO] [stderr]    Compiling siphasher v0.3.11
[INFO] [stderr]    Compiling simd-adler32 v0.3.7
[INFO] [stderr]    Compiling zerocopy v0.7.32
[INFO] [stderr]    Compiling xmlparser v0.13.6
[INFO] [stderr]    Compiling simplecss v0.2.1
[INFO] [stderr]    Compiling rctree v0.5.0
[INFO] [stderr]    Compiling miniz_oxide v0.7.1
[INFO] [stderr]    Compiling libloading v0.8.1
[INFO] [stderr]    Compiling data-url v0.2.0
[INFO] [stderr]    Compiling syn v1.0.109
[INFO] [stderr]    Compiling wayland-scanner v0.29.5
[INFO] [stderr]    Compiling imagesize v0.12.0
[INFO] [stderr]    Compiling roxmltree v0.18.1
[INFO] [stderr]    Compiling wayland-sys v0.29.5
[INFO] [stderr]    Compiling dlib v0.5.2
[INFO] [stderr]    Compiling slotmap v1.0.7
[INFO] [stderr]    Compiling svgtypes v0.11.0
[INFO] [stderr]    Compiling flate2 v1.0.28
[INFO] [stderr]    Compiling arrayref v0.3.7
[INFO] [stderr]    Compiling crossbeam-utils v0.8.18
[INFO] [stderr]    Compiling getrandom v0.2.11
[INFO] [stderr]    Compiling memoffset v0.7.1
[INFO] [stderr]    Compiling slab v0.4.9
[INFO] [stderr]    Compiling bytemuck v1.14.0
[INFO] [stderr]    Compiling usvg-tree v0.33.0
[INFO] [stderr]    Compiling rosvgtree v0.3.0
[INFO] [stderr]    Compiling xmlwriter v0.1.0
[INFO] [stderr]    Compiling pico-args v0.5.0
[INFO] [stderr]    Compiling base64 v0.21.5
[INFO] [stderr]    Compiling rand_core v0.6.4
[INFO] [stderr]    Compiling fdeflate v0.3.3
[INFO] [stderr]    Compiling thiserror-impl v1.0.56
[INFO] [stderr]    Compiling once_cell v1.19.0
[INFO] [stderr]    Compiling nix v0.24.3
[INFO] [stderr]    Compiling futures-core v0.3.30
[INFO] [stderr]    Compiling wayland-client v0.29.5
[INFO] [stderr]    Compiling downcast-rs v1.2.0
[INFO] [stderr]    Compiling scoped-tls v1.0.1
[INFO] [stderr]    Compiling futures-sink v0.3.30
[INFO] [stderr]    Compiling futures-channel v0.3.30
[INFO] [stderr]    Compiling rand_chacha v0.3.1
[INFO] [stderr]    Compiling png v0.17.10
[INFO] [stderr]    Compiling wayland-protocols v0.29.5
[INFO] [stderr]    Compiling crossbeam-epoch v0.9.17
[INFO] [stderr]    Compiling num-complex v0.4.4
[INFO] [stderr]    Compiling aho-corasick v1.1.2
[INFO] [stderr]    Compiling futures-macro v0.3.30
[INFO] [stderr]    Compiling lock_api v0.4.11
[INFO] [stderr]    Compiling parking_lot_core v0.9.9
[INFO] [stderr]    Compiling futures-task v0.3.30
[INFO] [stderr]    Compiling unicode-general-category v0.6.0
[INFO] [stderr]    Compiling color_quant v1.1.0
[INFO] [stderr]    Compiling regex-syntax v0.8.2
[INFO] [stderr]    Compiling bitflags v2.4.1
[INFO] [stderr]    Compiling futures-io v0.3.30
[INFO] [stderr]    Compiling pin-project-lite v0.2.13
[INFO] [stderr]    Compiling rayon-core v1.12.0
[INFO] [stderr]    Compiling wayland-commons v0.29.5
[INFO] [stderr]    Compiling thiserror v1.0.56
[INFO] [stderr]    Compiling num v0.4.1
[INFO] [stderr]    Compiling image v0.24.7
[INFO] [stderr]    Compiling nix v0.26.4
[INFO] [stderr]    Compiling crossbeam-deque v0.8.4
[INFO] [stderr]    Compiling rand v0.8.5
[INFO] [stderr]    Compiling usvg-parser v0.33.0
[INFO] [stderr]    Compiling num_cpus v1.16.0
[INFO] [stderr]    Compiling nix v0.25.1
[INFO] [stderr]    Compiling futures-util v0.3.30
[INFO] [stderr]    Compiling cc v1.0.83
[INFO] [stderr]    Compiling x11-dl v2.21.0
[INFO] [stderr]    Compiling smithay-client-toolkit v0.16.1
[INFO] [stderr]    Compiling regex-automata v0.4.3
[INFO] [stderr]    Compiling cfg_aliases v0.1.1
[INFO] [stderr]    Compiling xcursor v0.3.5
[INFO] [stderr]    Compiling x11rb v0.12.0
[INFO] [stderr]    Compiling winit v0.28.7
[INFO] [stderr]    Compiling blake3 v1.5.0
[INFO] [stderr]    Compiling wayland-cursor v0.29.5
[INFO] [stderr]    Compiling calloop v0.10.6
[INFO] [stderr]    Compiling tiny-skia-path v0.11.3
[INFO] [stderr]    Compiling x11rb-protocol v0.12.0
[INFO] [stderr]    Compiling usvg v0.33.0
[INFO] [stderr]    Compiling material-color-utilities-rs v0.2.1
[INFO] [stderr]    Compiling memmap2 v0.6.2
[INFO] [stderr]    Compiling gethostname v0.3.0
[INFO] [stderr]    Compiling memmap2 v0.5.10
[INFO] [stderr]    Compiling unicode-normalization v0.1.22
[INFO] [stderr]    Compiling ttf-parser v0.18.1
[INFO] [stderr]    Compiling unicode-ccc v0.1.2
[INFO] [stderr]    Compiling either v1.9.0
[INFO] [stderr]    Compiling regex v1.10.2
[INFO] [stderr]    Compiling unicode-bidi-mirroring v0.1.0
[INFO] [stderr]    Compiling ttf-parser v0.19.2
[INFO] [stderr]    Compiling unicode-script v0.5.5
[INFO] [stderr]    Compiling euclid v0.22.9
[INFO] [stderr]    Compiling serde_json v1.0.111
[INFO] [stderr]    Compiling ribir_algo v0.0.1-alpha.5
[INFO] [stderr]    Compiling convert_case v0.4.0
[INFO] [stderr]    Compiling ribir_builtin v0.0.1-alpha.5
[INFO] [stderr]    Compiling Inflector v0.11.4
[INFO] [stderr]    Compiling idna v0.5.0
[INFO] [stderr]    Compiling futures-executor v0.3.30
[INFO] [stderr]    Compiling rayon v1.8.0
[INFO] [stderr]    Compiling futures v0.3.30
[INFO] [stderr]    Compiling parking_lot v0.12.1
[INFO] [stderr]    Compiling derive_more v0.99.17
[INFO] [stderr]    Compiling ribir_macros v0.0.1-alpha.5
[INFO] [stderr]    Compiling lyon_geom v1.0.5
[INFO] [stderr]    Compiling ribir_geom v0.0.1-alpha.5
[INFO] [stderr]    Compiling rustybuzz v0.7.0
[INFO] [stderr]    Compiling form_urlencoded v1.2.1
[INFO] [stderr]    Compiling mio v0.8.10
[INFO] [stderr]    Compiling ordered-float v3.9.2
[INFO] [stderr]    Compiling instant v0.1.12
[INFO] [stderr]    Compiling raw-window-handle v0.5.2
[INFO] [stderr]    Compiling lyon_path v1.0.4
[INFO] [stderr]    Compiling fontdb v0.14.1
[INFO] [stderr]    Compiling constant_time_eq v0.3.0
[INFO] [stderr]    Compiling unicode-segmentation v1.10.1
[INFO] [stderr]    Compiling url v2.5.0
[INFO] [stderr]    Compiling rxrust v1.0.0-beta.7
[INFO] [stderr]    Compiling indextree v4.6.0
[INFO] [stderr]    Compiling home v0.5.9
[INFO] [stderr]    Compiling webbrowser v0.8.12
[INFO] [stderr]    Compiling lyon_algorithms v1.0.4
[INFO] [stderr]    Compiling ribir_painter v0.0.1-alpha.5
[INFO] [stdout] error[E0554]: `#![feature]` may not be used on the beta release channel
[INFO] [stdout]  --> /opt/rustwide/cargo-home/registry/src/index.crates.io-6f17d22bba15001f/ribir_painter-0.0.1-alpha.5/src/lib.rs:1:1
[INFO] [stdout]   |
[INFO] [stdout] 1 | #![feature(const_fn_floating_point_arithmetic, test)]
[INFO] [stdout]   | ^^^^^^^^^^^^^^^^^^^^^^^^^^^^^^^^^^^^^^^^^^^^^^^^^^^^^
[INFO] [stdout] 
[INFO] [stdout] 
[INFO] [stdout] error[E0554]: `#![feature]` may not be used on the beta release channel
[INFO] [stdout]  --> /opt/rustwide/cargo-home/registry/src/index.crates.io-6f17d22bba15001f/ribir_painter-0.0.1-alpha.5/src/lib.rs:1:48
[INFO] [stdout]   |
[INFO] [stdout] 1 | #![feature(const_fn_floating_point_arithmetic, test)]
[INFO] [stdout]   |                                                ^^^^
[INFO] [stdout] 
[INFO] [stdout] 
[INFO] [stdout] error: aborting due to 2 previous errors
[INFO] [stdout] 
[INFO] [stdout] 
[INFO] [stdout] For more information about this error, try `rustc --explain E0554`.
[INFO] [stdout] 
[INFO] [stderr] error: could not compile `ribir_painter` (lib) due to 3 previous errors
[INFO] [stderr] warning: build failed, waiting for other jobs to finish...
[INFO] [stdout] error[E0554]: `#![feature]` may not be used on the beta release channel
[INFO] [stdout]  --> /opt/rustwide/cargo-home/registry/src/index.crates.io-6f17d22bba15001f/ribir_painter-0.0.1-alpha.5/src/lib.rs:1:1
[INFO] [stdout]   |
[INFO] [stdout] 1 | #![feature(const_fn_floating_point_arithmetic, test)]
[INFO] [stdout]   | ^^^^^^^^^^^^^^^^^^^^^^^^^^^^^^^^^^^^^^^^^^^^^^^^^^^^^
[INFO] [stdout] 
[INFO] [stdout] 
[INFO] [stdout] error[E0554]: `#![feature]` may not be used on the beta release channel
[INFO] [stdout]  --> /opt/rustwide/cargo-home/registry/src/index.crates.io-6f17d22bba15001f/ribir_painter-0.0.1-alpha.5/src/lib.rs:1:48
[INFO] [stdout]   |
[INFO] [stdout] 1 | #![feature(const_fn_floating_point_arithmetic, test)]
[INFO] [stdout]   |                                                ^^^^
[INFO] [stdout] 
[INFO] [stdout] 
[INFO] [stdout] error: aborting due to 2 previous errors
[INFO] [stdout] 
[INFO] [stdout] 
[INFO] [stdout] For more information about this error, try `rustc --explain E0554`.
[INFO] [stdout] 
[INFO] [stderr] error: could not compile `ribir_painter` (lib) due to 3 previous errors
[INFO] running `Command { std: "docker" "inspect" "26bcc64121f40644a84fb29a0933cdefea46a0726fcf4f08de8705ddd06b7a45", kill_on_drop: false }`
[INFO] running `Command { std: "docker" "rm" "-f" "26bcc64121f40644a84fb29a0933cdefea46a0726fcf4f08de8705ddd06b7a45", kill_on_drop: false }`
[INFO] [stdout] 26bcc64121f40644a84fb29a0933cdefea46a0726fcf4f08de8705ddd06b7a45
