[INFO] fetching crate rhizomedb-wasm 0.1.0...
[INFO] testing rhizomedb-wasm-0.1.0 against 1.75.0 for beta-1.76-1
[INFO] extracting crate rhizomedb-wasm 0.1.0 into /workspace/builds/worker-5-tc1/source
[INFO] validating manifest of crates.io crate rhizomedb-wasm 0.1.0 on toolchain 1.75.0
[INFO] running `Command { std: CARGO_HOME="/workspace/cargo-home" RUSTUP_HOME="/workspace/rustup-home" "/workspace/cargo-home/bin/cargo" "+1.75.0" "metadata" "--manifest-path" "Cargo.toml" "--no-deps", kill_on_drop: false }`
[INFO] started tweaking crates.io crate rhizomedb-wasm 0.1.0
[INFO] finished tweaking crates.io crate rhizomedb-wasm 0.1.0
[INFO] tweaked toml for crates.io crate rhizomedb-wasm 0.1.0 written to /workspace/builds/worker-5-tc1/source/Cargo.toml
[INFO] running `Command { std: CARGO_HOME="/workspace/cargo-home" RUSTUP_HOME="/workspace/rustup-home" "/workspace/cargo-home/bin/cargo" "+1.75.0" "generate-lockfile" "--manifest-path" "Cargo.toml", kill_on_drop: false }`
[INFO] [stderr]     Blocking waiting for file lock on package cache
[INFO] [stderr]     Updating crates.io index
[INFO] running `Command { std: CARGO_HOME="/workspace/cargo-home" RUSTUP_HOME="/workspace/rustup-home" "/workspace/cargo-home/bin/cargo" "+1.75.0" "fetch" "--manifest-path" "Cargo.toml", kill_on_drop: false }`
[INFO] [stderr]     Blocking waiting for file lock on package cache
[INFO] [stderr]  Downloading crates ...
[INFO] [stderr]   Downloaded wasm-bindgen-test-macro v0.3.34
[INFO] [stderr]   Downloaded wasm-bindgen-downcast v0.1.1
[INFO] [stderr]   Downloaded wasm-bindgen-downcast-macros v0.1.1
[INFO] [stderr]   Downloaded rhizomedb v0.1.0
[INFO] [stderr]   Downloaded wasm-bindgen-test v0.3.34
[INFO] running `Command { std: "docker" "create" "-v" "/var/lib/crater-agent-workspace/builds/worker-5-tc1/target:/opt/rustwide/target:rw,Z" "-v" "/var/lib/crater-agent-workspace/builds/worker-5-tc1/source:/opt/rustwide/workdir:ro,Z" "-v" "/var/lib/crater-agent-workspace/cargo-home:/opt/rustwide/cargo-home:ro,Z" "-v" "/var/lib/crater-agent-workspace/rustup-home:/opt/rustwide/rustup-home:ro,Z" "-e" "SOURCE_DIR=/opt/rustwide/workdir" "-e" "CARGO_TARGET_DIR=/opt/rustwide/target" "-e" "CARGO_HOME=/opt/rustwide/cargo-home" "-e" "RUSTUP_HOME=/opt/rustwide/rustup-home" "-w" "/opt/rustwide/workdir" "-m" "1610612736" "--user" "0:0" "--network" "none" "ghcr.io/rust-lang/crates-build-env/linux@sha256:2788e3201cd34a07e3172128adcd8b3090168a8e3bcc40d7c032b9dda1df7d1c" "/opt/rustwide/cargo-home/bin/cargo" "+1.75.0" "metadata" "--no-deps" "--format-version=1", kill_on_drop: false }`
[INFO] [stdout] 374ee83c4edfb8e322efc08b8c53a8c4abf9d3ca4dd0273354538410f94ab902
[INFO] running `Command { std: "docker" "start" "-a" "374ee83c4edfb8e322efc08b8c53a8c4abf9d3ca4dd0273354538410f94ab902", kill_on_drop: false }`
[INFO] running `Command { std: "docker" "inspect" "374ee83c4edfb8e322efc08b8c53a8c4abf9d3ca4dd0273354538410f94ab902", kill_on_drop: false }`
[INFO] running `Command { std: "docker" "rm" "-f" "374ee83c4edfb8e322efc08b8c53a8c4abf9d3ca4dd0273354538410f94ab902", kill_on_drop: false }`
[INFO] [stdout] 374ee83c4edfb8e322efc08b8c53a8c4abf9d3ca4dd0273354538410f94ab902
[INFO] running `Command { std: "docker" "create" "-v" "/var/lib/crater-agent-workspace/builds/worker-5-tc1/target:/opt/rustwide/target:rw,Z" "-v" "/var/lib/crater-agent-workspace/builds/worker-5-tc1/source:/opt/rustwide/workdir:ro,Z" "-v" "/var/lib/crater-agent-workspace/cargo-home:/opt/rustwide/cargo-home:ro,Z" "-v" "/var/lib/crater-agent-workspace/rustup-home:/opt/rustwide/rustup-home:ro,Z" "-e" "SOURCE_DIR=/opt/rustwide/workdir" "-e" "CARGO_TARGET_DIR=/opt/rustwide/target" "-e" "CARGO_INCREMENTAL=0" "-e" "RUST_BACKTRACE=full" "-e" "RUSTFLAGS=--cap-lints=warn" "-e" "RUSTDOCFLAGS=--cap-lints=warn" "-e" "CARGO_HOME=/opt/rustwide/cargo-home" "-e" "RUSTUP_HOME=/opt/rustwide/rustup-home" "-w" "/opt/rustwide/workdir" "-m" "1610612736" "--user" "0:0" "--network" "none" "ghcr.io/rust-lang/crates-build-env/linux@sha256:2788e3201cd34a07e3172128adcd8b3090168a8e3bcc40d7c032b9dda1df7d1c" "/opt/rustwide/cargo-home/bin/cargo" "+1.75.0" "build" "--frozen" "--message-format=json", kill_on_drop: false }`
[INFO] [stdout] 9527009399b2b2f5e6265882a04ffee0cf1ea3b88e168cb1d779dcda8f789c9b
[INFO] running `Command { std: "docker" "start" "-a" "9527009399b2b2f5e6265882a04ffee0cf1ea3b88e168cb1d779dcda8f789c9b", kill_on_drop: false }`
[INFO] [stderr]    Compiling proc-macro2 v1.0.75
[INFO] [stderr]    Compiling version_check v0.9.4
[INFO] [stderr]    Compiling syn v1.0.109
[INFO] [stderr]    Compiling serde v1.0.194
[INFO] [stderr]    Compiling toml_datetime v0.6.5
[INFO] [stderr]    Compiling winnow v0.5.32
[INFO] [stderr]    Compiling wasm-bindgen-shared v0.2.84
[INFO] [stderr]    Compiling serde_json v1.0.111
[INFO] [stderr]    Compiling data-encoding v2.5.0
[INFO] [stderr]    Compiling core2 v0.4.0
[INFO] [stderr]    Compiling constant_time_eq v0.3.0
[INFO] [stderr]    Compiling arrayref v0.3.7
[INFO] [stderr]    Compiling arrayvec v0.7.4
[INFO] [stderr]    Compiling unsigned-varint v0.7.2
[INFO] [stderr]    Compiling bumpalo v3.14.0
[INFO] [stderr]    Compiling blake3 v1.5.0
[INFO] [stderr]    Compiling base-x v0.2.11
[INFO] [stderr]    Compiling cpufeatures v0.2.12
[INFO] [stderr]    Compiling wasm-bindgen v0.2.84
[INFO] [stderr]    Compiling keccak v0.1.4
[INFO] [stderr]    Compiling thiserror v1.0.56
[INFO] [stderr]    Compiling anyhow v1.0.79
[INFO] [stderr]    Compiling proc-macro-error-attr v1.0.4
[INFO] [stderr]    Compiling generic-array v0.14.7
[INFO] [stderr]    Compiling proc-macro-error v1.0.4
[INFO] [stderr]    Compiling blake2s_simd v1.0.2
[INFO] [stderr]    Compiling blake2b_simd v1.0.2
[INFO] [stderr]    Compiling futures-sink v0.3.30
[INFO] [stderr]    Compiling futures-channel v0.3.30
[INFO] [stderr]    Compiling ahash v0.7.7
[INFO] [stderr]    Compiling num-traits v0.2.17
[INFO] [stderr]    Compiling quick-protobuf v0.8.1
[INFO] [stderr]    Compiling tokio v1.35.1
[INFO] [stderr]    Compiling slotmap v1.0.7
[INFO] [stderr]    Compiling im v15.1.0
[INFO] [stderr]    Compiling bitmaps v2.1.0
[INFO] [stderr]    Compiling quote v1.0.35
[INFO] [stderr]    Compiling paste v1.0.14
[INFO] [stderr]    Compiling syn v2.0.48
[INFO] [stderr]    Compiling rand_core v0.6.4
[INFO] [stderr]    Compiling hashbrown v0.11.2
[INFO] [stderr]    Compiling block-buffer v0.10.4
[INFO] [stderr]    Compiling crypto-common v0.1.6
[INFO] [stderr]    Compiling rand_xoshiro v0.6.0
[INFO] [stderr]    Compiling digest v0.10.7
[INFO] [stderr]    Compiling unicode-width v0.1.11
[INFO] [stderr]    Compiling sized-chunks v0.6.5
[INFO] [stderr]    Compiling fixedbitset v0.4.2
[INFO] [stderr]    Compiling sha3 v0.10.8
[INFO] [stderr]    Compiling sha2 v0.10.8
[INFO] [stderr]    Compiling minimal-lexical v0.2.1
[INFO] [stderr]    Compiling arrayvec v0.5.2
[INFO] [stderr]    Compiling scopeguard v1.2.0
[INFO] [stderr]    Compiling typed-arena v2.0.2
[INFO] [stderr]    Compiling petgraph v0.6.4
[INFO] [stderr]    Compiling nom v7.1.3
[INFO] [stderr]    Compiling id-arena v2.2.1
[INFO] [stderr]    Compiling as-any v0.3.1
[INFO] [stderr]    Compiling toml_edit v0.19.15
[INFO] [stderr]    Compiling pretty v0.12.3
[INFO] [stderr]    Compiling dyn-clone v1.0.16
[INFO] [stderr]    Compiling tokio-stream v0.1.14
[INFO] [stderr]    Compiling proc-macro-crate v1.3.1
[INFO] [stderr]    Compiling synstructure v0.12.6
[INFO] [stderr]    Compiling wasm-bindgen-backend v0.2.84
[INFO] [stderr]    Compiling wasm-bindgen-macro-support v0.2.84
[INFO] [stderr]    Compiling serde_derive v1.0.194
[INFO] [stderr]    Compiling thiserror-impl v1.0.56
[INFO] [stderr]    Compiling futures-macro v0.3.30
[INFO] [stderr]    Compiling tracing-attributes v0.1.27
[INFO] [stderr]    Compiling rhizomedb-macro v0.1.0
[INFO] [stderr]    Compiling multihash-derive v0.8.0
[INFO] [stderr]    Compiling data-encoding-macro-internal v0.1.12
[INFO] [stderr]    Compiling libipld-cbor-derive v0.16.0
[INFO] [stderr]    Compiling derive_more v0.99.17
[INFO] [stderr]    Compiling wasm-bindgen-downcast-macros v0.1.1
[INFO] [stderr]    Compiling data-encoding-macro v0.1.14
[INFO] [stderr]    Compiling multibase v0.9.1
[INFO] [stderr]    Compiling wasm-bindgen-macro v0.2.84
[INFO] [stderr]    Compiling futures-util v0.3.30
[INFO] [stderr]    Compiling tracing v0.1.40
[INFO] [stderr]    Compiling futures-executor v0.3.30
[INFO] [stderr]    Compiling futures v0.3.30
[INFO] [stderr]    Compiling rhizomedb-runtime v0.1.0
[INFO] [stderr]    Compiling serde-big-array v0.3.3
[INFO] [stderr]    Compiling serde_bytes v0.11.14
[INFO] [stderr]    Compiling cbor4ii v0.2.14
[INFO] [stderr]    Compiling ordered-float v3.9.2
[INFO] [stderr]    Compiling string-interner v0.14.0
[INFO] [stderr]    Compiling multihash v0.18.1
[INFO] [stderr]    Compiling multihash v0.16.3
[INFO] [stderr]    Compiling cid v0.8.6
[INFO] [stderr]    Compiling cid v0.10.1
[INFO] [stderr]    Compiling serde_ipld_dagcbor v0.3.0
[INFO] [stderr]    Compiling libipld-core v0.16.0
[INFO] [stderr]    Compiling libipld-pb v0.16.0
[INFO] [stderr]    Compiling libipld-cbor v0.16.0
[INFO] [stderr]    Compiling libipld-macro v0.16.0
[INFO] [stderr]    Compiling libipld-json v0.16.0
[INFO] [stderr]    Compiling libipld v0.16.0
[INFO] [stderr]    Compiling rhizomedb v0.1.0
[INFO] [stderr]    Compiling js-sys v0.3.61
[INFO] [stderr]    Compiling console_error_panic_hook v0.1.7
[INFO] [stderr]    Compiling web-sys v0.3.61
[INFO] [stderr]    Compiling wasm-bindgen-downcast v0.1.1
[INFO] [stderr]    Compiling wasm-bindgen-futures v0.4.34
[INFO] [stderr]    Compiling serde-wasm-bindgen v0.5.0
[INFO] [stderr]    Compiling gloo-utils v0.1.7
[INFO] [stderr]    Compiling gloo-console v0.2.3
[INFO] [stderr]    Compiling rhizomedb-wasm v0.1.0 (/opt/rustwide/workdir)
[INFO] [stdout] warning: lint `private_in_public` has been removed: replaced with another group of lints, see RFC <https://rust-lang.github.io/rfcs/2145-type-privacy.html> for more information
[INFO] [stdout]  --> src/lib.rs:3:26
[INFO] [stdout]   |
[INFO] [stdout] 3 | #![deny(unreachable_pub, private_in_public)]
[INFO] [stdout]   |                          ^^^^^^^^^^^^^^^^^
[INFO] [stdout]   |
[INFO] [stdout]   = note: `#[warn(renamed_and_removed_lints)]` on by default
[INFO] [stdout] 
[INFO] [stdout] 
[INFO] [stdout] error[E0277]: `*mut u8` cannot be sent between threads safely
[INFO] [stdout]     --> src/lib.rs:95:17
[INFO] [stdout]      |
[INFO] [stdout] 95   |                   Box::new(move || {
[INFO] [stdout]      |                   ^        ------- within this `{closure@src/lib.rs:95:26: 95:33}`
[INFO] [stdout]      |  _________________|
[INFO] [stdout]      | |
[INFO] [stdout] 96   | |                     Box::new(JsStream::from(async_iterator).map(|tuple| {
[INFO] [stdout] 97   | |                         let tuple = tuple.unwrap();
[INFO] [stdout] 98   | |                         let tuple = InputTuple::downcast_js_ref(&tuple).unwrap();
[INFO] [stdout] ...    |
[INFO] [stdout] 101  | |                     }))
[INFO] [stdout] 102  | |                 }),
[INFO] [stdout]      | |__________________^ `*mut u8` cannot be sent between threads safely
[INFO] [stdout]      |
[INFO] [stdout]      = help: within `{closure@src/lib.rs:95:26: 95:33}`, the trait `std::marker::Send` is not implemented for `*mut u8`
[INFO] [stdout] note: required because it appears within the type `PhantomData<*mut u8>`
[INFO] [stdout]     --> /rustc/82e1608dfa6e0b5569232559e3d385fea5a93112/library/core/src/marker.rs:809:12
[INFO] [stdout] note: required because it appears within the type `JsValue`
[INFO] [stdout]     --> /opt/rustwide/cargo-home/registry/src/index.crates.io-6f17d22bba15001f/wasm-bindgen-0.2.84/src/lib.rs:92:12
[INFO] [stdout]      |
[INFO] [stdout] 92   | pub struct JsValue {
[INFO] [stdout]      |            ^^^^^^^
[INFO] [stdout] note: required because it appears within the type `AsyncIterator`
[INFO] [stdout]     --> /opt/rustwide/cargo-home/registry/src/index.crates.io-6f17d22bba15001f/js-sys-0.3.61/src/lib.rs:2057:14
[INFO] [stdout]      |
[INFO] [stdout] 2057 |     pub type AsyncIterator;
[INFO] [stdout]      |              ^^^^^^^^^^^^^
[INFO] [stdout] note: required because it's used within this closure
[INFO] [stdout]     --> src/lib.rs:95:26
[INFO] [stdout]      |
[INFO] [stdout] 95   |                 Box::new(move || {
[INFO] [stdout]      |                          ^^^^^^^
[INFO] [stdout]      = note: required for `{closure@src/lib.rs:95:26: 95:33}` to implement `rhizomedb_runtime::MaybeSend`
[INFO] [stdout]      = note: required for `{closure@src/lib.rs:95:26: 95:33}` to implement `CreateStream`
[INFO] [stdout]      = note: required for the cast from `Box<{closure@src/lib.rs:95:26: 95:33}>` to `Box<(dyn CreateStream<Output = Box<(dyn Stream<Item = rhizomedb::tuple::InputTuple> + 'static)>> + 'static)>`
[INFO] [stdout] 
[INFO] [stdout] 
[INFO] [stdout] error[E0277]: `*mut u8` cannot be sent between threads safely
[INFO] [stdout]     --> src/lib.rs:117:17
[INFO] [stdout]      |
[INFO] [stdout] 117  |                   Box::new(move || {
[INFO] [stdout]      |                   ^        ------- within this `{closure@src/lib.rs:117:26: 117:33}`
[INFO] [stdout]      |  _________________|
[INFO] [stdout]      | |
[INFO] [stdout] 118  | |                     Box::new(unfold(f, move |f, tuple: Tuple| async move {
[INFO] [stdout] 119  | |                         let js_tuple = js_sys::Object::new();
[INFO] [stdout] 120  | |
[INFO] [stdout] ...    |
[INFO] [stdout] 154  | |                     }))
[INFO] [stdout] 155  | |                 }),
[INFO] [stdout]      | |__________________^ `*mut u8` cannot be sent between threads safely
[INFO] [stdout]      |
[INFO] [stdout]      = help: within `{closure@src/lib.rs:117:26: 117:33}`, the trait `std::marker::Send` is not implemented for `*mut u8`
[INFO] [stdout] note: required because it appears within the type `PhantomData<*mut u8>`
[INFO] [stdout]     --> /rustc/82e1608dfa6e0b5569232559e3d385fea5a93112/library/core/src/marker.rs:809:12
[INFO] [stdout] note: required because it appears within the type `JsValue`
[INFO] [stdout]     --> /opt/rustwide/cargo-home/registry/src/index.crates.io-6f17d22bba15001f/wasm-bindgen-0.2.84/src/lib.rs:92:12
[INFO] [stdout]      |
[INFO] [stdout] 92   | pub struct JsValue {
[INFO] [stdout]      |            ^^^^^^^
[INFO] [stdout] note: required because it appears within the type `Object`
[INFO] [stdout]     --> /opt/rustwide/cargo-home/registry/src/index.crates.io-6f17d22bba15001f/js-sys-0.3.61/src/lib.rs:3194:14
[INFO] [stdout]      |
[INFO] [stdout] 3194 |     pub type Object;
[INFO] [stdout]      |              ^^^^^^
[INFO] [stdout] note: required because it appears within the type `Function`
[INFO] [stdout]     --> /opt/rustwide/cargo-home/registry/src/index.crates.io-6f17d22bba15001f/js-sys-0.3.61/src/lib.rs:1730:14
[INFO] [stdout]      |
[INFO] [stdout] 1730 |     pub type Function;
[INFO] [stdout]      |              ^^^^^^^^
[INFO] [stdout] note: required because it's used within this closure
[INFO] [stdout]     --> src/lib.rs:117:26
[INFO] [stdout]      |
[INFO] [stdout] 117  |                 Box::new(move || {
[INFO] [stdout]      |                          ^^^^^^^
[INFO] [stdout]      = note: required for `{closure@src/lib.rs:117:26: 117:33}` to implement `rhizomedb_runtime::MaybeSend`
[INFO] [stdout]      = note: required for `{closure@src/lib.rs:117:26: 117:33}` to implement `CreateSink`
[INFO] [stdout]      = note: required for the cast from `Box<{closure@src/lib.rs:117:26: 117:33}>` to `Box<(dyn CreateSink<Output = Box<(dyn futures::Sink<rhizomedb::tuple::Tuple, Error = rhizomedb::error::Error> + 'static)>> + 'static)>`
[INFO] [stdout] 
[INFO] [stdout] 
[INFO] [stdout] error: aborting due to 2 previous errors; 1 warning emitted
[INFO] [stdout] 
[INFO] [stdout] 
[INFO] [stdout] For more information about this error, try `rustc --explain E0277`.
[INFO] [stdout] 
[INFO] [stderr] error: could not compile `rhizomedb-wasm` (lib) due to 3 previous errors; 1 warning emitted
[INFO] running `Command { std: "docker" "inspect" "9527009399b2b2f5e6265882a04ffee0cf1ea3b88e168cb1d779dcda8f789c9b", kill_on_drop: false }`
[INFO] running `Command { std: "docker" "rm" "-f" "9527009399b2b2f5e6265882a04ffee0cf1ea3b88e168cb1d779dcda8f789c9b", kill_on_drop: false }`
[INFO] [stdout] 9527009399b2b2f5e6265882a04ffee0cf1ea3b88e168cb1d779dcda8f789c9b
[INFO] testing rhizomedb-wasm-0.1.0 against beta-2023-12-22 for beta-1.76-1
[INFO] extracting crate rhizomedb-wasm 0.1.0 into /workspace/builds/worker-5-tc2/source
[INFO] validating manifest of crates.io crate rhizomedb-wasm 0.1.0 on toolchain beta-2023-12-22
[INFO] running `Command { std: CARGO_HOME="/workspace/cargo-home" RUSTUP_HOME="/workspace/rustup-home" "/workspace/cargo-home/bin/cargo" "+beta-2023-12-22" "metadata" "--manifest-path" "Cargo.toml" "--no-deps", kill_on_drop: false }`
[INFO] started tweaking crates.io crate rhizomedb-wasm 0.1.0
[INFO] finished tweaking crates.io crate rhizomedb-wasm 0.1.0
[INFO] tweaked toml for crates.io crate rhizomedb-wasm 0.1.0 written to /workspace/builds/worker-5-tc2/source/Cargo.toml
[INFO] running `Command { std: CARGO_HOME="/workspace/cargo-home" RUSTUP_HOME="/workspace/rustup-home" "/workspace/cargo-home/bin/cargo" "+beta-2023-12-22" "generate-lockfile" "--manifest-path" "Cargo.toml", kill_on_drop: false }`
[INFO] [stderr]     Updating crates.io index
[INFO] running `Command { std: CARGO_HOME="/workspace/cargo-home" RUSTUP_HOME="/workspace/rustup-home" "/workspace/cargo-home/bin/cargo" "+beta-2023-12-22" "fetch" "--manifest-path" "Cargo.toml", kill_on_drop: false }`
[INFO] running `Command { std: "docker" "create" "-v" "/var/lib/crater-agent-workspace/builds/worker-5-tc2/target:/opt/rustwide/target:rw,Z" "-v" "/var/lib/crater-agent-workspace/builds/worker-5-tc2/source:/opt/rustwide/workdir:ro,Z" "-v" "/var/lib/crater-agent-workspace/cargo-home:/opt/rustwide/cargo-home:ro,Z" "-v" "/var/lib/crater-agent-workspace/rustup-home:/opt/rustwide/rustup-home:ro,Z" "-e" "SOURCE_DIR=/opt/rustwide/workdir" "-e" "CARGO_TARGET_DIR=/opt/rustwide/target" "-e" "CARGO_HOME=/opt/rustwide/cargo-home" "-e" "RUSTUP_HOME=/opt/rustwide/rustup-home" "-w" "/opt/rustwide/workdir" "-m" "1610612736" "--user" "0:0" "--network" "none" "ghcr.io/rust-lang/crates-build-env/linux@sha256:2788e3201cd34a07e3172128adcd8b3090168a8e3bcc40d7c032b9dda1df7d1c" "/opt/rustwide/cargo-home/bin/cargo" "+beta-2023-12-22" "metadata" "--no-deps" "--format-version=1", kill_on_drop: false }`
[INFO] [stdout] 1c433622e711e6b8d2f2e00521a50a232df0b11b3ea84b24a9c2d008b163aa7e
[INFO] running `Command { std: "docker" "start" "-a" "1c433622e711e6b8d2f2e00521a50a232df0b11b3ea84b24a9c2d008b163aa7e", kill_on_drop: false }`
[INFO] running `Command { std: "docker" "inspect" "1c433622e711e6b8d2f2e00521a50a232df0b11b3ea84b24a9c2d008b163aa7e", kill_on_drop: false }`
[INFO] running `Command { std: "docker" "rm" "-f" "1c433622e711e6b8d2f2e00521a50a232df0b11b3ea84b24a9c2d008b163aa7e", kill_on_drop: false }`
[INFO] [stdout] 1c433622e711e6b8d2f2e00521a50a232df0b11b3ea84b24a9c2d008b163aa7e
[INFO] running `Command { std: "docker" "create" "-v" "/var/lib/crater-agent-workspace/builds/worker-5-tc2/target:/opt/rustwide/target:rw,Z" "-v" "/var/lib/crater-agent-workspace/builds/worker-5-tc2/source:/opt/rustwide/workdir:ro,Z" "-v" "/var/lib/crater-agent-workspace/cargo-home:/opt/rustwide/cargo-home:ro,Z" "-v" "/var/lib/crater-agent-workspace/rustup-home:/opt/rustwide/rustup-home:ro,Z" "-e" "SOURCE_DIR=/opt/rustwide/workdir" "-e" "CARGO_TARGET_DIR=/opt/rustwide/target" "-e" "CARGO_INCREMENTAL=0" "-e" "RUST_BACKTRACE=full" "-e" "RUSTFLAGS=--cap-lints=warn" "-e" "RUSTDOCFLAGS=--cap-lints=warn" "-e" "CARGO_HOME=/opt/rustwide/cargo-home" "-e" "RUSTUP_HOME=/opt/rustwide/rustup-home" "-w" "/opt/rustwide/workdir" "-m" "1610612736" "--user" "0:0" "--network" "none" "ghcr.io/rust-lang/crates-build-env/linux@sha256:2788e3201cd34a07e3172128adcd8b3090168a8e3bcc40d7c032b9dda1df7d1c" "/opt/rustwide/cargo-home/bin/cargo" "+beta-2023-12-22" "build" "--frozen" "--message-format=json", kill_on_drop: false }`
[INFO] [stdout] 49d9e721f7e3fc770c4381ec481adbde533d0166555500fae261d153d7772c37
[INFO] running `Command { std: "docker" "start" "-a" "49d9e721f7e3fc770c4381ec481adbde533d0166555500fae261d153d7772c37", kill_on_drop: false }`
[INFO] [stderr]    Compiling proc-macro2 v1.0.75
[INFO] [stderr]    Compiling version_check v0.9.4
[INFO] [stderr]    Compiling syn v1.0.109
[INFO] [stderr]    Compiling serde v1.0.194
[INFO] [stderr]    Compiling toml_datetime v0.6.5
[INFO] [stderr]    Compiling winnow v0.5.32
[INFO] [stderr]    Compiling serde_json v1.0.111
[INFO] [stderr]    Compiling wasm-bindgen-shared v0.2.84
[INFO] [stderr]    Compiling data-encoding v2.5.0
[INFO] [stderr]    Compiling core2 v0.4.0
[INFO] [stderr]    Compiling unsigned-varint v0.7.2
[INFO] [stderr]    Compiling constant_time_eq v0.3.0
[INFO] [stderr]    Compiling arrayref v0.3.7
[INFO] [stderr]    Compiling bumpalo v3.14.0
[INFO] [stderr]    Compiling arrayvec v0.7.4
[INFO] [stderr]    Compiling blake3 v1.5.0
[INFO] [stderr]    Compiling base-x v0.2.11
[INFO] [stderr]    Compiling keccak v0.1.4
[INFO] [stderr]    Compiling wasm-bindgen v0.2.84
[INFO] [stderr]    Compiling cpufeatures v0.2.12
[INFO] [stderr]    Compiling blake2b_simd v1.0.2
[INFO] [stderr]    Compiling blake2s_simd v1.0.2
[INFO] [stderr]    Compiling generic-array v0.14.7
[INFO] [stderr]    Compiling proc-macro-error-attr v1.0.4
[INFO] [stderr]    Compiling proc-macro-error v1.0.4
[INFO] [stderr]    Compiling thiserror v1.0.56
[INFO] [stderr]    Compiling anyhow v1.0.79
[INFO] [stderr]    Compiling futures-sink v0.3.30
[INFO] [stderr]    Compiling futures-channel v0.3.30
[INFO] [stderr]    Compiling ahash v0.7.7
[INFO] [stderr]    Compiling num-traits v0.2.17
[INFO] [stderr]    Compiling quick-protobuf v0.8.1
[INFO] [stderr]    Compiling tokio v1.35.1
[INFO] [stderr]    Compiling im v15.1.0
[INFO] [stderr]    Compiling slotmap v1.0.7
[INFO] [stderr]    Compiling bitmaps v2.1.0
[INFO] [stderr]    Compiling paste v1.0.14
[INFO] [stderr]    Compiling quote v1.0.35
[INFO] [stderr]    Compiling rand_core v0.6.4
[INFO] [stderr]    Compiling crypto-common v0.1.6
[INFO] [stderr]    Compiling block-buffer v0.10.4
[INFO] [stderr]    Compiling rand_xoshiro v0.6.0
[INFO] [stderr]    Compiling digest v0.10.7
[INFO] [stderr]    Compiling hashbrown v0.11.2
[INFO] [stderr]    Compiling syn v2.0.48
[INFO] [stderr]    Compiling sha3 v0.10.8
[INFO] [stderr]    Compiling sha2 v0.10.8
[INFO] [stderr]    Compiling arrayvec v0.5.2
[INFO] [stderr]    Compiling sized-chunks v0.6.5
[INFO] [stderr]    Compiling fixedbitset v0.4.2
[INFO] [stderr]    Compiling typed-arena v2.0.2
[INFO] [stderr]    Compiling scopeguard v1.2.0
[INFO] [stderr]    Compiling unicode-width v0.1.11
[INFO] [stderr]    Compiling minimal-lexical v0.2.1
[INFO] [stderr]    Compiling toml_edit v0.19.15
[INFO] [stderr]    Compiling pretty v0.12.3
[INFO] [stderr]    Compiling petgraph v0.6.4
[INFO] [stderr]    Compiling nom v7.1.3
[INFO] [stderr]    Compiling dyn-clone v1.0.16
[INFO] [stderr]    Compiling as-any v0.3.1
[INFO] [stderr]    Compiling id-arena v2.2.1
[INFO] [stderr]    Compiling tokio-stream v0.1.14
[INFO] [stderr]    Compiling proc-macro-crate v1.3.1
[INFO] [stderr]    Compiling synstructure v0.12.6
[INFO] [stderr]    Compiling wasm-bindgen-backend v0.2.84
[INFO] [stderr]    Compiling wasm-bindgen-macro-support v0.2.84
[INFO] [stderr]    Compiling multihash-derive v0.8.0
[INFO] [stderr]    Compiling data-encoding-macro-internal v0.1.12
[INFO] [stderr]    Compiling libipld-cbor-derive v0.16.0
[INFO] [stderr]    Compiling derive_more v0.99.17
[INFO] [stderr]    Compiling wasm-bindgen-downcast-macros v0.1.1
[INFO] [stderr]    Compiling serde_derive v1.0.194
[INFO] [stderr]    Compiling thiserror-impl v1.0.56
[INFO] [stderr]    Compiling futures-macro v0.3.30
[INFO] [stderr]    Compiling tracing-attributes v0.1.27
[INFO] [stderr]    Compiling rhizomedb-macro v0.1.0
[INFO] [stderr]    Compiling data-encoding-macro v0.1.14
[INFO] [stderr]    Compiling multibase v0.9.1
[INFO] [stderr]    Compiling wasm-bindgen-macro v0.2.84
[INFO] [stderr]    Compiling futures-util v0.3.30
[INFO] [stderr]    Compiling tracing v0.1.40
[INFO] [stderr]    Compiling futures-executor v0.3.30
[INFO] [stderr]    Compiling futures v0.3.30
[INFO] [stderr]    Compiling rhizomedb-runtime v0.1.0
[INFO] [stderr]    Compiling serde-big-array v0.3.3
[INFO] [stderr]    Compiling serde_bytes v0.11.14
[INFO] [stderr]    Compiling cbor4ii v0.2.14
[INFO] [stderr]    Compiling string-interner v0.14.0
[INFO] [stderr]    Compiling ordered-float v3.9.2
[INFO] [stderr]    Compiling multihash v0.18.1
[INFO] [stderr]    Compiling multihash v0.16.3
[INFO] [stderr]    Compiling cid v0.8.6
[INFO] [stderr]    Compiling serde_ipld_dagcbor v0.3.0
[INFO] [stderr]    Compiling cid v0.10.1
[INFO] [stderr]    Compiling libipld-core v0.16.0
[INFO] [stderr]    Compiling libipld-macro v0.16.0
[INFO] [stderr]    Compiling libipld-pb v0.16.0
[INFO] [stderr]    Compiling libipld-cbor v0.16.0
[INFO] [stderr]    Compiling libipld-json v0.16.0
[INFO] [stderr]    Compiling libipld v0.16.0
[INFO] [stderr]    Compiling rhizomedb v0.1.0
[INFO] [stderr]    Compiling js-sys v0.3.61
[INFO] [stderr]    Compiling console_error_panic_hook v0.1.7
[INFO] [stderr]    Compiling web-sys v0.3.61
[INFO] [stderr]    Compiling serde-wasm-bindgen v0.5.0
[INFO] [stderr]    Compiling wasm-bindgen-futures v0.4.34
[INFO] [stderr]    Compiling wasm-bindgen-downcast v0.1.1
[INFO] [stderr]    Compiling gloo-utils v0.1.7
[INFO] [stderr]    Compiling gloo-console v0.2.3
[INFO] [stderr]    Compiling rhizomedb-wasm v0.1.0 (/opt/rustwide/workdir)
[INFO] [stdout] warning: lint `private_in_public` has been removed: replaced with another group of lints, see RFC <https://rust-lang.github.io/rfcs/2145-type-privacy.html> for more information
[INFO] [stdout]  --> src/lib.rs:3:26
[INFO] [stdout]   |
[INFO] [stdout] 3 | #![deny(unreachable_pub, private_in_public)]
[INFO] [stdout]   |                          ^^^^^^^^^^^^^^^^^
[INFO] [stdout]   |
[INFO] [stdout]   = note: `#[warn(renamed_and_removed_lints)]` on by default
[INFO] [stdout] 
[INFO] [stdout] 
[INFO] [stdout] error[E0277]: `*mut u8` cannot be sent between threads safely
[INFO] [stdout]     --> src/lib.rs:95:17
[INFO] [stdout]      |
[INFO] [stdout] 95   |                   Box::new(move || {
[INFO] [stdout]      |                   ^        ------- within this `{closure@src/lib.rs:95:26: 95:33}`
[INFO] [stdout]      |  _________________|
[INFO] [stdout]      | |
[INFO] [stdout] 96   | |                     Box::new(JsStream::from(async_iterator).map(|tuple| {
[INFO] [stdout] 97   | |                         let tuple = tuple.unwrap();
[INFO] [stdout] 98   | |                         let tuple = InputTuple::downcast_js_ref(&tuple).unwrap();
[INFO] [stdout] ...    |
[INFO] [stdout] 101  | |                     }))
[INFO] [stdout] 102  | |                 }),
[INFO] [stdout]      | |__________________^ `*mut u8` cannot be sent between threads safely
[INFO] [stdout]      |
[INFO] [stdout]      = help: within `{closure@src/lib.rs:95:26: 95:33}`, the trait `std::marker::Send` is not implemented for `*mut u8`
[INFO] [stdout] note: required because it appears within the type `PhantomData<*mut u8>`
[INFO] [stdout]     --> /rustc/0e09125c6c3c2fd70d7de961bcf0e51575235fad/library/core/src/marker.rs:809:12
[INFO] [stdout] note: required because it appears within the type `JsValue`
[INFO] [stdout]     --> /opt/rustwide/cargo-home/registry/src/index.crates.io-6f17d22bba15001f/wasm-bindgen-0.2.84/src/lib.rs:92:12
[INFO] [stdout]      |
[INFO] [stdout] 92   | pub struct JsValue {
[INFO] [stdout]      |            ^^^^^^^
[INFO] [stdout] note: required because it appears within the type `js_sys::AsyncIterator`
[INFO] [stdout]     --> /opt/rustwide/cargo-home/registry/src/index.crates.io-6f17d22bba15001f/js-sys-0.3.61/src/lib.rs:2057:14
[INFO] [stdout]      |
[INFO] [stdout] 2057 |     pub type AsyncIterator;
[INFO] [stdout]      |              ^^^^^^^^^^^^^
[INFO] [stdout] note: required because it's used within this closure
[INFO] [stdout]     --> src/lib.rs:95:26
[INFO] [stdout]      |
[INFO] [stdout] 95   |                 Box::new(move || {
[INFO] [stdout]      |                          ^^^^^^^
[INFO] [stdout]      = note: required for `{closure@src/lib.rs:95:26: 95:33}` to implement `rhizomedb_runtime::MaybeSend`
[INFO] [stdout]      = note: required for `{closure@src/lib.rs:95:26: 95:33}` to implement `CreateStream`
[INFO] [stdout]      = note: required for the cast from `Box<{closure@src/lib.rs:95:26: 95:33}>` to `Box<(dyn CreateStream<Output = Box<(dyn Stream<Item = rhizomedb::tuple::InputTuple> + 'static)>> + 'static)>`
[INFO] [stdout] 
[INFO] [stdout] 
[INFO] [stdout] error[E0277]: `*mut u8` cannot be sent between threads safely
[INFO] [stdout]     --> src/lib.rs:117:17
[INFO] [stdout]      |
[INFO] [stdout] 117  |                   Box::new(move || {
[INFO] [stdout]      |                   ^        ------- within this `{closure@src/lib.rs:117:26: 117:33}`
[INFO] [stdout]      |  _________________|
[INFO] [stdout]      | |
[INFO] [stdout] 118  | |                     Box::new(unfold(f, move |f, tuple: Tuple| async move {
[INFO] [stdout] 119  | |                         let js_tuple = js_sys::Object::new();
[INFO] [stdout] 120  | |
[INFO] [stdout] ...    |
[INFO] [stdout] 154  | |                     }))
[INFO] [stdout] 155  | |                 }),
[INFO] [stdout]      | |__________________^ `*mut u8` cannot be sent between threads safely
[INFO] [stdout]      |
[INFO] [stdout]      = help: within `{closure@src/lib.rs:117:26: 117:33}`, the trait `std::marker::Send` is not implemented for `*mut u8`
[INFO] [stdout] note: required because it appears within the type `PhantomData<*mut u8>`
[INFO] [stdout]     --> /rustc/0e09125c6c3c2fd70d7de961bcf0e51575235fad/library/core/src/marker.rs:809:12
[INFO] [stdout] note: required because it appears within the type `JsValue`
[INFO] [stdout]     --> /opt/rustwide/cargo-home/registry/src/index.crates.io-6f17d22bba15001f/wasm-bindgen-0.2.84/src/lib.rs:92:12
[INFO] [stdout]      |
[INFO] [stdout] 92   | pub struct JsValue {
[INFO] [stdout]      |            ^^^^^^^
[INFO] [stdout] note: required because it appears within the type `Object`
[INFO] [stdout]     --> /opt/rustwide/cargo-home/registry/src/index.crates.io-6f17d22bba15001f/js-sys-0.3.61/src/lib.rs:3194:14
[INFO] [stdout]      |
[INFO] [stdout] 3194 |     pub type Object;
[INFO] [stdout]      |              ^^^^^^
[INFO] [stdout] note: required because it appears within the type `Function`
[INFO] [stdout]     --> /opt/rustwide/cargo-home/registry/src/index.crates.io-6f17d22bba15001f/js-sys-0.3.61/src/lib.rs:1730:14
[INFO] [stdout]      |
[INFO] [stdout] 1730 |     pub type Function;
[INFO] [stdout]      |              ^^^^^^^^
[INFO] [stdout] note: required because it's used within this closure
[INFO] [stdout]     --> src/lib.rs:117:26
[INFO] [stdout]      |
[INFO] [stdout] 117  |                 Box::new(move || {
[INFO] [stdout]      |                          ^^^^^^^
[INFO] [stdout]      = note: required for `{closure@src/lib.rs:117:26: 117:33}` to implement `rhizomedb_runtime::MaybeSend`
[INFO] [stdout]      = note: required for `{closure@src/lib.rs:117:26: 117:33}` to implement `CreateSink`
[INFO] [stdout]      = note: required for the cast from `Box<{closure@src/lib.rs:117:26: 117:33}>` to `Box<(dyn CreateSink<Output = Box<(dyn futures::Sink<rhizomedb::tuple::Tuple, Error = rhizomedb::error::Error> + 'static)>> + 'static)>`
[INFO] [stdout] 
[INFO] [stdout] 
[INFO] [stdout] error: aborting due to 2 previous errors; 1 warning emitted
[INFO] [stdout] 
[INFO] [stdout] 
[INFO] [stdout] For more information about this error, try `rustc --explain E0277`.
[INFO] [stdout] 
[INFO] [stderr] error: could not compile `rhizomedb-wasm` (lib) due to 3 previous errors; 1 warning emitted
[INFO] running `Command { std: "docker" "inspect" "49d9e721f7e3fc770c4381ec481adbde533d0166555500fae261d153d7772c37", kill_on_drop: false }`
[INFO] running `Command { std: "docker" "rm" "-f" "49d9e721f7e3fc770c4381ec481adbde533d0166555500fae261d153d7772c37", kill_on_drop: false }`
[INFO] [stdout] 49d9e721f7e3fc770c4381ec481adbde533d0166555500fae261d153d7772c37
