[INFO] fetching crate rgb-std 0.11.0-beta.2...
[INFO] testing rgb-std-0.11.0-beta.2 against 1.75.0 for beta-1.76-1
[INFO] extracting crate rgb-std 0.11.0-beta.2 into /workspace/builds/worker-3-tc1/source
[INFO] validating manifest of crates.io crate rgb-std 0.11.0-beta.2 on toolchain 1.75.0
[INFO] running `Command { std: CARGO_HOME="/workspace/cargo-home" RUSTUP_HOME="/workspace/rustup-home" "/workspace/cargo-home/bin/cargo" "+1.75.0" "metadata" "--manifest-path" "Cargo.toml" "--no-deps", kill_on_drop: false }`
[INFO] removed /workspace/builds/worker-3-tc1/source/rust-toolchain.toml
[INFO] started tweaking crates.io crate rgb-std 0.11.0-beta.2
[INFO] finished tweaking crates.io crate rgb-std 0.11.0-beta.2
[INFO] tweaked toml for crates.io crate rgb-std 0.11.0-beta.2 written to /workspace/builds/worker-3-tc1/source/Cargo.toml
[INFO] running `Command { std: CARGO_HOME="/workspace/cargo-home" RUSTUP_HOME="/workspace/rustup-home" "/workspace/cargo-home/bin/cargo" "+1.75.0" "generate-lockfile" "--manifest-path" "Cargo.toml", kill_on_drop: false }`
[INFO] [stderr]     Updating crates.io index
[INFO] running `Command { std: CARGO_HOME="/workspace/cargo-home" RUSTUP_HOME="/workspace/rustup-home" "/workspace/cargo-home/bin/cargo" "+1.75.0" "fetch" "--manifest-path" "Cargo.toml", kill_on_drop: false }`
[INFO] [stderr]  Downloading crates ...
[INFO] [stderr]   Downloaded rgb-core v0.11.0-beta.4
[INFO] [stderr]   Downloaded bp-dbc v0.11.0-beta.3
[INFO] [stderr]   Downloaded bp-consensus v0.11.0-beta.3
[INFO] [stderr]   Downloaded bitcoin-private v0.1.0
[INFO] [stderr]   Downloaded bp-core v0.11.0-beta.3
[INFO] [stderr]   Downloaded base85 v2.0.0
[INFO] [stderr]   Downloaded aluvm v0.11.0-beta.2
[INFO] [stderr]   Downloaded bp-seals v0.11.0-beta.3
[INFO] [stderr]   Downloaded secp256k1-zkp-sys v0.8.1
[INFO] [stderr]   Downloaded single_use_seals v0.11.0-beta.3
[INFO] [stderr]   Downloaded secp256k1-zkp v0.9.2
[INFO] running `Command { std: "docker" "create" "-v" "/var/lib/crater-agent-workspace/builds/worker-3-tc1/target:/opt/rustwide/target:rw,Z" "-v" "/var/lib/crater-agent-workspace/builds/worker-3-tc1/source:/opt/rustwide/workdir:ro,Z" "-v" "/var/lib/crater-agent-workspace/cargo-home:/opt/rustwide/cargo-home:ro,Z" "-v" "/var/lib/crater-agent-workspace/rustup-home:/opt/rustwide/rustup-home:ro,Z" "-e" "SOURCE_DIR=/opt/rustwide/workdir" "-e" "CARGO_TARGET_DIR=/opt/rustwide/target" "-e" "CARGO_HOME=/opt/rustwide/cargo-home" "-e" "RUSTUP_HOME=/opt/rustwide/rustup-home" "-w" "/opt/rustwide/workdir" "-m" "1610612736" "--user" "0:0" "--network" "none" "ghcr.io/rust-lang/crates-build-env/linux@sha256:2788e3201cd34a07e3172128adcd8b3090168a8e3bcc40d7c032b9dda1df7d1c" "/opt/rustwide/cargo-home/bin/cargo" "+1.75.0" "metadata" "--no-deps" "--format-version=1", kill_on_drop: false }`
[INFO] [stdout] cd2ec6a6e33c87b59f9ce882b378fce3e8d40c48fab7907b3e33a4262c61993e
[INFO] running `Command { std: "docker" "start" "-a" "cd2ec6a6e33c87b59f9ce882b378fce3e8d40c48fab7907b3e33a4262c61993e", kill_on_drop: false }`
[INFO] running `Command { std: "docker" "inspect" "cd2ec6a6e33c87b59f9ce882b378fce3e8d40c48fab7907b3e33a4262c61993e", kill_on_drop: false }`
[INFO] running `Command { std: "docker" "rm" "-f" "cd2ec6a6e33c87b59f9ce882b378fce3e8d40c48fab7907b3e33a4262c61993e", kill_on_drop: false }`
[INFO] [stdout] cd2ec6a6e33c87b59f9ce882b378fce3e8d40c48fab7907b3e33a4262c61993e
[INFO] running `Command { std: "docker" "create" "-v" "/var/lib/crater-agent-workspace/builds/worker-3-tc1/target:/opt/rustwide/target:rw,Z" "-v" "/var/lib/crater-agent-workspace/builds/worker-3-tc1/source:/opt/rustwide/workdir:ro,Z" "-v" "/var/lib/crater-agent-workspace/cargo-home:/opt/rustwide/cargo-home:ro,Z" "-v" "/var/lib/crater-agent-workspace/rustup-home:/opt/rustwide/rustup-home:ro,Z" "-e" "SOURCE_DIR=/opt/rustwide/workdir" "-e" "CARGO_TARGET_DIR=/opt/rustwide/target" "-e" "CARGO_INCREMENTAL=0" "-e" "RUST_BACKTRACE=full" "-e" "RUSTFLAGS=--cap-lints=warn" "-e" "RUSTDOCFLAGS=--cap-lints=warn" "-e" "CARGO_HOME=/opt/rustwide/cargo-home" "-e" "RUSTUP_HOME=/opt/rustwide/rustup-home" "-w" "/opt/rustwide/workdir" "-m" "1610612736" "--user" "0:0" "--network" "none" "ghcr.io/rust-lang/crates-build-env/linux@sha256:2788e3201cd34a07e3172128adcd8b3090168a8e3bcc40d7c032b9dda1df7d1c" "/opt/rustwide/cargo-home/bin/cargo" "+1.75.0" "build" "--frozen" "--message-format=json", kill_on_drop: false }`
[INFO] [stdout] b400318b70928e273c14b11dc9614d78cbb70db9b77692e51e72b04aef7fa892
[INFO] running `Command { std: "docker" "start" "-a" "b400318b70928e273c14b11dc9614d78cbb70db9b77692e51e72b04aef7fa892", kill_on_drop: false }`
[INFO] [stderr]    Compiling libc v0.2.151
[INFO] [stderr]    Compiling proc-macro2 v1.0.75
[INFO] [stderr]    Compiling unicode-ident v1.0.12
[INFO] [stderr]    Compiling syn v1.0.109
[INFO] [stderr]    Compiling typenum v1.17.0
[INFO] [stderr]    Compiling ppv-lite86 v0.2.17
[INFO] [stderr]    Compiling generic-array v0.14.7
[INFO] [stderr]    Compiling amplify_num v0.5.1
[INFO] [stderr]    Compiling ascii v1.1.0
[INFO] [stderr]    Compiling arrayvec v0.7.4
[INFO] [stderr]    Compiling arrayref v0.3.7
[INFO] [stderr]    Compiling heck v0.4.1
[INFO] [stderr]    Compiling byteorder v1.5.0
[INFO] [stderr]    Compiling constant_time_eq v0.3.0
[INFO] [stderr]    Compiling cpufeatures v0.2.12
[INFO] [stderr]    Compiling half v2.2.1
[INFO] [stderr]    Compiling equivalent v1.0.1
[INFO] [stderr]    Compiling quote v1.0.35
[INFO] [stderr]    Compiling mnemonic v1.0.1
[INFO] [stderr]    Compiling cc v1.0.83
[INFO] [stderr]    Compiling getrandom v0.2.11
[INFO] [stderr]    Compiling rand_core v0.6.4
[INFO] [stderr]    Compiling hashbrown v0.14.3
[INFO] [stderr]    Compiling rand_chacha v0.3.1
[INFO] [stderr]    Compiling base58 v0.2.0
[INFO] [stderr]    Compiling rand v0.8.5
[INFO] [stderr]    Compiling amplify_apfloat v0.2.0
[INFO] [stderr]    Compiling indexmap v2.1.0
[INFO] [stderr]    Compiling blake3 v1.5.0
[INFO] [stderr]    Compiling block-buffer v0.10.4
[INFO] [stderr]    Compiling crypto-common v0.1.6
[INFO] [stderr]    Compiling secp256k1-sys v0.9.2
[INFO] [stderr]    Compiling num-traits v0.2.17
[INFO] [stderr]    Compiling digest v0.10.7
[INFO] [stderr]    Compiling amplify_syn v2.0.1
[INFO] [stderr]    Compiling sha2 v0.10.8
[INFO] [stderr]    Compiling base64 v0.21.5
[INFO] [stderr]    Compiling ripemd v0.1.3
[INFO] [stderr]    Compiling secp256k1-sys v0.8.1
[INFO] [stderr]    Compiling syn v2.0.48
[INFO] [stderr]    Compiling baid58 v0.4.4
[INFO] [stderr]    Compiling thiserror v1.0.56
[INFO] [stderr]    Compiling iana-time-zone v0.1.59
[INFO] [stderr]    Compiling secp256k1-zkp-sys v0.8.1
[INFO] [stderr]    Compiling chrono v0.4.31
[INFO] [stderr]    Compiling bitcoin-private v0.1.0
[INFO] [stderr]    Compiling paste v1.0.14
[INFO] [stderr]    Compiling mime v0.3.17
[INFO] [stderr]    Compiling amplify_derive v4.0.0
[INFO] [stderr]    Compiling strict_encoding_derive v2.0.1
[INFO] [stderr]    Compiling thiserror-impl v1.0.56
[INFO] [stderr]    Compiling secp256k1 v0.28.1
[INFO] [stderr]    Compiling secp256k1 v0.27.0
[INFO] [stderr]    Compiling base85 v2.0.0
[INFO] [stderr]    Compiling amplify v4.5.0
[INFO] [stderr]    Compiling single_use_seals v0.11.0-beta.3
[INFO] [stderr]    Compiling commit_encoding_derive v0.10.0
[INFO] [stderr]    Compiling strict_encoding v2.6.2
[INFO] [stderr]    Compiling strict_types v1.6.3
[INFO] [stderr]    Compiling secp256k1-zkp v0.9.2
[INFO] [stderr]    Compiling commit_verify v0.11.0-beta.3
[INFO] [stderr]    Compiling aluvm v0.11.0-beta.2
[INFO] [stderr]    Compiling bp-consensus v0.11.0-beta.3
[INFO] [stderr]    Compiling bp-dbc v0.11.0-beta.3
[INFO] [stderr]    Compiling bp-seals v0.11.0-beta.3
[INFO] [stderr]    Compiling bp-core v0.11.0-beta.3
[INFO] [stderr]    Compiling rgb-core v0.11.0-beta.4
[INFO] [stderr]    Compiling rgb-std v0.11.0-beta.2 (/opt/rustwide/workdir)
[INFO] [stdout] error[E0432]: unresolved import `rgb::Output`
[INFO] [stdout]   --> src/interface/contract.rs:29:5
[INFO] [stdout]    |
[INFO] [stdout] 29 |     Output, RevealedAttach, RevealedData, WitnessId,
[INFO] [stdout]    |     ^^^^^^ no `Output` in the root
[INFO] [stdout]    |
[INFO] [stdout]    = help: consider importing this struct instead:
[INFO] [stdout]            std::process::Output
[INFO] [stdout] 
[INFO] [stdout] 
[INFO] [stdout] error[E0432]: unresolved import `rgb::SealDefinition`
[INFO] [stdout]   --> src/interface/builder.rs:29:41
[INFO] [stdout]    |
[INFO] [stdout] 29 |     Opout, RevealedData, RevealedValue, SealDefinition, StateSchema, SubSchema, Transition,
[INFO] [stdout]    |                                         ^^^^^^^^^^^^^^ no `SealDefinition` in the root
[INFO] [stdout] 
[INFO] [stdout] 
[INFO] [stdout] error[E0432]: unresolved import `rgb::SealDefinition`
[INFO] [stdout]   --> src/containers/consignment.rs:30:78
[INFO] [stdout]    |
[INFO] [stdout] 30 |     Extension, Genesis, GraphSeal, OpId, OpRef, Operation, Schema, SchemaId, SealDefinition,
[INFO] [stdout]    |                                                                              ^^^^^^^^^^^^^^ no `SealDefinition` in the root
[INFO] [stdout] 
[INFO] [stdout] 
[INFO] [stdout] error[E0432]: unresolved import `rgb::SealDefinition`
[INFO] [stdout]   --> src/containers/seal.rs:32:35
[INFO] [stdout]    |
[INFO] [stdout] 32 | use rgb::{ExposedSeal, GraphSeal, SealDefinition, SecretSeal};
[INFO] [stdout]    |                                   ^^^^^^^^^^^^^^ no `SealDefinition` in the root
[INFO] [stdout] 
[INFO] [stdout] 
[INFO] [stdout] error[E0432]: unresolved import `rgb::validation::ResolveTx`
[INFO] [stdout]   --> src/containers/validate.rs:22:23
[INFO] [stdout]    |
[INFO] [stdout] 22 | use rgb::validation::{ResolveTx, Validator, Validity, Warning};
[INFO] [stdout]    |                       ^^^^^^^^^ no `ResolveTx` in `validation`
[INFO] [stdout] 
[INFO] [stdout] 
[INFO] [stdout] error[E0432]: unresolved imports `rgb::Anchor`, `rgb::AnchorId`
[INFO] [stdout]   --> src/persistence/stash.rs:30:5
[INFO] [stdout]    |
[INFO] [stdout] 30 |     Anchor, AnchorId, AssetTag, AssignmentType, BundleId, ContractId, Extension, Genesis, OpId,
[INFO] [stdout]    |     ^^^^^^  ^^^^^^^^ no `AnchorId` in the root
[INFO] [stdout]    |     |
[INFO] [stdout]    |     no `Anchor` in the root
[INFO] [stdout]    |     help: a similar name exists in the module: `XAnchor`
[INFO] [stdout]    |
[INFO] [stdout]    = help: consider importing this variant instead:
[INFO] [stdout]            crate::persistence::hoard::ConsumeError::Anchor
[INFO] [stdout] 
[INFO] [stdout] 
[INFO] [stdout] error[E0432]: unresolved imports `rgb::Anchor`, `rgb::Output`, `rgb::SealDefinition`
[INFO] [stdout]   --> src/persistence/inventory.rs:31:17
[INFO] [stdout]    |
[INFO] [stdout] 31 |     validation, Anchor, AnchoredBundle, BundleId, ContractId, ExposedSeal, GraphSeal, OpId,
[INFO] [stdout]    |                 ^^^^^^
[INFO] [stdout]    |                 |
[INFO] [stdout]    |                 no `Anchor` in the root
[INFO] [stdout]    |                 help: a similar name exists in the module: `XAnchor`
[INFO] [stdout] 32 |     Operation, Opout, Output, SchemaId, SealDefinition, SecretSeal, SubSchema, Transition,
[INFO] [stdout]    |                       ^^^^^^            ^^^^^^^^^^^^^^ no `SealDefinition` in the root
[INFO] [stdout]    |                       |
[INFO] [stdout]    |                       no `Output` in the root
[INFO] [stdout]    |
[INFO] [stdout]    = help: consider importing this variant instead:
[INFO] [stdout]            crate::persistence::hoard::ConsumeError::Anchor
[INFO] [stdout]    = help: consider importing this struct instead:
[INFO] [stdout]            std::process::Output
[INFO] [stdout] 
[INFO] [stdout] 
[INFO] [stdout] error[E0432]: unresolved imports `rgb::Anchor`, `rgb::AnchorId`, `rgb::Output`, `rgb::SealDefinition`
[INFO] [stdout]   --> src/persistence/stock.rs:31:17
[INFO] [stdout]    |
[INFO] [stdout] 31 |     validation, Anchor, AnchorId, AnchoredBundle, Assign, AssignmentType, BundleId,
[INFO] [stdout]    |                 ^^^^^^  ^^^^^^^^ no `AnchorId` in the root
[INFO] [stdout]    |                 |
[INFO] [stdout]    |                 no `Anchor` in the root
[INFO] [stdout]    |                 help: a similar name exists in the module: `XAnchor`
[INFO] [stdout] 32 |     ContractHistory, ContractId, ContractState, ExposedState, Extension, Genesis, GenesisSeal,
[INFO] [stdout] 33 |     GraphSeal, OpId, Operation, Opout, Output, SealDefinition, SecretSeal, SubSchema, Transition,
[INFO] [stdout]    |                                        ^^^^^^  ^^^^^^^^^^^^^^ no `SealDefinition` in the root
[INFO] [stdout]    |                                        |
[INFO] [stdout]    |                                        no `Output` in the root
[INFO] [stdout]    |
[INFO] [stdout]    = help: consider importing this variant instead:
[INFO] [stdout]            crate::persistence::hoard::ConsumeError::Anchor
[INFO] [stdout]    = help: consider importing this struct instead:
[INFO] [stdout]            std::process::Output
[INFO] [stdout] 
[INFO] [stdout] 
[INFO] [stdout] error[E0432]: unresolved imports `rgb::Anchor`, `rgb::AnchorId`
[INFO] [stdout]   --> src/persistence/hoard.rs:30:5
[INFO] [stdout]    |
[INFO] [stdout] 30 |     Anchor, AnchorId, AnchoredBundle, AssetTag, AssignmentType, BundleId, ContractId, Extension,
[INFO] [stdout]    |     ^^^^^^  ^^^^^^^^ no `AnchorId` in the root
[INFO] [stdout]    |     |
[INFO] [stdout]    |     no `Anchor` in the root
[INFO] [stdout]    |     help: a similar name exists in the module: `XAnchor`
[INFO] [stdout]    |
[INFO] [stdout]    = help: consider importing this variant instead:
[INFO] [stdout]            crate::persistence::hoard::ConsumeError::Anchor
[INFO] [stdout] 
[INFO] [stdout] 
[INFO] [stdout] error[E0432]: unresolved import `rgb::Anchor`
[INFO] [stdout]   --> src/resolvers.rs:22:11
[INFO] [stdout]    |
[INFO] [stdout] 22 | use rgb::{Anchor, WitnessAnchor};
[INFO] [stdout]    |           ^^^^^^
[INFO] [stdout]    |           |
[INFO] [stdout]    |           no `Anchor` in the root
[INFO] [stdout]    |           help: a similar name exists in the module: `XAnchor`
[INFO] [stdout]    |
[INFO] [stdout]    = help: consider importing this variant instead:
[INFO] [stdout]            crate::persistence::hoard::ConsumeError::Anchor
[INFO] [stdout] 
[INFO] [stdout] 
[INFO] [stdout] error[E0432]: unresolved import `rgb::SealDefinition`
[INFO] [stdout]   --> src/accessors/assignments.rs:26:5
[INFO] [stdout]    |
[INFO] [stdout] 26 |     SealDefinition, TypedAssigns,
[INFO] [stdout]    |     ^^^^^^^^^^^^^^ no `SealDefinition` in the root
[INFO] [stdout] 
[INFO] [stdout] 
[INFO] [stdout] error[E0432]: unresolved import `rgb::SealDefinition`
[INFO] [stdout]   --> src/accessors/bundle.rs:22:39
[INFO] [stdout]    |
[INFO] [stdout] 22 | use rgb::{GraphSeal, OpId, Operation, SealDefinition, Transition, TransitionBundle};
[INFO] [stdout]    |                                       ^^^^^^^^^^^^^^ no `SealDefinition` in the root
[INFO] [stdout] 
[INFO] [stdout] 
[INFO] [stdout] error[E0432]: unresolved imports `rgb::Anchor`, `rgb::BundleItem`
[INFO] [stdout]   --> src/accessors/merge_reveal.rs:29:5
[INFO] [stdout]    |
[INFO] [stdout] 29 |     Anchor, AnchoredBundle, Assign, Assignments, BundleItem, ExposedSeal, ExposedState, Extension,
[INFO] [stdout]    |     ^^^^^^ no `Anchor` in the root               ^^^^^^^^^^ no `BundleItem` in the root
[INFO] [stdout]    |
[INFO] [stdout]    = help: consider importing this variant instead:
[INFO] [stdout]            crate::persistence::hoard::ConsumeError::Anchor
[INFO] [stdout] help: a similar name exists in the module
[INFO] [stdout]    |
[INFO] [stdout] 29 |     XAnchor, AnchoredBundle, Assign, Assignments, BundleItem, ExposedSeal, ExposedState, Extension,
[INFO] [stdout]    |     ~~~~~~~
[INFO] [stdout] help: a similar name exists in the module
[INFO] [stdout]    |
[INFO] [stdout] 29 |     Anchor, AnchoredBundle, Assign, Assignments, BundleId, ExposedSeal, ExposedState, Extension,
[INFO] [stdout]    |                                                  ~~~~~~~~
[INFO] [stdout] 
[INFO] [stdout] 
[INFO] [stdout] error[E0437]: type `BundleIter` is not a member of trait `ConsignmentApi`
[INFO] [stdout]    --> src/containers/consignment.rs:252:5
[INFO] [stdout]     |
[INFO] [stdout] 252 | /     type BundleIter<'container>
[INFO] [stdout] 253 | |     = slice::Iter<'container, AnchoredBundle> where Self: 'container;
[INFO] [stdout]     | |_____________________________________________________________________^ not a member of trait `ConsignmentApi`
[INFO] [stdout] 
[INFO] [stdout] 
[INFO] [stdout] error[E0407]: method `transition` is not a member of trait `ConsignmentApi`
[INFO] [stdout]    --> src/containers/consignment.rs:271:5
[INFO] [stdout]     |
[INFO] [stdout] 271 | /     fn transition(&self, opid: OpId) -> Option<&Transition> {
[INFO] [stdout] 272 | |         for anchored_bundle in &self.bundles {
[INFO] [stdout] 273 | |             for (id, item) in anchored_bundle.bundle.iter() {
[INFO] [stdout] 274 | |                 if *id == opid {
[INFO] [stdout] ...   |
[INFO] [stdout] 279 | |         None
[INFO] [stdout] 280 | |     }
[INFO] [stdout]     | |_____^ not a member of trait `ConsignmentApi`
[INFO] [stdout] 
[INFO] [stdout] 
[INFO] [stdout] error[E0407]: method `extension` is not a member of trait `ConsignmentApi`
[INFO] [stdout]    --> src/containers/consignment.rs:282:5
[INFO] [stdout]     |
[INFO] [stdout] 282 | /     fn extension(&self, opid: OpId) -> Option<&Extension> {
[INFO] [stdout] 283 | |         self.extensions
[INFO] [stdout] 284 | |             .iter()
[INFO] [stdout] 285 | |             .find(|&extension| extension.id() == opid)
[INFO] [stdout] 286 | |     }
[INFO] [stdout]     | |_____^ not a member of trait `ConsignmentApi`
[INFO] [stdout] 
[INFO] [stdout] 
[INFO] [stdout] error[E0407]: method `anchored_bundles` is not a member of trait `ConsignmentApi`
[INFO] [stdout]    --> src/containers/consignment.rs:300:5
[INFO] [stdout]     |
[INFO] [stdout] 300 |     fn anchored_bundles(&self) -> Self::BundleIter<'_> { self.bundles.iter() }
[INFO] [stdout]     |     ^^^----------------^^^^^^^^^^^^^^^^^^^^^^^^^^^^^^^^^^^^^^^^^^^^^^^^^^^^^^^
[INFO] [stdout]     |     |  |
[INFO] [stdout]     |     |  help: there is an associated function with a similar name: `anchored_bundle`
[INFO] [stdout]     |     not a member of trait `ConsignmentApi`
[INFO] [stdout] 
[INFO] [stdout] 
[INFO] [stdout] error[E0407]: method `bundle_by_id` is not a member of trait `ConsignmentApi`
[INFO] [stdout]    --> src/containers/consignment.rs:302:5
[INFO] [stdout]     |
[INFO] [stdout] 302 |       fn bundle_by_id(&self, bundle_id: BundleId) -> Option<&TransitionBundle> {
[INFO] [stdout]     |       ^  ------------ help: there is an associated function with a similar name: `bundle_ids`
[INFO] [stdout]     |  _____|
[INFO] [stdout]     | |
[INFO] [stdout] 303 | |         self.anchored_bundle(bundle_id).map(|ab| &ab.bundle)
[INFO] [stdout] 304 | |     }
[INFO] [stdout]     | |_____^ not a member of trait `ConsignmentApi`
[INFO] [stdout] 
[INFO] [stdout] 
[INFO] [stdout] error[E0407]: method `op_ids_except` is not a member of trait `ConsignmentApi`
[INFO] [stdout]    --> src/containers/consignment.rs:306:5
[INFO] [stdout]     |
[INFO] [stdout] 306 | /     fn op_ids_except(&self, ids: &BTreeSet<OpId>) -> BTreeSet<OpId> {
[INFO] [stdout] 307 | |         let mut exceptions = BTreeSet::new();
[INFO] [stdout] 308 | |         for anchored_bundle in &self.bundles {
[INFO] [stdout] 309 | |             for item in anchored_bundle.bundle.values() {
[INFO] [stdout] ...   |
[INFO] [stdout] 317 | |         exceptions
[INFO] [stdout] 318 | |     }
[INFO] [stdout]     | |_____^ not a member of trait `ConsignmentApi`
[INFO] [stdout] 
[INFO] [stdout] 
[INFO] [stdout] error[E0407]: method `has_operation` is not a member of trait `ConsignmentApi`
[INFO] [stdout]    --> src/containers/consignment.rs:320:5
[INFO] [stdout]     |
[INFO] [stdout] 320 |     fn has_operation(&self, opid: OpId) -> bool { self.operation(opid).is_some() }
[INFO] [stdout]     |     ^^^-------------^^^^^^^^^^^^^^^^^^^^^^^^^^^^^^^^^^^^^^^^^^^^^^^^^^^^^^^^^^^^^^
[INFO] [stdout]     |     |  |
[INFO] [stdout]     |     |  help: there is an associated function with a similar name: `operation`
[INFO] [stdout]     |     not a member of trait `ConsignmentApi`
[INFO] [stdout] 
[INFO] [stdout] 
[INFO] [stdout] error[E0407]: method `known_transitions_by_bundle_id` is not a member of trait `ConsignmentApi`
[INFO] [stdout]    --> src/containers/consignment.rs:322:5
[INFO] [stdout]     |
[INFO] [stdout] 322 | /     fn known_transitions_by_bundle_id(&self, bundle_id: BundleId) -> Option<Vec<&Transition>> {
[INFO] [stdout] 323 | |         self.bundle_by_id(bundle_id).map(|bundle| {
[INFO] [stdout] 324 | |             bundle
[INFO] [stdout] 325 | |                 .values()
[INFO] [stdout] ...   |
[INFO] [stdout] 328 | |         })
[INFO] [stdout] 329 | |     }
[INFO] [stdout]     | |_____^ not a member of trait `ConsignmentApi`
[INFO] [stdout] 
[INFO] [stdout] 
[INFO] [stdout] error[E0220]: associated type `BundleIter` not found for `Self`
[INFO] [stdout]    --> src/containers/consignment.rs:300:41
[INFO] [stdout]     |
[INFO] [stdout] 300 |     fn anchored_bundles(&self) -> Self::BundleIter<'_> { self.bundles.iter() }
[INFO] [stdout]     |                                         ^^^^^^^^^^ help: `Self` has the following associated type: `Iter`
[INFO] [stdout] 
[INFO] [stdout] 
[INFO] [stdout] error: aborting due to 22 previous errors
[INFO] [stdout] 
[INFO] [stdout] 
[INFO] [stdout] Some errors have detailed explanations: E0220, E0407, E0432, E0437.
[INFO] [stdout] 
[INFO] [stdout] For more information about an error, try `rustc --explain E0220`.
[INFO] [stdout] 
[INFO] [stderr] error: could not compile `rgb-std` (lib) due to 23 previous errors
[INFO] running `Command { std: "docker" "inspect" "b400318b70928e273c14b11dc9614d78cbb70db9b77692e51e72b04aef7fa892", kill_on_drop: false }`
[INFO] running `Command { std: "docker" "rm" "-f" "b400318b70928e273c14b11dc9614d78cbb70db9b77692e51e72b04aef7fa892", kill_on_drop: false }`
[INFO] [stdout] b400318b70928e273c14b11dc9614d78cbb70db9b77692e51e72b04aef7fa892
