[INFO] fetching crate reserde 0.0.4...
[INFO] testing reserde-0.0.4 against 1.75.0 for beta-1.76-1
[INFO] extracting crate reserde 0.0.4 into /workspace/builds/worker-1-tc1/source
[INFO] validating manifest of crates.io crate reserde 0.0.4 on toolchain 1.75.0
[INFO] running `Command { std: CARGO_HOME="/workspace/cargo-home" RUSTUP_HOME="/workspace/rustup-home" "/workspace/cargo-home/bin/cargo" "+1.75.0" "metadata" "--manifest-path" "Cargo.toml" "--no-deps", kill_on_drop: false }`
[INFO] started tweaking crates.io crate reserde 0.0.4
[INFO] finished tweaking crates.io crate reserde 0.0.4
[INFO] tweaked toml for crates.io crate reserde 0.0.4 written to /workspace/builds/worker-1-tc1/source/Cargo.toml
[INFO] crate crates.io crate reserde 0.0.4 already has a lockfile, it will not be regenerated
[INFO] running `Command { std: CARGO_HOME="/workspace/cargo-home" RUSTUP_HOME="/workspace/rustup-home" "/workspace/cargo-home/bin/cargo" "+1.75.0" "fetch" "--manifest-path" "Cargo.toml", kill_on_drop: false }`
[INFO] [stderr]     Updating crates.io index
[INFO] [stderr]  Downloading crates ...
[INFO] [stderr]   Downloaded version-sync v0.9.3
[INFO] [stderr]   Downloaded strum v0.22.0
[INFO] [stderr]   Downloaded strum_macros v0.22.0
[INFO] [stderr]   Downloaded proc-macro2 v1.0.30
[INFO] [stderr]   Downloaded serde_bencode v0.2.3
[INFO] [stderr]   Downloaded cervine v0.0.6
[INFO] [stderr]   Downloaded debugless-unwrap v0.0.4
[INFO] [stderr]   Downloaded ciborium v0.1.0
[INFO] [stderr]   Downloaded logos-derive v0.12.0
[INFO] [stderr]   Downloaded libc v0.2.104
[INFO] [stderr]   Downloaded smartstring v0.2.9
[INFO] [stderr]   Downloaded taml v0.0.11
[INFO] [stderr]   Downloaded serde_yaml v0.8.21
[INFO] [stderr]   Downloaded syn v1.0.80
[INFO] [stderr]   Downloaded gnaw v0.0.2
[INFO] [stderr]   Downloaded logos v0.12.0
[INFO] [stderr]   Downloaded beef v0.5.1
[INFO] [stderr]   Downloaded linkme-impl v0.2.7
[INFO] [stderr]   Downloaded linkme v0.2.7
[INFO] [stderr]   Downloaded serde-object v0.0.0-alpha.0
[INFO] [stderr]   Downloaded lazy-transform-str v0.0.6
[INFO] [stderr]   Downloaded serde-detach v0.0.1
[INFO] [stderr]   Downloaded try_match_inner v0.2.0
[INFO] [stderr]   Downloaded try_match v0.2.2
[INFO] [stderr]   Downloaded scientific v0.1.2
[INFO] [stderr]   Downloaded enum_properties v0.3.0
[INFO] [stderr]   Downloaded half v1.8.0
[INFO] [stderr]   Downloaded serde_taml v0.0.3
[INFO] running `Command { std: "docker" "create" "-v" "/var/lib/crater-agent-workspace/builds/worker-1-tc1/target:/opt/rustwide/target:rw,Z" "-v" "/var/lib/crater-agent-workspace/builds/worker-1-tc1/source:/opt/rustwide/workdir:ro,Z" "-v" "/var/lib/crater-agent-workspace/cargo-home:/opt/rustwide/cargo-home:ro,Z" "-v" "/var/lib/crater-agent-workspace/rustup-home:/opt/rustwide/rustup-home:ro,Z" "-e" "SOURCE_DIR=/opt/rustwide/workdir" "-e" "CARGO_TARGET_DIR=/opt/rustwide/target" "-e" "CARGO_HOME=/opt/rustwide/cargo-home" "-e" "RUSTUP_HOME=/opt/rustwide/rustup-home" "-w" "/opt/rustwide/workdir" "-m" "1610612736" "--user" "0:0" "--network" "none" "ghcr.io/rust-lang/crates-build-env/linux@sha256:2788e3201cd34a07e3172128adcd8b3090168a8e3bcc40d7c032b9dda1df7d1c" "/opt/rustwide/cargo-home/bin/cargo" "+1.75.0" "metadata" "--no-deps" "--format-version=1", kill_on_drop: false }`
[INFO] [stdout] d1e3847552ab10baaf6873186e59ff6b97d0975c455297f48d9a3c1964aa613b
[INFO] running `Command { std: "docker" "start" "-a" "d1e3847552ab10baaf6873186e59ff6b97d0975c455297f48d9a3c1964aa613b", kill_on_drop: false }`
[INFO] running `Command { std: "docker" "inspect" "d1e3847552ab10baaf6873186e59ff6b97d0975c455297f48d9a3c1964aa613b", kill_on_drop: false }`
[INFO] running `Command { std: "docker" "rm" "-f" "d1e3847552ab10baaf6873186e59ff6b97d0975c455297f48d9a3c1964aa613b", kill_on_drop: false }`
[INFO] [stdout] d1e3847552ab10baaf6873186e59ff6b97d0975c455297f48d9a3c1964aa613b
[INFO] running `Command { std: "docker" "create" "-v" "/var/lib/crater-agent-workspace/builds/worker-1-tc1/target:/opt/rustwide/target:rw,Z" "-v" "/var/lib/crater-agent-workspace/builds/worker-1-tc1/source:/opt/rustwide/workdir:ro,Z" "-v" "/var/lib/crater-agent-workspace/cargo-home:/opt/rustwide/cargo-home:ro,Z" "-v" "/var/lib/crater-agent-workspace/rustup-home:/opt/rustwide/rustup-home:ro,Z" "-e" "SOURCE_DIR=/opt/rustwide/workdir" "-e" "CARGO_TARGET_DIR=/opt/rustwide/target" "-e" "CARGO_INCREMENTAL=0" "-e" "RUST_BACKTRACE=full" "-e" "RUSTFLAGS=--cap-lints=warn" "-e" "RUSTDOCFLAGS=--cap-lints=warn" "-e" "CARGO_HOME=/opt/rustwide/cargo-home" "-e" "RUSTUP_HOME=/opt/rustwide/rustup-home" "-w" "/opt/rustwide/workdir" "-m" "1610612736" "--user" "0:0" "--network" "none" "ghcr.io/rust-lang/crates-build-env/linux@sha256:2788e3201cd34a07e3172128adcd8b3090168a8e3bcc40d7c032b9dda1df7d1c" "/opt/rustwide/cargo-home/bin/cargo" "+1.75.0" "build" "--frozen" "--message-format=json", kill_on_drop: false }`
[INFO] [stdout] 109b01778ceed244f16f8bb676d4d23bbc6afd100af5581035bff02b157e1d9f
[INFO] running `Command { std: "docker" "start" "-a" "109b01778ceed244f16f8bb676d4d23bbc6afd100af5581035bff02b157e1d9f", kill_on_drop: false }`
[INFO] [stderr]    Compiling unicode-xid v0.2.2
[INFO] [stderr]    Compiling proc-macro2 v1.0.30
[INFO] [stderr]    Compiling syn v1.0.80
[INFO] [stderr]    Compiling serde_derive v1.0.130
[INFO] [stderr]    Compiling serde v1.0.130
[INFO] [stderr]    Compiling version_check v0.9.3
[INFO] [stderr]    Compiling proc-macro-hack v0.5.19
[INFO] [stderr]    Compiling autocfg v1.0.1
[INFO] [stderr]    Compiling unicode-segmentation v1.8.0
[INFO] [stderr]    Compiling proc-macro-error-attr v1.0.4
[INFO] [stderr]    Compiling proc-macro-error v1.0.4
[INFO] [stderr]    Compiling libc v0.2.104
[INFO] [stderr]    Compiling indexmap v1.7.0
[INFO] [stderr]    Compiling heck v0.3.3
[INFO] [stderr]    Compiling regex-syntax v0.6.25
[INFO] [stderr]    Compiling utf8-ranges v1.0.4
[INFO] [stderr]    Compiling ryu v1.0.5
[INFO] [stderr]    Compiling hashbrown v0.11.2
[INFO] [stderr]    Compiling fnv v1.0.7
[INFO] [stderr]    Compiling beef v0.5.1
[INFO] [stderr]    Compiling static_assertions v1.1.0
[INFO] [stderr]    Compiling smartstring v0.2.9
[INFO] [stderr]    Compiling quote v1.0.10
[INFO] [stderr]    Compiling gnaw v0.0.2
[INFO] [stderr]    Compiling memchr v2.4.1
[INFO] [stderr]    Compiling wyz v0.2.0
[INFO] [stderr]    Compiling cervine v0.0.6
[INFO] [stderr]    Compiling lazy-transform-str v0.0.6
[INFO] [stderr]    Compiling atty v0.2.14
[INFO] [stderr]    Compiling tap v1.0.1
[INFO] [stderr]    Compiling serde_json v1.0.68
[INFO] [stderr]    Compiling enum_properties v0.3.0
[INFO] [stderr]    Compiling ansi_term v0.11.0
[INFO] [stderr]    Compiling matches v0.1.9
[INFO] [stderr]    Compiling linked-hash-map v0.5.4
[INFO] [stderr]    Compiling itoa v0.4.8
[INFO] [stderr]    Compiling percent-encoding v2.1.0
[INFO] [stderr]    Compiling debugless-unwrap v0.0.4
[INFO] [stderr]    Compiling clap v2.33.3
[INFO] [stderr]    Compiling yaml-rust v0.4.5
[INFO] [stderr]    Compiling joinery v2.1.0
[INFO] [stderr]    Compiling form_urlencoded v1.0.1
[INFO] [stderr]    Compiling paste v1.0.5
[INFO] [stderr]    Compiling half v1.8.0
[INFO] [stderr]    Compiling dtoa v0.4.8
[INFO] [stderr]    Compiling either v1.6.1
[INFO] [stderr]    Compiling try_match_inner v0.2.0
[INFO] [stderr]    Compiling logos-derive v0.12.0
[INFO] [stderr]    Compiling linkme-impl v0.2.7
[INFO] [stderr]    Compiling strum_macros v0.22.0
[INFO] [stderr]    Compiling structopt-derive v0.4.18
[INFO] [stderr]    Compiling try_match v0.2.2
[INFO] [stderr]    Compiling linkme v0.2.7
[INFO] [stderr]    Compiling structopt v0.3.25
[INFO] [stderr]    Compiling strum v0.22.0
[INFO] [stderr]    Compiling logos v0.12.0
[INFO] [stderr]    Compiling taml v0.0.11
[INFO] [stderr]    Compiling scientific v0.1.2
[INFO] [stderr]    Compiling serde-object v0.0.0-alpha.0
[INFO] [stderr]    Compiling serde_bytes v0.11.5
[INFO] [stderr]    Compiling bincode v1.3.3
[INFO] [stderr]    Compiling ciborium v0.1.0
[INFO] [stderr]    Compiling serde_urlencoded v0.7.0
[INFO] [stderr]    Compiling quick-xml v0.22.0
[INFO] [stderr]    Compiling serde_bencode v0.2.3
[INFO] [stderr]    Compiling serde_yaml v0.8.21
[INFO] [stderr]    Compiling serde-detach v0.0.1
[INFO] [stderr]    Compiling serde_taml v0.0.3
[INFO] [stdout] error[E0308]: mismatched types
[INFO] [stdout]    --> /opt/rustwide/cargo-home/registry/src/index.crates.io-6f17d22bba15001f/serde_taml-0.0.3/src/de/type_overrides.rs:458:15
[INFO] [stdout]     |
[INFO] [stdout] 458 |     OVERRIDE.set(ForcedTamlValueType::DataLiteral);
[INFO] [stdout]     |              --- ^^^^^^^^^^^^^^^^^^^^^^^^^^^^^^^^ expected `Option<ForcedTamlValueType>`, found `ForcedTamlValueType`
[INFO] [stdout]     |              |
[INFO] [stdout]     |              arguments to this method are incorrect
[INFO] [stdout]     |
[INFO] [stdout]     = note: expected enum `std::option::Option<ForcedTamlValueType>`
[INFO] [stdout]                found enum `ForcedTamlValueType`
[INFO] [stdout] note: method defined here
[INFO] [stdout]    --> /rustc/82e1608dfa6e0b5569232559e3d385fea5a93112/library/std/src/thread/local.rs:329:12
[INFO] [stdout] help: try wrapping the expression in `Some`
[INFO] [stdout]     |
[INFO] [stdout] 458 |     OVERRIDE.set(Some(ForcedTamlValueType::DataLiteral));
[INFO] [stdout]     |                  +++++                                +
[INFO] [stdout] 
[INFO] [stdout] 
[INFO] [stdout] error[E0308]: mismatched types
[INFO] [stdout]    --> /opt/rustwide/cargo-home/registry/src/index.crates.io-6f17d22bba15001f/serde_taml-0.0.3/src/de/type_overrides.rs:480:15
[INFO] [stdout]     |
[INFO] [stdout] 480 |     OVERRIDE.set(ForcedTamlValueType::Decimal);
[INFO] [stdout]     |              --- ^^^^^^^^^^^^^^^^^^^^^^^^^^^^ expected `Option<ForcedTamlValueType>`, found `ForcedTamlValueType`
[INFO] [stdout]     |              |
[INFO] [stdout]     |              arguments to this method are incorrect
[INFO] [stdout]     |
[INFO] [stdout]     = note: expected enum `std::option::Option<ForcedTamlValueType>`
[INFO] [stdout]                found enum `ForcedTamlValueType`
[INFO] [stdout] note: method defined here
[INFO] [stdout]    --> /rustc/82e1608dfa6e0b5569232559e3d385fea5a93112/library/std/src/thread/local.rs:329:12
[INFO] [stdout] help: try wrapping the expression in `Some`
[INFO] [stdout]     |
[INFO] [stdout] 480 |     OVERRIDE.set(Some(ForcedTamlValueType::Decimal));
[INFO] [stdout]     |                  +++++                            +
[INFO] [stdout] 
[INFO] [stdout] 
[INFO] [stdout] error[E0308]: mismatched types
[INFO] [stdout]    --> /opt/rustwide/cargo-home/registry/src/index.crates.io-6f17d22bba15001f/serde_taml-0.0.3/src/de/type_overrides.rs:502:15
[INFO] [stdout]     |
[INFO] [stdout] 502 |     OVERRIDE.set(ForcedTamlValueType::EnumVariant);
[INFO] [stdout]     |              --- ^^^^^^^^^^^^^^^^^^^^^^^^^^^^^^^^ expected `Option<ForcedTamlValueType>`, found `ForcedTamlValueType`
[INFO] [stdout]     |              |
[INFO] [stdout]     |              arguments to this method are incorrect
[INFO] [stdout]     |
[INFO] [stdout]     = note: expected enum `std::option::Option<ForcedTamlValueType>`
[INFO] [stdout]                found enum `ForcedTamlValueType`
[INFO] [stdout] note: method defined here
[INFO] [stdout]    --> /rustc/82e1608dfa6e0b5569232559e3d385fea5a93112/library/std/src/thread/local.rs:329:12
[INFO] [stdout] help: try wrapping the expression in `Some`
[INFO] [stdout]     |
[INFO] [stdout] 502 |     OVERRIDE.set(Some(ForcedTamlValueType::EnumVariant));
[INFO] [stdout]     |                  +++++                                +
[INFO] [stdout] 
[INFO] [stdout] 
[INFO] [stdout] error[E0308]: mismatched types
[INFO] [stdout]    --> /opt/rustwide/cargo-home/registry/src/index.crates.io-6f17d22bba15001f/serde_taml-0.0.3/src/de/type_overrides.rs:524:15
[INFO] [stdout]     |
[INFO] [stdout] 524 |     OVERRIDE.set(ForcedTamlValueType::Integer);
[INFO] [stdout]     |              --- ^^^^^^^^^^^^^^^^^^^^^^^^^^^^ expected `Option<ForcedTamlValueType>`, found `ForcedTamlValueType`
[INFO] [stdout]     |              |
[INFO] [stdout]     |              arguments to this method are incorrect
[INFO] [stdout]     |
[INFO] [stdout]     = note: expected enum `std::option::Option<ForcedTamlValueType>`
[INFO] [stdout]                found enum `ForcedTamlValueType`
[INFO] [stdout] note: method defined here
[INFO] [stdout]    --> /rustc/82e1608dfa6e0b5569232559e3d385fea5a93112/library/std/src/thread/local.rs:329:12
[INFO] [stdout] help: try wrapping the expression in `Some`
[INFO] [stdout]     |
[INFO] [stdout] 524 |     OVERRIDE.set(Some(ForcedTamlValueType::Integer));
[INFO] [stdout]     |                  +++++                            +
[INFO] [stdout] 
[INFO] [stdout] 
[INFO] [stdout] error[E0308]: mismatched types
[INFO] [stdout]    --> /opt/rustwide/cargo-home/registry/src/index.crates.io-6f17d22bba15001f/serde_taml-0.0.3/src/de/type_overrides.rs:546:15
[INFO] [stdout]     |
[INFO] [stdout] 546 |     OVERRIDE.set(ForcedTamlValueType::List);
[INFO] [stdout]     |              --- ^^^^^^^^^^^^^^^^^^^^^^^^^ expected `Option<ForcedTamlValueType>`, found `ForcedTamlValueType`
[INFO] [stdout]     |              |
[INFO] [stdout]     |              arguments to this method are incorrect
[INFO] [stdout]     |
[INFO] [stdout]     = note: expected enum `std::option::Option<ForcedTamlValueType>`
[INFO] [stdout]                found enum `ForcedTamlValueType`
[INFO] [stdout] note: method defined here
[INFO] [stdout]    --> /rustc/82e1608dfa6e0b5569232559e3d385fea5a93112/library/std/src/thread/local.rs:329:12
[INFO] [stdout] help: try wrapping the expression in `Some`
[INFO] [stdout]     |
[INFO] [stdout] 546 |     OVERRIDE.set(Some(ForcedTamlValueType::List));
[INFO] [stdout]     |                  +++++                         +
[INFO] [stdout] 
[INFO] [stdout] 
[INFO] [stdout] error[E0308]: mismatched types
[INFO] [stdout]    --> /opt/rustwide/cargo-home/registry/src/index.crates.io-6f17d22bba15001f/serde_taml-0.0.3/src/de/type_overrides.rs:568:15
[INFO] [stdout]     |
[INFO] [stdout] 568 |     OVERRIDE.set(ForcedTamlValueType::String);
[INFO] [stdout]     |              --- ^^^^^^^^^^^^^^^^^^^^^^^^^^^ expected `Option<ForcedTamlValueType>`, found `ForcedTamlValueType`
[INFO] [stdout]     |              |
[INFO] [stdout]     |              arguments to this method are incorrect
[INFO] [stdout]     |
[INFO] [stdout]     = note: expected enum `std::option::Option<ForcedTamlValueType>`
[INFO] [stdout]                found enum `ForcedTamlValueType`
[INFO] [stdout] note: method defined here
[INFO] [stdout]    --> /rustc/82e1608dfa6e0b5569232559e3d385fea5a93112/library/std/src/thread/local.rs:329:12
[INFO] [stdout] help: try wrapping the expression in `Some`
[INFO] [stdout]     |
[INFO] [stdout] 568 |     OVERRIDE.set(Some(ForcedTamlValueType::String));
[INFO] [stdout]     |                  +++++                           +
[INFO] [stdout] 
[INFO] [stdout] 
[INFO] [stdout] error[E0308]: mismatched types
[INFO] [stdout]    --> /opt/rustwide/cargo-home/registry/src/index.crates.io-6f17d22bba15001f/serde_taml-0.0.3/src/de/type_overrides.rs:590:15
[INFO] [stdout]     |
[INFO] [stdout] 590 |     OVERRIDE.set(ForcedTamlValueType::Struct);
[INFO] [stdout]     |              --- ^^^^^^^^^^^^^^^^^^^^^^^^^^^ expected `Option<ForcedTamlValueType>`, found `ForcedTamlValueType`
[INFO] [stdout]     |              |
[INFO] [stdout]     |              arguments to this method are incorrect
[INFO] [stdout]     |
[INFO] [stdout]     = note: expected enum `std::option::Option<ForcedTamlValueType>`
[INFO] [stdout]                found enum `ForcedTamlValueType`
[INFO] [stdout] note: method defined here
[INFO] [stdout]    --> /rustc/82e1608dfa6e0b5569232559e3d385fea5a93112/library/std/src/thread/local.rs:329:12
[INFO] [stdout] help: try wrapping the expression in `Some`
[INFO] [stdout]     |
[INFO] [stdout] 590 |     OVERRIDE.set(Some(ForcedTamlValueType::Struct));
[INFO] [stdout]     |                  +++++                           +
[INFO] [stdout] 
[INFO] [stdout] 
[INFO] [stdout] error: aborting due to 7 previous errors
[INFO] [stdout] 
[INFO] [stdout] 
[INFO] [stdout] For more information about this error, try `rustc --explain E0308`.
[INFO] [stdout] 
[INFO] [stderr] error: could not compile `serde_taml` (lib) due to 8 previous errors
[INFO] [stderr] warning: build failed, waiting for other jobs to finish...
[INFO] running `Command { std: "docker" "inspect" "109b01778ceed244f16f8bb676d4d23bbc6afd100af5581035bff02b157e1d9f", kill_on_drop: false }`
[INFO] running `Command { std: "docker" "rm" "-f" "109b01778ceed244f16f8bb676d4d23bbc6afd100af5581035bff02b157e1d9f", kill_on_drop: false }`
[INFO] [stdout] 109b01778ceed244f16f8bb676d4d23bbc6afd100af5581035bff02b157e1d9f
[INFO] testing reserde-0.0.4 against beta-2023-12-22 for beta-1.76-1
[INFO] extracting crate reserde 0.0.4 into /workspace/builds/worker-1-tc2/source
[INFO] validating manifest of crates.io crate reserde 0.0.4 on toolchain beta-2023-12-22
[INFO] running `Command { std: CARGO_HOME="/workspace/cargo-home" RUSTUP_HOME="/workspace/rustup-home" "/workspace/cargo-home/bin/cargo" "+beta-2023-12-22" "metadata" "--manifest-path" "Cargo.toml" "--no-deps", kill_on_drop: false }`
[INFO] started tweaking crates.io crate reserde 0.0.4
[INFO] finished tweaking crates.io crate reserde 0.0.4
[INFO] tweaked toml for crates.io crate reserde 0.0.4 written to /workspace/builds/worker-1-tc2/source/Cargo.toml
[INFO] crate crates.io crate reserde 0.0.4 already has a lockfile, it will not be regenerated
[INFO] running `Command { std: CARGO_HOME="/workspace/cargo-home" RUSTUP_HOME="/workspace/rustup-home" "/workspace/cargo-home/bin/cargo" "+beta-2023-12-22" "fetch" "--manifest-path" "Cargo.toml", kill_on_drop: false }`
[INFO] running `Command { std: "docker" "create" "-v" "/var/lib/crater-agent-workspace/builds/worker-1-tc2/target:/opt/rustwide/target:rw,Z" "-v" "/var/lib/crater-agent-workspace/builds/worker-1-tc2/source:/opt/rustwide/workdir:ro,Z" "-v" "/var/lib/crater-agent-workspace/cargo-home:/opt/rustwide/cargo-home:ro,Z" "-v" "/var/lib/crater-agent-workspace/rustup-home:/opt/rustwide/rustup-home:ro,Z" "-e" "SOURCE_DIR=/opt/rustwide/workdir" "-e" "CARGO_TARGET_DIR=/opt/rustwide/target" "-e" "CARGO_HOME=/opt/rustwide/cargo-home" "-e" "RUSTUP_HOME=/opt/rustwide/rustup-home" "-w" "/opt/rustwide/workdir" "-m" "1610612736" "--user" "0:0" "--network" "none" "ghcr.io/rust-lang/crates-build-env/linux@sha256:2788e3201cd34a07e3172128adcd8b3090168a8e3bcc40d7c032b9dda1df7d1c" "/opt/rustwide/cargo-home/bin/cargo" "+beta-2023-12-22" "metadata" "--no-deps" "--format-version=1", kill_on_drop: false }`
[INFO] [stdout] 06c2efdc20098d41af7ccc0eb1455b1f8eee68d76262aa333293b631aa242e68
[INFO] running `Command { std: "docker" "start" "-a" "06c2efdc20098d41af7ccc0eb1455b1f8eee68d76262aa333293b631aa242e68", kill_on_drop: false }`
[INFO] running `Command { std: "docker" "inspect" "06c2efdc20098d41af7ccc0eb1455b1f8eee68d76262aa333293b631aa242e68", kill_on_drop: false }`
[INFO] running `Command { std: "docker" "rm" "-f" "06c2efdc20098d41af7ccc0eb1455b1f8eee68d76262aa333293b631aa242e68", kill_on_drop: false }`
[INFO] [stdout] 06c2efdc20098d41af7ccc0eb1455b1f8eee68d76262aa333293b631aa242e68
[INFO] running `Command { std: "docker" "create" "-v" "/var/lib/crater-agent-workspace/builds/worker-1-tc2/target:/opt/rustwide/target:rw,Z" "-v" "/var/lib/crater-agent-workspace/builds/worker-1-tc2/source:/opt/rustwide/workdir:ro,Z" "-v" "/var/lib/crater-agent-workspace/cargo-home:/opt/rustwide/cargo-home:ro,Z" "-v" "/var/lib/crater-agent-workspace/rustup-home:/opt/rustwide/rustup-home:ro,Z" "-e" "SOURCE_DIR=/opt/rustwide/workdir" "-e" "CARGO_TARGET_DIR=/opt/rustwide/target" "-e" "CARGO_INCREMENTAL=0" "-e" "RUST_BACKTRACE=full" "-e" "RUSTFLAGS=--cap-lints=warn" "-e" "RUSTDOCFLAGS=--cap-lints=warn" "-e" "CARGO_HOME=/opt/rustwide/cargo-home" "-e" "RUSTUP_HOME=/opt/rustwide/rustup-home" "-w" "/opt/rustwide/workdir" "-m" "1610612736" "--user" "0:0" "--network" "none" "ghcr.io/rust-lang/crates-build-env/linux@sha256:2788e3201cd34a07e3172128adcd8b3090168a8e3bcc40d7c032b9dda1df7d1c" "/opt/rustwide/cargo-home/bin/cargo" "+beta-2023-12-22" "build" "--frozen" "--message-format=json", kill_on_drop: false }`
[INFO] [stdout] b6be3057ff376a0d3448830b71378f31008da44e33fccee3737ff9b49872addf
[INFO] running `Command { std: "docker" "start" "-a" "b6be3057ff376a0d3448830b71378f31008da44e33fccee3737ff9b49872addf", kill_on_drop: false }`
[INFO] [stderr]    Compiling unicode-xid v0.2.2
[INFO] [stderr]    Compiling proc-macro2 v1.0.30
[INFO] [stderr]    Compiling syn v1.0.80
[INFO] [stderr]    Compiling serde_derive v1.0.130
[INFO] [stderr]    Compiling serde v1.0.130
[INFO] [stderr]    Compiling version_check v0.9.3
[INFO] [stderr]    Compiling proc-macro-hack v0.5.19
[INFO] [stderr]    Compiling autocfg v1.0.1
[INFO] [stderr]    Compiling libc v0.2.104
[INFO] [stderr]    Compiling indexmap v1.7.0
[INFO] [stderr]    Compiling unicode-segmentation v1.8.0
[INFO] [stderr]    Compiling proc-macro-error-attr v1.0.4
[INFO] [stderr]    Compiling proc-macro-error v1.0.4
[INFO] [stderr]    Compiling static_assertions v1.1.0
[INFO] [stderr]    Compiling fnv v1.0.7
[INFO] [stderr]    Compiling heck v0.3.3
[INFO] [stderr]    Compiling regex-syntax v0.6.25
[INFO] [stderr]    Compiling hashbrown v0.11.2
[INFO] [stderr]    Compiling utf8-ranges v1.0.4
[INFO] [stderr]    Compiling quote v1.0.10
[INFO] [stderr]    Compiling beef v0.5.1
[INFO] [stderr]    Compiling ryu v1.0.5
[INFO] [stderr]    Compiling smartstring v0.2.9
[INFO] [stderr]    Compiling gnaw v0.0.2
[INFO] [stderr]    Compiling memchr v2.4.1
[INFO] [stderr]    Compiling wyz v0.2.0
[INFO] [stderr]    Compiling cervine v0.0.6
[INFO] [stderr]    Compiling lazy-transform-str v0.0.6
[INFO] [stderr]    Compiling atty v0.2.14
[INFO] [stderr]    Compiling enum_properties v0.3.0
[INFO] [stderr]    Compiling tap v1.0.1
[INFO] [stderr]    Compiling debugless-unwrap v0.0.4
[INFO] [stderr]    Compiling linked-hash-map v0.5.4
[INFO] [stderr]    Compiling percent-encoding v2.1.0
[INFO] [stderr]    Compiling serde_json v1.0.68
[INFO] [stderr]    Compiling ansi_term v0.11.0
[INFO] [stderr]    Compiling itoa v0.4.8
[INFO] [stderr]    Compiling matches v0.1.9
[INFO] [stderr]    Compiling form_urlencoded v1.0.1
[INFO] [stderr]    Compiling clap v2.33.3
[INFO] [stderr]    Compiling yaml-rust v0.4.5
[INFO] [stderr]    Compiling either v1.6.1
[INFO] [stderr]    Compiling paste v1.0.5
[INFO] [stderr]    Compiling half v1.8.0
[INFO] [stderr]    Compiling dtoa v0.4.8
[INFO] [stderr]    Compiling joinery v2.1.0
[INFO] [stderr]    Compiling try_match_inner v0.2.0
[INFO] [stderr]    Compiling linkme-impl v0.2.7
[INFO] [stderr]    Compiling logos-derive v0.12.0
[INFO] [stderr]    Compiling strum_macros v0.22.0
[INFO] [stderr]    Compiling structopt-derive v0.4.18
[INFO] [stderr]    Compiling linkme v0.2.7
[INFO] [stderr]    Compiling try_match v0.2.2
[INFO] [stderr]    Compiling strum v0.22.0
[INFO] [stderr]    Compiling structopt v0.3.25
[INFO] [stderr]    Compiling logos v0.12.0
[INFO] [stderr]    Compiling taml v0.0.11
[INFO] [stderr]    Compiling scientific v0.1.2
[INFO] [stderr]    Compiling serde_bytes v0.11.5
[INFO] [stderr]    Compiling serde-object v0.0.0-alpha.0
[INFO] [stderr]    Compiling serde-detach v0.0.1
[INFO] [stderr]    Compiling quick-xml v0.22.0
[INFO] [stderr]    Compiling serde_urlencoded v0.7.0
[INFO] [stderr]    Compiling serde_yaml v0.8.21
[INFO] [stderr]    Compiling serde_bencode v0.2.3
[INFO] [stderr]    Compiling bincode v1.3.3
[INFO] [stderr]    Compiling ciborium v0.1.0
[INFO] [stderr]    Compiling serde_taml v0.0.3
[INFO] [stdout] error[E0308]: mismatched types
[INFO] [stdout]    --> /opt/rustwide/cargo-home/registry/src/index.crates.io-6f17d22bba15001f/serde_taml-0.0.3/src/de/type_overrides.rs:458:15
[INFO] [stdout]     |
[INFO] [stdout] 458 |     OVERRIDE.set(ForcedTamlValueType::DataLiteral);
[INFO] [stdout]     |              --- ^^^^^^^^^^^^^^^^^^^^^^^^^^^^^^^^ expected `Option<ForcedTamlValueType>`, found `ForcedTamlValueType`
[INFO] [stdout]     |              |
[INFO] [stdout]     |              arguments to this method are incorrect
[INFO] [stdout]     |
[INFO] [stdout]     = note: expected enum `std::option::Option<ForcedTamlValueType>`
[INFO] [stdout]                found enum `ForcedTamlValueType`
[INFO] [stdout] note: method defined here
[INFO] [stdout]    --> /rustc/0e09125c6c3c2fd70d7de961bcf0e51575235fad/library/std/src/thread/local.rs:329:12
[INFO] [stdout] help: try wrapping the expression in `Some`
[INFO] [stdout]     |
[INFO] [stdout] 458 |     OVERRIDE.set(Some(ForcedTamlValueType::DataLiteral));
[INFO] [stdout]     |                  +++++                                +
[INFO] [stdout] 
[INFO] [stdout] 
[INFO] [stdout] error[E0308]: mismatched types
[INFO] [stdout]    --> /opt/rustwide/cargo-home/registry/src/index.crates.io-6f17d22bba15001f/serde_taml-0.0.3/src/de/type_overrides.rs:480:15
[INFO] [stdout]     |
[INFO] [stdout] 480 |     OVERRIDE.set(ForcedTamlValueType::Decimal);
[INFO] [stdout]     |              --- ^^^^^^^^^^^^^^^^^^^^^^^^^^^^ expected `Option<ForcedTamlValueType>`, found `ForcedTamlValueType`
[INFO] [stdout]     |              |
[INFO] [stdout]     |              arguments to this method are incorrect
[INFO] [stdout]     |
[INFO] [stdout]     = note: expected enum `std::option::Option<ForcedTamlValueType>`
[INFO] [stdout]                found enum `ForcedTamlValueType`
[INFO] [stdout] note: method defined here
[INFO] [stdout]    --> /rustc/0e09125c6c3c2fd70d7de961bcf0e51575235fad/library/std/src/thread/local.rs:329:12
[INFO] [stdout] help: try wrapping the expression in `Some`
[INFO] [stdout]     |
[INFO] [stdout] 480 |     OVERRIDE.set(Some(ForcedTamlValueType::Decimal));
[INFO] [stdout]     |                  +++++                            +
[INFO] [stdout] 
[INFO] [stdout] 
[INFO] [stdout] error[E0308]: mismatched types
[INFO] [stdout]    --> /opt/rustwide/cargo-home/registry/src/index.crates.io-6f17d22bba15001f/serde_taml-0.0.3/src/de/type_overrides.rs:502:15
[INFO] [stdout]     |
[INFO] [stdout] 502 |     OVERRIDE.set(ForcedTamlValueType::EnumVariant);
[INFO] [stdout]     |              --- ^^^^^^^^^^^^^^^^^^^^^^^^^^^^^^^^ expected `Option<ForcedTamlValueType>`, found `ForcedTamlValueType`
[INFO] [stdout]     |              |
[INFO] [stdout]     |              arguments to this method are incorrect
[INFO] [stdout]     |
[INFO] [stdout]     = note: expected enum `std::option::Option<ForcedTamlValueType>`
[INFO] [stdout]                found enum `ForcedTamlValueType`
[INFO] [stdout] note: method defined here
[INFO] [stdout]    --> /rustc/0e09125c6c3c2fd70d7de961bcf0e51575235fad/library/std/src/thread/local.rs:329:12
[INFO] [stdout] help: try wrapping the expression in `Some`
[INFO] [stdout]     |
[INFO] [stdout] 502 |     OVERRIDE.set(Some(ForcedTamlValueType::EnumVariant));
[INFO] [stdout]     |                  +++++                                +
[INFO] [stdout] 
[INFO] [stdout] 
[INFO] [stdout] error[E0308]: mismatched types
[INFO] [stdout]    --> /opt/rustwide/cargo-home/registry/src/index.crates.io-6f17d22bba15001f/serde_taml-0.0.3/src/de/type_overrides.rs:524:15
[INFO] [stdout]     |
[INFO] [stdout] 524 |     OVERRIDE.set(ForcedTamlValueType::Integer);
[INFO] [stdout]     |              --- ^^^^^^^^^^^^^^^^^^^^^^^^^^^^ expected `Option<ForcedTamlValueType>`, found `ForcedTamlValueType`
[INFO] [stdout]     |              |
[INFO] [stdout]     |              arguments to this method are incorrect
[INFO] [stdout]     |
[INFO] [stdout]     = note: expected enum `std::option::Option<ForcedTamlValueType>`
[INFO] [stdout]                found enum `ForcedTamlValueType`
[INFO] [stdout] note: method defined here
[INFO] [stdout]    --> /rustc/0e09125c6c3c2fd70d7de961bcf0e51575235fad/library/std/src/thread/local.rs:329:12
[INFO] [stdout] help: try wrapping the expression in `Some`
[INFO] [stdout]     |
[INFO] [stdout] 524 |     OVERRIDE.set(Some(ForcedTamlValueType::Integer));
[INFO] [stdout]     |                  +++++                            +
[INFO] [stdout] 
[INFO] [stdout] 
[INFO] [stdout] error[E0308]: mismatched types
[INFO] [stdout]    --> /opt/rustwide/cargo-home/registry/src/index.crates.io-6f17d22bba15001f/serde_taml-0.0.3/src/de/type_overrides.rs:546:15
[INFO] [stdout]     |
[INFO] [stdout] 546 |     OVERRIDE.set(ForcedTamlValueType::List);
[INFO] [stdout]     |              --- ^^^^^^^^^^^^^^^^^^^^^^^^^ expected `Option<ForcedTamlValueType>`, found `ForcedTamlValueType`
[INFO] [stdout]     |              |
[INFO] [stdout]     |              arguments to this method are incorrect
[INFO] [stdout]     |
[INFO] [stdout]     = note: expected enum `std::option::Option<ForcedTamlValueType>`
[INFO] [stdout]                found enum `ForcedTamlValueType`
[INFO] [stdout] note: method defined here
[INFO] [stdout]    --> /rustc/0e09125c6c3c2fd70d7de961bcf0e51575235fad/library/std/src/thread/local.rs:329:12
[INFO] [stdout] help: try wrapping the expression in `Some`
[INFO] [stdout]     |
[INFO] [stdout] 546 |     OVERRIDE.set(Some(ForcedTamlValueType::List));
[INFO] [stdout]     |                  +++++                         +
[INFO] [stdout] 
[INFO] [stdout] 
[INFO] [stdout] error[E0308]: mismatched types
[INFO] [stdout]    --> /opt/rustwide/cargo-home/registry/src/index.crates.io-6f17d22bba15001f/serde_taml-0.0.3/src/de/type_overrides.rs:568:15
[INFO] [stdout]     |
[INFO] [stdout] 568 |     OVERRIDE.set(ForcedTamlValueType::String);
[INFO] [stdout]     |              --- ^^^^^^^^^^^^^^^^^^^^^^^^^^^ expected `Option<ForcedTamlValueType>`, found `ForcedTamlValueType`
[INFO] [stdout]     |              |
[INFO] [stdout]     |              arguments to this method are incorrect
[INFO] [stdout]     |
[INFO] [stdout]     = note: expected enum `std::option::Option<ForcedTamlValueType>`
[INFO] [stdout]                found enum `ForcedTamlValueType`
[INFO] [stdout] note: method defined here
[INFO] [stdout]    --> /rustc/0e09125c6c3c2fd70d7de961bcf0e51575235fad/library/std/src/thread/local.rs:329:12
[INFO] [stdout] help: try wrapping the expression in `Some`
[INFO] [stdout]     |
[INFO] [stdout] 568 |     OVERRIDE.set(Some(ForcedTamlValueType::String));
[INFO] [stdout]     |                  +++++                           +
[INFO] [stdout] 
[INFO] [stdout] 
[INFO] [stdout] error[E0308]: mismatched types
[INFO] [stdout]    --> /opt/rustwide/cargo-home/registry/src/index.crates.io-6f17d22bba15001f/serde_taml-0.0.3/src/de/type_overrides.rs:590:15
[INFO] [stdout]     |
[INFO] [stdout] 590 |     OVERRIDE.set(ForcedTamlValueType::Struct);
[INFO] [stdout]     |              --- ^^^^^^^^^^^^^^^^^^^^^^^^^^^ expected `Option<ForcedTamlValueType>`, found `ForcedTamlValueType`
[INFO] [stdout]     |              |
[INFO] [stdout]     |              arguments to this method are incorrect
[INFO] [stdout]     |
[INFO] [stdout]     = note: expected enum `std::option::Option<ForcedTamlValueType>`
[INFO] [stdout]                found enum `ForcedTamlValueType`
[INFO] [stdout] note: method defined here
[INFO] [stdout]    --> /rustc/0e09125c6c3c2fd70d7de961bcf0e51575235fad/library/std/src/thread/local.rs:329:12
[INFO] [stdout] help: try wrapping the expression in `Some`
[INFO] [stdout]     |
[INFO] [stdout] 590 |     OVERRIDE.set(Some(ForcedTamlValueType::Struct));
[INFO] [stdout]     |                  +++++                           +
[INFO] [stdout] 
[INFO] [stdout] 
[INFO] [stdout] error: aborting due to 7 previous errors
[INFO] [stdout] 
[INFO] [stdout] 
[INFO] [stdout] For more information about this error, try `rustc --explain E0308`.
[INFO] [stdout] 
[INFO] [stderr] error: could not compile `serde_taml` (lib) due to 8 previous errors
[INFO] [stderr] warning: build failed, waiting for other jobs to finish...
[INFO] running `Command { std: "docker" "inspect" "b6be3057ff376a0d3448830b71378f31008da44e33fccee3737ff9b49872addf", kill_on_drop: false }`
[INFO] running `Command { std: "docker" "rm" "-f" "b6be3057ff376a0d3448830b71378f31008da44e33fccee3737ff9b49872addf", kill_on_drop: false }`
[INFO] [stdout] b6be3057ff376a0d3448830b71378f31008da44e33fccee3737ff9b49872addf
