[INFO] fetching crate resemble-rust 1.1.0...
[INFO] testing resemble-rust-1.1.0 against 1.75.0 for beta-1.76-1
[INFO] extracting crate resemble-rust 1.1.0 into /workspace/builds/worker-1-tc1/source
[INFO] validating manifest of crates.io crate resemble-rust 1.1.0 on toolchain 1.75.0
[INFO] running `Command { std: CARGO_HOME="/workspace/cargo-home" RUSTUP_HOME="/workspace/rustup-home" "/workspace/cargo-home/bin/cargo" "+1.75.0" "metadata" "--manifest-path" "Cargo.toml" "--no-deps", kill_on_drop: false }`
[INFO] started tweaking crates.io crate resemble-rust 1.1.0
[INFO] finished tweaking crates.io crate resemble-rust 1.1.0
[INFO] tweaked toml for crates.io crate resemble-rust 1.1.0 written to /workspace/builds/worker-1-tc1/source/Cargo.toml
[INFO] running `Command { std: CARGO_HOME="/workspace/cargo-home" RUSTUP_HOME="/workspace/rustup-home" "/workspace/cargo-home/bin/cargo" "+1.75.0" "generate-lockfile" "--manifest-path" "Cargo.toml", kill_on_drop: false }`
[INFO] [stderr]     Updating crates.io index
[INFO] running `Command { std: CARGO_HOME="/workspace/cargo-home" RUSTUP_HOME="/workspace/rustup-home" "/workspace/cargo-home/bin/cargo" "+1.75.0" "fetch" "--manifest-path" "Cargo.toml", kill_on_drop: false }`
[INFO] running `Command { std: "docker" "create" "-v" "/var/lib/crater-agent-workspace/builds/worker-1-tc1/target:/opt/rustwide/target:rw,Z" "-v" "/var/lib/crater-agent-workspace/builds/worker-1-tc1/source:/opt/rustwide/workdir:ro,Z" "-v" "/var/lib/crater-agent-workspace/cargo-home:/opt/rustwide/cargo-home:ro,Z" "-v" "/var/lib/crater-agent-workspace/rustup-home:/opt/rustwide/rustup-home:ro,Z" "-e" "SOURCE_DIR=/opt/rustwide/workdir" "-e" "CARGO_TARGET_DIR=/opt/rustwide/target" "-e" "CARGO_HOME=/opt/rustwide/cargo-home" "-e" "RUSTUP_HOME=/opt/rustwide/rustup-home" "-w" "/opt/rustwide/workdir" "-m" "1610612736" "--user" "0:0" "--network" "none" "ghcr.io/rust-lang/crates-build-env/linux@sha256:2788e3201cd34a07e3172128adcd8b3090168a8e3bcc40d7c032b9dda1df7d1c" "/opt/rustwide/cargo-home/bin/cargo" "+1.75.0" "metadata" "--no-deps" "--format-version=1", kill_on_drop: false }`
[INFO] [stdout] 0140e3fed50c7c4997bd90977d8ebb6c6b4bbce746f2d734b813c51f3835b25c
[INFO] running `Command { std: "docker" "start" "-a" "0140e3fed50c7c4997bd90977d8ebb6c6b4bbce746f2d734b813c51f3835b25c", kill_on_drop: false }`
[INFO] running `Command { std: "docker" "inspect" "0140e3fed50c7c4997bd90977d8ebb6c6b4bbce746f2d734b813c51f3835b25c", kill_on_drop: false }`
[INFO] running `Command { std: "docker" "rm" "-f" "0140e3fed50c7c4997bd90977d8ebb6c6b4bbce746f2d734b813c51f3835b25c", kill_on_drop: false }`
[INFO] [stdout] 0140e3fed50c7c4997bd90977d8ebb6c6b4bbce746f2d734b813c51f3835b25c
[INFO] running `Command { std: "docker" "create" "-v" "/var/lib/crater-agent-workspace/builds/worker-1-tc1/target:/opt/rustwide/target:rw,Z" "-v" "/var/lib/crater-agent-workspace/builds/worker-1-tc1/source:/opt/rustwide/workdir:ro,Z" "-v" "/var/lib/crater-agent-workspace/cargo-home:/opt/rustwide/cargo-home:ro,Z" "-v" "/var/lib/crater-agent-workspace/rustup-home:/opt/rustwide/rustup-home:ro,Z" "-e" "SOURCE_DIR=/opt/rustwide/workdir" "-e" "CARGO_TARGET_DIR=/opt/rustwide/target" "-e" "CARGO_INCREMENTAL=0" "-e" "RUST_BACKTRACE=full" "-e" "RUSTFLAGS=--cap-lints=warn" "-e" "RUSTDOCFLAGS=--cap-lints=warn" "-e" "CARGO_HOME=/opt/rustwide/cargo-home" "-e" "RUSTUP_HOME=/opt/rustwide/rustup-home" "-w" "/opt/rustwide/workdir" "-m" "1610612736" "--user" "0:0" "--network" "none" "ghcr.io/rust-lang/crates-build-env/linux@sha256:2788e3201cd34a07e3172128adcd8b3090168a8e3bcc40d7c032b9dda1df7d1c" "/opt/rustwide/cargo-home/bin/cargo" "+1.75.0" "build" "--frozen" "--message-format=json", kill_on_drop: false }`
[INFO] [stdout] b723b205ca7bb43e4a06607b33ebb58856945b7e58e40a0fc753956cf465d0dd
[INFO] running `Command { std: "docker" "start" "-a" "b723b205ca7bb43e4a06607b33ebb58856945b7e58e40a0fc753956cf465d0dd", kill_on_drop: false }`
[INFO] [stderr]    Compiling libc v0.2.151
[INFO] [stderr]    Compiling proc-macro2 v1.0.75
[INFO] [stderr]    Compiling unicode-ident v1.0.12
[INFO] [stderr]    Compiling pkg-config v0.3.28
[INFO] [stderr]    Compiling pin-project-lite v0.2.13
[INFO] [stderr]    Compiling once_cell v1.19.0
[INFO] [stderr]    Compiling bytes v1.5.0
[INFO] [stderr]    Compiling itoa v1.0.10
[INFO] [stderr]    Compiling slab v0.4.9
[INFO] [stderr]    Compiling futures-core v0.3.30
[INFO] [stderr]    Compiling version_check v0.9.4
[INFO] [stderr]    Compiling tracing-core v0.1.32
[INFO] [stderr]    Compiling foreign-types-shared v0.1.1
[INFO] [stderr]    Compiling fnv v1.0.7
[INFO] [stderr]    Compiling openssl v0.10.62
[INFO] [stderr]    Compiling serde v1.0.194
[INFO] [stderr]    Compiling unicase v2.7.0
[INFO] [stderr]    Compiling http v0.2.11
[INFO] [stderr]    Compiling tracing v0.1.40
[INFO] [stderr]    Compiling foreign-types v0.3.2
[INFO] [stderr]    Compiling futures-task v0.3.30
[INFO] [stderr]    Compiling bitflags v2.4.1
[INFO] [stderr]    Compiling quote v1.0.35
[INFO] [stderr]    Compiling futures-io v0.3.30
[INFO] [stderr]    Compiling memchr v2.7.1
[INFO] [stderr]    Compiling httparse v1.8.0
[INFO] [stderr]    Compiling native-tls v0.2.11
[INFO] [stderr]    Compiling hashbrown v0.14.3
[INFO] [stderr]    Compiling syn v2.0.48
[INFO] [stderr]    Compiling futures-sink v0.3.30
[INFO] [stderr]    Compiling pin-utils v0.1.0
[INFO] [stderr]    Compiling futures-util v0.3.30
[INFO] [stderr]    Compiling openssl-probe v0.1.5
[INFO] [stderr]    Compiling log v0.4.20
[INFO] [stderr]    Compiling try-lock v0.2.5
[INFO] [stderr]    Compiling percent-encoding v2.3.1
[INFO] [stderr]    Compiling http-body v0.4.6
[INFO] [stderr]    Compiling form_urlencoded v1.2.1
[INFO] [stderr]    Compiling want v0.3.1
[INFO] [stderr]    Compiling mime_guess v2.0.4
[INFO] [stderr]    Compiling futures-channel v0.3.30
[INFO] [stderr]    Compiling cc v1.0.83
[INFO] [stderr]    Compiling num_cpus v1.16.0
[INFO] [stderr]    Compiling mio v0.8.10
[INFO] [stderr]    Compiling socket2 v0.5.5
[INFO] [stderr]    Compiling indexmap v2.1.0
[INFO] [stderr]    Compiling num-traits v0.2.17
[INFO] [stderr]    Compiling ryu v1.0.16
[INFO] [stderr]    Compiling serde_json v1.0.111
[INFO] [stderr]    Compiling tokio v1.35.1
[INFO] [stderr]    Compiling httpdate v1.0.3
[INFO] [stderr]    Compiling unicode-bidi v0.3.14
[INFO] [stderr]    Compiling tower-service v0.3.2
[INFO] [stderr]    Compiling mime v0.3.17
[INFO] [stderr]    Compiling encoding_rs v0.8.33
[INFO] [stderr]    Compiling openssl-sys v0.9.98
[INFO] [stderr]    Compiling idna v0.5.0
[INFO] [stderr]    Compiling base64 v0.21.5
[INFO] [stderr]    Compiling ipnet v2.9.0
[INFO] [stderr]    Compiling url v2.5.0
[INFO] [stderr]    Compiling iana-time-zone v0.1.59
[INFO] [stderr]    Compiling serde_derive v1.0.194
[INFO] [stderr]    Compiling openssl-macros v0.1.1
[INFO] [stderr]    Compiling tokio-util v0.7.10
[INFO] [stderr]    Compiling h2 v0.3.22
[INFO] [stderr]    Compiling tokio-native-tls v0.3.1
[INFO] [stderr]    Compiling hyper v0.14.28
[INFO] [stderr]    Compiling serde_urlencoded v0.7.1
[INFO] [stderr]    Compiling chrono v0.4.31
[INFO] [stderr]    Compiling hyper-tls v0.5.0
[INFO] [stderr]    Compiling reqwest v0.11.23
[INFO] [stderr]    Compiling resemble-rust v1.1.0 (/opt/rustwide/workdir)
[INFO] [stdout] warning: unused import: `return_json_error`
[INFO] [stdout]    --> src/lib.rs:353:21
[INFO] [stdout]     |
[INFO] [stdout] 353 |                     return_json_error, return_json_response, APIResponse, DeleteResponse,
[INFO] [stdout]     |                     ^^^^^^^^^^^^^^^^^
[INFO] [stdout]     |
[INFO] [stdout]     = note: `#[warn(unused_imports)]` on by default
[INFO] [stdout] 
[INFO] [stdout] 
[INFO] [stdout] warning: unused imports: `ErrorResponse`, `return_json_error`
[INFO] [stdout]    --> src/lib.rs:482:21
[INFO] [stdout]     |
[INFO] [stdout] 482 |                     return_json_error, return_json_response, APIResponse, DeleteResponse,
[INFO] [stdout]     |                     ^^^^^^^^^^^^^^^^^
[INFO] [stdout] 483 |                     ErrorResponse, PaginationResponse, ReadResponse, UpdateResponse, WriteResponse,
[INFO] [stdout]     |                     ^^^^^^^^^^^^^
[INFO] [stdout] 
[INFO] [stdout] 
[INFO] [stdout] warning: module `Resemble` should have a snake case name
[INFO] [stdout]  --> src/lib.rs:3:9
[INFO] [stdout]   |
[INFO] [stdout] 3 | pub mod Resemble {
[INFO] [stdout]   |         ^^^^^^^^ help: convert the identifier to snake case: `resemble`
[INFO] [stdout]   |
[INFO] [stdout]   = note: `#[warn(non_snake_case)]` on by default
[INFO] [stdout] 
[INFO] [stdout] 
[INFO] [stdout] warning: 3 warnings emitted
[INFO] [stdout] 
[INFO] [stdout] 
[INFO] [stderr]     Finished dev [unoptimized + debuginfo] target(s) in 1m 02s
[INFO] running `Command { std: "docker" "inspect" "b723b205ca7bb43e4a06607b33ebb58856945b7e58e40a0fc753956cf465d0dd", kill_on_drop: false }`
[INFO] running `Command { std: "docker" "rm" "-f" "b723b205ca7bb43e4a06607b33ebb58856945b7e58e40a0fc753956cf465d0dd", kill_on_drop: false }`
[INFO] [stdout] b723b205ca7bb43e4a06607b33ebb58856945b7e58e40a0fc753956cf465d0dd
[INFO] running `Command { std: "docker" "create" "-v" "/var/lib/crater-agent-workspace/builds/worker-1-tc1/target:/opt/rustwide/target:rw,Z" "-v" "/var/lib/crater-agent-workspace/builds/worker-1-tc1/source:/opt/rustwide/workdir:ro,Z" "-v" "/var/lib/crater-agent-workspace/cargo-home:/opt/rustwide/cargo-home:ro,Z" "-v" "/var/lib/crater-agent-workspace/rustup-home:/opt/rustwide/rustup-home:ro,Z" "-e" "SOURCE_DIR=/opt/rustwide/workdir" "-e" "CARGO_TARGET_DIR=/opt/rustwide/target" "-e" "CARGO_INCREMENTAL=0" "-e" "RUST_BACKTRACE=full" "-e" "RUSTFLAGS=--cap-lints=warn" "-e" "RUSTDOCFLAGS=--cap-lints=warn" "-e" "CARGO_HOME=/opt/rustwide/cargo-home" "-e" "RUSTUP_HOME=/opt/rustwide/rustup-home" "-w" "/opt/rustwide/workdir" "-m" "1610612736" "--user" "0:0" "--network" "none" "ghcr.io/rust-lang/crates-build-env/linux@sha256:2788e3201cd34a07e3172128adcd8b3090168a8e3bcc40d7c032b9dda1df7d1c" "/opt/rustwide/cargo-home/bin/cargo" "+1.75.0" "test" "--frozen" "--no-run" "--message-format=json", kill_on_drop: false }`
[INFO] [stdout] d1cdde7ba298bce47bfb1783541078fbf909a7200ed5a6290fb61aedcad372f7
[INFO] running `Command { std: "docker" "start" "-a" "d1cdde7ba298bce47bfb1783541078fbf909a7200ed5a6290fb61aedcad372f7", kill_on_drop: false }`
[INFO] [stderr]    Compiling resemble-rust v1.1.0 (/opt/rustwide/workdir)
[INFO] [stdout] warning: unused import: `return_json_error`
[INFO] [stdout]    --> src/lib.rs:353:21
[INFO] [stdout]     |
[INFO] [stdout] 353 |                     return_json_error, return_json_response, APIResponse, DeleteResponse,
[INFO] [stdout]     |                     ^^^^^^^^^^^^^^^^^
[INFO] [stdout]     |
[INFO] [stdout]     = note: `#[warn(unused_imports)]` on by default
[INFO] [stdout] 
[INFO] [stdout] 
[INFO] [stdout] warning: unused imports: `ErrorResponse`, `return_json_error`
[INFO] [stdout]    --> src/lib.rs:482:21
[INFO] [stdout]     |
[INFO] [stdout] 482 |                     return_json_error, return_json_response, APIResponse, DeleteResponse,
[INFO] [stdout]     |                     ^^^^^^^^^^^^^^^^^
[INFO] [stdout] 483 |                     ErrorResponse, PaginationResponse, ReadResponse, UpdateResponse, WriteResponse,
[INFO] [stdout]     |                     ^^^^^^^^^^^^^
[INFO] [stdout] 
[INFO] [stdout] 
[INFO] [stdout] warning: module `Resemble` should have a snake case name
[INFO] [stdout]  --> src/lib.rs:3:9
[INFO] [stdout]   |
[INFO] [stdout] 3 | pub mod Resemble {
[INFO] [stdout]   |         ^^^^^^^^ help: convert the identifier to snake case: `resemble`
[INFO] [stdout]   |
[INFO] [stdout]   = note: `#[warn(non_snake_case)]` on by default
[INFO] [stdout] 
[INFO] [stdout] 
[INFO] [stdout] warning: 3 warnings emitted
[INFO] [stdout] 
[INFO] [stdout] 
[INFO] [stdout] warning: unused import: `return_json_error`
[INFO] [stdout]    --> src/lib.rs:353:21
[INFO] [stdout]     |
[INFO] [stdout] 353 |                     return_json_error, return_json_response, APIResponse, DeleteResponse,
[INFO] [stdout]     |                     ^^^^^^^^^^^^^^^^^
[INFO] [stdout]     |
[INFO] [stdout]     = note: `#[warn(unused_imports)]` on by default
[INFO] [stdout] 
[INFO] [stdout] 
[INFO] [stdout] warning: unused imports: `ErrorResponse`, `return_json_error`
[INFO] [stdout]    --> src/lib.rs:482:21
[INFO] [stdout]     |
[INFO] [stdout] 482 |                     return_json_error, return_json_response, APIResponse, DeleteResponse,
[INFO] [stdout]     |                     ^^^^^^^^^^^^^^^^^
[INFO] [stdout] 483 |                     ErrorResponse, PaginationResponse, ReadResponse, UpdateResponse, WriteResponse,
[INFO] [stdout]     |                     ^^^^^^^^^^^^^
[INFO] [stdout] 
[INFO] [stdout] 
[INFO] [stdout] error[E0063]: missing fields `callback_uri` and `dataset_url` in initializer of `VoiceInput`
[INFO] [stdout]    --> src/lib.rs:707:53
[INFO] [stdout]     |
[INFO] [stdout] 707 |             let voice = Resemble::v2::voice::create(VoiceInput {
[INFO] [stdout]     |                                                     ^^^^^^^^^^ missing `callback_uri` and `dataset_url`
[INFO] [stdout] 
[INFO] [stdout] 
[INFO] [stdout] error[E0063]: missing fields `callback_uri` and `dataset_url` in initializer of `VoiceInput`
[INFO] [stdout]    --> src/lib.rs:716:17
[INFO] [stdout]     |
[INFO] [stdout] 716 |                 VoiceInput {
[INFO] [stdout]     |                 ^^^^^^^^^^ missing `callback_uri` and `dataset_url`
[INFO] [stdout] 
[INFO] [stdout] 
[INFO] [stdout] error[E0308]: mismatched types
[INFO] [stdout]    --> src/lib.rs:716:17
[INFO] [stdout]     |
[INFO] [stdout] 714 |               let updated_voice = Resemble::v2::voice::update(
[INFO] [stdout]     |                                   --------------------------- arguments to this function are incorrect
[INFO] [stdout] 715 |                   voice.item.unwrap().uuid,
[INFO] [stdout] 716 | /                 VoiceInput {
[INFO] [stdout] 717 | |                     name: "Updated Test voice".to_string(),
[INFO] [stdout] 718 | |                 },
[INFO] [stdout]     | |_________________^ expected `UpdateVoiceInput`, found `VoiceInput`
[INFO] [stdout]     |
[INFO] [stdout] note: function defined here
[INFO] [stdout]    --> src/lib.rs:302:20
[INFO] [stdout]     |
[INFO] [stdout] 302 |             pub fn update(uuid: String, voice: UpdateVoiceInput) -> APIResponse<UpdateResponse<Voice>> {
[INFO] [stdout]     |                    ^^^^^^               -----------------------
[INFO] [stdout] 
[INFO] [stdout] 
[INFO] [stdout] error[E0063]: missing fields `callback_uri` and `dataset_url` in initializer of `VoiceInput`
[INFO] [stdout]    --> src/lib.rs:825:53
[INFO] [stdout]     |
[INFO] [stdout] 825 |             let voice = Resemble::v2::voice::create(VoiceInput {
[INFO] [stdout]     |                                                     ^^^^^^^^^^ missing `callback_uri` and `dataset_url`
[INFO] [stdout] 
[INFO] [stdout] 
[INFO] [stdout] error: aborting due to 4 previous errors; 2 warnings emitted
[INFO] [stdout] 
[INFO] [stdout] 
[INFO] [stdout] Some errors have detailed explanations: E0063, E0308.
[INFO] [stdout] 
[INFO] [stdout] For more information about an error, try `rustc --explain E0063`.
[INFO] [stdout] 
[INFO] [stderr] error: could not compile `resemble-rust` (lib test) due to 5 previous errors; 2 warnings emitted
[INFO] running `Command { std: "docker" "inspect" "d1cdde7ba298bce47bfb1783541078fbf909a7200ed5a6290fb61aedcad372f7", kill_on_drop: false }`
[INFO] running `Command { std: "docker" "rm" "-f" "d1cdde7ba298bce47bfb1783541078fbf909a7200ed5a6290fb61aedcad372f7", kill_on_drop: false }`
[INFO] [stdout] d1cdde7ba298bce47bfb1783541078fbf909a7200ed5a6290fb61aedcad372f7
