[INFO] fetching crate requiem-connect 1.0.2...
[INFO] testing requiem-connect-1.0.2 against 1.75.0 for beta-1.76-1
[INFO] extracting crate requiem-connect 1.0.2 into /workspace/builds/worker-5-tc1/source
[INFO] validating manifest of crates.io crate requiem-connect 1.0.2 on toolchain 1.75.0
[INFO] running `Command { std: CARGO_HOME="/workspace/cargo-home" RUSTUP_HOME="/workspace/rustup-home" "/workspace/cargo-home/bin/cargo" "+1.75.0" "metadata" "--manifest-path" "Cargo.toml" "--no-deps", kill_on_drop: false }`
[INFO] started tweaking crates.io crate requiem-connect 1.0.2
[INFO] finished tweaking crates.io crate requiem-connect 1.0.2
[INFO] tweaked toml for crates.io crate requiem-connect 1.0.2 written to /workspace/builds/worker-5-tc1/source/Cargo.toml
[INFO] running `Command { std: CARGO_HOME="/workspace/cargo-home" RUSTUP_HOME="/workspace/rustup-home" "/workspace/cargo-home/bin/cargo" "+1.75.0" "generate-lockfile" "--manifest-path" "Cargo.toml", kill_on_drop: false }`
[INFO] [stderr]     Updating crates.io index
[INFO] running `Command { std: CARGO_HOME="/workspace/cargo-home" RUSTUP_HOME="/workspace/rustup-home" "/workspace/cargo-home/bin/cargo" "+1.75.0" "fetch" "--manifest-path" "Cargo.toml", kill_on_drop: false }`
[INFO] [stderr]  Downloading crates ...
[INFO] [stderr]   Downloaded requiem-codec v0.2.0
[INFO] [stderr]   Downloaded requiem-rt v1.0.0
[INFO] [stderr]   Downloaded requiem-macros v0.1.1
[INFO] [stderr]   Downloaded requiem-utils v1.0.6
[INFO] [stderr]   Downloaded requiem-threadpool v0.3.1
[INFO] [stderr]   Downloaded requiem-service v1.0.5
[INFO] [stderr]   Downloaded tokio-rustls v0.12.3
[INFO] running `Command { std: "docker" "create" "-v" "/var/lib/crater-agent-workspace/builds/worker-5-tc1/target:/opt/rustwide/target:rw,Z" "-v" "/var/lib/crater-agent-workspace/builds/worker-5-tc1/source:/opt/rustwide/workdir:ro,Z" "-v" "/var/lib/crater-agent-workspace/cargo-home:/opt/rustwide/cargo-home:ro,Z" "-v" "/var/lib/crater-agent-workspace/rustup-home:/opt/rustwide/rustup-home:ro,Z" "-e" "SOURCE_DIR=/opt/rustwide/workdir" "-e" "CARGO_TARGET_DIR=/opt/rustwide/target" "-e" "CARGO_HOME=/opt/rustwide/cargo-home" "-e" "RUSTUP_HOME=/opt/rustwide/rustup-home" "-w" "/opt/rustwide/workdir" "-m" "1610612736" "--user" "0:0" "--network" "none" "ghcr.io/rust-lang/crates-build-env/linux@sha256:2788e3201cd34a07e3172128adcd8b3090168a8e3bcc40d7c032b9dda1df7d1c" "/opt/rustwide/cargo-home/bin/cargo" "+1.75.0" "metadata" "--no-deps" "--format-version=1", kill_on_drop: false }`
[INFO] [stdout] 17a41e9aaa3614e34866f14e2c56316871ad9ef0fbc967b700886bbd0c0721b7
[INFO] running `Command { std: "docker" "start" "-a" "17a41e9aaa3614e34866f14e2c56316871ad9ef0fbc967b700886bbd0c0721b7", kill_on_drop: false }`
[INFO] running `Command { std: "docker" "inspect" "17a41e9aaa3614e34866f14e2c56316871ad9ef0fbc967b700886bbd0c0721b7", kill_on_drop: false }`
[INFO] running `Command { std: "docker" "rm" "-f" "17a41e9aaa3614e34866f14e2c56316871ad9ef0fbc967b700886bbd0c0721b7", kill_on_drop: false }`
[INFO] [stdout] 17a41e9aaa3614e34866f14e2c56316871ad9ef0fbc967b700886bbd0c0721b7
[INFO] running `Command { std: "docker" "create" "-v" "/var/lib/crater-agent-workspace/builds/worker-5-tc1/target:/opt/rustwide/target:rw,Z" "-v" "/var/lib/crater-agent-workspace/builds/worker-5-tc1/source:/opt/rustwide/workdir:ro,Z" "-v" "/var/lib/crater-agent-workspace/cargo-home:/opt/rustwide/cargo-home:ro,Z" "-v" "/var/lib/crater-agent-workspace/rustup-home:/opt/rustwide/rustup-home:ro,Z" "-e" "SOURCE_DIR=/opt/rustwide/workdir" "-e" "CARGO_TARGET_DIR=/opt/rustwide/target" "-e" "CARGO_INCREMENTAL=0" "-e" "RUST_BACKTRACE=full" "-e" "RUSTFLAGS=--cap-lints=warn" "-e" "RUSTDOCFLAGS=--cap-lints=warn" "-e" "CARGO_HOME=/opt/rustwide/cargo-home" "-e" "RUSTUP_HOME=/opt/rustwide/rustup-home" "-w" "/opt/rustwide/workdir" "-m" "1610612736" "--user" "0:0" "--network" "none" "ghcr.io/rust-lang/crates-build-env/linux@sha256:2788e3201cd34a07e3172128adcd8b3090168a8e3bcc40d7c032b9dda1df7d1c" "/opt/rustwide/cargo-home/bin/cargo" "+1.75.0" "build" "--frozen" "--message-format=json", kill_on_drop: false }`
[INFO] [stdout] e315c9e52af3cf17fdbc8aae5b8f7aafa55fb5858b52c8d62b4fbf35920c00c2
[INFO] running `Command { std: "docker" "start" "-a" "e315c9e52af3cf17fdbc8aae5b8f7aafa55fb5858b52c8d62b4fbf35920c00c2", kill_on_drop: false }`
[INFO] [stderr]    Compiling libc v0.2.151
[INFO] [stderr]    Compiling syn v1.0.109
[INFO] [stderr]    Compiling futures-core v0.3.30
[INFO] [stderr]    Compiling futures-sink v0.3.30
[INFO] [stderr]    Compiling getrandom v0.1.16
[INFO] [stderr]    Compiling tinyvec_macros v0.1.1
[INFO] [stderr]    Compiling gimli v0.28.1
[INFO] [stderr]    Compiling failure_derive v0.1.8
[INFO] [stderr]    Compiling adler v1.0.2
[INFO] [stderr]    Compiling pin-project-internal v0.4.30
[INFO] [stderr]    Compiling unicode-bidi v0.3.14
[INFO] [stderr]    Compiling unicode-xid v0.2.4
[INFO] [stderr]    Compiling object v0.32.2
[INFO] [stderr]    Compiling lock_api v0.3.4
[INFO] [stderr]    Compiling percent-encoding v2.3.1
[INFO] [stderr]    Compiling rustc-demangle v0.1.23
[INFO] [stderr]    Compiling tinyvec v1.6.0
[INFO] [stderr]    Compiling futures-channel v0.3.30
[INFO] [stderr]    Compiling miniz_oxide v0.7.1
[INFO] [stderr]    Compiling async-trait v0.1.77
[INFO] [stderr]    Compiling convert_case v0.4.0
[INFO] [stderr]    Compiling form_urlencoded v1.2.1
[INFO] [stderr]    Compiling matches v0.1.10
[INFO] [stderr]    Compiling match_cfg v0.1.0
[INFO] [stderr]    Compiling bytes v1.5.0
[INFO] [stderr]    Compiling futures-util v0.3.30
[INFO] [stderr]    Compiling either v1.9.0
[INFO] [stderr]    Compiling itoa v1.0.10
[INFO] [stderr]    Compiling http v0.2.11
[INFO] [stderr]    Compiling unicode-normalization v0.1.22
[INFO] [stderr]    Compiling net2 v0.2.39
[INFO] [stderr]    Compiling iovec v0.1.4
[INFO] [stderr]    Compiling signal-hook-registry v1.4.1
[INFO] [stderr]    Compiling cc v1.0.83
[INFO] [stderr]    Compiling num_cpus v1.16.0
[INFO] [stderr]    Compiling parking_lot_core v0.7.3
[INFO] [stderr]    Compiling hostname v0.3.1
[INFO] [stderr]    Compiling socket2 v0.3.19
[INFO] [stderr]    Compiling resolv-conf v0.6.3
[INFO] [stderr]    Compiling threadpool v1.8.1
[INFO] [stderr]    Compiling mio v0.6.23
[INFO] [stderr]    Compiling rand_core v0.5.1
[INFO] [stderr]    Compiling idna v0.5.0
[INFO] [stderr]    Compiling parking_lot v0.10.2
[INFO] [stderr]    Compiling rand_chacha v0.2.2
[INFO] [stderr]    Compiling idna v0.2.3
[INFO] [stderr]    Compiling url v2.5.0
[INFO] [stderr]    Compiling rand v0.7.3
[INFO] [stderr]    Compiling mio-uds v0.6.8
[INFO] [stderr]    Compiling addr2line v0.21.0
[INFO] [stderr]    Compiling backtrace v0.3.69
[INFO] [stderr]    Compiling tokio v0.2.25
[INFO] [stderr]    Compiling futures-executor v0.3.30
[INFO] [stderr]    Compiling futures v0.3.30
[INFO] [stderr]    Compiling tokio-util v0.2.0
[INFO] [stderr]    Compiling synstructure v0.12.6
[INFO] [stderr]    Compiling requiem-codec v0.2.0
[INFO] [stderr]    Compiling derive_more v0.99.17
[INFO] [stderr]    Compiling requiem-macros v0.1.1
[INFO] [stderr]    Compiling enum-as-inner v0.3.4
[INFO] [stderr]    Compiling failure v0.1.8
[INFO] [stderr]    Compiling trust-dns-proto v0.18.0-alpha.2
[INFO] [stderr]    Compiling pin-project v0.4.30
[INFO] [stderr]    Compiling requiem-service v1.0.5
[INFO] [stderr]    Compiling trust-dns-resolver v0.18.0-alpha.2
[INFO] [stderr]    Compiling requiem-threadpool v0.3.1
[INFO] [stderr]    Compiling requiem-rt v1.0.0
[INFO] [stderr]    Compiling requiem-utils v1.0.6
[INFO] [stderr]    Compiling requiem-connect v1.0.2 (/opt/rustwide/workdir)
[INFO] [stderr]     Finished dev [unoptimized + debuginfo] target(s) in 9.50s
[INFO] running `Command { std: "docker" "inspect" "e315c9e52af3cf17fdbc8aae5b8f7aafa55fb5858b52c8d62b4fbf35920c00c2", kill_on_drop: false }`
[INFO] running `Command { std: "docker" "rm" "-f" "e315c9e52af3cf17fdbc8aae5b8f7aafa55fb5858b52c8d62b4fbf35920c00c2", kill_on_drop: false }`
[INFO] [stdout] e315c9e52af3cf17fdbc8aae5b8f7aafa55fb5858b52c8d62b4fbf35920c00c2
[INFO] running `Command { std: "docker" "create" "-v" "/var/lib/crater-agent-workspace/builds/worker-5-tc1/target:/opt/rustwide/target:rw,Z" "-v" "/var/lib/crater-agent-workspace/builds/worker-5-tc1/source:/opt/rustwide/workdir:ro,Z" "-v" "/var/lib/crater-agent-workspace/cargo-home:/opt/rustwide/cargo-home:ro,Z" "-v" "/var/lib/crater-agent-workspace/rustup-home:/opt/rustwide/rustup-home:ro,Z" "-e" "SOURCE_DIR=/opt/rustwide/workdir" "-e" "CARGO_TARGET_DIR=/opt/rustwide/target" "-e" "CARGO_INCREMENTAL=0" "-e" "RUST_BACKTRACE=full" "-e" "RUSTFLAGS=--cap-lints=warn" "-e" "RUSTDOCFLAGS=--cap-lints=warn" "-e" "CARGO_HOME=/opt/rustwide/cargo-home" "-e" "RUSTUP_HOME=/opt/rustwide/rustup-home" "-w" "/opt/rustwide/workdir" "-m" "1610612736" "--user" "0:0" "--network" "none" "ghcr.io/rust-lang/crates-build-env/linux@sha256:2788e3201cd34a07e3172128adcd8b3090168a8e3bcc40d7c032b9dda1df7d1c" "/opt/rustwide/cargo-home/bin/cargo" "+1.75.0" "test" "--frozen" "--no-run" "--message-format=json", kill_on_drop: false }`
[INFO] [stdout] 6c5a00482a479a3a85f7a03f1a4f4aa7d2355c13ad40899c07d19c65714a9edd
[INFO] running `Command { std: "docker" "start" "-a" "6c5a00482a479a3a85f7a03f1a4f4aa7d2355c13ad40899c07d19c65714a9edd", kill_on_drop: false }`
[INFO] [stderr]    Compiling requiem-connect v1.0.2 (/opt/rustwide/workdir)
[INFO] [stdout] error[E0433]: failed to resolve: use of undeclared crate or module `actix_connect`
[INFO] [stdout]   --> tests/test_connect.rs:10:5
[INFO] [stdout]    |
[INFO] [stdout] 10 | use actix_connect::resolver::{ResolverConfig, ResolverOpts};
[INFO] [stdout]    |     ^^^^^^^^^^^^^ use of undeclared crate or module `actix_connect`
[INFO] [stdout] 
[INFO] [stdout] 
[INFO] [stdout] error[E0432]: unresolved import `requiem_testing`
[INFO] [stdout]  --> tests/test_connect.rs:6:5
[INFO] [stdout]   |
[INFO] [stdout] 6 | use requiem_testing::TestServer;
[INFO] [stdout]   |     ^^^^^^^^^^^^^^^ use of undeclared crate or module `requiem_testing`
[INFO] [stdout]   |
[INFO] [stdout] help: there is a crate or module with a similar name
[INFO] [stdout]   |
[INFO] [stdout] 6 | use requiem_service::TestServer;
[INFO] [stdout]   |     ~~~~~~~~~~~~~~~
[INFO] [stdout] 
[INFO] [stdout] 
[INFO] [stdout] error[E0432]: unresolved import `actix_connect`
[INFO] [stdout]   --> tests/test_connect.rs:11:5
[INFO] [stdout]    |
[INFO] [stdout] 11 | use actix_connect::Connect;
[INFO] [stdout]    |     ^^^^^^^^^^^^^ use of undeclared crate or module `actix_connect`
[INFO] [stdout] 
[INFO] [stdout] 
[INFO] [stdout] error[E0433]: failed to resolve: use of undeclared crate or module `actix_rt`
[INFO] [stdout]   --> tests/test_connect.rs:75:3
[INFO] [stdout]    |
[INFO] [stdout] 75 | #[actix_rt::test]
[INFO] [stdout]    |   ^^^^^^^^ use of undeclared crate or module `actix_rt`
[INFO] [stdout] 
[INFO] [stdout] 
[INFO] [stdout] error[E0433]: failed to resolve: use of undeclared crate or module `actix_rt`
[INFO] [stdout]   --> tests/test_connect.rs:51:3
[INFO] [stdout]    |
[INFO] [stdout] 51 | #[actix_rt::test]
[INFO] [stdout]    |   ^^^^^^^^ use of undeclared crate or module `actix_rt`
[INFO] [stdout] 
[INFO] [stdout] 
[INFO] [stdout] error[E0433]: failed to resolve: use of undeclared crate or module `actix_connect`
[INFO] [stdout]   --> tests/test_connect.rs:63:20
[INFO] [stdout]    |
[INFO] [stdout] 63 |     let resolver = actix_connect::start_default_resolver();
[INFO] [stdout]    |                    ^^^^^^^^^^^^^ use of undeclared crate or module `actix_connect`
[INFO] [stdout] 
[INFO] [stdout] 
[INFO] [stdout] error[E0433]: failed to resolve: use of undeclared crate or module `actix_connect`
[INFO] [stdout]   --> tests/test_connect.rs:64:20
[INFO] [stdout]    |
[INFO] [stdout] 64 |     let mut conn = actix_connect::new_connector(resolver.clone());
[INFO] [stdout]    |                    ^^^^^^^^^^^^^ use of undeclared crate or module `actix_connect`
[INFO] [stdout] 
[INFO] [stdout] 
[INFO] [stdout] error[E0433]: failed to resolve: use of undeclared crate or module `actix_connect`
[INFO] [stdout]   --> tests/test_connect.rs:70:20
[INFO] [stdout]    |
[INFO] [stdout] 70 |     let mut conn = actix_connect::new_connector(resolver);
[INFO] [stdout]    |                    ^^^^^^^^^^^^^ use of undeclared crate or module `actix_connect`
[INFO] [stdout] 
[INFO] [stdout] 
[INFO] [stdout] error[E0433]: failed to resolve: use of undeclared crate or module `actix_connect`
[INFO] [stdout]   --> tests/test_connect.rs:88:9
[INFO] [stdout]    |
[INFO] [stdout] 88 |         actix_connect::start_resolver(ResolverConfig::default(), ResolverOpts::default());
[INFO] [stdout]    |         ^^^^^^^^^^^^^ use of undeclared crate or module `actix_connect`
[INFO] [stdout] 
[INFO] [stdout] 
[INFO] [stdout] error[E0433]: failed to resolve: use of undeclared crate or module `actix_connect`
[INFO] [stdout]   --> tests/test_connect.rs:90:19
[INFO] [stdout]    |
[INFO] [stdout] 90 |     let factory = actix_connect::new_connector_factory(resolver);
[INFO] [stdout]    |                   ^^^^^^^^^^^^^ use of undeclared crate or module `actix_connect`
[INFO] [stdout] 
[INFO] [stdout] 
[INFO] [stdout] warning: unused import: `Service`
[INFO] [stdout]  --> tests/test_connect.rs:5:35
[INFO] [stdout]   |
[INFO] [stdout] 5 | use requiem_service::{fn_service, Service, ServiceFactory};
[INFO] [stdout]   |                                   ^^^^^^^
[INFO] [stdout]   |
[INFO] [stdout]   = note: `#[warn(unused_imports)]` on by default
[INFO] [stdout] 
[INFO] [stdout] 
[INFO] [stdout] warning: unused import: `ServiceFactory`
[INFO] [stdout]  --> tests/test_connect.rs:5:44
[INFO] [stdout]   |
[INFO] [stdout] 5 | use requiem_service::{fn_service, Service, ServiceFactory};
[INFO] [stdout]   |                                            ^^^^^^^^^^^^^^
[INFO] [stdout] 
[INFO] [stdout] 
[INFO] [stdout] error: aborting due to 10 previous errors; 2 warnings emitted
[INFO] [stdout] 
[INFO] [stdout] 
[INFO] [stdout] Some errors have detailed explanations: E0432, E0433.
[INFO] [stdout] 
[INFO] [stdout] For more information about an error, try `rustc --explain E0432`.
[INFO] [stdout] 
[INFO] [stderr] error: could not compile `requiem-connect` (test "test_connect") due to 11 previous errors; 2 warnings emitted
[INFO] [stderr] warning: build failed, waiting for other jobs to finish...
[INFO] running `Command { std: "docker" "inspect" "6c5a00482a479a3a85f7a03f1a4f4aa7d2355c13ad40899c07d19c65714a9edd", kill_on_drop: false }`
[INFO] running `Command { std: "docker" "rm" "-f" "6c5a00482a479a3a85f7a03f1a4f4aa7d2355c13ad40899c07d19c65714a9edd", kill_on_drop: false }`
[INFO] [stdout] 6c5a00482a479a3a85f7a03f1a4f4aa7d2355c13ad40899c07d19c65714a9edd
