[INFO] fetching crate request-window-attention 0.1.4...
[INFO] testing request-window-attention-0.1.4 against 1.75.0 for beta-1.76-1
[INFO] extracting crate request-window-attention 0.1.4 into /workspace/builds/worker-1-tc1/source
[INFO] validating manifest of crates.io crate request-window-attention 0.1.4 on toolchain 1.75.0
[INFO] running `Command { std: CARGO_HOME="/workspace/cargo-home" RUSTUP_HOME="/workspace/rustup-home" "/workspace/cargo-home/bin/cargo" "+1.75.0" "metadata" "--manifest-path" "Cargo.toml" "--no-deps", kill_on_drop: false }`
[INFO] removed /workspace/builds/worker-1-tc1/source/.cargo/config.toml
[INFO] removed /workspace/builds/worker-1-tc1/source/rust-toolchain
[INFO] started tweaking crates.io crate request-window-attention 0.1.4
[INFO] finished tweaking crates.io crate request-window-attention 0.1.4
[INFO] tweaked toml for crates.io crate request-window-attention 0.1.4 written to /workspace/builds/worker-1-tc1/source/Cargo.toml
[INFO] crate crates.io crate request-window-attention 0.1.4 already has a lockfile, it will not be regenerated
[INFO] running `Command { std: CARGO_HOME="/workspace/cargo-home" RUSTUP_HOME="/workspace/rustup-home" "/workspace/cargo-home/bin/cargo" "+1.75.0" "fetch" "--manifest-path" "Cargo.toml", kill_on_drop: false }`
[INFO] [stderr]     Updating crates.io index
[INFO] [stderr]     Blocking waiting for file lock on package cache
[INFO] [stderr]  Downloading crates ...
[INFO] [stderr]   Downloaded aho-corasick v1.0.4
[INFO] [stderr]   Downloaded send_wrapper v0.6.0
[INFO] [stderr]   Downloaded ws_stream_wasm v0.7.4
[INFO] [stderr]   Downloaded openssl-sys v0.9.91
[INFO] [stderr]   Downloaded openssl v0.10.56
[INFO] [stderr]   Downloaded regex-automata v0.3.7
[INFO] [stderr]   Downloaded rustix v0.38.9
[INFO] [stderr]   Downloaded cbindgen v0.24.5
[INFO] [stderr]   Downloaded http_req v0.7.2
[INFO] [stderr]   Downloaded thiserror-impl v1.0.47
[INFO] [stderr]   Downloaded nj-core v5.0.1
[INFO] [stderr]   Downloaded node-bindgen v5.1.0
[INFO] [stderr]   Downloaded ghost v0.1.14
[INFO] [stderr]   Downloaded fluvio-wasm-timer v0.2.5
[INFO] [stderr]   Downloaded thiserror v1.0.47
[INFO] [stderr]   Downloaded nj-sys v3.0.0
[INFO] [stderr]   Downloaded nj-build v0.2.3
[INFO] [stderr]   Downloaded nj-derive v3.4.1
[INFO] [stderr]   Downloaded fluvio-future v0.3.18
[INFO] running `Command { std: "docker" "create" "-v" "/var/lib/crater-agent-workspace/builds/worker-1-tc1/target:/opt/rustwide/target:rw,Z" "-v" "/var/lib/crater-agent-workspace/builds/worker-1-tc1/source:/opt/rustwide/workdir:ro,Z" "-v" "/var/lib/crater-agent-workspace/cargo-home:/opt/rustwide/cargo-home:ro,Z" "-v" "/var/lib/crater-agent-workspace/rustup-home:/opt/rustwide/rustup-home:ro,Z" "-e" "SOURCE_DIR=/opt/rustwide/workdir" "-e" "CARGO_TARGET_DIR=/opt/rustwide/target" "-e" "CARGO_HOME=/opt/rustwide/cargo-home" "-e" "RUSTUP_HOME=/opt/rustwide/rustup-home" "-w" "/opt/rustwide/workdir" "-m" "1610612736" "--user" "0:0" "--network" "none" "ghcr.io/rust-lang/crates-build-env/linux@sha256:2788e3201cd34a07e3172128adcd8b3090168a8e3bcc40d7c032b9dda1df7d1c" "/opt/rustwide/cargo-home/bin/cargo" "+1.75.0" "metadata" "--no-deps" "--format-version=1", kill_on_drop: false }`
[INFO] [stdout] 8dbc29db18866dee58b62b5cc27504cd5a07a0724344c86dca555246a873bf79
[INFO] running `Command { std: "docker" "start" "-a" "8dbc29db18866dee58b62b5cc27504cd5a07a0724344c86dca555246a873bf79", kill_on_drop: false }`
[INFO] running `Command { std: "docker" "inspect" "8dbc29db18866dee58b62b5cc27504cd5a07a0724344c86dca555246a873bf79", kill_on_drop: false }`
[INFO] running `Command { std: "docker" "rm" "-f" "8dbc29db18866dee58b62b5cc27504cd5a07a0724344c86dca555246a873bf79", kill_on_drop: false }`
[INFO] [stdout] 8dbc29db18866dee58b62b5cc27504cd5a07a0724344c86dca555246a873bf79
[INFO] running `Command { std: "docker" "create" "-v" "/var/lib/crater-agent-workspace/builds/worker-1-tc1/target:/opt/rustwide/target:rw,Z" "-v" "/var/lib/crater-agent-workspace/builds/worker-1-tc1/source:/opt/rustwide/workdir:ro,Z" "-v" "/var/lib/crater-agent-workspace/cargo-home:/opt/rustwide/cargo-home:ro,Z" "-v" "/var/lib/crater-agent-workspace/rustup-home:/opt/rustwide/rustup-home:ro,Z" "-e" "SOURCE_DIR=/opt/rustwide/workdir" "-e" "CARGO_TARGET_DIR=/opt/rustwide/target" "-e" "CARGO_INCREMENTAL=0" "-e" "RUST_BACKTRACE=full" "-e" "RUSTFLAGS=--cap-lints=warn" "-e" "RUSTDOCFLAGS=--cap-lints=warn" "-e" "CARGO_HOME=/opt/rustwide/cargo-home" "-e" "RUSTUP_HOME=/opt/rustwide/rustup-home" "-w" "/opt/rustwide/workdir" "-m" "1610612736" "--user" "0:0" "--network" "none" "ghcr.io/rust-lang/crates-build-env/linux@sha256:2788e3201cd34a07e3172128adcd8b3090168a8e3bcc40d7c032b9dda1df7d1c" "/opt/rustwide/cargo-home/bin/cargo" "+1.75.0" "build" "--frozen" "--message-format=json", kill_on_drop: false }`
[INFO] [stdout] c8219d45b4bb79b79a4e1a5b2dcb56624f651365e51b7b1044d2c52245bd5cba
[INFO] running `Command { std: "docker" "start" "-a" "c8219d45b4bb79b79a4e1a5b2dcb56624f651365e51b7b1044d2c52245bd5cba", kill_on_drop: false }`
[INFO] [stderr]    Compiling proc-macro2 v1.0.66
[INFO] [stderr]    Compiling unicode-ident v1.0.11
[INFO] [stderr]    Compiling autocfg v1.1.0
[INFO] [stderr]    Compiling serde v1.0.188
[INFO] [stderr]    Compiling libc v0.2.147
[INFO] [stderr]    Compiling rustix v0.38.9
[INFO] [stderr]    Compiling hashbrown v0.12.3
[INFO] [stderr]    Compiling bitflags v2.4.0
[INFO] [stderr]    Compiling os_str_bytes v6.5.1
[INFO] [stderr]    Compiling linux-raw-sys v0.4.5
[INFO] [stderr]    Compiling serde_json v1.0.105
[INFO] [stderr]    Compiling syn v1.0.109
[INFO] [stderr]    Compiling strsim v0.10.0
[INFO] [stderr]    Compiling bitflags v1.3.2
[INFO] [stderr]    Compiling fastrand v2.0.0
[INFO] [stderr]    Compiling itoa v1.0.9
[INFO] [stderr]    Compiling termcolor v1.2.0
[INFO] [stderr]    Compiling textwrap v0.16.0
[INFO] [stderr]    Compiling cbindgen v0.24.5
[INFO] [stderr]    Compiling clap_lex v0.2.4
[INFO] [stderr]    Compiling ryu v1.0.15
[INFO] [stderr]    Compiling cfg-if v1.0.0
[INFO] [stderr]    Compiling log v0.4.20
[INFO] [stderr]    Compiling heck v0.4.1
[INFO] [stderr]    Compiling iana-time-zone v0.1.57
[INFO] [stderr]    Compiling winapi v0.3.9
[INFO] [stderr]    Compiling indexmap v1.9.3
[INFO] [stderr]    Compiling num-traits v0.2.16
[INFO] [stderr]    Compiling quote v1.0.33
[INFO] [stderr]    Compiling syn v2.0.29
[INFO] [stderr]    Compiling atty v0.2.14
[INFO] [stderr]    Compiling clap v3.2.25
[INFO] [stderr]    Compiling chrono v0.4.26
[INFO] [stderr]    Compiling tempfile v3.8.0
[INFO] [stderr]    Compiling serde_derive v1.0.188
[INFO] [stderr]    Compiling toml v0.5.11
[INFO] [stderr]    Compiling request-window-attention v0.1.4 (/opt/rustwide/workdir)
[INFO] [stdout] error: 程序版本信息环境变量"GIT_BRANCH"没有被找到
[INFO] [stdout]  --> src/git_edition.rs:5:26
[INFO] [stdout]   |
[INFO] [stdout] 5 | const GIT_BRANCH: &str = env!("GIT_BRANCH", r#"程序版本信息环境变量"GIT_BRANCH"没有被找到"#);
[INFO] [stdout]   |                          ^^^^^^^^^^^^^^^^^^^^^^^^^^^^^^^^^^^^^^^^^^^^^^^^^^^^^^^^^^^^^^^^^^^
[INFO] [stdout]   |
[INFO] [stdout]   = note: this error originates in the macro `env` (in Nightly builds, run with -Z macro-backtrace for more info)
[INFO] [stdout] 
[INFO] [stdout] 
[INFO] [stdout] error: 程序版本信息环境变量"GIT_TAG"没有被找到
[INFO] [stdout]  --> src/git_edition.rs:6:23
[INFO] [stdout]   |
[INFO] [stdout] 6 | const GIT_TAG: &str = env!("GIT_TAG", r#"程序版本信息环境变量"GIT_TAG"没有被找到"#);
[INFO] [stdout]   |                       ^^^^^^^^^^^^^^^^^^^^^^^^^^^^^^^^^^^^^^^^^^^^^^^^^^^^^^^^^^^^^
[INFO] [stdout]   |
[INFO] [stdout]   = note: this error originates in the macro `env` (in Nightly builds, run with -Z macro-backtrace for more info)
[INFO] [stdout] 
[INFO] [stdout] 
[INFO] [stdout] error: 程序版本信息环境变量"GIT_LATEST_COMMIT_ID"没有被找到
[INFO] [stdout]  --> src/git_edition.rs:7:36
[INFO] [stdout]   |
[INFO] [stdout] 7 | const GIT_LATEST_COMMIT_ID: &str = env!("GIT_LATEST_COMMIT_ID", r#"程序版本信息环境变量"GIT_LATEST_COMMIT_ID"没有被找到"#);
[INFO] [stdout]   |                                    ^^^^^^^^^^^^^^^^^^^^^^^^^^^^^^^^^^^^^^^^^^^^^^^^^^^^^^^^^^^^^^^^^^^^^^^^^^^^^^^^^^^^^^^
[INFO] [stdout]   |
[INFO] [stdout]   = note: this error originates in the macro `env` (in Nightly builds, run with -Z macro-backtrace for more info)
[INFO] [stdout] 
[INFO] [stdout] 
[INFO] [stdout] error[E0433]: failed to resolve: could not find `shared` in `winapi`
[INFO] [stdout]  --> src/enum_windows.rs:1:16
[INFO] [stdout]   |
[INFO] [stdout] 1 | use ::winapi::{shared::{minwindef::{BOOL, FALSE, LPARAM, TRUE}, windef::HWND}, um::winuser::{EnumWindows, EnumChildWindows, GetWindowThre...
[INFO] [stdout]   |                ^^^^^^ could not find `shared` in `winapi`
[INFO] [stdout] 
[INFO] [stdout] 
[INFO] [stdout] error[E0433]: failed to resolve: could not find `um` in `winapi`
[INFO] [stdout]  --> src/enum_windows.rs:1:80
[INFO] [stdout]   |
[INFO] [stdout] 1 | use ::winapi::{shared::{minwindef::{BOOL, FALSE, LPARAM, TRUE}, windef::HWND}, um::winuser::{EnumWindows, EnumChildWindows, GetWindowThre...
[INFO] [stdout]   |                                                                                ^^ could not find `um` in `winapi`
[INFO] [stdout] 
[INFO] [stdout] 
[INFO] [stdout] error[E0433]: failed to resolve: could not find `windows` in `os`
[INFO] [stdout]  --> src/lib.rs:6:70
[INFO] [stdout]   |
[INFO] [stdout] 6 | use ::std::{ffi::{c_char, c_uint, CString, OsString}, iter, mem, os::windows::ffi::OsStrExt};
[INFO] [stdout]   |                                                                      ^^^^^^^ could not find `windows` in `os`
[INFO] [stdout] 
[INFO] [stdout] 
[INFO] [stdout] error[E0433]: failed to resolve: could not find `_core` in `winapi`
[INFO] [stdout]  --> src/lib.rs:7:16
[INFO] [stdout]   |
[INFO] [stdout] 7 | use ::winapi::{_core::ptr::null_mut, um::winuser::{FindWindowW, FlashWindowEx, FLASHWINFO, FLASHW_CAPTION, FLASHW_TIMER, FLASHW_TIMERNOFG...
[INFO] [stdout]   |                ^^^^^ could not find `_core` in `winapi`
[INFO] [stdout] 
[INFO] [stdout] 
[INFO] [stdout] error[E0433]: failed to resolve: could not find `um` in `winapi`
[INFO] [stdout]  --> src/lib.rs:7:38
[INFO] [stdout]   |
[INFO] [stdout] 7 | use ::winapi::{_core::ptr::null_mut, um::winuser::{FindWindowW, FlashWindowEx, FLASHWINFO, FLASHW_CAPTION, FLASHW_TIMER, FLASHW_TIMERNOFG...
[INFO] [stdout]   |                                      ^^ could not find `um` in `winapi`
[INFO] [stdout] 
[INFO] [stdout] 
[INFO] [stdout] error[E0433]: failed to resolve: could not find `shared` in `winapi`
[INFO] [stdout]  --> src/lib.rs:7:167
[INFO] [stdout]   |
[INFO] [stdout] 7 | ... FLASHW_TIMERNOFG, FLASHW_STOP, FLASHW_TRAY}, shared::windef::HWND};
[INFO] [stdout]   |                                                  ^^^^^^ could not find `shared` in `winapi`
[INFO] [stdout] 
[INFO] [stdout] 
[INFO] [stdout] error[E0554]: `#![feature]` may not be used on the stable release channel
[INFO] [stdout]  --> src/lib.rs:1:39
[INFO] [stdout]   |
[INFO] [stdout] 1 | #![cfg_attr(debug_assertions, feature(trace_macros, log_syntax))]
[INFO] [stdout]   |                                       ^^^^^^^^^^^^
[INFO] [stdout] 
[INFO] [stdout] 
[INFO] [stdout] error[E0554]: `#![feature]` may not be used on the stable release channel
[INFO] [stdout]  --> src/lib.rs:1:53
[INFO] [stdout]   |
[INFO] [stdout] 1 | #![cfg_attr(debug_assertions, feature(trace_macros, log_syntax))]
[INFO] [stdout]   |                                                     ^^^^^^^^^^
[INFO] [stdout] 
[INFO] [stdout] 
[INFO] [stdout] error[E0599]: no method named `encode_wide` found for struct `OsString` in the current scope
[INFO] [stdout]   --> src/lib.rs:19:29
[INFO] [stdout]    |
[INFO] [stdout] 19 |     let winname = win_title.encode_wide().chain(iter::once(0)).collect::<Vec<u16>>();
[INFO] [stdout]    |                             ^^^^^^^^^^^ method not found in `OsString`
[INFO] [stdout] 
[INFO] [stdout] 
[INFO] [stdout] error: aborting due to 12 previous errors
[INFO] [stdout] 
[INFO] [stdout] 
[INFO] [stdout] Some errors have detailed explanations: E0433, E0554, E0599.
[INFO] [stdout] 
[INFO] [stdout] For more information about an error, try `rustc --explain E0433`.
[INFO] [stdout] 
[INFO] [stderr] error: could not compile `request-window-attention` (lib) due to 13 previous errors
[INFO] running `Command { std: "docker" "inspect" "c8219d45b4bb79b79a4e1a5b2dcb56624f651365e51b7b1044d2c52245bd5cba", kill_on_drop: false }`
[INFO] running `Command { std: "docker" "rm" "-f" "c8219d45b4bb79b79a4e1a5b2dcb56624f651365e51b7b1044d2c52245bd5cba", kill_on_drop: false }`
[INFO] [stdout] c8219d45b4bb79b79a4e1a5b2dcb56624f651365e51b7b1044d2c52245bd5cba
