[INFO] fetching crate relm4-macros 0.7.0-beta.2...
[INFO] testing relm4-macros-0.7.0-beta.2 against 1.75.0 for beta-1.76-1
[INFO] extracting crate relm4-macros 0.7.0-beta.2 into /workspace/builds/worker-1-tc1/source
[INFO] validating manifest of crates.io crate relm4-macros 0.7.0-beta.2 on toolchain 1.75.0
[INFO] running `Command { std: CARGO_HOME="/workspace/cargo-home" RUSTUP_HOME="/workspace/rustup-home" "/workspace/cargo-home/bin/cargo" "+1.75.0" "metadata" "--manifest-path" "Cargo.toml" "--no-deps", kill_on_drop: false }`
[INFO] started tweaking crates.io crate relm4-macros 0.7.0-beta.2
[INFO] finished tweaking crates.io crate relm4-macros 0.7.0-beta.2
[INFO] tweaked toml for crates.io crate relm4-macros 0.7.0-beta.2 written to /workspace/builds/worker-1-tc1/source/Cargo.toml
[INFO] running `Command { std: CARGO_HOME="/workspace/cargo-home" RUSTUP_HOME="/workspace/rustup-home" "/workspace/cargo-home/bin/cargo" "+1.75.0" "generate-lockfile" "--manifest-path" "Cargo.toml", kill_on_drop: false }`
[INFO] [stderr]     Updating crates.io index
[INFO] running `Command { std: CARGO_HOME="/workspace/cargo-home" RUSTUP_HOME="/workspace/rustup-home" "/workspace/cargo-home/bin/cargo" "+1.75.0" "fetch" "--manifest-path" "Cargo.toml", kill_on_drop: false }`
[INFO] running `Command { std: "docker" "create" "-v" "/var/lib/crater-agent-workspace/builds/worker-1-tc1/target:/opt/rustwide/target:rw,Z" "-v" "/var/lib/crater-agent-workspace/builds/worker-1-tc1/source:/opt/rustwide/workdir:ro,Z" "-v" "/var/lib/crater-agent-workspace/cargo-home:/opt/rustwide/cargo-home:ro,Z" "-v" "/var/lib/crater-agent-workspace/rustup-home:/opt/rustwide/rustup-home:ro,Z" "-e" "SOURCE_DIR=/opt/rustwide/workdir" "-e" "CARGO_TARGET_DIR=/opt/rustwide/target" "-e" "CARGO_HOME=/opt/rustwide/cargo-home" "-e" "RUSTUP_HOME=/opt/rustwide/rustup-home" "-w" "/opt/rustwide/workdir" "-m" "1610612736" "--user" "0:0" "--network" "none" "ghcr.io/rust-lang/crates-build-env/linux@sha256:2788e3201cd34a07e3172128adcd8b3090168a8e3bcc40d7c032b9dda1df7d1c" "/opt/rustwide/cargo-home/bin/cargo" "+1.75.0" "metadata" "--no-deps" "--format-version=1", kill_on_drop: false }`
[INFO] [stdout] b22677247ac285a24777fa658273a6e45dd59cb3a91e2977cdd1a7a0b4e2ad95
[INFO] running `Command { std: "docker" "start" "-a" "b22677247ac285a24777fa658273a6e45dd59cb3a91e2977cdd1a7a0b4e2ad95", kill_on_drop: false }`
[INFO] running `Command { std: "docker" "inspect" "b22677247ac285a24777fa658273a6e45dd59cb3a91e2977cdd1a7a0b4e2ad95", kill_on_drop: false }`
[INFO] running `Command { std: "docker" "rm" "-f" "b22677247ac285a24777fa658273a6e45dd59cb3a91e2977cdd1a7a0b4e2ad95", kill_on_drop: false }`
[INFO] [stdout] b22677247ac285a24777fa658273a6e45dd59cb3a91e2977cdd1a7a0b4e2ad95
[INFO] running `Command { std: "docker" "create" "-v" "/var/lib/crater-agent-workspace/builds/worker-1-tc1/target:/opt/rustwide/target:rw,Z" "-v" "/var/lib/crater-agent-workspace/builds/worker-1-tc1/source:/opt/rustwide/workdir:ro,Z" "-v" "/var/lib/crater-agent-workspace/cargo-home:/opt/rustwide/cargo-home:ro,Z" "-v" "/var/lib/crater-agent-workspace/rustup-home:/opt/rustwide/rustup-home:ro,Z" "-e" "SOURCE_DIR=/opt/rustwide/workdir" "-e" "CARGO_TARGET_DIR=/opt/rustwide/target" "-e" "CARGO_INCREMENTAL=0" "-e" "RUST_BACKTRACE=full" "-e" "RUSTFLAGS=--cap-lints=warn" "-e" "RUSTDOCFLAGS=--cap-lints=warn" "-e" "CARGO_HOME=/opt/rustwide/cargo-home" "-e" "RUSTUP_HOME=/opt/rustwide/rustup-home" "-w" "/opt/rustwide/workdir" "-m" "1610612736" "--user" "0:0" "--network" "none" "ghcr.io/rust-lang/crates-build-env/linux@sha256:2788e3201cd34a07e3172128adcd8b3090168a8e3bcc40d7c032b9dda1df7d1c" "/opt/rustwide/cargo-home/bin/cargo" "+1.75.0" "build" "--frozen" "--message-format=json", kill_on_drop: false }`
[INFO] [stdout] 75e5fa491d6f70894d3ae4d7c9e67fe34fe9b64cc38d352c92850de8e9a13f96
[INFO] running `Command { std: "docker" "start" "-a" "75e5fa491d6f70894d3ae4d7c9e67fe34fe9b64cc38d352c92850de8e9a13f96", kill_on_drop: false }`
[INFO] [stderr]    Compiling relm4-macros v0.7.0-beta.2 (/opt/rustwide/workdir)
[INFO] [stderr]     Finished dev [unoptimized + debuginfo] target(s) in 1.34s
[INFO] running `Command { std: "docker" "inspect" "75e5fa491d6f70894d3ae4d7c9e67fe34fe9b64cc38d352c92850de8e9a13f96", kill_on_drop: false }`
[INFO] running `Command { std: "docker" "rm" "-f" "75e5fa491d6f70894d3ae4d7c9e67fe34fe9b64cc38d352c92850de8e9a13f96", kill_on_drop: false }`
[INFO] [stdout] 75e5fa491d6f70894d3ae4d7c9e67fe34fe9b64cc38d352c92850de8e9a13f96
[INFO] running `Command { std: "docker" "create" "-v" "/var/lib/crater-agent-workspace/builds/worker-1-tc1/target:/opt/rustwide/target:rw,Z" "-v" "/var/lib/crater-agent-workspace/builds/worker-1-tc1/source:/opt/rustwide/workdir:ro,Z" "-v" "/var/lib/crater-agent-workspace/cargo-home:/opt/rustwide/cargo-home:ro,Z" "-v" "/var/lib/crater-agent-workspace/rustup-home:/opt/rustwide/rustup-home:ro,Z" "-e" "SOURCE_DIR=/opt/rustwide/workdir" "-e" "CARGO_TARGET_DIR=/opt/rustwide/target" "-e" "CARGO_INCREMENTAL=0" "-e" "RUST_BACKTRACE=full" "-e" "RUSTFLAGS=--cap-lints=warn" "-e" "RUSTDOCFLAGS=--cap-lints=warn" "-e" "CARGO_HOME=/opt/rustwide/cargo-home" "-e" "RUSTUP_HOME=/opt/rustwide/rustup-home" "-w" "/opt/rustwide/workdir" "-m" "1610612736" "--user" "0:0" "--network" "none" "ghcr.io/rust-lang/crates-build-env/linux@sha256:2788e3201cd34a07e3172128adcd8b3090168a8e3bcc40d7c032b9dda1df7d1c" "/opt/rustwide/cargo-home/bin/cargo" "+1.75.0" "test" "--frozen" "--no-run" "--message-format=json", kill_on_drop: false }`
[INFO] [stdout] c9a2768bdcc80c8670f207c649d5d2bfce16d3bdbc85fd5d4759756de9b7c366
[INFO] running `Command { std: "docker" "start" "-a" "c9a2768bdcc80c8670f207c649d5d2bfce16d3bdbc85fd5d4759756de9b7c366", kill_on_drop: false }`
[INFO] [stderr]    Compiling proc-macro2 v1.0.75
[INFO] [stderr]    Compiling unicode-ident v1.0.12
[INFO] [stderr]    Compiling trybuild v1.0.87
[INFO] [stderr]    Compiling glob v0.3.1
[INFO] [stderr]    Compiling basic-toml v0.1.8
[INFO] [stderr]    Compiling serde_json v1.0.111
[INFO] [stderr]    Compiling quote v1.0.35
[INFO] [stderr]    Compiling syn v2.0.48
[INFO] [stderr]    Compiling serde_derive v1.0.194
[INFO] [stderr]    Compiling relm4-macros v0.7.0-beta.2 (/opt/rustwide/workdir)
[INFO] [stdout] error[E0433]: failed to resolve: use of undeclared crate or module `relm4`
[INFO] [stdout]  --> tests/redundant_clone.rs:1:5
[INFO] [stdout]   |
[INFO] [stdout] 1 | use relm4::{
[INFO] [stdout]   |     ^^^^^ use of undeclared crate or module `relm4`
[INFO] [stdout] 
[INFO] [stdout] 
[INFO] [stdout] error[E0432]: unresolved import `relm4`
[INFO] [stdout]  --> tests/iife.rs:1:5
[INFO] [stdout]   |
[INFO] [stdout] 1 | use relm4::{gtk, ComponentParts, ComponentSender, SimpleComponent};
[INFO] [stdout]   |     ^^^^^ use of undeclared crate or module `relm4`
[INFO] [stdout] 
[INFO] [stdout] 
[INFO] [stdout] error[E0432]: unresolved import `relm4`
[INFO] [stdout]  --> tests/complex_func_path.rs:2:5
[INFO] [stdout]   |
[INFO] [stdout] 2 | use relm4::{gtk, ComponentParts, ComponentSender, SimpleComponent};
[INFO] [stdout]   |     ^^^^^ use of undeclared crate or module `relm4`
[INFO] [stdout] 
[INFO] [stdout] 
[INFO] [stdout] error[E0432]: unresolved import `relm4`
[INFO] [stdout]  --> tests/pub_widget_templates.rs:2:5
[INFO] [stdout]   |
[INFO] [stdout] 2 | use relm4::{gtk, ComponentParts, ComponentSender, SimpleComponent};
[INFO] [stdout]   |     ^^^^^ use of undeclared crate or module `relm4`
[INFO] [stdout] 
[INFO] [stdout] 
[INFO] [stdout] error[E0432]: unresolved import `relm4`
[INFO] [stdout]  --> tests/redundant_clone.rs:1:5
[INFO] [stdout]   |
[INFO] [stdout] 1 | use relm4::{
[INFO] [stdout]   |     ^^^^^ use of undeclared crate or module `relm4`
[INFO] [stdout] 
[INFO] [stdout] 
[INFO] [stdout] error[E0432]: unresolved import `relm4`
[INFO] [stdout]  --> tests/component_missing_widgets.rs:1:5
[INFO] [stdout]   |
[INFO] [stdout] 1 | use relm4::{gtk, ComponentParts, ComponentSender, SimpleComponent};
[INFO] [stdout]   |     ^^^^^ use of undeclared crate or module `relm4`
[INFO] [stdout] 
[INFO] [stdout] 
[INFO] [stdout] error[E0432]: unresolved import `relm4`
[INFO] [stdout]   --> tests/pub_widget_templates.rs:21:1
[INFO] [stdout]    |
[INFO] [stdout] 21 | #[relm4_macros::component]
[INFO] [stdout]    | ^^^^^^^^^^^^^^^^^^^^^^^^^^ use of undeclared crate or module `relm4`
[INFO] [stdout]    |
[INFO] [stdout]    = note: this error originates in the attribute macro `relm4_macros::component` (in Nightly builds, run with -Z macro-backtrace for more info)
[INFO] [stdout] 
[INFO] [stdout] 
[INFO] [stdout] error[E0432]: unresolved import `relm4`
[INFO] [stdout]   --> tests/complex_func_path.rs:15:1
[INFO] [stdout]    |
[INFO] [stdout] 15 | #[relm4_macros::component]
[INFO] [stdout]    | ^^^^^^^^^^^^^^^^^^^^^^^^^^ use of undeclared crate or module `relm4`
[INFO] [stdout]    |
[INFO] [stdout]    = note: this error originates in the attribute macro `relm4_macros::component` (in Nightly builds, run with -Z macro-backtrace for more info)
[INFO] [stdout] 
[INFO] [stdout] 
[INFO] [stdout] error[E0432]: unresolved import `relm4`
[INFO] [stdout]  --> tests/pub_widget_templates.rs:5:9
[INFO] [stdout]   |
[INFO] [stdout] 5 |     use relm4::{gtk, WidgetTemplate};
[INFO] [stdout]   |         ^^^^^ use of undeclared crate or module `relm4`
[INFO] [stdout] 
[INFO] [stdout] 
[INFO] [stdout] error[E0432]: unresolved import `relm4`
[INFO] [stdout]  --> tests/iife.rs:5:1
[INFO] [stdout]   |
[INFO] [stdout] 5 | #[relm4_macros::component]
[INFO] [stdout]   | ^^^^^^^^^^^^^^^^^^^^^^^^^^ use of undeclared crate or module `relm4`
[INFO] [stdout]   |
[INFO] [stdout]   = note: this error originates in the attribute macro `relm4_macros::component` (in Nightly builds, run with -Z macro-backtrace for more info)
[INFO] [stdout] 
[INFO] [stdout] 
[INFO] [stdout] error[E0433]: failed to resolve: use of undeclared crate or module `relm4`
[INFO] [stdout]  --> tests/pub_widget_templates.rs:7:7
[INFO] [stdout]   |
[INFO] [stdout] 7 |     #[relm4::widget_template(pub)]
[INFO] [stdout]   |       ^^^^^ use of undeclared crate or module `relm4`
[INFO] [stdout] 
[INFO] [stdout] 
[INFO] [stdout] error[E0433]: failed to resolve: use of undeclared crate or module `relm4`
[INFO] [stdout]  --> tests/redundant_clone.rs:8:3
[INFO] [stdout]   |
[INFO] [stdout] 8 | #[relm4::component(pub async)]
[INFO] [stdout]   |   ^^^^^ use of undeclared crate or module `relm4`
[INFO] [stdout] 
[INFO] [stdout] 
[INFO] [stdout] error[E0432]: unresolved import `relm4`
[INFO] [stdout]  --> tests/simple.rs:2:5
[INFO] [stdout]   |
[INFO] [stdout] 2 | use relm4::{gtk, ComponentParts, ComponentSender, RelmWidgetExt, SimpleComponent};
[INFO] [stdout]   |     ^^^^^ use of undeclared crate or module `relm4`
[INFO] [stdout] 
[INFO] [stdout] 
[INFO] [stdout] error[E0432]: unresolved import `relm4`
[INFO] [stdout]  --> tests/skip_init.rs:2:5
[INFO] [stdout]   |
[INFO] [stdout] 2 | use relm4::{gtk, ComponentParts, ComponentSender, RelmWidgetExt, SimpleComponent};
[INFO] [stdout]   |     ^^^^^ use of undeclared crate or module `relm4`
[INFO] [stdout] 
[INFO] [stdout] 
[INFO] [stdout] error[E0432]: unresolved import `relm4`
[INFO] [stdout]   --> tests/simple.rs:15:1
[INFO] [stdout]    |
[INFO] [stdout] 15 | #[relm4_macros::component]
[INFO] [stdout]    | ^^^^^^^^^^^^^^^^^^^^^^^^^^ use of undeclared crate or module `relm4`
[INFO] [stdout]    |
[INFO] [stdout]    = note: this error originates in the attribute macro `relm4_macros::component` (in Nightly builds, run with -Z macro-backtrace for more info)
[INFO] [stdout] 
[INFO] [stdout] 
[INFO] [stdout] error[E0432]: unresolved import `relm4`
[INFO] [stdout]   --> tests/skip_init.rs:15:1
[INFO] [stdout]    |
[INFO] [stdout] 15 | #[relm4_macros::component]
[INFO] [stdout]    | ^^^^^^^^^^^^^^^^^^^^^^^^^^ use of undeclared crate or module `relm4`
[INFO] [stdout]    |
[INFO] [stdout]    = note: this error originates in the attribute macro `relm4_macros::component` (in Nightly builds, run with -Z macro-backtrace for more info)
[INFO] [stdout] 
[INFO] [stdout] 
[INFO] [stdout] error[E0432]: unresolved import `relm4`
[INFO] [stdout]  --> tests/component_missing_widgets.rs:5:1
[INFO] [stdout]   |
[INFO] [stdout] 5 | #[relm4_macros::component]
[INFO] [stdout]   | ^^^^^^^^^^^^^^^^^^^^^^^^^^ use of undeclared crate or module `relm4`
[INFO] [stdout]   |
[INFO] [stdout]   = note: this error originates in the attribute macro `relm4_macros::component` (in Nightly builds, run with -Z macro-backtrace for more info)
[INFO] [stdout] 
[INFO] [stdout] 
[INFO] [stdout] error: cannot find macro `view` in this scope
[INFO] [stdout]  --> tests/pub_widget_templates.rs:9:9
[INFO] [stdout]   |
[INFO] [stdout] 9 |         view! {
[INFO] [stdout]   |         ^^^^
[INFO] [stdout]   |
[INFO] [stdout] help: consider importing this macro
[INFO] [stdout]   |
[INFO] [stdout] 5 +     use relm4_macros::view;
[INFO] [stdout]   |
[INFO] [stdout] 
[INFO] [stdout] 
[INFO] [stdout] error[E0433]: failed to resolve: use of undeclared crate or module `relm4`
[INFO] [stdout]  --> tests/iife.rs:5:1
[INFO] [stdout]   |
[INFO] [stdout] 5 | #[relm4_macros::component]
[INFO] [stdout]   | ^^^^^^^^^^^^^^^^^^^^^^^^^^ use of undeclared crate or module `relm4`
[INFO] [stdout]   |
[INFO] [stdout]   = note: this error originates in the attribute macro `relm4_macros::component` (in Nightly builds, run with -Z macro-backtrace for more info)
[INFO] [stdout] 
[INFO] [stdout] 
[INFO] [stdout] error: aborting due to 3 previous errors
[INFO] [stdout] 
[INFO] [stdout] 
[INFO] [stdout] Some errors have detailed explanations: E0432, E0433.
[INFO] [stdout] 
[INFO] [stdout] error[E0433]: failed to resolve: use of undeclared crate or module `relm4`
[INFO] [stdout]   --> tests/complex_func_path.rs:15:1
[INFO] [stdout]    |
[INFO] [stdout] 15 | #[relm4_macros::component]
[INFO] [stdout]    | ^^^^^^^^^^^^^^^^^^^^^^^^^^ use of undeclared crate or module `relm4`
[INFO] [stdout]    |
[INFO] [stdout]    = note: this error originates in the attribute macro `relm4_macros::component` (in Nightly builds, run with -Z macro-backtrace for more info)
[INFO] [stdout] 
[INFO] [stdout] 
[INFO] [stdout] For more information about an error, try `rustc --explain E0432`.
[INFO] [stdout] 
[INFO] [stdout] error: aborting due to 3 previous errors
[INFO] [stdout] 
[INFO] [stdout] 
[INFO] [stdout] Some errors have detailed explanations: E0432, E0433.
[INFO] [stdout] 
[INFO] [stdout] For more information about an error, try `rustc --explain E0432`.
[INFO] [stdout] 
[INFO] [stdout] error: cannot find macro `view` in this scope
[INFO] [stdout]   --> tests/redundant_clone.rs:15:5
[INFO] [stdout]    |
[INFO] [stdout] 15 |     view! {
[INFO] [stdout]    |     ^^^^
[INFO] [stdout]    |
[INFO] [stdout] help: consider importing this macro
[INFO] [stdout]    |
[INFO] [stdout] 1  + use relm4_macros::view;
[INFO] [stdout]    |
[INFO] [stdout] 
[INFO] [stdout] 
[INFO] [stdout] error[E0433]: failed to resolve: use of undeclared crate or module `relm4`
[INFO] [stdout]   --> tests/simple.rs:15:1
[INFO] [stdout]    |
[INFO] [stdout] 15 | #[relm4_macros::component]
[INFO] [stdout]    | ^^^^^^^^^^^^^^^^^^^^^^^^^^ use of undeclared crate or module `relm4`
[INFO] [stdout]    |
[INFO] [stdout]    = note: this error originates in the attribute macro `relm4_macros::component` (in Nightly builds, run with -Z macro-backtrace for more info)
[INFO] [stdout] 
[INFO] [stdout] 
[INFO] [stdout] error: aborting due to 3 previous errors
[INFO] [stdout] 
[INFO] [stdout] 
[INFO] [stdout] Some errors have detailed explanations: E0432, E0433.
[INFO] [stdout] 
[INFO] [stdout] error: cannot find macro `view_output` in this scope
[INFO] [stdout]   --> tests/redundant_clone.rs:27:23
[INFO] [stdout]    |
[INFO] [stdout] 27 |         let widgets = view_output!();
[INFO] [stdout]    |                       ^^^^^^^^^^^
[INFO] [stdout] 
[INFO] [stdout] 
[INFO] [stdout] For more information about an error, try `rustc --explain E0432`.
[INFO] [stdout] 
[INFO] [stdout] error[E0433]: failed to resolve: use of undeclared crate or module `relm4`
[INFO] [stdout]   --> tests/skip_init.rs:15:1
[INFO] [stdout]    |
[INFO] [stdout] 15 | #[relm4_macros::component]
[INFO] [stdout]    | ^^^^^^^^^^^^^^^^^^^^^^^^^^ use of undeclared crate or module `relm4`
[INFO] [stdout]    |
[INFO] [stdout]    = note: this error originates in the attribute macro `relm4_macros::component` (in Nightly builds, run with -Z macro-backtrace for more info)
[INFO] [stdout] 
[INFO] [stdout] 
[INFO] [stdout] error: aborting due to 3 previous errors
[INFO] [stdout] 
[INFO] [stdout] 
[INFO] [stdout] Some errors have detailed explanations: E0432, E0433.
[INFO] [stdout] 
[INFO] [stdout] For more information about an error, try `rustc --explain E0432`.
[INFO] [stdout] 
[INFO] [stderr] error: could not compile `relm4-macros` (test "iife") due to 4 previous errors
[INFO] [stderr] warning: build failed, waiting for other jobs to finish...
[INFO] [stderr] error: could not compile `relm4-macros` (test "complex_func_path") due to 4 previous errors
[INFO] [stdout] error[E0412]: cannot find type `TestTemplate` in this scope
[INFO] [stdout]  --> tests/pub_widget_templates.rs:8:29
[INFO] [stdout]   |
[INFO] [stdout] 8 |     impl WidgetTemplate for TestTemplate {
[INFO] [stdout]   |                             ^^^^^^^^^^^^ not found in this scope
[INFO] [stdout] 
[INFO] [stdout] 
[INFO] [stdout] error[E0412]: cannot find type `TestTemplate` in module `templates`
[INFO] [stdout]   --> tests/pub_widget_templates.rs:34:24
[INFO] [stdout]    |
[INFO] [stdout] 34 |             templates::TestTemplate {
[INFO] [stdout]    |                        ^^^^^^^^^^^^ not found in `templates`
[INFO] [stdout] 
[INFO] [stdout] 
[INFO] [stderr] error: could not compile `relm4-macros` (test "simple") due to 4 previous errors
[INFO] [stdout] error: aborting due to 5 previous errors
[INFO] [stdout] 
[INFO] [stdout] 
[INFO] [stdout] Some errors have detailed explanations: E0432, E0433.
[INFO] [stdout] 
[INFO] [stdout] For more information about an error, try `rustc --explain E0432`.
[INFO] [stdout] 
[INFO] [stderr] error: could not compile `relm4-macros` (test "skip_init") due to 4 previous errors
[INFO] [stdout] error[E0433]: failed to resolve: use of undeclared crate or module `relm4`
[INFO] [stdout]   --> tests/pub_widget_templates.rs:21:1
[INFO] [stdout]    |
[INFO] [stdout] 21 | #[relm4_macros::component]
[INFO] [stdout]    | ^^^^^^^^^^^^^^^^^^^^^^^^^^ use of undeclared crate or module `relm4`
[INFO] [stdout]    |
[INFO] [stdout]    = note: this error originates in the attribute macro `relm4_macros::component` (in Nightly builds, run with -Z macro-backtrace for more info)
[INFO] [stdout] 
[INFO] [stdout] 
[INFO] [stdout] error: aborting due to 8 previous errors
[INFO] [stdout] 
[INFO] [stdout] 
[INFO] [stdout] Some errors have detailed explanations: E0412, E0432, E0433.
[INFO] [stdout] 
[INFO] [stdout] For more information about an error, try `rustc --explain E0412`.
[INFO] [stdout] 
[INFO] [stdout] error[E0433]: failed to resolve: use of undeclared crate or module `relm4`
[INFO] [stdout]  --> tests/component_missing_widgets.rs:5:1
[INFO] [stdout]   |
[INFO] [stdout] 5 | #[relm4_macros::component]
[INFO] [stdout]   | ^^^^^^^^^^^^^^^^^^^^^^^^^^ use of undeclared crate or module `relm4`
[INFO] [stdout]   |
[INFO] [stdout]   = note: this error originates in the attribute macro `relm4_macros::component` (in Nightly builds, run with -Z macro-backtrace for more info)
[INFO] [stdout] 
[INFO] [stdout] 
[INFO] [stdout] error: aborting due to 3 previous errors
[INFO] [stdout] 
[INFO] [stdout] 
[INFO] [stdout] Some errors have detailed explanations: E0432, E0433.
[INFO] [stdout] 
[INFO] [stdout] For more information about an error, try `rustc --explain E0432`.
[INFO] [stdout] 
[INFO] [stderr] error: could not compile `relm4-macros` (test "redundant_clone") due to 6 previous errors
[INFO] [stderr] error: could not compile `relm4-macros` (test "component_missing_widgets") due to 4 previous errors
[INFO] [stderr] error: could not compile `relm4-macros` (test "pub_widget_templates") due to 9 previous errors
[INFO] running `Command { std: "docker" "inspect" "c9a2768bdcc80c8670f207c649d5d2bfce16d3bdbc85fd5d4759756de9b7c366", kill_on_drop: false }`
[INFO] running `Command { std: "docker" "rm" "-f" "c9a2768bdcc80c8670f207c649d5d2bfce16d3bdbc85fd5d4759756de9b7c366", kill_on_drop: false }`
[INFO] [stdout] c9a2768bdcc80c8670f207c649d5d2bfce16d3bdbc85fd5d4759756de9b7c366
[INFO] testing relm4-macros-0.7.0-beta.2 against beta-2023-12-22 for beta-1.76-1
[INFO] extracting crate relm4-macros 0.7.0-beta.2 into /workspace/builds/worker-1-tc2/source
[INFO] validating manifest of crates.io crate relm4-macros 0.7.0-beta.2 on toolchain beta-2023-12-22
[INFO] running `Command { std: CARGO_HOME="/workspace/cargo-home" RUSTUP_HOME="/workspace/rustup-home" "/workspace/cargo-home/bin/cargo" "+beta-2023-12-22" "metadata" "--manifest-path" "Cargo.toml" "--no-deps", kill_on_drop: false }`
[INFO] started tweaking crates.io crate relm4-macros 0.7.0-beta.2
[INFO] finished tweaking crates.io crate relm4-macros 0.7.0-beta.2
[INFO] tweaked toml for crates.io crate relm4-macros 0.7.0-beta.2 written to /workspace/builds/worker-1-tc2/source/Cargo.toml
[INFO] running `Command { std: CARGO_HOME="/workspace/cargo-home" RUSTUP_HOME="/workspace/rustup-home" "/workspace/cargo-home/bin/cargo" "+beta-2023-12-22" "generate-lockfile" "--manifest-path" "Cargo.toml", kill_on_drop: false }`
[INFO] [stderr]     Updating crates.io index
[INFO] running `Command { std: CARGO_HOME="/workspace/cargo-home" RUSTUP_HOME="/workspace/rustup-home" "/workspace/cargo-home/bin/cargo" "+beta-2023-12-22" "fetch" "--manifest-path" "Cargo.toml", kill_on_drop: false }`
[INFO] running `Command { std: "docker" "create" "-v" "/var/lib/crater-agent-workspace/builds/worker-1-tc2/target:/opt/rustwide/target:rw,Z" "-v" "/var/lib/crater-agent-workspace/builds/worker-1-tc2/source:/opt/rustwide/workdir:ro,Z" "-v" "/var/lib/crater-agent-workspace/cargo-home:/opt/rustwide/cargo-home:ro,Z" "-v" "/var/lib/crater-agent-workspace/rustup-home:/opt/rustwide/rustup-home:ro,Z" "-e" "SOURCE_DIR=/opt/rustwide/workdir" "-e" "CARGO_TARGET_DIR=/opt/rustwide/target" "-e" "CARGO_HOME=/opt/rustwide/cargo-home" "-e" "RUSTUP_HOME=/opt/rustwide/rustup-home" "-w" "/opt/rustwide/workdir" "-m" "1610612736" "--user" "0:0" "--network" "none" "ghcr.io/rust-lang/crates-build-env/linux@sha256:2788e3201cd34a07e3172128adcd8b3090168a8e3bcc40d7c032b9dda1df7d1c" "/opt/rustwide/cargo-home/bin/cargo" "+beta-2023-12-22" "metadata" "--no-deps" "--format-version=1", kill_on_drop: false }`
[INFO] [stdout] 4774ad9a0764dcd23f9af9e7b6fc7f1032468b768bc1f8f4a72c4506c7223816
[INFO] running `Command { std: "docker" "start" "-a" "4774ad9a0764dcd23f9af9e7b6fc7f1032468b768bc1f8f4a72c4506c7223816", kill_on_drop: false }`
[INFO] running `Command { std: "docker" "inspect" "4774ad9a0764dcd23f9af9e7b6fc7f1032468b768bc1f8f4a72c4506c7223816", kill_on_drop: false }`
[INFO] running `Command { std: "docker" "rm" "-f" "4774ad9a0764dcd23f9af9e7b6fc7f1032468b768bc1f8f4a72c4506c7223816", kill_on_drop: false }`
[INFO] [stdout] 4774ad9a0764dcd23f9af9e7b6fc7f1032468b768bc1f8f4a72c4506c7223816
[INFO] running `Command { std: "docker" "create" "-v" "/var/lib/crater-agent-workspace/builds/worker-1-tc2/target:/opt/rustwide/target:rw,Z" "-v" "/var/lib/crater-agent-workspace/builds/worker-1-tc2/source:/opt/rustwide/workdir:ro,Z" "-v" "/var/lib/crater-agent-workspace/cargo-home:/opt/rustwide/cargo-home:ro,Z" "-v" "/var/lib/crater-agent-workspace/rustup-home:/opt/rustwide/rustup-home:ro,Z" "-e" "SOURCE_DIR=/opt/rustwide/workdir" "-e" "CARGO_TARGET_DIR=/opt/rustwide/target" "-e" "CARGO_INCREMENTAL=0" "-e" "RUST_BACKTRACE=full" "-e" "RUSTFLAGS=--cap-lints=warn" "-e" "RUSTDOCFLAGS=--cap-lints=warn" "-e" "CARGO_HOME=/opt/rustwide/cargo-home" "-e" "RUSTUP_HOME=/opt/rustwide/rustup-home" "-w" "/opt/rustwide/workdir" "-m" "1610612736" "--user" "0:0" "--network" "none" "ghcr.io/rust-lang/crates-build-env/linux@sha256:2788e3201cd34a07e3172128adcd8b3090168a8e3bcc40d7c032b9dda1df7d1c" "/opt/rustwide/cargo-home/bin/cargo" "+beta-2023-12-22" "build" "--frozen" "--message-format=json", kill_on_drop: false }`
[INFO] [stdout] 8a277bd6f8e7e6a383626914b4f190868264423d9367b4756de9b384492916f5
[INFO] running `Command { std: "docker" "start" "-a" "8a277bd6f8e7e6a383626914b4f190868264423d9367b4756de9b384492916f5", kill_on_drop: false }`
[INFO] [stderr]    Compiling relm4-macros v0.7.0-beta.2 (/opt/rustwide/workdir)
[INFO] [stderr]     Finished dev [unoptimized + debuginfo] target(s) in 1.38s
[INFO] running `Command { std: "docker" "inspect" "8a277bd6f8e7e6a383626914b4f190868264423d9367b4756de9b384492916f5", kill_on_drop: false }`
[INFO] running `Command { std: "docker" "rm" "-f" "8a277bd6f8e7e6a383626914b4f190868264423d9367b4756de9b384492916f5", kill_on_drop: false }`
[INFO] [stdout] 8a277bd6f8e7e6a383626914b4f190868264423d9367b4756de9b384492916f5
[INFO] running `Command { std: "docker" "create" "-v" "/var/lib/crater-agent-workspace/builds/worker-1-tc2/target:/opt/rustwide/target:rw,Z" "-v" "/var/lib/crater-agent-workspace/builds/worker-1-tc2/source:/opt/rustwide/workdir:ro,Z" "-v" "/var/lib/crater-agent-workspace/cargo-home:/opt/rustwide/cargo-home:ro,Z" "-v" "/var/lib/crater-agent-workspace/rustup-home:/opt/rustwide/rustup-home:ro,Z" "-e" "SOURCE_DIR=/opt/rustwide/workdir" "-e" "CARGO_TARGET_DIR=/opt/rustwide/target" "-e" "CARGO_INCREMENTAL=0" "-e" "RUST_BACKTRACE=full" "-e" "RUSTFLAGS=--cap-lints=warn" "-e" "RUSTDOCFLAGS=--cap-lints=warn" "-e" "CARGO_HOME=/opt/rustwide/cargo-home" "-e" "RUSTUP_HOME=/opt/rustwide/rustup-home" "-w" "/opt/rustwide/workdir" "-m" "1610612736" "--user" "0:0" "--network" "none" "ghcr.io/rust-lang/crates-build-env/linux@sha256:2788e3201cd34a07e3172128adcd8b3090168a8e3bcc40d7c032b9dda1df7d1c" "/opt/rustwide/cargo-home/bin/cargo" "+beta-2023-12-22" "test" "--frozen" "--no-run" "--message-format=json", kill_on_drop: false }`
[INFO] [stdout] e7e806ae61be0d121fbb970cd27f2db550c093f0badb72036bbdb39cb8bb01e1
[INFO] running `Command { std: "docker" "start" "-a" "e7e806ae61be0d121fbb970cd27f2db550c093f0badb72036bbdb39cb8bb01e1", kill_on_drop: false }`
[INFO] [stderr]    Compiling proc-macro2 v1.0.75
[INFO] [stderr]    Compiling unicode-ident v1.0.12
[INFO] [stderr]    Compiling trybuild v1.0.87
[INFO] [stderr]    Compiling glob v0.3.1
[INFO] [stderr]    Compiling serde_json v1.0.111
[INFO] [stderr]    Compiling basic-toml v0.1.8
[INFO] [stderr]    Compiling quote v1.0.35
[INFO] [stderr]    Compiling syn v2.0.48
[INFO] [stderr]    Compiling serde_derive v1.0.194
[INFO] [stderr]    Compiling relm4-macros v0.7.0-beta.2 (/opt/rustwide/workdir)
[INFO] [stdout] error[E0432]: unresolved import `relm4`
[INFO] [stdout]  --> tests/component_missing_widgets.rs:1:5
[INFO] [stdout]   |
[INFO] [stdout] 1 | use relm4::{gtk, ComponentParts, ComponentSender, SimpleComponent};
[INFO] [stdout]   |     ^^^^^ use of undeclared crate or module `relm4`
[INFO] [stdout] 
[INFO] [stdout] 
[INFO] [stdout] error[E0432]: unresolved import `relm4`
[INFO] [stdout]  --> tests/widget_template_nested_child.rs:2:5
[INFO] [stdout]   |
[INFO] [stdout] 2 | use relm4::{gtk, ComponentParts, ComponentSender, RelmWidgetExt, SimpleComponent, WidgetTemplate};
[INFO] [stdout]   |     ^^^^^ use of undeclared crate or module `relm4`
[INFO] [stdout] 
[INFO] [stdout] 
[INFO] [stdout] error[E0432]: unresolved import `relm4`
[INFO] [stdout]  --> tests/component_missing_widgets.rs:5:1
[INFO] [stdout]   |
[INFO] [stdout] 5 | #[relm4_macros::component]
[INFO] [stdout]   | ^^^^^^^^^^^^^^^^^^^^^^^^^^ use of undeclared crate or module `relm4`
[INFO] [stdout]   |
[INFO] [stdout]   = note: this error originates in the attribute macro `relm4_macros::component` (in Nightly builds, run with -Z macro-backtrace for more info)
[INFO] [stdout] 
[INFO] [stdout] 
[INFO] [stdout] error[E0432]: unresolved import `relm4`
[INFO] [stdout]  --> tests/widget_template_nested_child.rs:4:1
[INFO] [stdout]   |
[INFO] [stdout] 4 | #[relm4_macros::widget_template]
[INFO] [stdout]   | ^^^^^^^^^^^^^^^^^^^^^^^^^^^^^^^^ use of undeclared crate or module `relm4`
[INFO] [stdout]   |
[INFO] [stdout]   = note: this error originates in the attribute macro `relm4_macros::widget_template` (in Nightly builds, run with -Z macro-backtrace for more info)
[INFO] [stdout] 
[INFO] [stdout] 
[INFO] [stdout] error[E0432]: unresolved import `relm4`
[INFO] [stdout]   --> tests/widget_template_nested_child.rs:19:1
[INFO] [stdout]    |
[INFO] [stdout] 19 | #[relm4_macros::widget_template]
[INFO] [stdout]    | ^^^^^^^^^^^^^^^^^^^^^^^^^^^^^^^^ use of undeclared crate or module `relm4`
[INFO] [stdout]    |
[INFO] [stdout]    = note: this error originates in the attribute macro `relm4_macros::widget_template` (in Nightly builds, run with -Z macro-backtrace for more info)
[INFO] [stdout] 
[INFO] [stdout] 
[INFO] [stdout] error[E0432]: unresolved import `relm4`
[INFO] [stdout]   --> tests/widget_template_nested_child.rs:44:1
[INFO] [stdout]    |
[INFO] [stdout] 44 | #[relm4_macros::component]
[INFO] [stdout]    | ^^^^^^^^^^^^^^^^^^^^^^^^^^ use of undeclared crate or module `relm4`
[INFO] [stdout]    |
[INFO] [stdout]    = note: this error originates in the attribute macro `relm4_macros::component` (in Nightly builds, run with -Z macro-backtrace for more info)
[INFO] [stdout] 
[INFO] [stdout] 
[INFO] [stdout] error[E0432]: unresolved import `relm4`
[INFO] [stdout]  --> tests/returned_widgets.rs:1:5
[INFO] [stdout]   |
[INFO] [stdout] 1 | use relm4::gtk;
[INFO] [stdout]   |     ^^^^^ use of undeclared crate or module `relm4`
[INFO] [stdout] 
[INFO] [stdout] 
[INFO] [stdout] error[E0432]: unresolved import `relm4`
[INFO] [stdout]   --> tests/returned_widgets.rs:10:5
[INFO] [stdout]    |
[INFO] [stdout] 10 | /     relm4_macros::view! {
[INFO] [stdout] 11 | |         gtk::Stack {
[INFO] [stdout] 12 | |             add_child = &gtk::Separator::default() { }
[INFO] [stdout] 13 | |                 -> { set_needs_attention: false },
[INFO] [stdout] ...  |
[INFO] [stdout] 24 | |         }
[INFO] [stdout] 25 | |     }
[INFO] [stdout]    | |_____^ use of undeclared crate or module `relm4`
[INFO] [stdout]    |
[INFO] [stdout]    = note: this error originates in the macro `relm4_macros::view` (in Nightly builds, run with -Z macro-backtrace for more info)
[INFO] [stdout] 
[INFO] [stdout] 
[INFO] [stdout] error[E0432]: unresolved import `relm4`
[INFO] [stdout]  --> tests/complex_func_path.rs:2:5
[INFO] [stdout]   |
[INFO] [stdout] 2 | use relm4::{gtk, ComponentParts, ComponentSender, SimpleComponent};
[INFO] [stdout]   |     ^^^^^ use of undeclared crate or module `relm4`
[INFO] [stdout] 
[INFO] [stdout] 
[INFO] [stdout] error[E0432]: unresolved import `relm4`
[INFO] [stdout]  --> tests/skip_init.rs:2:5
[INFO] [stdout]   |
[INFO] [stdout] 2 | use relm4::{gtk, ComponentParts, ComponentSender, RelmWidgetExt, SimpleComponent};
[INFO] [stdout]   |     ^^^^^ use of undeclared crate or module `relm4`
[INFO] [stdout] 
[INFO] [stdout] 
[INFO] [stdout] error[E0432]: unresolved import `relm4`
[INFO] [stdout]   --> tests/complex_func_path.rs:15:1
[INFO] [stdout]    |
[INFO] [stdout] 15 | #[relm4_macros::component]
[INFO] [stdout]    | ^^^^^^^^^^^^^^^^^^^^^^^^^^ use of undeclared crate or module `relm4`
[INFO] [stdout]    |
[INFO] [stdout]    = note: this error originates in the attribute macro `relm4_macros::component` (in Nightly builds, run with -Z macro-backtrace for more info)
[INFO] [stdout] 
[INFO] [stdout] 
[INFO] [stdout] error[E0432]: unresolved import `relm4`
[INFO] [stdout]   --> tests/skip_init.rs:15:1
[INFO] [stdout]    |
[INFO] [stdout] 15 | #[relm4_macros::component]
[INFO] [stdout]    | ^^^^^^^^^^^^^^^^^^^^^^^^^^ use of undeclared crate or module `relm4`
[INFO] [stdout]    |
[INFO] [stdout]    = note: this error originates in the attribute macro `relm4_macros::component` (in Nightly builds, run with -Z macro-backtrace for more info)
[INFO] [stdout] 
[INFO] [stdout] 
[INFO] [stdout] error[E0432]: unresolved import `relm4`
[INFO] [stdout]  --> tests/iife.rs:1:5
[INFO] [stdout]   |
[INFO] [stdout] 1 | use relm4::{gtk, ComponentParts, ComponentSender, SimpleComponent};
[INFO] [stdout]   |     ^^^^^ use of undeclared crate or module `relm4`
[INFO] [stdout] 
[INFO] [stdout] 
[INFO] [stdout] error[E0432]: unresolved import `relm4`
[INFO] [stdout]  --> tests/iife.rs:5:1
[INFO] [stdout]   |
[INFO] [stdout] 5 | #[relm4_macros::component]
[INFO] [stdout]   | ^^^^^^^^^^^^^^^^^^^^^^^^^^ use of undeclared crate or module `relm4`
[INFO] [stdout]   |
[INFO] [stdout]   = note: this error originates in the attribute macro `relm4_macros::component` (in Nightly builds, run with -Z macro-backtrace for more info)
[INFO] [stdout] 
[INFO] [stdout] 
[INFO] [stdout] error[E0432]: unresolved import `relm4`
[INFO] [stdout]  --> tests/codegen_order.rs:1:5
[INFO] [stdout]   |
[INFO] [stdout] 1 | use relm4::{ComponentParts, ComponentSender, SimpleComponent};
[INFO] [stdout]   |     ^^^^^ use of undeclared crate or module `relm4`
[INFO] [stdout] 
[INFO] [stdout] 
[INFO] [stdout] error[E0432]: unresolved import `relm4`
[INFO] [stdout]  --> tests/codegen_order.rs:6:1
[INFO] [stdout]   |
[INFO] [stdout] 6 | #[relm4_macros::component]
[INFO] [stdout]   | ^^^^^^^^^^^^^^^^^^^^^^^^^^ use of undeclared crate or module `relm4`
[INFO] [stdout]   |
[INFO] [stdout]   = note: this error originates in the attribute macro `relm4_macros::component` (in Nightly builds, run with -Z macro-backtrace for more info)
[INFO] [stdout] 
[INFO] [stdout] 
[INFO] [stdout] error: aborting due to 2 previous errors
[INFO] [stdout] 
[INFO] [stdout] 
[INFO] [stdout] For more information about this error, try `rustc --explain E0432`.
[INFO] [stdout] 
[INFO] [stderr] error: could not compile `relm4-macros` (test "returned_widgets") due to 3 previous errors
[INFO] [stderr] warning: build failed, waiting for other jobs to finish...
[INFO] [stdout] error[E0433]: failed to resolve: use of undeclared crate or module `relm4`
[INFO] [stdout]  --> tests/component_missing_widgets.rs:5:1
[INFO] [stdout]   |
[INFO] [stdout] 5 | #[relm4_macros::component]
[INFO] [stdout]   | ^^^^^^^^^^^^^^^^^^^^^^^^^^ use of undeclared crate or module `relm4`
[INFO] [stdout]   |
[INFO] [stdout]   = note: this error originates in the attribute macro `relm4_macros::component` (in Nightly builds, run with -Z macro-backtrace for more info)
[INFO] [stdout] 
[INFO] [stdout] 
[INFO] [stdout] error[E0433]: failed to resolve: use of undeclared crate or module `relm4`
[INFO] [stdout]   --> tests/complex_func_path.rs:15:1
[INFO] [stdout]    |
[INFO] [stdout] 15 | #[relm4_macros::component]
[INFO] [stdout]    | ^^^^^^^^^^^^^^^^^^^^^^^^^^ use of undeclared crate or module `relm4`
[INFO] [stdout]    |
[INFO] [stdout]    = note: this error originates in the attribute macro `relm4_macros::component` (in Nightly builds, run with -Z macro-backtrace for more info)
[INFO] [stdout] 
[INFO] [stdout] 
[INFO] [stdout] error: aborting due to 3 previous errors
[INFO] [stdout] 
[INFO] [stdout] 
[INFO] [stdout] Some errors have detailed explanations: E0432, E0433.
[INFO] [stdout] 
[INFO] [stdout] For more information about an error, try `rustc --explain E0432`.
[INFO] [stdout] 
[INFO] [stdout] error: aborting due to 3 previous errors
[INFO] [stdout] 
[INFO] [stdout] 
[INFO] [stdout] Some errors have detailed explanations: E0432, E0433.
[INFO] [stdout] 
[INFO] [stdout] For more information about an error, try `rustc --explain E0432`.
[INFO] [stdout] 
[INFO] [stdout] error[E0433]: failed to resolve: use of undeclared crate or module `relm4`
[INFO] [stdout]  --> tests/iife.rs:5:1
[INFO] [stdout]   |
[INFO] [stdout] 5 | #[relm4_macros::component]
[INFO] [stdout]   | ^^^^^^^^^^^^^^^^^^^^^^^^^^ use of undeclared crate or module `relm4`
[INFO] [stdout]   |
[INFO] [stdout]   = note: this error originates in the attribute macro `relm4_macros::component` (in Nightly builds, run with -Z macro-backtrace for more info)
[INFO] [stdout] 
[INFO] [stdout] 
[INFO] [stdout] error: aborting due to 3 previous errors
[INFO] [stdout] 
[INFO] [stdout] 
[INFO] [stdout] Some errors have detailed explanations: E0432, E0433.
[INFO] [stdout] 
[INFO] [stdout] For more information about an error, try `rustc --explain E0432`.
[INFO] [stdout] 
[INFO] [stdout] error[E0433]: failed to resolve: use of undeclared crate or module `relm4`
[INFO] [stdout]   --> tests/widget_template_nested_child.rs:19:1
[INFO] [stdout]    |
[INFO] [stdout] 19 | #[relm4_macros::widget_template]
[INFO] [stdout]    | ^^^^^^^^^^^^^^^^^^^^^^^^^^^^^^^^ use of undeclared crate or module `relm4`
[INFO] [stdout]    |
[INFO] [stdout]    = note: this error originates in the attribute macro `relm4_macros::widget_template` (in Nightly builds, run with -Z macro-backtrace for more info)
[INFO] [stdout] 
[INFO] [stdout] 
[INFO] [stdout] error[E0433]: failed to resolve: use of undeclared crate or module `relm4`
[INFO] [stdout]   --> tests/widget_template_nested_child.rs:44:1
[INFO] [stdout]    |
[INFO] [stdout] 44 | #[relm4_macros::component]
[INFO] [stdout]    | ^^^^^^^^^^^^^^^^^^^^^^^^^^ use of undeclared crate or module `relm4`
[INFO] [stdout]    |
[INFO] [stdout]    = note: this error originates in the attribute macro `relm4_macros::component` (in Nightly builds, run with -Z macro-backtrace for more info)
[INFO] [stdout] 
[INFO] [stdout] 
[INFO] [stdout] error: aborting due to 6 previous errors
[INFO] [stdout] 
[INFO] [stdout] 
[INFO] [stdout] Some errors have detailed explanations: E0432, E0433.
[INFO] [stdout] 
[INFO] [stdout] For more information about an error, try `rustc --explain E0432`.
[INFO] [stdout] 
[INFO] [stdout] error[E0433]: failed to resolve: use of undeclared crate or module `relm4`
[INFO] [stdout]  --> tests/codegen_order.rs:6:1
[INFO] [stdout]   |
[INFO] [stdout] 6 | #[relm4_macros::component]
[INFO] [stdout]   | ^^^^^^^^^^^^^^^^^^^^^^^^^^ use of undeclared crate or module `relm4`
[INFO] [stdout]   |
[INFO] [stdout]   = note: this error originates in the attribute macro `relm4_macros::component` (in Nightly builds, run with -Z macro-backtrace for more info)
[INFO] [stdout] 
[INFO] [stdout] 
[INFO] [stdout] error: aborting due to 3 previous errors
[INFO] [stdout] 
[INFO] [stdout] 
[INFO] [stdout] Some errors have detailed explanations: E0432, E0433.
[INFO] [stdout] 
[INFO] [stdout] For more information about an error, try `rustc --explain E0432`.
[INFO] [stdout] 
[INFO] [stderr] error: could not compile `relm4-macros` (test "complex_func_path") due to 4 previous errors
[INFO] [stderr] error: could not compile `relm4-macros` (test "component_missing_widgets") due to 4 previous errors
[INFO] [stderr] error: could not compile `relm4-macros` (test "iife") due to 4 previous errors
[INFO] [stdout] error[E0433]: failed to resolve: use of undeclared crate or module `relm4`
[INFO] [stdout]   --> tests/skip_init.rs:15:1
[INFO] [stdout]    |
[INFO] [stdout] 15 | #[relm4_macros::component]
[INFO] [stdout]    | ^^^^^^^^^^^^^^^^^^^^^^^^^^ use of undeclared crate or module `relm4`
[INFO] [stdout]    |
[INFO] [stdout]    = note: this error originates in the attribute macro `relm4_macros::component` (in Nightly builds, run with -Z macro-backtrace for more info)
[INFO] [stdout] 
[INFO] [stdout] 
[INFO] [stdout] error: aborting due to 3 previous errors
[INFO] [stdout] 
[INFO] [stdout] 
[INFO] [stdout] Some errors have detailed explanations: E0432, E0433.
[INFO] [stdout] 
[INFO] [stdout] For more information about an error, try `rustc --explain E0432`.
[INFO] [stdout] 
[INFO] [stderr] error: could not compile `relm4-macros` (test "widget_template_nested_child") due to 7 previous errors
[INFO] [stderr] error: could not compile `relm4-macros` (test "codegen_order") due to 4 previous errors
[INFO] [stderr] error: could not compile `relm4-macros` (test "skip_init") due to 4 previous errors
[INFO] running `Command { std: "docker" "inspect" "e7e806ae61be0d121fbb970cd27f2db550c093f0badb72036bbdb39cb8bb01e1", kill_on_drop: false }`
[INFO] running `Command { std: "docker" "rm" "-f" "e7e806ae61be0d121fbb970cd27f2db550c093f0badb72036bbdb39cb8bb01e1", kill_on_drop: false }`
[INFO] [stdout] e7e806ae61be0d121fbb970cd27f2db550c093f0badb72036bbdb39cb8bb01e1
