[INFO] fetching crate redis_pool 0.2.1...
[INFO] testing redis_pool-0.2.1 against 1.75.0 for beta-1.76-1
[INFO] extracting crate redis_pool 0.2.1 into /workspace/builds/worker-2-tc1/source
[INFO] validating manifest of crates.io crate redis_pool 0.2.1 on toolchain 1.75.0
[INFO] running `Command { std: CARGO_HOME="/workspace/cargo-home" RUSTUP_HOME="/workspace/rustup-home" "/workspace/cargo-home/bin/cargo" "+1.75.0" "metadata" "--manifest-path" "Cargo.toml" "--no-deps", kill_on_drop: false }`
[INFO] started tweaking crates.io crate redis_pool 0.2.1
[INFO] finished tweaking crates.io crate redis_pool 0.2.1
[INFO] tweaked toml for crates.io crate redis_pool 0.2.1 written to /workspace/builds/worker-2-tc1/source/Cargo.toml
[INFO] running `Command { std: CARGO_HOME="/workspace/cargo-home" RUSTUP_HOME="/workspace/rustup-home" "/workspace/cargo-home/bin/cargo" "+1.75.0" "generate-lockfile" "--manifest-path" "Cargo.toml", kill_on_drop: false }`
[INFO] [stderr]     Updating crates.io index
[INFO] running `Command { std: CARGO_HOME="/workspace/cargo-home" RUSTUP_HOME="/workspace/rustup-home" "/workspace/cargo-home/bin/cargo" "+1.75.0" "fetch" "--manifest-path" "Cargo.toml", kill_on_drop: false }`
[INFO] [stderr]  Downloading crates ...
[INFO] [stderr]   Downloaded serial_test_derive v0.4.0
[INFO] [stderr]   Downloaded serial_test v0.4.0
[INFO] running `Command { std: "docker" "create" "-v" "/var/lib/crater-agent-workspace/builds/worker-2-tc1/target:/opt/rustwide/target:rw,Z" "-v" "/var/lib/crater-agent-workspace/builds/worker-2-tc1/source:/opt/rustwide/workdir:ro,Z" "-v" "/var/lib/crater-agent-workspace/cargo-home:/opt/rustwide/cargo-home:ro,Z" "-v" "/var/lib/crater-agent-workspace/rustup-home:/opt/rustwide/rustup-home:ro,Z" "-e" "SOURCE_DIR=/opt/rustwide/workdir" "-e" "CARGO_TARGET_DIR=/opt/rustwide/target" "-e" "CARGO_HOME=/opt/rustwide/cargo-home" "-e" "RUSTUP_HOME=/opt/rustwide/rustup-home" "-w" "/opt/rustwide/workdir" "-m" "1610612736" "--user" "0:0" "--network" "none" "ghcr.io/rust-lang/crates-build-env/linux@sha256:2788e3201cd34a07e3172128adcd8b3090168a8e3bcc40d7c032b9dda1df7d1c" "/opt/rustwide/cargo-home/bin/cargo" "+1.75.0" "metadata" "--no-deps" "--format-version=1", kill_on_drop: false }`
[INFO] [stdout] 31f1e1245cf3f4e2e2ba9742cb4d36c20730118c29ccd40471f3b2e7effd93d3
[INFO] running `Command { std: "docker" "start" "-a" "31f1e1245cf3f4e2e2ba9742cb4d36c20730118c29ccd40471f3b2e7effd93d3", kill_on_drop: false }`
[INFO] running `Command { std: "docker" "inspect" "31f1e1245cf3f4e2e2ba9742cb4d36c20730118c29ccd40471f3b2e7effd93d3", kill_on_drop: false }`
[INFO] running `Command { std: "docker" "rm" "-f" "31f1e1245cf3f4e2e2ba9742cb4d36c20730118c29ccd40471f3b2e7effd93d3", kill_on_drop: false }`
[INFO] [stdout] 31f1e1245cf3f4e2e2ba9742cb4d36c20730118c29ccd40471f3b2e7effd93d3
[INFO] running `Command { std: "docker" "create" "-v" "/var/lib/crater-agent-workspace/builds/worker-2-tc1/target:/opt/rustwide/target:rw,Z" "-v" "/var/lib/crater-agent-workspace/builds/worker-2-tc1/source:/opt/rustwide/workdir:ro,Z" "-v" "/var/lib/crater-agent-workspace/cargo-home:/opt/rustwide/cargo-home:ro,Z" "-v" "/var/lib/crater-agent-workspace/rustup-home:/opt/rustwide/rustup-home:ro,Z" "-e" "SOURCE_DIR=/opt/rustwide/workdir" "-e" "CARGO_TARGET_DIR=/opt/rustwide/target" "-e" "CARGO_INCREMENTAL=0" "-e" "RUST_BACKTRACE=full" "-e" "RUSTFLAGS=--cap-lints=warn" "-e" "RUSTDOCFLAGS=--cap-lints=warn" "-e" "CARGO_HOME=/opt/rustwide/cargo-home" "-e" "RUSTUP_HOME=/opt/rustwide/rustup-home" "-w" "/opt/rustwide/workdir" "-m" "1610612736" "--user" "0:0" "--network" "none" "ghcr.io/rust-lang/crates-build-env/linux@sha256:2788e3201cd34a07e3172128adcd8b3090168a8e3bcc40d7c032b9dda1df7d1c" "/opt/rustwide/cargo-home/bin/cargo" "+1.75.0" "build" "--frozen" "--message-format=json", kill_on_drop: false }`
[INFO] [stdout] 0983acc7c263f795b0276d0b81b0bdce48098a689bb2f4b25f95273da38eff8c
[INFO] running `Command { std: "docker" "start" "-a" "0983acc7c263f795b0276d0b81b0bdce48098a689bb2f4b25f95273da38eff8c", kill_on_drop: false }`
[INFO] [stderr]    Compiling pin-project-lite v0.2.13
[INFO] [stderr]    Compiling futures-sink v0.3.30
[INFO] [stderr]    Compiling futures-core v0.3.30
[INFO] [stderr]    Compiling pin-utils v0.1.0
[INFO] [stderr]    Compiling bytes v1.5.0
[INFO] [stderr]    Compiling futures-task v0.3.30
[INFO] [stderr]    Compiling futures-io v0.3.30
[INFO] [stderr]    Compiling slab v0.4.9
[INFO] [stderr]    Compiling tracing-core v0.1.32
[INFO] [stderr]    Compiling crossbeam-utils v0.8.18
[INFO] [stderr]    Compiling crc16 v0.4.0
[INFO] [stderr]    Compiling async-trait v0.1.77
[INFO] [stderr]    Compiling syn v2.0.48
[INFO] [stderr]    Compiling mio v0.8.10
[INFO] [stderr]    Compiling getrandom v0.2.11
[INFO] [stderr]    Compiling socket2 v0.5.5
[INFO] [stderr]    Compiling socket2 v0.4.10
[INFO] [stderr]    Compiling log v0.4.20
[INFO] [stderr]    Compiling sha1_smol v1.0.0
[INFO] [stderr]    Compiling futures-channel v0.3.30
[INFO] [stderr]    Compiling rand_core v0.6.4
[INFO] [stderr]    Compiling rand_chacha v0.3.1
[INFO] [stderr]    Compiling tokio v1.35.1
[INFO] [stderr]    Compiling rand v0.8.5
[INFO] [stderr]    Compiling crossbeam-queue v0.3.10
[INFO] [stderr]    Compiling futures-macro v0.3.30
[INFO] [stderr]    Compiling tracing-attributes v0.1.27
[INFO] [stderr]    Compiling thiserror-impl v1.0.56
[INFO] [stderr]    Compiling futures-util v0.3.30
[INFO] [stderr]    Compiling thiserror v1.0.56
[INFO] [stderr]    Compiling tracing v0.1.40
[INFO] [stderr]    Compiling tokio-util v0.7.10
[INFO] [stderr]    Compiling combine v4.6.6
[INFO] [stderr]    Compiling futures-executor v0.3.30
[INFO] [stderr]    Compiling futures v0.3.30
[INFO] [stderr]    Compiling redis v0.23.3
[INFO] [stderr]    Compiling redis_pool v0.2.1 (/opt/rustwide/workdir)
[INFO] [stderr]     Finished dev [unoptimized + debuginfo] target(s) in 17.59s
[INFO] running `Command { std: "docker" "inspect" "0983acc7c263f795b0276d0b81b0bdce48098a689bb2f4b25f95273da38eff8c", kill_on_drop: false }`
[INFO] running `Command { std: "docker" "rm" "-f" "0983acc7c263f795b0276d0b81b0bdce48098a689bb2f4b25f95273da38eff8c", kill_on_drop: false }`
[INFO] [stdout] 0983acc7c263f795b0276d0b81b0bdce48098a689bb2f4b25f95273da38eff8c
[INFO] running `Command { std: "docker" "create" "-v" "/var/lib/crater-agent-workspace/builds/worker-2-tc1/target:/opt/rustwide/target:rw,Z" "-v" "/var/lib/crater-agent-workspace/builds/worker-2-tc1/source:/opt/rustwide/workdir:ro,Z" "-v" "/var/lib/crater-agent-workspace/cargo-home:/opt/rustwide/cargo-home:ro,Z" "-v" "/var/lib/crater-agent-workspace/rustup-home:/opt/rustwide/rustup-home:ro,Z" "-e" "SOURCE_DIR=/opt/rustwide/workdir" "-e" "CARGO_TARGET_DIR=/opt/rustwide/target" "-e" "CARGO_INCREMENTAL=0" "-e" "RUST_BACKTRACE=full" "-e" "RUSTFLAGS=--cap-lints=warn" "-e" "RUSTDOCFLAGS=--cap-lints=warn" "-e" "CARGO_HOME=/opt/rustwide/cargo-home" "-e" "RUSTUP_HOME=/opt/rustwide/rustup-home" "-w" "/opt/rustwide/workdir" "-m" "1610612736" "--user" "0:0" "--network" "none" "ghcr.io/rust-lang/crates-build-env/linux@sha256:2788e3201cd34a07e3172128adcd8b3090168a8e3bcc40d7c032b9dda1df7d1c" "/opt/rustwide/cargo-home/bin/cargo" "+1.75.0" "test" "--frozen" "--no-run" "--message-format=json", kill_on_drop: false }`
[INFO] [stdout] 3188002e3216fdd0cc2b20723a72201f5df9a5c17ea4281bb9556af184ab0e6f
[INFO] running `Command { std: "docker" "start" "-a" "3188002e3216fdd0cc2b20723a72201f5df9a5c17ea4281bb9556af184ab0e6f", kill_on_drop: false }`
[INFO] [stderr]    Compiling fnv v1.0.7
[INFO] [stderr]    Compiling serde v1.0.194
[INFO] [stderr]    Compiling futures-channel v0.3.30
[INFO] [stderr]    Compiling typenum v1.17.0
[INFO] [stderr]    Compiling rustversion v1.0.14
[INFO] [stderr]    Compiling ident_case v1.0.1
[INFO] [stderr]    Compiling strsim v0.10.0
[INFO] [stderr]    Compiling generic-array v0.14.7
[INFO] [stderr]    Compiling syn v1.0.109
[INFO] [stderr]    Compiling signal-hook-registry v1.4.1
[INFO] [stderr]    Compiling num_cpus v1.16.0
[INFO] [stderr]    Compiling serde_derive v1.0.194
[INFO] [stderr]    Compiling tokio-macros v2.2.0
[INFO] [stderr]    Compiling tracing v0.1.40
[INFO] [stderr]    Compiling num-traits v0.2.17
[INFO] [stderr]    Compiling httparse v1.8.0
[INFO] [stderr]    Compiling http v0.2.11
[INFO] [stderr]    Compiling tower-service v0.3.2
[INFO] [stderr]    Compiling futures-util v0.3.30
[INFO] [stderr]    Compiling subtle v2.5.0
[INFO] [stderr]    Compiling serde_json v1.0.111
[INFO] [stderr]    Compiling pin-project-internal v1.1.3
[INFO] [stderr]    Compiling tower-layer v0.3.2
[INFO] [stderr]    Compiling try-lock v0.2.5
[INFO] [stderr]    Compiling cfg-if v0.1.10
[INFO] [stderr]    Compiling smallvec v1.11.2
[INFO] [stderr]    Compiling scopeguard v1.2.0
[INFO] [stderr]    Compiling want v0.3.1
[INFO] [stderr]    Compiling parking_lot_core v0.7.3
[INFO] [stderr]    Compiling lock_api v0.3.4
[INFO] [stderr]    Compiling cpufeatures v0.2.12
[INFO] [stderr]    Compiling httpdate v1.0.3
[INFO] [stderr]    Compiling mime v0.3.17
[INFO] [stderr]    Compiling anyhow v1.0.79
[INFO] [stderr]    Compiling hex v0.4.3
[INFO] [stderr]    Compiling sync_wrapper v0.1.2
[INFO] [stderr]    Compiling parking_lot v0.10.2
[INFO] [stderr]    Compiling http-body v0.4.6
[INFO] [stderr]    Compiling matchit v0.7.3
[INFO] [stderr]    Compiling tokio v1.35.1
[INFO] [stderr]    Compiling axum-core v0.3.4
[INFO] [stderr]    Compiling axum v0.6.20
[INFO] [stderr]    Compiling pin-project v1.1.3
[INFO] [stderr]    Compiling crypto-common v0.1.6
[INFO] [stderr]    Compiling block-buffer v0.10.4
[INFO] [stderr]    Compiling digest v0.10.7
[INFO] [stderr]    Compiling sha2 v0.10.8
[INFO] [stderr]    Compiling hmac v0.12.1
[INFO] [stderr]    Compiling futures-executor v0.3.30
[INFO] [stderr]    Compiling futures v0.3.30
[INFO] [stderr]    Compiling darling_core v0.13.4
[INFO] [stderr]    Compiling serial_test_derive v0.4.0
[INFO] [stderr]    Compiling serial_test v0.4.0
[INFO] [stderr]    Compiling darling_macro v0.13.4
[INFO] [stderr]    Compiling tokio-util v0.7.10
[INFO] [stderr]    Compiling hyper v0.14.28
[INFO] [stderr]    Compiling tower v0.4.13
[INFO] [stderr]    Compiling combine v4.6.6
[INFO] [stderr]    Compiling darling v0.13.4
[INFO] [stderr]    Compiling serde_with_macros v1.5.2
[INFO] [stderr]    Compiling chrono v0.4.31
[INFO] [stderr]    Compiling serde_urlencoded v0.7.1
[INFO] [stderr]    Compiling serde_path_to_error v0.1.15
[INFO] [stderr]    Compiling serde_with v1.14.0
[INFO] [stderr]    Compiling bollard-stubs v1.41.0
[INFO] [stderr]    Compiling redis v0.23.3
[INFO] [stderr]    Compiling redis_pool v0.2.1 (/opt/rustwide/workdir)
[INFO] [stderr]    Compiling testcontainers v0.14.0
[INFO] [stdout] error[E0432]: unresolved import `redis_pool::ClusterRedisPool`
[INFO] [stdout]   --> tests/cluster.rs:5:18
[INFO] [stdout]    |
[INFO] [stdout] 5  | use redis_pool::{ClusterRedisPool, RedisPool};
[INFO] [stdout]    |                  ^^^^^^^^^^^^^^^^ no `ClusterRedisPool` in the root
[INFO] [stdout]    |
[INFO] [stdout] note: found an item that was configured out
[INFO] [stdout]   --> /opt/rustwide/workdir/src/lib.rs:16:18
[INFO] [stdout]    |
[INFO] [stdout] 16 | pub use cluster::ClusterRedisPool;
[INFO] [stdout]    |                  ^^^^^^^^^^^^^^^^
[INFO] [stdout]    = note: the item is gated behind the `cluster` feature
[INFO] [stdout] 
[INFO] [stdout] 
[INFO] [stdout] error[E0277]: the trait bound `RedisPool<_, _>: From<ClusterClient>` is not satisfied
[INFO] [stdout]   --> tests/cluster.rs:15:16
[INFO] [stdout]    |
[INFO] [stdout] 15 |     let pool = RedisPool::from(cluster.client());
[INFO] [stdout]    |                ^^^^^^^^^ the trait `From<ClusterClient>` is not implemented for `RedisPool<_, _>`
[INFO] [stdout]    |
[INFO] [stdout]    = help: the trait `From<Client>` is implemented for `RedisPool<Client, redis::aio::Connection>`
[INFO] [stdout]    = help: for that trait implementation, expected `Client`, found `ClusterClient`
[INFO] [stdout] 
[INFO] [stdout] 
[INFO] [stdout] error[E0282]: type annotations needed for `RedisPool<F, C>`
[INFO] [stdout]   --> tests/cluster.rs:15:9
[INFO] [stdout]    |
[INFO] [stdout] 15 |     let pool = RedisPool::from(cluster.client());
[INFO] [stdout]    |         ^^^^
[INFO] [stdout] ...
[INFO] [stdout] 18 |         let mut con = pool.aquire().await?;
[INFO] [stdout]    |                            ------ type must be known at this point
[INFO] [stdout]    |
[INFO] [stdout] help: consider giving `pool` an explicit type, where the type for type parameter `F` is specified
[INFO] [stdout]    |
[INFO] [stdout] 15 |     let pool: RedisPool<F, C> = RedisPool::from(cluster.client());
[INFO] [stdout]    |             +++++++++++++++++
[INFO] [stdout] 
[INFO] [stdout] 
[INFO] [stdout] error[E0277]: the trait bound `RedisPool<_, _>: From<ClusterClient>` is not satisfied
[INFO] [stdout]   --> tests/cluster.rs:39:16
[INFO] [stdout]    |
[INFO] [stdout] 39 |     let pool = RedisPool::from(cluster.client());
[INFO] [stdout]    |                ^^^^^^^^^ the trait `From<ClusterClient>` is not implemented for `RedisPool<_, _>`
[INFO] [stdout]    |
[INFO] [stdout]    = help: the trait `From<Client>` is implemented for `RedisPool<Client, redis::aio::Connection>`
[INFO] [stdout]    = help: for that trait implementation, expected `Client`, found `ClusterClient`
[INFO] [stdout] 
[INFO] [stdout] 
[INFO] [stdout] error[E0282]: type annotations needed for `RedisPool<F, C>`
[INFO] [stdout]   --> tests/cluster.rs:39:9
[INFO] [stdout]    |
[INFO] [stdout] 39 |     let pool = RedisPool::from(cluster.client());
[INFO] [stdout]    |         ^^^^
[INFO] [stdout] ...
[INFO] [stdout] 43 |         let pool = pool.clone();
[INFO] [stdout]    |                         ----- type must be known at this point
[INFO] [stdout]    |
[INFO] [stdout] help: consider giving `pool` an explicit type, where the type for type parameter `F` is specified
[INFO] [stdout]    |
[INFO] [stdout] 39 |     let pool: RedisPool<F, C> = RedisPool::from(cluster.client());
[INFO] [stdout]    |             +++++++++++++++++
[INFO] [stdout] 
[INFO] [stdout] 
[INFO] [stdout] error: aborting due to 5 previous errors
[INFO] [stdout] 
[INFO] [stdout] 
[INFO] [stdout] Some errors have detailed explanations: E0277, E0282, E0432.
[INFO] [stdout] 
[INFO] [stdout] For more information about an error, try `rustc --explain E0277`.
[INFO] [stdout] 
[INFO] [stderr] error: could not compile `redis_pool` (test "cluster") due to 6 previous errors
[INFO] [stderr] warning: build failed, waiting for other jobs to finish...
[INFO] running `Command { std: "docker" "inspect" "3188002e3216fdd0cc2b20723a72201f5df9a5c17ea4281bb9556af184ab0e6f", kill_on_drop: false }`
[INFO] running `Command { std: "docker" "rm" "-f" "3188002e3216fdd0cc2b20723a72201f5df9a5c17ea4281bb9556af184ab0e6f", kill_on_drop: false }`
[INFO] [stdout] 3188002e3216fdd0cc2b20723a72201f5df9a5c17ea4281bb9556af184ab0e6f
